-- Table structure for table `wp_users`
--

CREATE TABLE `wp_users` (
  `ID` bigint(20) unsigned NOT NULL AUTO_INCREMENT,
  `user_login` varchar(60) COLLATE utf8mb4_unicode_ci NOT NULL DEFAULT '',
  `user_pass` varchar(255) COLLATE utf8mb4_unicode_ci NOT NULL DEFAULT '',
  `user_nicename` varchar(50) COLLATE utf8mb4_unicode_ci NOT NULL DEFAULT '',
  `user_email` varchar(100) COLLATE utf8mb4_unicode_ci NOT NULL DEFAULT '',
  `user_url` varchar(100) COLLATE utf8mb4_unicode_ci NOT NULL DEFAULT '',
  `user_registered` datetime NOT NULL DEFAULT '0000-00-00 00:00:00',
  `user_activation_key` varchar(255) COLLATE utf8mb4_unicode_ci NOT NULL DEFAULT '',
  `user_status` int(11) NOT NULL DEFAULT 0,
  `display_name` varchar(250) COLLATE utf8mb4_unicode_ci NOT NULL DEFAULT '',
  PRIMARY KEY (`ID`),
  KEY `user_login_key` (`user_login`),
  KEY `user_nicename` (`user_nicename`),
  KEY `user_email` (`user_email`)
) ENGINE=MyISAM AUTO_INCREMENT=264 DEFAULT CHARSET=utf8mb4 COLLATE=utf8mb4_unicode_ci;

--
-- Dumping data for table `wp_users`
--

INSERT INTO `wp_users` VALUES (1,'Maheralderi','$P$BkPP/PgucmE.DRBz1GJJvGzkCgReUj/','maheralderi','admin@tesoll.com','','2019-04-22 01:20:40','',0,'TESOL GROUP'),(9,'Maheron','$P$BOaAPO7VgDZnJneRGk7o0YetIdIsDU/','maheron','groupperla@yahoo.com','','2019-04-27 19:18:18','',0,'Maheron'),(37,'Rasha','$P$BMxjchorIgOdmqlrZvp8lwz5HPieWH1','rasha','rasha.nabulsi@gmail.com','','2019-07-08 14:49:05','1562597345:$P$BFLbun4O9gMjfvyeT4RN2htMSFkqlm1',0,'Rasha Alnabelsi'),(39,'Yousef','$P$BJWnFpZEnxUvZBVGeAmLRF8TqOPV2v.','yousef','y_aljabali@yahoo.com','','2019-07-11 15:36:24','1562859385:$P$B/.MEod2.ESPYLm1vJgOSFa/1FSBGJ1',0,'Yousef Aljabali'),(43,'Aysheh','$P$BNU6t8.4tmXMvtY637bycMXSjMgdas1','aysheh','sweetjuly257@gmail.com','','2019-08-05 02:23:13','',0,'Aysheh Rababa'),(44,'Huda','$P$BUd867kjny.yboe1xHpcjgIsAkEVnT1','huda','Hudahaffar2016@gmail.com','','2019-08-07 13:48:43','1565185724:$P$BGjhQlm4HO7wW8CUSZPWB41i5MrbUK0',0,'Huda Elhaffar'),(46,'shaden','$P$BBWiKo2GOe3vaer/FBEIPvG2ESgnn60','shaden','jetlareshaden@gmail.com','http://rubaobaid33@gmail.com','2019-08-08 06:48:55','',0,'shaden'),(47,'Auday','$P$BkPc45k5VIr.v6m9RoMyXwCfpqvQQI0','auday','audayaldmour@gmail.com','','2019-08-17 12:16:30','',0,'Auday Aldmour'),(49,'rubaobaid','$P$Bs3X4qUpoBZ9T7LlBGgkJhXLTuca3I0','rubaobaid','rubaobaid33@gmail.com','','2019-09-25 11:25:19','',0,'ruba'),(51,'Esraa_bilto','$P$BD6Xt/EvbdclCJ7Za.tofPfA2tv7.41','esraa_bilto','esraa.shishani@hotmail.com','','2019-10-15 10:38:31','',0,'Esraa'),(53,'Lamajamal','$P$BfTYy5MOQml5/0uMI4aLcZWClDqXfX.','lamajamal','lama_maani@yahoo.com','','2019-10-22 22:36:15','',0,'Lama'),(57,'Nor','$P$BAf4abQ..iMZn0NmM190b0BBbbwTC1.','nor','noraldinmaher@yahoo.fr','','2020-11-27 03:35:35','1606448135:$P$BkN2PvTER9CNktaFtP3dZx0snQHbDN/',0,'Nor Alderi'),(58,'Mohammad Al-Zoubi','$P$BHRnrIXGqOv3OKxmugzAtj405Izuyx.','mohammad-al-zoubi','m.rasoolzoubi@gmail.com','','2020-11-27 03:38:10','1606448290:$P$B5bOIeHQs4FuBeIqcpR.nM/RyrrWXf0',0,'Mohammad Al-Zoubi'),(262,'Beldjennaamel@gmail.com','$P$BO5ulUVzx7/znjfKphtwEqyzP6nP7s/','beldjennaamelgmail-com','beldjennaamel@gmail.com','','2021-01-10 07:44:50','',2,'Amel Beldjenna'),(263,'emad','$P$B7G/Q7DGHjCQ8XxmKTRDDtDP7q9KCD/','emad','emadabohunieh@gmail.com','','2021-01-10 22:14:35','',2,'emad hunieh'),(257,'Anas89','$P$B2S/tZsa9cwmCf/aDQBfBQMDG9Vqza.','anas89','BANIMUSTAFAANAS3@GMAIL.COM','','2021-01-08 13:53:26','',0,'ANAS BANI MUSTAFA'),(256,'finity101.aa','$P$BjN0mwBkIP8DCH7Byw4jDGryDF/ZoW0','finity101-aa','finity101.aa@gmail.com','','2021-01-08 04:47:31','1610089237:$P$BSt7C3C29.V6kjko7iWvlnbIlf0Yy20',0,'finity101.aa'),(205,'HamzaAlajlouni','$P$B5DHvI4idjbh/t9DyeoB/hCWQrl6Tg/','hamzaalajlouni','Hamza.alajlouni@yahoo.com','','2020-12-22 15:32:33','1608816420:$P$BCOEO2o3OYEgi1mO7Ps0E0CJQ4PcFL/',0,'Hamza'),(204,'mrtaha45','$P$BU..zCJv8cWITO9dCD5B1A7HWZ/0aO/','mrtaha45','mrtaha45@gmail.com','','2020-12-21 10:59:24','1608548583:$P$BKGYyfGVvnSayU9xf7LSbIGlj/eLBJ.',0,'MARWAN TAHA'),(202,'Noraldin','$P$BxT3xcoe8f2W9Zv27z07T3i2Fj6a1h/','noraldin','noraldinmaher@yahoo.com','http://ibtsi.com','2020-12-19 03:45:55','1608349555:$P$BkKu7BWDa06pr08BhiqLb0yJbP8ziU.',0,'Nor Deri'),(206,'HamzaAlajlouni993','$P$BP91G3oqiOE..BFEYzelDgtg8DKzQZ0','hamzaalajlouni993','hamzaalajlouni9@gmail.com','','2020-12-24 13:28:10','',0,'Hamza AlAjlouni'),(207,'noraldinmaher','$P$BX1WPbIlBbAhZ/RgoamKZp3LRsDePo.','noraldinmaher','noraldinmaher@aol.com','','2020-12-29 21:51:24','',0,'Noraldin Al-Deri'),(208,'noraldinalderi','$P$BbEKzIy8uXSFT/wjAMZBhpU4R8pg7b1','noraldinalderi','n_alderi@live.concordia.ca','','2020-12-29 21:51:44','',0,'Noraldin Al-Deri'),(209,'Somaya.tarawneh@gmail.com','$P$BlbLFt/9G9JgwTdZqQgYnuN4OjhLRg.','somaya-tarawnehgmail-com','somaya.tarawneh@gmail.com','','2020-12-31 08:28:26','1609403946:$P$BxB2hpaZWjO0gP6FWRzQY5xYO6Fcqi0',0,'Somaya Tarawneh'),(210,'reem','$P$B9Qk7c57XENHAhLk3fmDHZooeK7vhk/','reem','reemaltamimi399@gmail.com','','2020-12-31 08:28:41','',0,'Reem Altamimi'),(211,'Sarahalomari','$P$BQfBzwUTAIwSrOJrBK0g/1fDh7lFEE/','sarahalomari','Sarahialomari1996@gmail.com','','2020-12-31 08:40:15','',0,'Sarah alomari'),(214,'Manaraldaja','$P$Bb4v4uiXEZjOxR/Y4eTNHDmIZwcSEi1','manaraldaja','www.manaraldaja@gmail.com','','2020-12-31 08:46:33','',0,'Manar aldaja'),(212,'fajrhamza','$P$BQRmLbp3kl7.UXhkChYlJOmt7sf8yB/','fajrhamza','fajrhamza301@gmail.com','','2020-12-31 08:41:13','',0,'fajr'),(213,'Azgoul','$P$BGirSm7YksaUc/Buvq53SNG21tAClZ1','azgoul','azgoul96@gmail.com','','2020-12-31 08:41:36','',0,'Fallout69'),(215,'Somaya.Tarawneh','$P$BOK5UmQIK7CRi4D35tjgPIlFhvym1p0','somaya-tarawneh','sumaya@hts.edu.jo','','2020-12-31 08:54:31','',0,'Somaya Tarawneh'),(216,'J.Q','$P$B1Rked//vZZ.N3JzRvxSKg5hDry4S..','j-q','jumanqasem2@gmail.com','','2020-12-31 10:18:27','',0,'Juman Qasem'),(217,'TasneemShalabi','$P$Bp/31WUX/skHxxZLdP4qdsJv1ap1TM0','tasneemshalabi','shalabi95.ts@gmail.com','','2020-12-31 10:51:30','',0,'Tasneem'),(218,'TareqS','$P$BbcnXyLbUvfm9e4EcB5wkj/Q93mKWv/','tareqs','brotiti2006@yahoo.com','','2020-12-31 11:23:43','',0,'Tareq AlSamhouri'),(219,'hamzaalsarhan','$P$Bf64azz3B/GmvF2kL4jCgJuWrNWh/T.','hamzaalsarhan','info.alsarhan@gmail.com','','2020-12-31 11:42:05','',0,'Hamza Alsarhan'),(225,'Ekhlass','$P$BOm5ANTc9xgLbAcwN4hF..bR5FKQmw0','ekhlass','ekhlassmahmoud79@gmail.com','','2020-12-31 16:52:38','1609433654:$P$BzDQPSf3O5KNmx83yEi2N3mYeom12t/',0,'Ekhlass'),(220,'rozana','$P$B4i3BFEwBvPQey/SpuSJfs/bRufDpe.','rozana','rozana.odeh@gmail.com','','2020-12-31 11:54:24','',0,'Rozana Odeh'),(221,'SallyKhader','$P$Bl9Q3XsKlCOEaSeIHpDvGbl8Iw7j9a/','sallykhader','sallykhader388@gmail.com','','2020-12-31 14:09:08','',0,'Sally M Khader'),(222,'MayadaGhadi','$P$BKHDqQBlq4QbtV9wlCstuwlXiNeodZ.','mayadaghadi','mayada_ghadi@yahoo.com','','2020-12-31 14:21:11','',0,'Mayada Ghadi'),(223,'yasmeen','$P$B4jhP94.yNLXGiTkoaVmFfPVDapYj31','yasmeen','yasmeenhamdan789@yahoo.com','','2020-12-31 14:35:37','1609425678:$P$BgnYGe3LMdyyH4Xd4.aRRPJlaC.o2b/',0,'yasmeen'),(224,'ReemAlkurdi','$P$BNJIxl.SN/MWddWEwJ/HX0hwYX8GUD/','reemalkurdi','reemalkurdi8@gmail.com','','2020-12-31 15:00:12','',0,'Reem Alkurdi'),(226,'Alsafadi','$P$BP2FYGyXPxy3Ec9NU.0ey2s4bLi45.1','alsafadi','aalsafadi54@gmail.com','','2020-12-31 16:56:37','1610067886:$P$BNLzhUqW6JVLqxp/wnY6kaF/M8EUd6/',0,'Ahmad khaled alsafadi'),(227,'Mehrnaz','$P$BLcDPAuihDJFKAMhn0f9Da8HzBiX0n1','mehrnaz','mehrnazf66@gmail.com','','2020-12-31 18:33:35','',0,'Mehrnaz Faghih'),(230,'mainkhalil','$P$BZjeZyFklRqVB5scSwOVccLiiRf27p/','mainkhalil','maenkhalayleh@gmail.com','','2020-12-31 21:37:07','',0,'Mainkhalila'),(228,'sarah_94','$P$B.AelZzpB/3Q4itxfktbqM.bCCufQ10','sarah_94','sarahnu94@gmail.com','','2020-12-31 18:41:44','',0,'Sarah Nusier'),(229,'KhaledAl-Naimat','$P$BBZLXy4h59Z2TQIV9nOGA7pQuXafY/0','khaledal-naimat','khaledalnaimat88@gmail.com','','2020-12-31 18:56:03','',0,'Khaled Al-Naimat'),(231,'Yanal.is','$P$BS6ZVwqjwTYwyhO68rGKx3MZVjwFqX0','yanal-is','yanal.a.ismail@gmail.com','','2021-01-01 09:46:33','',0,'Yanal Ismail'),(232,'TaqwaHudaib','$P$BwJA9eNRo1WmOshxEK1O124ou8KI9p1','taqwahudaib','taqwahudaib@gmail.com','','2021-01-01 12:43:10','',0,'Taqwa'),(233,'Lama.M','$P$BvarI4SApxVPnpSsR.PbutAySEIeF7.','lama-m','Lama.abumeilesh@hotmail.com','','2021-01-01 13:40:35','',0,'Lama'),(234,'Lama.AM','$P$BkVMCUb6tAk.Azk5zvjy7q1CzR1usR.','lama-am','lama.abumeilesh@icloud.com','','2021-01-01 13:47:27','',0,'Lama'),(235,'noor1004','$P$BOF0kAhtapMW0TrYWsZCPZU8Bnr5Sh/','noor1004','n.k.barakat@outlook.com','','2021-01-01 16:37:09','',0,'Noor B.'),(236,'omar15smadi','$P$B5iDSgU5Zx/ozQy3Scf5lt3gl6H81K0','omar15smadi','omar15smadi@gmail.com','','2021-01-01 18:48:51','1609529411:$P$BZ7QRjO4.upxmz9EjYOqmndwtb1jc8/',0,'OMAR ALSMADI'),(237,'smadi327','$P$BXmYsZfAhd2X6x0GF.yVXupMV367E10','smadi327','smadi327B@GMAIL.COM','','2021-01-01 18:55:30','1609530534:$P$BGUdY/l.9vM78z57kq0Lmhl0sv1dBu.',0,'OMAR'),(238,'omarsmadi745','$P$BLgUs51w/xfLVez0YbKfvwPJjGIny61','omarsmadi745','omarsmadi745@gmail.com','','2021-01-01 19:15:13','1609529731:$P$Bx7Xg/ql1HSzDE/yKcBKvg9Ufw1/q7/',0,'OMAR'),(239,'ehdaaaziz','$P$BM3GkxBAIf/6OueMYjXAonbz9eqay0.','ehdaaaziz','ehdaahlq@gmail.com','','2021-01-02 04:39:02','',0,'Ehda\'a Aziz'),(240,'AseelAlOomari','$P$Bjq612rb6/L1oRJ3OtBEDi.H7pmxnz0','aseelaloomari','Aseelalomari@gmail.com','','2021-01-02 13:21:19','',0,'Aseel'),(241,'talaalqaissi','$P$BG47WMTrrB9CnPOO7CyBhDC4Tz3KmK0','talaalqaissi','tala.alqaissi94@gmail.com','','2021-01-02 13:42:13','',0,'tala'),(242,'Ekhlas','$P$B13bdoRcjqktNwNcVqoZ3hwbjISSx81','ekhlas','Ekhlas.zuhair@hotmail.com','','2021-01-02 19:22:20','1609615725:$P$Bwu6ahyo47dy4MqZ.kqpHIWbhhFC5Y/',0,'Ekhlas'),(243,'shahedkhaled','$P$BmQuEuJQ.HRyqZ6iqQImKGVnV8BD0./','shahedkhaled','sh.tarawneh98@gmail.com','','2021-01-02 21:54:50','',0,'Shahed Tarawneh'),(244,'Rozannouri','$P$Bj98pYyrm7NUsW1WC/tnhpKKmC5FMa0','rozannouri','rozannour1@gmail.com','','2021-01-03 08:53:44','1609707356:$P$BtOhH9./lHwpcIKSq1O1cgGjK6NBL4/',0,'Rozan Nouri'),(245,'Anashu.91','$P$Bh/5cCtdOxs4DZciBmR4X8Imvu.Jwn.','anashu-91','anas.henidi91@gmail.com','','2021-01-03 13:32:00','',0,'Anas Henidi'),(248,'Lina','$P$BkZFuy8QRfQAIL7tDiILVj6U.cPPHy1','lina','lina.faisal9@gmail.com','','2021-01-04 15:01:03','',0,'Lina'),(246,'bayan','$P$BRA8RGOfPsCU6Oe4k7YaikKupBw2a51','bayan','damseesbayan@gmail.com','','2021-01-03 17:14:27','',0,'bayan'),(247,'SarahTabbaa','$P$B2TrFKT76BWgLT2klIr2hirCRC4qEz.','sarahtabbaa','sara.jeh.moh@gmail.com','','2021-01-03 18:45:40','',0,'Sarah Tabbaa'),(250,'Noura','$P$BH88ouqO5rUywg8W6OmdUKwB/7Ko/K1','noura','nourmrebeh209@gmail.com','','2021-01-06 10:39:40','1609929674:$P$BbIjZ3Qn7TjwKl9PjkxawCJRuIuueT1',0,'instructor'),(249,'reem-alkurdi8','$P$B2cfDcqZXd.A4.2IHthQQrlqdLWUu10','reem-alkurdi8','Alkurdidana844@gmail.com','','2021-01-05 19:48:23','',0,'Reem Alkurdi'),(251,'NouraMrebeh','$P$BSwt6PDCMHKa9Zh8BwiDbrrEWWCQV31','nouramrebeh','nourmrebeh209@hotmail.com','','2021-01-06 10:44:58','',0,'Nour Mrebeh'),(255,'itsemannx','$P$BfIndFOEqKhxTABBW52ytScMN1IBpP1','itsemannx','emannsrourr@gmail.com','','2021-01-08 04:32:27','',0,'Eman'),(254,'ahmadalsafadi','$P$B3DU8NrjgqIwN5EkHEWBv.M7AXAAs31','ahmadalsafadi','kidmunshi@gmail.com','','2021-01-08 01:07:22','',0,'Ahmad khaled alsafadi');

--
-- Table structure for table `wp_wc_admin_note_actions`
--

CREATE TABLE `wp_wc_admin_note_actions` (
  `action_id` bigint(20) unsigned NOT NULL AUTO_INCREMENT,
  `note_id` bigint(20) unsigned NOT NULL,
  `name` varchar(255) COLLATE utf8mb4_unicode_ci NOT NULL,
  `label` varchar(255) COLLATE utf8mb4_unicode_ci NOT NULL,
  `query` longtext COLLATE utf8mb4_unicode_ci NOT NULL,
  `status` varchar(255) COLLATE utf8mb4_unicode_ci NOT NULL,
  `is_primary` tinyint(1) NOT NULL DEFAULT 0,
  `actioned_text` varchar(255) COLLATE utf8mb4_unicode_ci NOT NULL,
  PRIMARY KEY (`action_id`),
  KEY `note_id` (`note_id`)
) ENGINE=MyISAM AUTO_INCREMENT=20 DEFAULT CHARSET=utf8mb4 COLLATE=utf8mb4_unicode_ci;

--
-- Dumping data for table `wp_wc_admin_note_actions`
--

INSERT INTO `wp_wc_admin_note_actions` VALUES (1,1,'get-started','Get Started','?page=wc-admin&path=/analytics/settings&import=true','actioned',1,''),(11,8,'tracking-opt-in','Activate usage tracking','','actioned',1,''),(3,3,'connect','Connect','?page=wc-addons&section=helper','actioned',0,''),(4,4,'browse','Browse','https://woocommerce.com/success-stories/','actioned',0,''),(9,5,'update-db_learn-more','Learn more about updates','https://docs.woocommerce.com/document/how-to-update-woocommerce/','unactioned',0,''),(8,5,'update-db_run','Update WooCommerce Database','https://tesoll.com/wp-admin/admin.php?page=wc-settings&do_update_woocommerce=true&wc_db_update_nonce=01f832909f','unactioned',1,''),(10,7,'learn-more','Learn more','https://woocommerce.com/mobile/','actioned',0,''),(12,9,'yes-please','Yes please!','https://woocommerce.us8.list-manage.com/subscribe/post?u=2c1434dc56f9506bf3c3ecd21&amp;id=13860df971&amp;SIGNUPPAGE=plugin','actioned',0,''),(13,10,'view-payment-gateways','Learn more','https://woocommerce.com/product-category/woocommerce-extensions/payment-gateways/','actioned',1,''),(14,11,'open-marketing-hub','Open marketing hub','https://tesoll.com/wp-admin/admin.php?page=wc-admin&path=/marketing','actioned',0,''),(15,12,'share-feedback','Share feedback','https://automattic.survey.fm/new-onboarding-survey','actioned',0,''),(16,13,'affirm-insight-first-sale','Yes','','actioned',0,'Thanks for your feedback'),(17,13,'deny-insight-first-sale','No','','actioned',0,'Thanks for your feedback'),(19,15,'learn-more','Learn more','https://woocommerce.com/mobile/?utm_source=inbox','actioned',0,'');

--
-- Table structure for table `wp_wc_admin_notes`
--

CREATE TABLE `wp_wc_admin_notes` (
  `note_id` bigint(20) unsigned NOT NULL AUTO_INCREMENT,
  `name` varchar(255) COLLATE utf8mb4_unicode_ci NOT NULL,
  `type` varchar(20) COLLATE utf8mb4_unicode_ci NOT NULL,
  `locale` varchar(20) COLLATE utf8mb4_unicode_ci NOT NULL,
  `title` longtext COLLATE utf8mb4_unicode_ci NOT NULL,
  `content` longtext COLLATE utf8mb4_unicode_ci NOT NULL,
  `icon` varchar(200) COLLATE utf8mb4_unicode_ci NOT NULL DEFAULT 'info',
  `content_data` longtext COLLATE utf8mb4_unicode_ci DEFAULT NULL,
  `status` varchar(200) COLLATE utf8mb4_unicode_ci NOT NULL,
  `source` varchar(200) COLLATE utf8mb4_unicode_ci NOT NULL,
  `date_created` datetime NOT NULL DEFAULT '0000-00-00 00:00:00',
  `date_reminder` datetime DEFAULT NULL,
  `is_snoozable` tinyint(1) NOT NULL DEFAULT 0,
  `layout` varchar(20) COLLATE utf8mb4_unicode_ci NOT NULL DEFAULT '',
  `image` varchar(200) COLLATE utf8mb4_unicode_ci DEFAULT NULL,
  `is_deleted` tinyint(1) NOT NULL DEFAULT 0,
  PRIMARY KEY (`note_id`)
) ENGINE=MyISAM AUTO_INCREMENT=16 DEFAULT CHARSET=utf8mb4 COLLATE=utf8mb4_unicode_ci;

--
-- Dumping data for table `wp_wc_admin_notes`
--

INSERT INTO `wp_wc_admin_notes` VALUES (1,'wc-admin-historical-data','update','en_US','WooCommerce Admin: Historical Analytics Data','To view your historical analytics data, you must process your existing orders and customers.','info','{}','unactioned','woocommerce-admin','2020-03-13 17:22:15',NULL,0,'',NULL,0),(8,'wc-admin-usage-tracking-opt-in','info','en_US','Help WooCommerce improve with usage tracking','Gathering usage data allows us to improve WooCommerce. Your store will be considered as we evaluate new features, judge the quality of an update, or determine if an improvement makes sense. You can always visit the <a href=\"https://tesoll.com/wp-admin/admin.php?page=wc-settings&#038;tab=advanced&#038;section=woocommerce_com\" target=\"_blank\">Settings</a> and choose to stop sharing data. <a href=\"https://woocommerce.com/usage-tracking\" target=\"_blank\">Read more</a> about what data we collect.','info','{}','unactioned','woocommerce-admin','2020-10-12 03:22:34',NULL,0,'plain','',0),(3,'wc-admin-wc-helper-connection','info','en_US','Connect to WooCommerce.com','Connect to get important product notifications and updates.','info','{}','unactioned','woocommerce-admin','2020-03-13 17:22:15',NULL,0,'',NULL,0),(4,'wc-admin-orders-milestone','info','en_US','Congratulations on processing 10 orders!','You\'ve hit the 10 orders milestone! Look at you go. Browse some WooCommerce success stories for inspiration.','trophy','{}','unactioned','woocommerce-admin','2020-03-13 17:22:18',NULL,0,'',NULL,0),(5,'wc-update-db-reminder','update','en_US','WooCommerce database update required','WooCommerce has been updated! To keep things running smoothly, we have to update your database to the newest version. The database update process runs in the background and may take a little while, so please be patient. Advanced users can alternatively update via <a href=\"https://github.com/woocommerce/woocommerce/wiki/Upgrading-the-database-using-WP-CLI\">WP CLI</a>.','info','{}','unactioned','woocommerce-core','2020-03-13 22:22:19',NULL,0,'',NULL,0),(7,'wc-admin-mobile-app','info','en_US','Install Woo mobile app','Install the WooCommerce mobile app to manage orders, receive sales notifications, and view key metrics — wherever you are.','info','{}','unactioned','woocommerce-admin','2020-10-12 03:22:34',NULL,0,'plain','',0),(9,'wc-admin-onboarding-email-marketing','info','en_US','Tips, product updates, and inspiration','We\'re here for you - get tips, product updates and inspiration straight to your email box','info','{}','unactioned','woocommerce-admin','2020-10-12 03:22:34',NULL,0,'plain','',0),(10,'wc-admin-onboarding-payments-reminder','info','en_US','Start accepting payments on your store!','Take payments with the provider that’s right for you - choose from 100+ payment gateways for WooCommerce.','info','{}','unactioned','woocommerce-admin','2020-10-12 03:22:34',NULL,0,'plain','',0),(11,'wc-admin-marketing-intro','info','en_US','Connect with your audience','Grow your customer base and increase your sales with marketing tools built for WooCommerce.','info','{}','unactioned','woocommerce-admin','2020-10-12 03:22:34',NULL,0,'plain','',0),(12,'wc-admin-store-notice-giving-feedback-2','info','en_US','Give feedback','Now that you’ve chosen us as a partner, our goal is to make sure we\'re providing the right tools to meet your needs. We\'re looking forward to having your feedback on the store setup experience so we can improve it in the future.','info','{}','unactioned','woocommerce-admin','2020-10-12 03:22:34',NULL,0,'plain','',0),(13,'wc-admin-insight-first-sale','survey','en_US','Did you know?','A WooCommerce powered store needs on average 31 days to get the first sale. You\'re on the right track! Do you find this type of insight useful?','info','{}','unactioned','woocommerce-admin','2020-10-12 03:22:34',NULL,0,'plain','',0),(15,'wc-admin-real-time-order-alerts','info','en_US','Get real-time order alerts anywhere','Get notifications about store activity, including new orders and product reviews directly on your mobile devices with the Woo app.','info','{}','unactioned','woocommerce-admin','2020-10-12 03:22:34',NULL,0,'plain','',0);

--
-- Table structure for table `wp_wc_category_lookup`
--

CREATE TABLE `wp_wc_category_lookup` (
  `category_tree_id` bigint(20) unsigned NOT NULL,
  `category_id` bigint(20) unsigned NOT NULL,
  PRIMARY KEY (`category_tree_id`,`category_id`)
) ENGINE=MyISAM DEFAULT CHARSET=utf8mb4 COLLATE=utf8mb4_unicode_ci;

--
-- Dumping data for table `wp_wc_category_lookup`
--

INSERT INTO `wp_wc_category_lookup` VALUES (15,15),(107,107),(108,108);

--
-- Table structure for table `wp_wc_customer_lookup`
--

CREATE TABLE `wp_wc_customer_lookup` (
  `customer_id` bigint(20) unsigned NOT NULL AUTO_INCREMENT,
  `user_id` bigint(20) unsigned DEFAULT NULL,
  `username` varchar(60) COLLATE utf8mb4_unicode_ci NOT NULL DEFAULT '',
  `first_name` varchar(255) COLLATE utf8mb4_unicode_ci NOT NULL,
  `last_name` varchar(255) COLLATE utf8mb4_unicode_ci NOT NULL,
  `email` varchar(100) COLLATE utf8mb4_unicode_ci DEFAULT NULL,
  `date_last_active` timestamp NULL DEFAULT NULL,
  `date_registered` timestamp NULL DEFAULT NULL,
  `country` char(2) COLLATE utf8mb4_unicode_ci NOT NULL DEFAULT '',
  `postcode` varchar(20) COLLATE utf8mb4_unicode_ci NOT NULL DEFAULT '',
  `city` varchar(100) COLLATE utf8mb4_unicode_ci NOT NULL DEFAULT '',
  `state` varchar(100) COLLATE utf8mb4_unicode_ci NOT NULL DEFAULT '',
  PRIMARY KEY (`customer_id`),
  UNIQUE KEY `user_id` (`user_id`),
  KEY `email` (`email`)
) ENGINE=MyISAM AUTO_INCREMENT=2 DEFAULT CHARSET=utf8mb4 COLLATE=utf8mb4_unicode_ci;

--
-- Dumping data for table `wp_wc_customer_lookup`
--

INSERT INTO `wp_wc_customer_lookup` VALUES (1,1,'Maheralderi','TESOL','GROUP','admin@tesoll.com','2020-03-13 04:00:00','2019-04-22 05:20:40','JO','11','AMMAN','JORDAN');

--
-- Table structure for table `wp_wc_download_log`
--

CREATE TABLE `wp_wc_download_log` (
  `download_log_id` bigint(20) unsigned NOT NULL AUTO_INCREMENT,
  `timestamp` datetime NOT NULL,
  `permission_id` bigint(20) unsigned NOT NULL,
  `user_id` bigint(20) unsigned DEFAULT NULL,
  `user_ip_address` varchar(100) COLLATE utf8mb4_unicode_ci DEFAULT '',
  PRIMARY KEY (`download_log_id`),
  KEY `permission_id` (`permission_id`),
  KEY `timestamp` (`timestamp`)
) ENGINE=MyISAM DEFAULT CHARSET=utf8mb4 COLLATE=utf8mb4_unicode_ci;

--
-- Dumping data for table `wp_wc_download_log`
--


--
-- Table structure for table `wp_wc_order_coupon_lookup`
--

CREATE TABLE `wp_wc_order_coupon_lookup` (
  `order_id` bigint(20) unsigned NOT NULL,
  `coupon_id` bigint(20) NOT NULL,
  `date_created` datetime NOT NULL DEFAULT '0000-00-00 00:00:00',
  `discount_amount` double NOT NULL DEFAULT 0,
  PRIMARY KEY (`order_id`,`coupon_id`),
  KEY `coupon_id` (`coupon_id`),
  KEY `date_created` (`date_created`)
) ENGINE=MyISAM DEFAULT CHARSET=utf8mb4 COLLATE=utf8mb4_unicode_ci;

--
-- Dumping data for table `wp_wc_order_coupon_lookup`
--


--
-- Table structure for table `wp_wc_order_product_lookup`
--

CREATE TABLE `wp_wc_order_product_lookup` (
  `order_item_id` bigint(20) unsigned NOT NULL,
  `order_id` bigint(20) unsigned NOT NULL,
  `product_id` bigint(20) unsigned NOT NULL,
  `variation_id` bigint(20) unsigned NOT NULL,
  `customer_id` bigint(20) unsigned DEFAULT NULL,
  `date_created` datetime NOT NULL DEFAULT '0000-00-00 00:00:00',
  `product_qty` int(11) NOT NULL,
  `product_net_revenue` double NOT NULL DEFAULT 0,
  `product_gross_revenue` double NOT NULL DEFAULT 0,
  `coupon_amount` double NOT NULL DEFAULT 0,
  `tax_amount` double NOT NULL DEFAULT 0,
  `shipping_amount` double NOT NULL DEFAULT 0,
  `shipping_tax_amount` double NOT NULL DEFAULT 0,
  PRIMARY KEY (`order_item_id`),
  KEY `order_id` (`order_id`),
  KEY `product_id` (`product_id`),
  KEY `customer_id` (`customer_id`),
  KEY `date_created` (`date_created`)
) ENGINE=MyISAM DEFAULT CHARSET=utf8mb4 COLLATE=utf8mb4_unicode_ci;

--
-- Dumping data for table `wp_wc_order_product_lookup`
--


--
-- Table structure for table `wp_wc_order_stats`
--

CREATE TABLE `wp_wc_order_stats` (
  `order_id` bigint(20) unsigned NOT NULL,
  `parent_id` bigint(20) unsigned NOT NULL DEFAULT 0,
  `date_created` datetime NOT NULL DEFAULT '0000-00-00 00:00:00',
  `date_created_gmt` datetime NOT NULL DEFAULT '0000-00-00 00:00:00',
  `num_items_sold` int(11) NOT NULL DEFAULT 0,
  `total_sales` double NOT NULL DEFAULT 0,
  `tax_total` double NOT NULL DEFAULT 0,
  `shipping_total` double NOT NULL DEFAULT 0,
  `net_total` double NOT NULL DEFAULT 0,
  `returning_customer` tinyint(1) DEFAULT NULL,
  `status` varchar(200) COLLATE utf8mb4_unicode_ci NOT NULL,
  `customer_id` bigint(20) unsigned NOT NULL,
  PRIMARY KEY (`order_id`),
  KEY `date_created` (`date_created`),
  KEY `customer_id` (`customer_id`),
  KEY `status` (`status`(191))
) ENGINE=MyISAM DEFAULT CHARSET=utf8mb4 COLLATE=utf8mb4_unicode_ci;

--
-- Dumping data for table `wp_wc_order_stats`
--


--
-- Table structure for table `wp_wc_order_tax_lookup`
--

CREATE TABLE `wp_wc_order_tax_lookup` (
  `order_id` bigint(20) unsigned NOT NULL,
  `tax_rate_id` bigint(20) unsigned NOT NULL,
  `date_created` datetime NOT NULL DEFAULT '0000-00-00 00:00:00',
  `shipping_tax` double NOT NULL DEFAULT 0,
  `order_tax` double NOT NULL DEFAULT 0,
  `total_tax` double NOT NULL DEFAULT 0,
  PRIMARY KEY (`order_id`,`tax_rate_id`),
  KEY `tax_rate_id` (`tax_rate_id`),
  KEY `date_created` (`date_created`)
) ENGINE=MyISAM DEFAULT CHARSET=utf8mb4 COLLATE=utf8mb4_unicode_ci;

--
-- Dumping data for table `wp_wc_order_tax_lookup`
--


--
-- Table structure for table `wp_wc_product_meta_lookup`
--

CREATE TABLE `wp_wc_product_meta_lookup` (
  `product_id` bigint(20) NOT NULL,
  `sku` varchar(100) COLLATE utf8mb4_unicode_ci DEFAULT '',
  `virtual` tinyint(1) DEFAULT 0,
  `downloadable` tinyint(1) DEFAULT 0,
  `min_price` decimal(19,4) DEFAULT NULL,
  `max_price` decimal(19,4) DEFAULT NULL,
  `onsale` tinyint(1) DEFAULT 0,
  `stock_quantity` double DEFAULT NULL,
  `stock_status` varchar(100) COLLATE utf8mb4_unicode_ci DEFAULT 'instock',
  `rating_count` bigint(20) DEFAULT 0,
  `average_rating` decimal(3,2) DEFAULT 0.00,
  `total_sales` bigint(20) DEFAULT 0,
  `tax_status` varchar(100) COLLATE utf8mb4_unicode_ci DEFAULT 'taxable',
  `tax_class` varchar(100) COLLATE utf8mb4_unicode_ci DEFAULT '',
  PRIMARY KEY (`product_id`),
  KEY `virtual` (`virtual`),
  KEY `downloadable` (`downloadable`),
  KEY `stock_status` (`stock_status`),
  KEY `stock_quantity` (`stock_quantity`),
  KEY `onsale` (`onsale`),
  KEY `min_max_price` (`min_price`,`max_price`)
) ENGINE=MyISAM DEFAULT CHARSET=utf8mb4 COLLATE=utf8mb4_unicode_ci;

--
-- Dumping data for table `wp_wc_product_meta_lookup`
--

INSERT INTO `wp_wc_product_meta_lookup` VALUES (107,NULL,0,0,900.0000,900.0000,0,NULL,NULL,0,NULL,0,'taxable',''),(1191,NULL,0,0,900.0000,900.0000,0,NULL,NULL,0,NULL,0,'taxable',''),(303,'',1,1,0.0000,0.0000,1,NULL,'instock',0,0.00,17,'taxable','');

--
-- Table structure for table `wp_wc_reserved_stock`
--

CREATE TABLE `wp_wc_reserved_stock` (
  `order_id` bigint(20) NOT NULL,
  `product_id` bigint(20) NOT NULL,
  `stock_quantity` double NOT NULL DEFAULT 0,
  `timestamp` datetime NOT NULL DEFAULT '0000-00-00 00:00:00',
  `expires` datetime NOT NULL DEFAULT '0000-00-00 00:00:00',
  PRIMARY KEY (`order_id`,`product_id`)
) ENGINE=MyISAM DEFAULT CHARSET=utf8mb4 COLLATE=utf8mb4_unicode_ci;

--
-- Dumping data for table `wp_wc_reserved_stock`
--


--
-- Table structure for table `wp_wc_tax_rate_classes`
--

CREATE TABLE `wp_wc_tax_rate_classes` (
  `tax_rate_class_id` bigint(20) unsigned NOT NULL AUTO_INCREMENT,
  `name` varchar(200) COLLATE utf8mb4_unicode_ci NOT NULL DEFAULT '',
  `slug` varchar(200) COLLATE utf8mb4_unicode_ci NOT NULL DEFAULT '',
  PRIMARY KEY (`tax_rate_class_id`),
  UNIQUE KEY `slug` (`slug`(191))
) ENGINE=MyISAM AUTO_INCREMENT=3 DEFAULT CHARSET=utf8mb4 COLLATE=utf8mb4_unicode_ci;

--
-- Dumping data for table `wp_wc_tax_rate_classes`
--

INSERT INTO `wp_wc_tax_rate_classes` VALUES (1,'Reduced rate','reduced-rate'),(2,'Zero rate','zero-rate');

--
-- Table structure for table `wp_wc_webhooks`
--

CREATE TABLE `wp_wc_webhooks` (
  `webhook_id` bigint(20) unsigned NOT NULL AUTO_INCREMENT,
  `status` varchar(200) COLLATE utf8mb4_unicode_ci NOT NULL,
  `name` text COLLATE utf8mb4_unicode_ci NOT NULL,
  `user_id` bigint(20) unsigned NOT NULL,
  `delivery_url` text COLLATE utf8mb4_unicode_ci NOT NULL,
  `secret` text COLLATE utf8mb4_unicode_ci NOT NULL,
  `topic` varchar(200) COLLATE utf8mb4_unicode_ci NOT NULL,
  `date_created` datetime NOT NULL DEFAULT '0000-00-00 00:00:00',
  `date_created_gmt` datetime NOT NULL DEFAULT '0000-00-00 00:00:00',
  `date_modified` datetime NOT NULL DEFAULT '0000-00-00 00:00:00',
  `date_modified_gmt` datetime NOT NULL DEFAULT '0000-00-00 00:00:00',
  `api_version` smallint(4) NOT NULL,
  `failure_count` smallint(10) NOT NULL DEFAULT 0,
  `pending_delivery` tinyint(1) NOT NULL DEFAULT 0,
  PRIMARY KEY (`webhook_id`),
  KEY `user_id` (`user_id`)
) ENGINE=MyISAM DEFAULT CHARSET=utf8mb4 COLLATE=utf8mb4_unicode_ci;

--
-- Dumping data for table `wp_wc_webhooks`
--


--
-- Table structure for table `wp_woocommerce_api_keys`
--

CREATE TABLE `wp_woocommerce_api_keys` (
  `key_id` bigint(20) unsigned NOT NULL AUTO_INCREMENT,
  `user_id` bigint(20) unsigned NOT NULL,
  `description` varchar(200) COLLATE utf8mb4_unicode_ci DEFAULT NULL,
  `permissions` varchar(10) COLLATE utf8mb4_unicode_ci NOT NULL,
  `consumer_key` char(64) COLLATE utf8mb4_unicode_ci NOT NULL,
  `consumer_secret` char(43) COLLATE utf8mb4_unicode_ci NOT NULL,
  `nonces` longtext COLLATE utf8mb4_unicode_ci DEFAULT NULL,
  `truncated_key` char(7) COLLATE utf8mb4_unicode_ci NOT NULL,
  `last_access` datetime DEFAULT NULL,
  PRIMARY KEY (`key_id`),
  KEY `consumer_key` (`consumer_key`),
  KEY `consumer_secret` (`consumer_secret`)
) ENGINE=MyISAM DEFAULT CHARSET=utf8mb4 COLLATE=utf8mb4_unicode_ci;

--
-- Dumping data for table `wp_woocommerce_api_keys`
--


--
-- Table structure for table `wp_woocommerce_attribute_taxonomies`
--

CREATE TABLE `wp_woocommerce_attribute_taxonomies` (
  `attribute_id` bigint(20) unsigned NOT NULL AUTO_INCREMENT,
  `attribute_name` varchar(200) COLLATE utf8mb4_unicode_ci NOT NULL,
  `attribute_label` varchar(200) COLLATE utf8mb4_unicode_ci DEFAULT NULL,
  `attribute_type` varchar(20) COLLATE utf8mb4_unicode_ci NOT NULL,
  `attribute_orderby` varchar(20) COLLATE utf8mb4_unicode_ci NOT NULL,
  `attribute_public` int(1) NOT NULL DEFAULT 1,
  PRIMARY KEY (`attribute_id`),
  KEY `attribute_name` (`attribute_name`(20))
) ENGINE=MyISAM DEFAULT CHARSET=utf8mb4 COLLATE=utf8mb4_unicode_ci;

--
-- Dumping data for table `wp_woocommerce_attribute_taxonomies`
--


--
-- Table structure for table `wp_woocommerce_downloadable_product_permissions`
--

CREATE TABLE `wp_woocommerce_downloadable_product_permissions` (
  `permission_id` bigint(20) unsigned NOT NULL AUTO_INCREMENT,
  `download_id` varchar(36) COLLATE utf8mb4_unicode_ci NOT NULL,
  `product_id` bigint(20) unsigned NOT NULL,
  `order_id` bigint(20) unsigned NOT NULL DEFAULT 0,
  `order_key` varchar(200) COLLATE utf8mb4_unicode_ci NOT NULL,
  `user_email` varchar(200) COLLATE utf8mb4_unicode_ci NOT NULL,
  `user_id` bigint(20) unsigned DEFAULT NULL,
  `downloads_remaining` varchar(9) COLLATE utf8mb4_unicode_ci DEFAULT NULL,
  `access_granted` datetime NOT NULL DEFAULT '0000-00-00 00:00:00',
  `access_expires` datetime DEFAULT NULL,
  `download_count` bigint(20) unsigned NOT NULL DEFAULT 0,
  PRIMARY KEY (`permission_id`),
  KEY `download_order_key_product` (`product_id`,`order_id`,`order_key`(16),`download_id`),
  KEY `download_order_product` (`download_id`,`order_id`,`product_id`),
  KEY `order_id` (`order_id`),
  KEY `user_order_remaining_expires` (`user_id`,`order_id`,`downloads_remaining`,`access_expires`)
) ENGINE=MyISAM DEFAULT CHARSET=utf8mb4 COLLATE=utf8mb4_unicode_ci;

--
-- Dumping data for table `wp_woocommerce_downloadable_product_permissions`
--


--
-- Table structure for table `wp_woocommerce_log`
--

CREATE TABLE `wp_woocommerce_log` (
  `log_id` bigint(20) unsigned NOT NULL AUTO_INCREMENT,
  `timestamp` datetime NOT NULL,
  `level` smallint(4) NOT NULL,
  `source` varchar(200) COLLATE utf8mb4_unicode_ci NOT NULL,
  `message` longtext COLLATE utf8mb4_unicode_ci NOT NULL,
  `context` longtext COLLATE utf8mb4_unicode_ci DEFAULT NULL,
  PRIMARY KEY (`log_id`),
  KEY `level` (`level`)
) ENGINE=MyISAM DEFAULT CHARSET=utf8mb4 COLLATE=utf8mb4_unicode_ci;

--
-- Dumping data for table `wp_woocommerce_log`
--


--
-- Table structure for table `wp_woocommerce_order_itemmeta`
--

CREATE TABLE `wp_woocommerce_order_itemmeta` (
  `meta_id` bigint(20) unsigned NOT NULL AUTO_INCREMENT,
  `order_item_id` bigint(20) unsigned NOT NULL,
  `meta_key` varchar(255) COLLATE utf8mb4_unicode_ci DEFAULT NULL,
  `meta_value` longtext COLLATE utf8mb4_unicode_ci DEFAULT NULL,
  PRIMARY KEY (`meta_id`),
  KEY `order_item_id` (`order_item_id`),
  KEY `meta_key` (`meta_key`(32))
) ENGINE=MyISAM AUTO_INCREMENT=396 DEFAULT CHARSET=utf8mb4 COLLATE=utf8mb4_unicode_ci;

--
-- Dumping data for table `wp_woocommerce_order_itemmeta`
--

INSERT INTO `wp_woocommerce_order_itemmeta` VALUES (1,1,'_product_id','303'),(2,1,'_variation_id','0'),(3,1,'_qty','1'),(4,1,'_tax_class',''),(5,1,'_line_subtotal','1400'),(6,1,'_line_subtotal_tax','0'),(7,1,'_line_total','0'),(8,1,'_line_tax','0'),(9,1,'_line_tax_data','a:2:{s:5:\"total\";a:0:{}s:8:\"subtotal\";a:0:{}}'),(10,2,'discount_amount','1400'),(11,2,'discount_amount_tax','0'),(12,2,'coupon_data','a:24:{s:2:\"id\";i:302;s:4:\"code\";s:12:\"tesol jordan\";s:6:\"amount\";s:3:\"100\";s:12:\"date_created\";O:11:\"WC_DateTime\":4:{s:13:\"\0*\0utc_offset\";i:0;s:4:\"date\";s:26:\"2019-04-24 20:54:44.000000\";s:13:\"timezone_type\";i:1;s:8:\"timezone\";s:6:\"+00:00\";}s:13:\"date_modified\";O:11:\"WC_DateTime\":4:{s:13:\"\0*\0utc_offset\";i:0;s:4:\"date\";s:26:\"2019-04-24 20:54:44.000000\";s:13:\"timezone_type\";i:1;s:8:\"timezone\";s:6:\"+00:00\";}s:12:\"date_expires\";N;s:13:\"discount_type\";s:7:\"percent\";s:11:\"description\";s:48:\"THIS CODE GIVES YOU 100% DISCOUNT FOR THE COURSE\";s:11:\"usage_count\";i:0;s:14:\"individual_use\";b:1;s:11:\"product_ids\";a:0:{}s:20:\"excluded_product_ids\";a:0:{}s:11:\"usage_limit\";i:0;s:20:\"usage_limit_per_user\";i:1;s:22:\"limit_usage_to_x_items\";N;s:13:\"free_shipping\";b:0;s:18:\"product_categories\";a:0:{}s:27:\"excluded_product_categories\";a:0:{}s:18:\"exclude_sale_items\";b:1;s:14:\"minimum_amount\";s:0:\"\";s:14:\"maximum_amount\";s:0:\"\";s:18:\"email_restrictions\";a:0:{}s:7:\"virtual\";b:0;s:9:\"meta_data\";a:1:{i:0;O:12:\"WC_Meta_Data\":2:{s:15:\"\0*\0current_data\";a:3:{s:2:\"id\";i:2025;s:3:\"key\";s:14:\"slide_template\";s:5:\"value\";s:7:\"default\";}s:7:\"\0*\0data\";a:3:{s:2:\"id\";i:2025;s:3:\"key\";s:14:\"slide_template\";s:5:\"value\";s:7:\"default\";}}}}'),(13,1,'_commission1','0'),(14,3,'_product_id','303'),(15,3,'_variation_id','0'),(16,3,'_qty','1'),(17,3,'_tax_class',''),(18,3,'_line_subtotal','1400'),(19,3,'_line_subtotal_tax','0'),(20,3,'_line_total','0'),(21,3,'_line_tax','0'),(22,3,'_line_tax_data','a:2:{s:5:\"total\";a:0:{}s:8:\"subtotal\";a:0:{}}'),(23,4,'discount_amount','1400'),(24,4,'discount_amount_tax','0'),(25,4,'coupon_data','a:24:{s:2:\"id\";i:1747;s:4:\"code\";s:4:\"1199\";s:6:\"amount\";s:4:\"1400\";s:12:\"date_created\";O:11:\"WC_DateTime\":4:{s:13:\"\0*\0utc_offset\";i:7200;s:4:\"date\";s:26:\"2019-05-11 20:15:53.000000\";s:13:\"timezone_type\";i:1;s:8:\"timezone\";s:6:\"+00:00\";}s:13:\"date_modified\";O:11:\"WC_DateTime\":4:{s:13:\"\0*\0utc_offset\";i:7200;s:4:\"date\";s:26:\"2019-05-11 20:15:53.000000\";s:13:\"timezone_type\";i:1;s:8:\"timezone\";s:6:\"+00:00\";}s:12:\"date_expires\";N;s:13:\"discount_type\";s:10:\"fixed_cart\";s:11:\"description\";s:8:\"100 FREE\";s:11:\"usage_count\";i:0;s:14:\"individual_use\";b:0;s:11:\"product_ids\";a:1:{i:0;i:303;}s:20:\"excluded_product_ids\";a:0:{}s:11:\"usage_limit\";i:0;s:20:\"usage_limit_per_user\";i:0;s:22:\"limit_usage_to_x_items\";N;s:13:\"free_shipping\";b:0;s:18:\"product_categories\";a:0:{}s:27:\"excluded_product_categories\";a:0:{}s:18:\"exclude_sale_items\";b:0;s:14:\"minimum_amount\";s:0:\"\";s:14:\"maximum_amount\";s:0:\"\";s:18:\"email_restrictions\";a:0:{}s:7:\"virtual\";b:0;s:9:\"meta_data\";a:2:{i:0;O:12:\"WC_Meta_Data\":2:{s:15:\"\0*\0current_data\";a:3:{s:2:\"id\";i:11708;s:3:\"key\";s:11:\"count_items\";s:5:\"value\";s:1:\"0\";}s:7:\"\0*\0data\";a:3:{s:2:\"id\";i:11708;s:3:\"key\";s:11:\"count_items\";s:5:\"value\";s:1:\"0\";}}i:1;O:12:\"WC_Meta_Data\":2:{s:15:\"\0*\0current_data\";a:3:{s:2:\"id\";i:11722;s:3:\"key\";s:14:\"slide_template\";s:5:\"value\";s:7:\"default\";}s:7:\"\0*\0data\";a:3:{s:2:\"id\";i:11722;s:3:\"key\";s:14:\"slide_template\";s:5:\"value\";s:7:\"default\";}}}}'),(26,3,'_commission1','0'),(27,5,'_product_id','303'),(28,5,'_variation_id','0'),(29,5,'_qty','1'),(30,5,'_tax_class',''),(31,5,'_line_subtotal','1400'),(32,5,'_line_subtotal_tax','0'),(33,5,'_line_total','0'),(34,5,'_line_tax','0'),(35,5,'_line_tax_data','a:2:{s:5:\"total\";a:0:{}s:8:\"subtotal\";a:0:{}}'),(36,6,'discount_amount','1400'),(37,6,'discount_amount_tax','0'),(38,6,'coupon_data','a:24:{s:2:\"id\";i:1747;s:4:\"code\";s:4:\"1199\";s:6:\"amount\";s:4:\"1400\";s:12:\"date_created\";O:11:\"WC_DateTime\":4:{s:13:\"\0*\0utc_offset\";i:7200;s:4:\"date\";s:26:\"2019-05-11 20:15:53.000000\";s:13:\"timezone_type\";i:1;s:8:\"timezone\";s:6:\"+00:00\";}s:13:\"date_modified\";O:11:\"WC_DateTime\":4:{s:13:\"\0*\0utc_offset\";i:7200;s:4:\"date\";s:26:\"2019-05-11 20:15:53.000000\";s:13:\"timezone_type\";i:1;s:8:\"timezone\";s:6:\"+00:00\";}s:12:\"date_expires\";N;s:13:\"discount_type\";s:10:\"fixed_cart\";s:11:\"description\";s:8:\"100 FREE\";s:11:\"usage_count\";i:1;s:14:\"individual_use\";b:0;s:11:\"product_ids\";a:1:{i:0;i:303;}s:20:\"excluded_product_ids\";a:0:{}s:11:\"usage_limit\";i:0;s:20:\"usage_limit_per_user\";i:0;s:22:\"limit_usage_to_x_items\";N;s:13:\"free_shipping\";b:0;s:18:\"product_categories\";a:0:{}s:27:\"excluded_product_categories\";a:0:{}s:18:\"exclude_sale_items\";b:0;s:14:\"minimum_amount\";s:0:\"\";s:14:\"maximum_amount\";s:0:\"\";s:18:\"email_restrictions\";a:0:{}s:7:\"virtual\";b:0;s:9:\"meta_data\";a:2:{i:0;O:12:\"WC_Meta_Data\":2:{s:15:\"\0*\0current_data\";a:3:{s:2:\"id\";i:11708;s:3:\"key\";s:11:\"count_items\";s:5:\"value\";s:1:\"0\";}s:7:\"\0*\0data\";a:3:{s:2:\"id\";i:11708;s:3:\"key\";s:11:\"count_items\";s:5:\"value\";s:1:\"0\";}}i:1;O:12:\"WC_Meta_Data\":2:{s:15:\"\0*\0current_data\";a:3:{s:2:\"id\";i:11722;s:3:\"key\";s:14:\"slide_template\";s:5:\"value\";s:7:\"default\";}s:7:\"\0*\0data\";a:3:{s:2:\"id\";i:11722;s:3:\"key\";s:14:\"slide_template\";s:5:\"value\";s:7:\"default\";}}}}'),(39,5,'_commission1','0'),(40,7,'_product_id','303'),(41,7,'_variation_id','0'),(42,7,'_qty','1'),(43,7,'_tax_class',''),(44,7,'_line_subtotal','1400'),(45,7,'_line_subtotal_tax','0'),(46,7,'_line_total','0'),(47,7,'_line_tax','0'),(48,7,'_line_tax_data','a:2:{s:5:\"total\";a:0:{}s:8:\"subtotal\";a:0:{}}'),(49,8,'discount_amount','1400'),(50,8,'discount_amount_tax','0'),(51,8,'coupon_data','a:24:{s:2:\"id\";i:1747;s:4:\"code\";s:4:\"1199\";s:6:\"amount\";s:4:\"1400\";s:12:\"date_created\";O:11:\"WC_DateTime\":4:{s:13:\"\0*\0utc_offset\";i:7200;s:4:\"date\";s:26:\"2019-05-11 20:15:53.000000\";s:13:\"timezone_type\";i:1;s:8:\"timezone\";s:6:\"+00:00\";}s:13:\"date_modified\";O:11:\"WC_DateTime\":4:{s:13:\"\0*\0utc_offset\";i:7200;s:4:\"date\";s:26:\"2019-05-11 20:15:53.000000\";s:13:\"timezone_type\";i:1;s:8:\"timezone\";s:6:\"+00:00\";}s:12:\"date_expires\";N;s:13:\"discount_type\";s:10:\"fixed_cart\";s:11:\"description\";s:8:\"100 FREE\";s:11:\"usage_count\";i:2;s:14:\"individual_use\";b:0;s:11:\"product_ids\";a:1:{i:0;i:303;}s:20:\"excluded_product_ids\";a:0:{}s:11:\"usage_limit\";i:0;s:20:\"usage_limit_per_user\";i:0;s:22:\"limit_usage_to_x_items\";N;s:13:\"free_shipping\";b:0;s:18:\"product_categories\";a:0:{}s:27:\"excluded_product_categories\";a:0:{}s:18:\"exclude_sale_items\";b:0;s:14:\"minimum_amount\";s:0:\"\";s:14:\"maximum_amount\";s:0:\"\";s:18:\"email_restrictions\";a:0:{}s:7:\"virtual\";b:0;s:9:\"meta_data\";a:2:{i:0;O:12:\"WC_Meta_Data\":2:{s:15:\"\0*\0current_data\";a:3:{s:2:\"id\";i:11708;s:3:\"key\";s:11:\"count_items\";s:5:\"value\";s:1:\"0\";}s:7:\"\0*\0data\";a:3:{s:2:\"id\";i:11708;s:3:\"key\";s:11:\"count_items\";s:5:\"value\";s:1:\"0\";}}i:1;O:12:\"WC_Meta_Data\":2:{s:15:\"\0*\0current_data\";a:3:{s:2:\"id\";i:11722;s:3:\"key\";s:14:\"slide_template\";s:5:\"value\";s:7:\"default\";}s:7:\"\0*\0data\";a:3:{s:2:\"id\";i:11722;s:3:\"key\";s:14:\"slide_template\";s:5:\"value\";s:7:\"default\";}}}}'),(52,7,'_commission1','0'),(53,9,'_product_id','303'),(54,9,'_variation_id','0'),(55,9,'_qty','1'),(56,9,'_tax_class',''),(57,9,'_line_subtotal','1400'),(58,9,'_line_subtotal_tax','0'),(59,9,'_line_total','0'),(60,9,'_line_tax','0'),(61,9,'_line_tax_data','a:2:{s:5:\"total\";a:0:{}s:8:\"subtotal\";a:0:{}}'),(62,10,'discount_amount','1400'),(63,10,'discount_amount_tax','0'),(64,10,'coupon_data','a:24:{s:2:\"id\";i:1747;s:4:\"code\";s:4:\"1199\";s:6:\"amount\";s:4:\"1400\";s:12:\"date_created\";O:11:\"WC_DateTime\":4:{s:13:\"\0*\0utc_offset\";i:7200;s:4:\"date\";s:26:\"2019-05-11 20:15:53.000000\";s:13:\"timezone_type\";i:1;s:8:\"timezone\";s:6:\"+00:00\";}s:13:\"date_modified\";O:11:\"WC_DateTime\":4:{s:13:\"\0*\0utc_offset\";i:7200;s:4:\"date\";s:26:\"2019-05-11 20:15:53.000000\";s:13:\"timezone_type\";i:1;s:8:\"timezone\";s:6:\"+00:00\";}s:12:\"date_expires\";N;s:13:\"discount_type\";s:10:\"fixed_cart\";s:11:\"description\";s:8:\"100 FREE\";s:11:\"usage_count\";i:3;s:14:\"individual_use\";b:0;s:11:\"product_ids\";a:1:{i:0;i:303;}s:20:\"excluded_product_ids\";a:0:{}s:11:\"usage_limit\";i:0;s:20:\"usage_limit_per_user\";i:0;s:22:\"limit_usage_to_x_items\";N;s:13:\"free_shipping\";b:0;s:18:\"product_categories\";a:0:{}s:27:\"excluded_product_categories\";a:0:{}s:18:\"exclude_sale_items\";b:0;s:14:\"minimum_amount\";s:0:\"\";s:14:\"maximum_amount\";s:0:\"\";s:18:\"email_restrictions\";a:0:{}s:7:\"virtual\";b:0;s:9:\"meta_data\";a:2:{i:0;O:12:\"WC_Meta_Data\":2:{s:15:\"\0*\0current_data\";a:3:{s:2:\"id\";i:11708;s:3:\"key\";s:11:\"count_items\";s:5:\"value\";s:1:\"0\";}s:7:\"\0*\0data\";a:3:{s:2:\"id\";i:11708;s:3:\"key\";s:11:\"count_items\";s:5:\"value\";s:1:\"0\";}}i:1;O:12:\"WC_Meta_Data\":2:{s:15:\"\0*\0current_data\";a:3:{s:2:\"id\";i:11722;s:3:\"key\";s:14:\"slide_template\";s:5:\"value\";s:7:\"default\";}s:7:\"\0*\0data\";a:3:{s:2:\"id\";i:11722;s:3:\"key\";s:14:\"slide_template\";s:5:\"value\";s:7:\"default\";}}}}'),(65,9,'_commission1','0'),(66,11,'_product_id','303'),(67,11,'_variation_id','0'),(68,11,'_qty','1'),(69,11,'_tax_class',''),(70,11,'_line_subtotal','1400'),(71,11,'_line_subtotal_tax','0'),(72,11,'_line_total','0'),(73,11,'_line_tax','0'),(74,11,'_line_tax_data','a:2:{s:5:\"total\";a:0:{}s:8:\"subtotal\";a:0:{}}'),(75,12,'discount_amount','1400'),(76,12,'discount_amount_tax','0'),(77,12,'coupon_data','a:24:{s:2:\"id\";i:1747;s:4:\"code\";s:4:\"1199\";s:6:\"amount\";s:4:\"1400\";s:12:\"date_created\";O:11:\"WC_DateTime\":4:{s:13:\"\0*\0utc_offset\";i:7200;s:4:\"date\";s:26:\"2019-05-11 20:15:53.000000\";s:13:\"timezone_type\";i:1;s:8:\"timezone\";s:6:\"+00:00\";}s:13:\"date_modified\";O:11:\"WC_DateTime\":4:{s:13:\"\0*\0utc_offset\";i:7200;s:4:\"date\";s:26:\"2019-05-11 20:15:53.000000\";s:13:\"timezone_type\";i:1;s:8:\"timezone\";s:6:\"+00:00\";}s:12:\"date_expires\";N;s:13:\"discount_type\";s:10:\"fixed_cart\";s:11:\"description\";s:8:\"100 FREE\";s:11:\"usage_count\";i:4;s:14:\"individual_use\";b:0;s:11:\"product_ids\";a:1:{i:0;i:303;}s:20:\"excluded_product_ids\";a:0:{}s:11:\"usage_limit\";i:0;s:20:\"usage_limit_per_user\";i:0;s:22:\"limit_usage_to_x_items\";N;s:13:\"free_shipping\";b:0;s:18:\"product_categories\";a:0:{}s:27:\"excluded_product_categories\";a:0:{}s:18:\"exclude_sale_items\";b:0;s:14:\"minimum_amount\";s:0:\"\";s:14:\"maximum_amount\";s:0:\"\";s:18:\"email_restrictions\";a:0:{}s:7:\"virtual\";b:0;s:9:\"meta_data\";a:2:{i:0;O:12:\"WC_Meta_Data\":2:{s:15:\"\0*\0current_data\";a:3:{s:2:\"id\";i:11708;s:3:\"key\";s:11:\"count_items\";s:5:\"value\";s:1:\"0\";}s:7:\"\0*\0data\";a:3:{s:2:\"id\";i:11708;s:3:\"key\";s:11:\"count_items\";s:5:\"value\";s:1:\"0\";}}i:1;O:12:\"WC_Meta_Data\":2:{s:15:\"\0*\0current_data\";a:3:{s:2:\"id\";i:11722;s:3:\"key\";s:14:\"slide_template\";s:5:\"value\";s:7:\"default\";}s:7:\"\0*\0data\";a:3:{s:2:\"id\";i:11722;s:3:\"key\";s:14:\"slide_template\";s:5:\"value\";s:7:\"default\";}}}}'),(78,11,'_commission1','0'),(79,13,'_product_id','303'),(80,13,'_variation_id','0'),(81,13,'_qty','1'),(82,13,'_tax_class',''),(83,13,'_line_subtotal','1400'),(84,13,'_line_subtotal_tax','0'),(85,13,'_line_total','0'),(86,13,'_line_tax','0'),(87,13,'_line_tax_data','a:2:{s:5:\"total\";a:0:{}s:8:\"subtotal\";a:0:{}}'),(88,14,'discount_amount','1400'),(89,14,'discount_amount_tax','0'),(90,14,'coupon_data','a:24:{s:2:\"id\";i:1747;s:4:\"code\";s:4:\"1199\";s:6:\"amount\";s:4:\"1400\";s:12:\"date_created\";O:11:\"WC_DateTime\":4:{s:13:\"\0*\0utc_offset\";i:-18000;s:4:\"date\";s:26:\"2019-05-11 20:15:53.000000\";s:13:\"timezone_type\";i:1;s:8:\"timezone\";s:6:\"+00:00\";}s:13:\"date_modified\";O:11:\"WC_DateTime\":4:{s:13:\"\0*\0utc_offset\";i:-18000;s:4:\"date\";s:26:\"2019-05-11 20:15:53.000000\";s:13:\"timezone_type\";i:1;s:8:\"timezone\";s:6:\"+00:00\";}s:12:\"date_expires\";N;s:13:\"discount_type\";s:10:\"fixed_cart\";s:11:\"description\";s:8:\"100 FREE\";s:11:\"usage_count\";i:5;s:14:\"individual_use\";b:0;s:11:\"product_ids\";a:1:{i:0;i:303;}s:20:\"excluded_product_ids\";a:0:{}s:11:\"usage_limit\";i:0;s:20:\"usage_limit_per_user\";i:0;s:22:\"limit_usage_to_x_items\";N;s:13:\"free_shipping\";b:0;s:18:\"product_categories\";a:0:{}s:27:\"excluded_product_categories\";a:0:{}s:18:\"exclude_sale_items\";b:0;s:14:\"minimum_amount\";s:0:\"\";s:14:\"maximum_amount\";s:0:\"\";s:18:\"email_restrictions\";a:0:{}s:7:\"virtual\";b:0;s:9:\"meta_data\";a:2:{i:0;O:12:\"WC_Meta_Data\":2:{s:15:\"\0*\0current_data\";a:3:{s:2:\"id\";i:11708;s:3:\"key\";s:11:\"count_items\";s:5:\"value\";s:1:\"0\";}s:7:\"\0*\0data\";a:3:{s:2:\"id\";i:11708;s:3:\"key\";s:11:\"count_items\";s:5:\"value\";s:1:\"0\";}}i:1;O:12:\"WC_Meta_Data\":2:{s:15:\"\0*\0current_data\";a:3:{s:2:\"id\";i:11722;s:3:\"key\";s:14:\"slide_template\";s:5:\"value\";s:7:\"default\";}s:7:\"\0*\0data\";a:3:{s:2:\"id\";i:11722;s:3:\"key\";s:14:\"slide_template\";s:5:\"value\";s:7:\"default\";}}}}'),(91,13,'_commission1','0'),(92,15,'_product_id','303'),(93,15,'_variation_id','0'),(94,15,'_qty','1'),(95,15,'_tax_class',''),(96,15,'_line_subtotal','1400'),(97,15,'_line_subtotal_tax','0'),(98,15,'_line_total','0'),(99,15,'_line_tax','0'),(100,15,'_line_tax_data','a:2:{s:5:\"total\";a:0:{}s:8:\"subtotal\";a:0:{}}'),(101,16,'discount_amount','1400'),(102,16,'discount_amount_tax','0'),(103,16,'coupon_data','a:24:{s:2:\"id\";i:1747;s:4:\"code\";s:4:\"1199\";s:6:\"amount\";s:4:\"1400\";s:12:\"date_created\";O:11:\"WC_DateTime\":4:{s:13:\"\0*\0utc_offset\";i:-18000;s:4:\"date\";s:26:\"2019-05-11 20:15:53.000000\";s:13:\"timezone_type\";i:1;s:8:\"timezone\";s:6:\"+00:00\";}s:13:\"date_modified\";O:11:\"WC_DateTime\":4:{s:13:\"\0*\0utc_offset\";i:-18000;s:4:\"date\";s:26:\"2019-05-11 20:15:53.000000\";s:13:\"timezone_type\";i:1;s:8:\"timezone\";s:6:\"+00:00\";}s:12:\"date_expires\";N;s:13:\"discount_type\";s:10:\"fixed_cart\";s:11:\"description\";s:8:\"100 FREE\";s:11:\"usage_count\";i:6;s:14:\"individual_use\";b:0;s:11:\"product_ids\";a:1:{i:0;i:303;}s:20:\"excluded_product_ids\";a:0:{}s:11:\"usage_limit\";i:0;s:20:\"usage_limit_per_user\";i:0;s:22:\"limit_usage_to_x_items\";N;s:13:\"free_shipping\";b:0;s:18:\"product_categories\";a:0:{}s:27:\"excluded_product_categories\";a:0:{}s:18:\"exclude_sale_items\";b:0;s:14:\"minimum_amount\";s:0:\"\";s:14:\"maximum_amount\";s:0:\"\";s:18:\"email_restrictions\";a:0:{}s:7:\"virtual\";b:0;s:9:\"meta_data\";a:2:{i:0;O:12:\"WC_Meta_Data\":2:{s:15:\"\0*\0current_data\";a:3:{s:2:\"id\";i:11708;s:3:\"key\";s:11:\"count_items\";s:5:\"value\";s:1:\"0\";}s:7:\"\0*\0data\";a:3:{s:2:\"id\";i:11708;s:3:\"key\";s:11:\"count_items\";s:5:\"value\";s:1:\"0\";}}i:1;O:12:\"WC_Meta_Data\":2:{s:15:\"\0*\0current_data\";a:3:{s:2:\"id\";i:11722;s:3:\"key\";s:14:\"slide_template\";s:5:\"value\";s:7:\"default\";}s:7:\"\0*\0data\";a:3:{s:2:\"id\";i:11722;s:3:\"key\";s:14:\"slide_template\";s:5:\"value\";s:7:\"default\";}}}}'),(104,15,'_commission1','0'),(105,17,'_product_id','303'),(106,17,'_variation_id','0'),(107,17,'_qty','1'),(108,17,'_tax_class',''),(109,17,'_line_subtotal','1400'),(110,17,'_line_subtotal_tax','0'),(111,17,'_line_total','0'),(112,17,'_line_tax','0'),(113,17,'_line_tax_data','a:2:{s:5:\"total\";a:0:{}s:8:\"subtotal\";a:0:{}}'),(114,18,'discount_amount','1400'),(115,18,'discount_amount_tax','0'),(116,18,'coupon_data','a:24:{s:2:\"id\";i:1747;s:4:\"code\";s:4:\"1199\";s:6:\"amount\";s:4:\"1400\";s:12:\"date_created\";O:11:\"WC_DateTime\":4:{s:13:\"\0*\0utc_offset\";i:-18000;s:4:\"date\";s:26:\"2019-05-11 20:15:53.000000\";s:13:\"timezone_type\";i:1;s:8:\"timezone\";s:6:\"+00:00\";}s:13:\"date_modified\";O:11:\"WC_DateTime\":4:{s:13:\"\0*\0utc_offset\";i:-18000;s:4:\"date\";s:26:\"2019-05-11 20:15:53.000000\";s:13:\"timezone_type\";i:1;s:8:\"timezone\";s:6:\"+00:00\";}s:12:\"date_expires\";N;s:13:\"discount_type\";s:10:\"fixed_cart\";s:11:\"description\";s:8:\"100 FREE\";s:11:\"usage_count\";i:7;s:14:\"individual_use\";b:0;s:11:\"product_ids\";a:1:{i:0;i:303;}s:20:\"excluded_product_ids\";a:0:{}s:11:\"usage_limit\";i:0;s:20:\"usage_limit_per_user\";i:0;s:22:\"limit_usage_to_x_items\";N;s:13:\"free_shipping\";b:0;s:18:\"product_categories\";a:0:{}s:27:\"excluded_product_categories\";a:0:{}s:18:\"exclude_sale_items\";b:0;s:14:\"minimum_amount\";s:0:\"\";s:14:\"maximum_amount\";s:0:\"\";s:18:\"email_restrictions\";a:0:{}s:7:\"virtual\";b:0;s:9:\"meta_data\";a:2:{i:0;O:12:\"WC_Meta_Data\":2:{s:15:\"\0*\0current_data\";a:3:{s:2:\"id\";i:11708;s:3:\"key\";s:11:\"count_items\";s:5:\"value\";s:1:\"0\";}s:7:\"\0*\0data\";a:3:{s:2:\"id\";i:11708;s:3:\"key\";s:11:\"count_items\";s:5:\"value\";s:1:\"0\";}}i:1;O:12:\"WC_Meta_Data\":2:{s:15:\"\0*\0current_data\";a:3:{s:2:\"id\";i:11722;s:3:\"key\";s:14:\"slide_template\";s:5:\"value\";s:7:\"default\";}s:7:\"\0*\0data\";a:3:{s:2:\"id\";i:11722;s:3:\"key\";s:14:\"slide_template\";s:5:\"value\";s:7:\"default\";}}}}'),(117,17,'_commission1','0'),(118,19,'_product_id','303'),(119,19,'_variation_id','0'),(120,19,'_qty','1'),(121,19,'_tax_class',''),(122,19,'_line_subtotal','1400'),(123,19,'_line_subtotal_tax','0'),(124,19,'_line_total','0'),(125,19,'_line_tax','0'),(126,19,'_line_tax_data','a:2:{s:5:\"total\";a:0:{}s:8:\"subtotal\";a:0:{}}'),(127,20,'discount_amount','1400'),(128,20,'discount_amount_tax','0'),(129,20,'coupon_data','a:24:{s:2:\"id\";i:1747;s:4:\"code\";s:4:\"1199\";s:6:\"amount\";s:4:\"1400\";s:12:\"date_created\";O:11:\"WC_DateTime\":4:{s:13:\"\0*\0utc_offset\";i:-18000;s:4:\"date\";s:26:\"2019-05-11 20:15:53.000000\";s:13:\"timezone_type\";i:1;s:8:\"timezone\";s:6:\"+00:00\";}s:13:\"date_modified\";O:11:\"WC_DateTime\":4:{s:13:\"\0*\0utc_offset\";i:-18000;s:4:\"date\";s:26:\"2019-05-11 20:15:53.000000\";s:13:\"timezone_type\";i:1;s:8:\"timezone\";s:6:\"+00:00\";}s:12:\"date_expires\";N;s:13:\"discount_type\";s:10:\"fixed_cart\";s:11:\"description\";s:8:\"100 FREE\";s:11:\"usage_count\";i:8;s:14:\"individual_use\";b:0;s:11:\"product_ids\";a:1:{i:0;i:303;}s:20:\"excluded_product_ids\";a:0:{}s:11:\"usage_limit\";i:0;s:20:\"usage_limit_per_user\";i:0;s:22:\"limit_usage_to_x_items\";N;s:13:\"free_shipping\";b:0;s:18:\"product_categories\";a:0:{}s:27:\"excluded_product_categories\";a:0:{}s:18:\"exclude_sale_items\";b:0;s:14:\"minimum_amount\";s:0:\"\";s:14:\"maximum_amount\";s:0:\"\";s:18:\"email_restrictions\";a:0:{}s:7:\"virtual\";b:0;s:9:\"meta_data\";a:2:{i:0;O:12:\"WC_Meta_Data\":2:{s:15:\"\0*\0current_data\";a:3:{s:2:\"id\";i:11708;s:3:\"key\";s:11:\"count_items\";s:5:\"value\";s:1:\"0\";}s:7:\"\0*\0data\";a:3:{s:2:\"id\";i:11708;s:3:\"key\";s:11:\"count_items\";s:5:\"value\";s:1:\"0\";}}i:1;O:12:\"WC_Meta_Data\":2:{s:15:\"\0*\0current_data\";a:3:{s:2:\"id\";i:11722;s:3:\"key\";s:14:\"slide_template\";s:5:\"value\";s:7:\"default\";}s:7:\"\0*\0data\";a:3:{s:2:\"id\";i:11722;s:3:\"key\";s:14:\"slide_template\";s:5:\"value\";s:7:\"default\";}}}}'),(130,19,'_commission1','0'),(131,21,'_product_id','303'),(132,21,'_variation_id','0'),(133,21,'_qty','1'),(134,21,'_tax_class',''),(135,21,'_line_subtotal','1400'),(136,21,'_line_subtotal_tax','0'),(137,21,'_line_total','1400'),(138,21,'_line_tax','0'),(139,21,'_line_tax_data','a:2:{s:5:\"total\";a:0:{}s:8:\"subtotal\";a:0:{}}'),(140,22,'_product_id','303'),(141,22,'_variation_id','0'),(142,22,'_qty','1'),(143,22,'_tax_class',''),(144,22,'_line_subtotal','1400'),(145,22,'_line_subtotal_tax','0'),(146,22,'_line_total','0'),(147,22,'_line_tax','0'),(148,22,'_line_tax_data','a:2:{s:5:\"total\";a:0:{}s:8:\"subtotal\";a:0:{}}'),(149,23,'discount_amount','1400'),(150,23,'discount_amount_tax','0'),(151,23,'coupon_data','a:24:{s:2:\"id\";i:1747;s:4:\"code\";s:4:\"1199\";s:6:\"amount\";s:4:\"1400\";s:12:\"date_created\";O:11:\"WC_DateTime\":4:{s:13:\"\0*\0utc_offset\";i:-18000;s:4:\"date\";s:26:\"2019-05-11 20:15:53.000000\";s:13:\"timezone_type\";i:1;s:8:\"timezone\";s:6:\"+00:00\";}s:13:\"date_modified\";O:11:\"WC_DateTime\":4:{s:13:\"\0*\0utc_offset\";i:-18000;s:4:\"date\";s:26:\"2019-05-11 20:15:53.000000\";s:13:\"timezone_type\";i:1;s:8:\"timezone\";s:6:\"+00:00\";}s:12:\"date_expires\";N;s:13:\"discount_type\";s:10:\"fixed_cart\";s:11:\"description\";s:8:\"100 FREE\";s:11:\"usage_count\";i:9;s:14:\"individual_use\";b:0;s:11:\"product_ids\";a:1:{i:0;i:303;}s:20:\"excluded_product_ids\";a:0:{}s:11:\"usage_limit\";i:0;s:20:\"usage_limit_per_user\";i:0;s:22:\"limit_usage_to_x_items\";N;s:13:\"free_shipping\";b:0;s:18:\"product_categories\";a:0:{}s:27:\"excluded_product_categories\";a:0:{}s:18:\"exclude_sale_items\";b:0;s:14:\"minimum_amount\";s:0:\"\";s:14:\"maximum_amount\";s:0:\"\";s:18:\"email_restrictions\";a:0:{}s:7:\"virtual\";b:0;s:9:\"meta_data\";a:2:{i:0;O:12:\"WC_Meta_Data\":2:{s:15:\"\0*\0current_data\";a:3:{s:2:\"id\";i:11708;s:3:\"key\";s:11:\"count_items\";s:5:\"value\";s:1:\"0\";}s:7:\"\0*\0data\";a:3:{s:2:\"id\";i:11708;s:3:\"key\";s:11:\"count_items\";s:5:\"value\";s:1:\"0\";}}i:1;O:12:\"WC_Meta_Data\":2:{s:15:\"\0*\0current_data\";a:3:{s:2:\"id\";i:11722;s:3:\"key\";s:14:\"slide_template\";s:5:\"value\";s:7:\"default\";}s:7:\"\0*\0data\";a:3:{s:2:\"id\";i:11722;s:3:\"key\";s:14:\"slide_template\";s:5:\"value\";s:7:\"default\";}}}}'),(152,22,'_commission1','0'),(153,24,'_product_id','303'),(154,24,'_variation_id','0'),(155,24,'_qty','1'),(156,24,'_tax_class',''),(157,24,'_line_subtotal','1400'),(158,24,'_line_subtotal_tax','0'),(159,24,'_line_total','0'),(160,24,'_line_tax','0'),(161,24,'_line_tax_data','a:2:{s:5:\"total\";a:0:{}s:8:\"subtotal\";a:0:{}}'),(162,25,'discount_amount','1400'),(163,25,'discount_amount_tax','0'),(164,25,'coupon_data','a:24:{s:2:\"id\";i:1747;s:4:\"code\";s:4:\"1199\";s:6:\"amount\";s:4:\"1400\";s:12:\"date_created\";O:11:\"WC_DateTime\":4:{s:13:\"\0*\0utc_offset\";i:-18000;s:4:\"date\";s:26:\"2019-05-11 20:15:53.000000\";s:13:\"timezone_type\";i:1;s:8:\"timezone\";s:6:\"+00:00\";}s:13:\"date_modified\";O:11:\"WC_DateTime\":4:{s:13:\"\0*\0utc_offset\";i:-18000;s:4:\"date\";s:26:\"2019-05-11 20:15:53.000000\";s:13:\"timezone_type\";i:1;s:8:\"timezone\";s:6:\"+00:00\";}s:12:\"date_expires\";N;s:13:\"discount_type\";s:10:\"fixed_cart\";s:11:\"description\";s:8:\"100 FREE\";s:11:\"usage_count\";i:10;s:14:\"individual_use\";b:0;s:11:\"product_ids\";a:1:{i:0;i:303;}s:20:\"excluded_product_ids\";a:0:{}s:11:\"usage_limit\";i:0;s:20:\"usage_limit_per_user\";i:0;s:22:\"limit_usage_to_x_items\";N;s:13:\"free_shipping\";b:0;s:18:\"product_categories\";a:0:{}s:27:\"excluded_product_categories\";a:0:{}s:18:\"exclude_sale_items\";b:0;s:14:\"minimum_amount\";s:0:\"\";s:14:\"maximum_amount\";s:0:\"\";s:18:\"email_restrictions\";a:0:{}s:7:\"virtual\";b:0;s:9:\"meta_data\";a:2:{i:0;O:12:\"WC_Meta_Data\":2:{s:15:\"\0*\0current_data\";a:3:{s:2:\"id\";i:11708;s:3:\"key\";s:11:\"count_items\";s:5:\"value\";s:1:\"0\";}s:7:\"\0*\0data\";a:3:{s:2:\"id\";i:11708;s:3:\"key\";s:11:\"count_items\";s:5:\"value\";s:1:\"0\";}}i:1;O:12:\"WC_Meta_Data\":2:{s:15:\"\0*\0current_data\";a:3:{s:2:\"id\";i:11722;s:3:\"key\";s:14:\"slide_template\";s:5:\"value\";s:7:\"default\";}s:7:\"\0*\0data\";a:3:{s:2:\"id\";i:11722;s:3:\"key\";s:14:\"slide_template\";s:5:\"value\";s:7:\"default\";}}}}'),(165,24,'_commission1','0'),(166,26,'_product_id','303'),(167,26,'_variation_id','0'),(168,26,'_qty','1'),(169,26,'_tax_class',''),(170,26,'_line_subtotal','1400'),(171,26,'_line_subtotal_tax','0'),(172,26,'_line_total','0'),(173,26,'_line_tax','0'),(174,26,'_line_tax_data','a:2:{s:5:\"total\";a:0:{}s:8:\"subtotal\";a:0:{}}'),(175,27,'discount_amount','1400'),(176,27,'discount_amount_tax','0'),(177,27,'coupon_data','a:24:{s:2:\"id\";i:1747;s:4:\"code\";s:4:\"1199\";s:6:\"amount\";s:4:\"1400\";s:12:\"date_created\";O:11:\"WC_DateTime\":4:{s:13:\"\0*\0utc_offset\";i:-18000;s:4:\"date\";s:26:\"2019-05-11 20:15:53.000000\";s:13:\"timezone_type\";i:1;s:8:\"timezone\";s:6:\"+00:00\";}s:13:\"date_modified\";O:11:\"WC_DateTime\":4:{s:13:\"\0*\0utc_offset\";i:-18000;s:4:\"date\";s:26:\"2019-05-11 20:15:53.000000\";s:13:\"timezone_type\";i:1;s:8:\"timezone\";s:6:\"+00:00\";}s:12:\"date_expires\";N;s:13:\"discount_type\";s:10:\"fixed_cart\";s:11:\"description\";s:8:\"100 FREE\";s:11:\"usage_count\";i:11;s:14:\"individual_use\";b:0;s:11:\"product_ids\";a:1:{i:0;i:303;}s:20:\"excluded_product_ids\";a:0:{}s:11:\"usage_limit\";i:0;s:20:\"usage_limit_per_user\";i:0;s:22:\"limit_usage_to_x_items\";N;s:13:\"free_shipping\";b:0;s:18:\"product_categories\";a:0:{}s:27:\"excluded_product_categories\";a:0:{}s:18:\"exclude_sale_items\";b:0;s:14:\"minimum_amount\";s:0:\"\";s:14:\"maximum_amount\";s:0:\"\";s:18:\"email_restrictions\";a:0:{}s:7:\"virtual\";b:0;s:9:\"meta_data\";a:2:{i:0;O:12:\"WC_Meta_Data\":2:{s:15:\"\0*\0current_data\";a:3:{s:2:\"id\";i:11708;s:3:\"key\";s:11:\"count_items\";s:5:\"value\";s:1:\"0\";}s:7:\"\0*\0data\";a:3:{s:2:\"id\";i:11708;s:3:\"key\";s:11:\"count_items\";s:5:\"value\";s:1:\"0\";}}i:1;O:12:\"WC_Meta_Data\":2:{s:15:\"\0*\0current_data\";a:3:{s:2:\"id\";i:11722;s:3:\"key\";s:14:\"slide_template\";s:5:\"value\";s:7:\"default\";}s:7:\"\0*\0data\";a:3:{s:2:\"id\";i:11722;s:3:\"key\";s:14:\"slide_template\";s:5:\"value\";s:7:\"default\";}}}}'),(178,26,'_commission1','0'),(179,28,'_product_id','303'),(180,28,'_variation_id','0'),(181,28,'_qty','1'),(182,28,'_tax_class',''),(183,28,'_line_subtotal','1400'),(184,28,'_line_subtotal_tax','0'),(185,28,'_line_total','0'),(186,28,'_line_tax','0'),(187,28,'_line_tax_data','a:2:{s:5:\"total\";a:0:{}s:8:\"subtotal\";a:0:{}}'),(188,29,'discount_amount','1400'),(189,29,'discount_amount_tax','0'),(190,29,'coupon_data','a:24:{s:2:\"id\";i:1747;s:4:\"code\";s:4:\"1199\";s:6:\"amount\";s:4:\"1400\";s:12:\"date_created\";O:11:\"WC_DateTime\":4:{s:13:\"\0*\0utc_offset\";i:-18000;s:4:\"date\";s:26:\"2019-05-11 20:15:53.000000\";s:13:\"timezone_type\";i:1;s:8:\"timezone\";s:6:\"+00:00\";}s:13:\"date_modified\";O:11:\"WC_DateTime\":4:{s:13:\"\0*\0utc_offset\";i:-18000;s:4:\"date\";s:26:\"2019-05-11 20:15:53.000000\";s:13:\"timezone_type\";i:1;s:8:\"timezone\";s:6:\"+00:00\";}s:12:\"date_expires\";N;s:13:\"discount_type\";s:10:\"fixed_cart\";s:11:\"description\";s:8:\"100 FREE\";s:11:\"usage_count\";i:12;s:14:\"individual_use\";b:0;s:11:\"product_ids\";a:1:{i:0;i:303;}s:20:\"excluded_product_ids\";a:0:{}s:11:\"usage_limit\";i:0;s:20:\"usage_limit_per_user\";i:0;s:22:\"limit_usage_to_x_items\";N;s:13:\"free_shipping\";b:0;s:18:\"product_categories\";a:0:{}s:27:\"excluded_product_categories\";a:0:{}s:18:\"exclude_sale_items\";b:0;s:14:\"minimum_amount\";s:0:\"\";s:14:\"maximum_amount\";s:0:\"\";s:18:\"email_restrictions\";a:0:{}s:7:\"virtual\";b:0;s:9:\"meta_data\";a:2:{i:0;O:12:\"WC_Meta_Data\":2:{s:15:\"\0*\0current_data\";a:3:{s:2:\"id\";i:11708;s:3:\"key\";s:11:\"count_items\";s:5:\"value\";s:1:\"0\";}s:7:\"\0*\0data\";a:3:{s:2:\"id\";i:11708;s:3:\"key\";s:11:\"count_items\";s:5:\"value\";s:1:\"0\";}}i:1;O:12:\"WC_Meta_Data\":2:{s:15:\"\0*\0current_data\";a:3:{s:2:\"id\";i:11722;s:3:\"key\";s:14:\"slide_template\";s:5:\"value\";s:7:\"default\";}s:7:\"\0*\0data\";a:3:{s:2:\"id\";i:11722;s:3:\"key\";s:14:\"slide_template\";s:5:\"value\";s:7:\"default\";}}}}'),(191,30,'_product_id','303'),(192,30,'_variation_id','0'),(193,30,'_qty','1'),(194,30,'_tax_class',''),(195,30,'_line_subtotal','1400'),(196,30,'_line_subtotal_tax','0'),(197,30,'_line_total','0'),(198,30,'_line_tax','0'),(199,30,'_line_tax_data','a:2:{s:5:\"total\";a:0:{}s:8:\"subtotal\";a:0:{}}'),(200,31,'discount_amount','1400'),(201,31,'discount_amount_tax','0'),(202,31,'coupon_data','a:24:{s:2:\"id\";i:1747;s:4:\"code\";s:4:\"1199\";s:6:\"amount\";s:4:\"1400\";s:12:\"date_created\";O:11:\"WC_DateTime\":4:{s:13:\"\0*\0utc_offset\";i:-18000;s:4:\"date\";s:26:\"2019-05-11 20:15:53.000000\";s:13:\"timezone_type\";i:1;s:8:\"timezone\";s:6:\"+00:00\";}s:13:\"date_modified\";O:11:\"WC_DateTime\":4:{s:13:\"\0*\0utc_offset\";i:-18000;s:4:\"date\";s:26:\"2019-05-11 20:15:53.000000\";s:13:\"timezone_type\";i:1;s:8:\"timezone\";s:6:\"+00:00\";}s:12:\"date_expires\";N;s:13:\"discount_type\";s:10:\"fixed_cart\";s:11:\"description\";s:8:\"100 FREE\";s:11:\"usage_count\";i:13;s:14:\"individual_use\";b:0;s:11:\"product_ids\";a:1:{i:0;i:303;}s:20:\"excluded_product_ids\";a:0:{}s:11:\"usage_limit\";i:0;s:20:\"usage_limit_per_user\";i:0;s:22:\"limit_usage_to_x_items\";N;s:13:\"free_shipping\";b:0;s:18:\"product_categories\";a:0:{}s:27:\"excluded_product_categories\";a:0:{}s:18:\"exclude_sale_items\";b:0;s:14:\"minimum_amount\";s:0:\"\";s:14:\"maximum_amount\";s:0:\"\";s:18:\"email_restrictions\";a:0:{}s:7:\"virtual\";b:0;s:9:\"meta_data\";a:2:{i:0;O:12:\"WC_Meta_Data\":2:{s:15:\"\0*\0current_data\";a:3:{s:2:\"id\";i:11708;s:3:\"key\";s:11:\"count_items\";s:5:\"value\";s:1:\"0\";}s:7:\"\0*\0data\";a:3:{s:2:\"id\";i:11708;s:3:\"key\";s:11:\"count_items\";s:5:\"value\";s:1:\"0\";}}i:1;O:12:\"WC_Meta_Data\":2:{s:15:\"\0*\0current_data\";a:3:{s:2:\"id\";i:11722;s:3:\"key\";s:14:\"slide_template\";s:5:\"value\";s:7:\"default\";}s:7:\"\0*\0data\";a:3:{s:2:\"id\";i:11722;s:3:\"key\";s:14:\"slide_template\";s:5:\"value\";s:7:\"default\";}}}}'),(203,28,'_commission1','0'),(204,30,'_commission1','0'),(205,32,'_product_id','303'),(206,32,'_variation_id','0'),(207,32,'_qty','1'),(208,32,'_tax_class',''),(209,32,'_line_subtotal','1400'),(210,32,'_line_subtotal_tax','0'),(211,32,'_line_total','0'),(212,32,'_line_tax','0'),(213,32,'_line_tax_data','a:2:{s:5:\"total\";a:0:{}s:8:\"subtotal\";a:0:{}}'),(214,33,'discount_amount','1400'),(215,33,'discount_amount_tax','0'),(216,33,'coupon_data','a:24:{s:2:\"id\";i:1747;s:4:\"code\";s:4:\"1199\";s:6:\"amount\";s:4:\"1400\";s:12:\"date_created\";O:11:\"WC_DateTime\":4:{s:13:\"\0*\0utc_offset\";i:-18000;s:4:\"date\";s:26:\"2019-05-11 20:15:53.000000\";s:13:\"timezone_type\";i:1;s:8:\"timezone\";s:6:\"+00:00\";}s:13:\"date_modified\";O:11:\"WC_DateTime\":4:{s:13:\"\0*\0utc_offset\";i:-18000;s:4:\"date\";s:26:\"2019-05-11 20:15:53.000000\";s:13:\"timezone_type\";i:1;s:8:\"timezone\";s:6:\"+00:00\";}s:12:\"date_expires\";N;s:13:\"discount_type\";s:10:\"fixed_cart\";s:11:\"description\";s:8:\"100 FREE\";s:11:\"usage_count\";i:14;s:14:\"individual_use\";b:0;s:11:\"product_ids\";a:1:{i:0;i:303;}s:20:\"excluded_product_ids\";a:0:{}s:11:\"usage_limit\";i:0;s:20:\"usage_limit_per_user\";i:0;s:22:\"limit_usage_to_x_items\";N;s:13:\"free_shipping\";b:0;s:18:\"product_categories\";a:0:{}s:27:\"excluded_product_categories\";a:0:{}s:18:\"exclude_sale_items\";b:0;s:14:\"minimum_amount\";s:0:\"\";s:14:\"maximum_amount\";s:0:\"\";s:18:\"email_restrictions\";a:0:{}s:7:\"virtual\";b:0;s:9:\"meta_data\";a:2:{i:0;O:12:\"WC_Meta_Data\":2:{s:15:\"\0*\0current_data\";a:3:{s:2:\"id\";i:11708;s:3:\"key\";s:11:\"count_items\";s:5:\"value\";s:1:\"0\";}s:7:\"\0*\0data\";a:3:{s:2:\"id\";i:11708;s:3:\"key\";s:11:\"count_items\";s:5:\"value\";s:1:\"0\";}}i:1;O:12:\"WC_Meta_Data\":2:{s:15:\"\0*\0current_data\";a:3:{s:2:\"id\";i:11722;s:3:\"key\";s:14:\"slide_template\";s:5:\"value\";s:7:\"default\";}s:7:\"\0*\0data\";a:3:{s:2:\"id\";i:11722;s:3:\"key\";s:14:\"slide_template\";s:5:\"value\";s:7:\"default\";}}}}'),(217,32,'_commission1','0'),(218,34,'_product_id','303'),(219,34,'_variation_id','0'),(220,34,'_qty','1'),(221,34,'_tax_class',''),(222,34,'_line_subtotal','1400'),(223,34,'_line_subtotal_tax','0'),(224,34,'_line_total','0'),(225,34,'_line_tax','0'),(226,34,'_line_tax_data','a:2:{s:5:\"total\";a:0:{}s:8:\"subtotal\";a:0:{}}'),(227,35,'discount_amount','1400'),(228,35,'discount_amount_tax','0'),(229,35,'coupon_data','a:24:{s:2:\"id\";i:1747;s:4:\"code\";s:4:\"1199\";s:6:\"amount\";s:4:\"1400\";s:12:\"date_created\";O:11:\"WC_DateTime\":4:{s:13:\"\0*\0utc_offset\";i:-18000;s:4:\"date\";s:26:\"2019-05-11 20:15:53.000000\";s:13:\"timezone_type\";i:1;s:8:\"timezone\";s:6:\"+00:00\";}s:13:\"date_modified\";O:11:\"WC_DateTime\":4:{s:13:\"\0*\0utc_offset\";i:-18000;s:4:\"date\";s:26:\"2019-05-11 20:15:53.000000\";s:13:\"timezone_type\";i:1;s:8:\"timezone\";s:6:\"+00:00\";}s:12:\"date_expires\";N;s:13:\"discount_type\";s:10:\"fixed_cart\";s:11:\"description\";s:8:\"100 FREE\";s:11:\"usage_count\";i:15;s:14:\"individual_use\";b:0;s:11:\"product_ids\";a:1:{i:0;i:303;}s:20:\"excluded_product_ids\";a:0:{}s:11:\"usage_limit\";i:0;s:20:\"usage_limit_per_user\";i:0;s:22:\"limit_usage_to_x_items\";N;s:13:\"free_shipping\";b:0;s:18:\"product_categories\";a:0:{}s:27:\"excluded_product_categories\";a:0:{}s:18:\"exclude_sale_items\";b:0;s:14:\"minimum_amount\";s:0:\"\";s:14:\"maximum_amount\";s:0:\"\";s:18:\"email_restrictions\";a:0:{}s:7:\"virtual\";b:0;s:9:\"meta_data\";a:2:{i:0;O:12:\"WC_Meta_Data\":2:{s:15:\"\0*\0current_data\";a:3:{s:2:\"id\";i:11708;s:3:\"key\";s:11:\"count_items\";s:5:\"value\";s:1:\"0\";}s:7:\"\0*\0data\";a:3:{s:2:\"id\";i:11708;s:3:\"key\";s:11:\"count_items\";s:5:\"value\";s:1:\"0\";}}i:1;O:12:\"WC_Meta_Data\":2:{s:15:\"\0*\0current_data\";a:3:{s:2:\"id\";i:11722;s:3:\"key\";s:14:\"slide_template\";s:5:\"value\";s:7:\"default\";}s:7:\"\0*\0data\";a:3:{s:2:\"id\";i:11722;s:3:\"key\";s:14:\"slide_template\";s:5:\"value\";s:7:\"default\";}}}}'),(230,34,'_commission1','0'),(231,36,'_product_id','303'),(232,36,'_variation_id','0'),(233,36,'_qty','1'),(234,36,'_tax_class',''),(235,36,'_line_subtotal','250'),(236,36,'_line_subtotal_tax','0'),(237,36,'_line_total','0'),(238,36,'_line_tax','0'),(239,36,'_line_tax_data','a:2:{s:5:\"total\";a:0:{}s:8:\"subtotal\";a:0:{}}'),(240,37,'discount_amount','250'),(241,37,'discount_amount_tax','0'),(242,37,'coupon_data','a:25:{s:2:\"id\";i:1747;s:4:\"code\";s:4:\"1199\";s:6:\"amount\";s:3:\"100\";s:12:\"date_created\";O:11:\"WC_DateTime\":4:{s:13:\"\0*\0utc_offset\";i:-18000;s:4:\"date\";s:26:\"2019-05-11 20:15:53.000000\";s:13:\"timezone_type\";i:1;s:8:\"timezone\";s:6:\"+00:00\";}s:13:\"date_modified\";O:11:\"WC_DateTime\":4:{s:13:\"\0*\0utc_offset\";i:-18000;s:4:\"date\";s:26:\"2020-11-24 15:00:21.000000\";s:13:\"timezone_type\";i:1;s:8:\"timezone\";s:6:\"+00:00\";}s:12:\"date_expires\";N;s:13:\"discount_type\";s:7:\"percent\";s:11:\"description\";s:8:\"100 FREE\";s:11:\"usage_count\";i:16;s:14:\"individual_use\";b:0;s:11:\"product_ids\";a:1:{i:0;i:303;}s:20:\"excluded_product_ids\";a:0:{}s:11:\"usage_limit\";i:0;s:20:\"usage_limit_per_user\";i:0;s:22:\"limit_usage_to_x_items\";N;s:13:\"free_shipping\";b:0;s:18:\"product_categories\";a:0:{}s:27:\"excluded_product_categories\";a:0:{}s:18:\"exclude_sale_items\";b:0;s:14:\"minimum_amount\";s:0:\"\";s:14:\"maximum_amount\";s:0:\"\";s:18:\"email_restrictions\";a:0:{}s:7:\"used_by\";a:16:{i:0;s:1:\"1\";i:1;s:2:\"28\";i:2;s:1:\"1\";i:3;s:2:\"35\";i:4;s:1:\"9\";i:5;s:2:\"37\";i:6;s:2:\"38\";i:7;s:2:\"33\";i:8;s:2:\"39\";i:9;s:2:\"41\";i:10;s:2:\"42\";i:11;s:2:\"43\";i:12;s:2:\"45\";i:13;s:2:\"44\";i:14;s:2:\"48\";i:15;s:2:\"47\";}s:7:\"virtual\";b:0;s:9:\"meta_data\";a:2:{i:0;O:12:\"WC_Meta_Data\":2:{s:15:\"\0*\0current_data\";a:3:{s:2:\"id\";i:11708;s:3:\"key\";s:11:\"count_items\";s:5:\"value\";s:1:\"0\";}s:7:\"\0*\0data\";a:3:{s:2:\"id\";i:11708;s:3:\"key\";s:11:\"count_items\";s:5:\"value\";s:1:\"0\";}}i:1;O:12:\"WC_Meta_Data\":2:{s:15:\"\0*\0current_data\";a:3:{s:2:\"id\";i:11722;s:3:\"key\";s:14:\"slide_template\";s:5:\"value\";s:7:\"default\";}s:7:\"\0*\0data\";a:3:{s:2:\"id\";i:11722;s:3:\"key\";s:14:\"slide_template\";s:5:\"value\";s:7:\"default\";}}}}'),(243,36,'_commission1','0'),(244,38,'_product_id','2940'),(245,38,'_variation_id','0'),(246,38,'_qty','2'),(247,38,'_tax_class',''),(248,38,'_line_subtotal','500'),(249,38,'_line_subtotal_tax','0'),(250,38,'_line_total','0'),(251,38,'_line_tax','0'),(252,38,'_line_tax_data','a:2:{s:5:\"total\";a:0:{}s:8:\"subtotal\";a:0:{}}'),(253,39,'discount_amount','500'),(254,39,'discount_amount_tax','0'),(255,39,'coupon_data','a:25:{s:2:\"id\";i:2942;s:4:\"code\";s:8:\"11991199\";s:6:\"amount\";s:3:\"100\";s:12:\"date_created\";O:11:\"WC_DateTime\":4:{s:13:\"\0*\0utc_offset\";i:-18000;s:4:\"date\";s:26:\"2020-11-24 15:10:44.000000\";s:13:\"timezone_type\";i:1;s:8:\"timezone\";s:6:\"+00:00\";}s:13:\"date_modified\";O:11:\"WC_DateTime\":4:{s:13:\"\0*\0utc_offset\";i:-18000;s:4:\"date\";s:26:\"2020-11-24 15:10:44.000000\";s:13:\"timezone_type\";i:1;s:8:\"timezone\";s:6:\"+00:00\";}s:12:\"date_expires\";N;s:13:\"discount_type\";s:7:\"percent\";s:11:\"description\";s:0:\"\";s:11:\"usage_count\";i:0;s:14:\"individual_use\";b:0;s:11:\"product_ids\";a:0:{}s:20:\"excluded_product_ids\";a:0:{}s:11:\"usage_limit\";i:0;s:20:\"usage_limit_per_user\";i:0;s:22:\"limit_usage_to_x_items\";N;s:13:\"free_shipping\";b:0;s:18:\"product_categories\";a:0:{}s:27:\"excluded_product_categories\";a:0:{}s:18:\"exclude_sale_items\";b:0;s:14:\"minimum_amount\";s:0:\"\";s:14:\"maximum_amount\";s:0:\"\";s:18:\"email_restrictions\";a:0:{}s:7:\"used_by\";a:0:{}s:7:\"virtual\";b:0;s:9:\"meta_data\";a:1:{i:0;O:12:\"WC_Meta_Data\":2:{s:15:\"\0*\0current_data\";a:3:{s:2:\"id\";i:19321;s:3:\"key\";s:14:\"slide_template\";s:5:\"value\";s:7:\"default\";}s:7:\"\0*\0data\";a:3:{s:2:\"id\";i:19321;s:3:\"key\";s:14:\"slide_template\";s:5:\"value\";s:7:\"default\";}}}}'),(256,38,'_commission1','0'),(257,40,'_product_id','2940'),(258,40,'_variation_id','0'),(259,40,'_qty','1'),(260,40,'_tax_class',''),(261,40,'_line_subtotal','250'),(262,40,'_line_subtotal_tax','0'),(263,40,'_line_total','0'),(264,40,'_line_tax','0'),(265,40,'_line_tax_data','a:2:{s:5:\"total\";a:0:{}s:8:\"subtotal\";a:0:{}}'),(266,41,'discount_amount','250'),(267,41,'discount_amount_tax','0'),(268,41,'coupon_data','a:25:{s:2:\"id\";i:2942;s:4:\"code\";s:8:\"11991199\";s:6:\"amount\";s:3:\"100\";s:12:\"date_created\";O:11:\"WC_DateTime\":4:{s:13:\"\0*\0utc_offset\";i:-18000;s:4:\"date\";s:26:\"2020-11-24 15:10:44.000000\";s:13:\"timezone_type\";i:1;s:8:\"timezone\";s:6:\"+00:00\";}s:13:\"date_modified\";O:11:\"WC_DateTime\":4:{s:13:\"\0*\0utc_offset\";i:-18000;s:4:\"date\";s:26:\"2020-11-24 15:10:44.000000\";s:13:\"timezone_type\";i:1;s:8:\"timezone\";s:6:\"+00:00\";}s:12:\"date_expires\";N;s:13:\"discount_type\";s:7:\"percent\";s:11:\"description\";s:0:\"\";s:11:\"usage_count\";i:1;s:14:\"individual_use\";b:0;s:11:\"product_ids\";a:0:{}s:20:\"excluded_product_ids\";a:0:{}s:11:\"usage_limit\";i:0;s:20:\"usage_limit_per_user\";i:0;s:22:\"limit_usage_to_x_items\";N;s:13:\"free_shipping\";b:0;s:18:\"product_categories\";a:0:{}s:27:\"excluded_product_categories\";a:0:{}s:18:\"exclude_sale_items\";b:0;s:14:\"minimum_amount\";s:0:\"\";s:14:\"maximum_amount\";s:0:\"\";s:18:\"email_restrictions\";a:0:{}s:7:\"used_by\";a:1:{i:0;s:1:\"1\";}s:7:\"virtual\";b:0;s:9:\"meta_data\";a:1:{i:0;O:12:\"WC_Meta_Data\":2:{s:15:\"\0*\0current_data\";a:3:{s:2:\"id\";i:19321;s:3:\"key\";s:14:\"slide_template\";s:5:\"value\";s:7:\"default\";}s:7:\"\0*\0data\";a:3:{s:2:\"id\";i:19321;s:3:\"key\";s:14:\"slide_template\";s:5:\"value\";s:7:\"default\";}}}}'),(269,42,'_product_id','3101'),(270,42,'_variation_id','0'),(271,42,'_qty','1'),(272,42,'_tax_class',''),(273,42,'_line_subtotal','90'),(274,42,'_line_subtotal_tax','0'),(275,42,'_line_total','0'),(276,42,'_line_tax','0'),(277,42,'_line_tax_data','a:2:{s:5:\"total\";a:0:{}s:8:\"subtotal\";a:0:{}}'),(278,43,'discount_amount','90'),(279,43,'discount_amount_tax','0'),(280,43,'coupon_data','a:25:{s:2:\"id\";i:2942;s:4:\"code\";s:8:\"11991199\";s:6:\"amount\";s:3:\"100\";s:12:\"date_created\";O:11:\"WC_DateTime\":4:{s:13:\"\0*\0utc_offset\";i:-18000;s:4:\"date\";s:26:\"2020-11-24 15:10:44.000000\";s:13:\"timezone_type\";i:1;s:8:\"timezone\";s:6:\"+00:00\";}s:13:\"date_modified\";O:11:\"WC_DateTime\":4:{s:13:\"\0*\0utc_offset\";i:-18000;s:4:\"date\";s:26:\"2020-11-24 15:10:44.000000\";s:13:\"timezone_type\";i:1;s:8:\"timezone\";s:6:\"+00:00\";}s:12:\"date_expires\";N;s:13:\"discount_type\";s:7:\"percent\";s:11:\"description\";s:0:\"\";s:11:\"usage_count\";i:2;s:14:\"individual_use\";b:0;s:11:\"product_ids\";a:0:{}s:20:\"excluded_product_ids\";a:0:{}s:11:\"usage_limit\";i:0;s:20:\"usage_limit_per_user\";i:0;s:22:\"limit_usage_to_x_items\";N;s:13:\"free_shipping\";b:0;s:18:\"product_categories\";a:0:{}s:27:\"excluded_product_categories\";a:0:{}s:18:\"exclude_sale_items\";b:0;s:14:\"minimum_amount\";s:0:\"\";s:14:\"maximum_amount\";s:0:\"\";s:18:\"email_restrictions\";a:0:{}s:7:\"used_by\";a:2:{i:0;s:1:\"1\";i:1;s:1:\"9\";}s:7:\"virtual\";b:0;s:9:\"meta_data\";a:1:{i:0;O:12:\"WC_Meta_Data\":2:{s:15:\"\0*\0current_data\";a:3:{s:2:\"id\";i:19321;s:3:\"key\";s:14:\"slide_template\";s:5:\"value\";s:7:\"default\";}s:7:\"\0*\0data\";a:3:{s:2:\"id\";i:19321;s:3:\"key\";s:14:\"slide_template\";s:5:\"value\";s:7:\"default\";}}}}'),(281,42,'_commission9','0'),(282,44,'_product_id','2940'),(283,44,'_variation_id','0'),(284,44,'_qty','1'),(285,44,'_tax_class',''),(286,44,'_line_subtotal','250'),(287,44,'_line_subtotal_tax','0'),(288,44,'_line_total','0'),(289,44,'_line_tax','0'),(290,44,'_line_tax_data','a:2:{s:5:\"total\";a:0:{}s:8:\"subtotal\";a:0:{}}'),(291,45,'discount_amount','250'),(292,45,'discount_amount_tax','0'),(293,45,'coupon_data','a:25:{s:2:\"id\";i:2942;s:4:\"code\";s:8:\"11991199\";s:6:\"amount\";s:3:\"100\";s:12:\"date_created\";O:11:\"WC_DateTime\":4:{s:13:\"\0*\0utc_offset\";i:-18000;s:4:\"date\";s:26:\"2020-11-24 15:10:44.000000\";s:13:\"timezone_type\";i:1;s:8:\"timezone\";s:6:\"+00:00\";}s:13:\"date_modified\";O:11:\"WC_DateTime\":4:{s:13:\"\0*\0utc_offset\";i:-18000;s:4:\"date\";s:26:\"2020-11-24 15:10:44.000000\";s:13:\"timezone_type\";i:1;s:8:\"timezone\";s:6:\"+00:00\";}s:12:\"date_expires\";N;s:13:\"discount_type\";s:7:\"percent\";s:11:\"description\";s:0:\"\";s:11:\"usage_count\";i:3;s:14:\"individual_use\";b:0;s:11:\"product_ids\";a:0:{}s:20:\"excluded_product_ids\";a:0:{}s:11:\"usage_limit\";i:0;s:20:\"usage_limit_per_user\";i:0;s:22:\"limit_usage_to_x_items\";N;s:13:\"free_shipping\";b:0;s:18:\"product_categories\";a:0:{}s:27:\"excluded_product_categories\";a:0:{}s:18:\"exclude_sale_items\";b:0;s:14:\"minimum_amount\";s:0:\"\";s:14:\"maximum_amount\";s:0:\"\";s:18:\"email_restrictions\";a:0:{}s:7:\"used_by\";a:3:{i:0;s:1:\"1\";i:1;s:1:\"9\";i:2;s:1:\"1\";}s:7:\"virtual\";b:0;s:9:\"meta_data\";a:1:{i:0;O:12:\"WC_Meta_Data\":2:{s:15:\"\0*\0current_data\";a:3:{s:2:\"id\";i:19321;s:3:\"key\";s:14:\"slide_template\";s:5:\"value\";s:7:\"default\";}s:7:\"\0*\0data\";a:3:{s:2:\"id\";i:19321;s:3:\"key\";s:14:\"slide_template\";s:5:\"value\";s:7:\"default\";}}}}'),(294,46,'_product_id','303'),(295,46,'_variation_id','0'),(296,46,'_qty','1'),(297,46,'_tax_class',''),(298,46,'_line_subtotal','800'),(299,46,'_line_subtotal_tax','0'),(300,46,'_line_total','0'),(301,46,'_line_tax','0'),(302,46,'_line_tax_data','a:2:{s:5:\"total\";a:0:{}s:8:\"subtotal\";a:0:{}}'),(303,47,'discount_amount','800'),(304,47,'discount_amount_tax','0'),(305,47,'coupon_data','a:25:{s:2:\"id\";i:3520;s:4:\"code\";s:9:\"tesol2020\";s:6:\"amount\";s:3:\"100\";s:12:\"date_created\";O:11:\"WC_DateTime\":4:{s:13:\"\0*\0utc_offset\";i:-18000;s:4:\"date\";s:26:\"2020-12-29 22:48:46.000000\";s:13:\"timezone_type\";i:1;s:8:\"timezone\";s:6:\"+00:00\";}s:13:\"date_modified\";O:11:\"WC_DateTime\":4:{s:13:\"\0*\0utc_offset\";i:-18000;s:4:\"date\";s:26:\"2020-12-29 22:48:46.000000\";s:13:\"timezone_type\";i:1;s:8:\"timezone\";s:6:\"+00:00\";}s:12:\"date_expires\";O:11:\"WC_DateTime\":4:{s:13:\"\0*\0utc_offset\";i:-18000;s:4:\"date\";s:26:\"2021-12-01 05:00:00.000000\";s:13:\"timezone_type\";i:1;s:8:\"timezone\";s:6:\"+00:00\";}s:13:\"discount_type\";s:7:\"percent\";s:11:\"description\";s:0:\"\";s:11:\"usage_count\";i:0;s:14:\"individual_use\";b:0;s:11:\"product_ids\";a:1:{i:0;i:303;}s:20:\"excluded_product_ids\";a:0:{}s:11:\"usage_limit\";i:0;s:20:\"usage_limit_per_user\";i:0;s:22:\"limit_usage_to_x_items\";N;s:13:\"free_shipping\";b:0;s:18:\"product_categories\";a:0:{}s:27:\"excluded_product_categories\";a:0:{}s:18:\"exclude_sale_items\";b:0;s:14:\"minimum_amount\";s:0:\"\";s:14:\"maximum_amount\";s:0:\"\";s:18:\"email_restrictions\";a:0:{}s:7:\"used_by\";a:0:{}s:7:\"virtual\";b:0;s:9:\"meta_data\";a:1:{i:0;O:12:\"WC_Meta_Data\":2:{s:15:\"\0*\0current_data\";a:3:{s:2:\"id\";i:23448;s:3:\"key\";s:14:\"slide_template\";s:5:\"value\";s:7:\"default\";}s:7:\"\0*\0data\";a:3:{s:2:\"id\";i:23448;s:3:\"key\";s:14:\"slide_template\";s:5:\"value\";s:7:\"default\";}}}}'),(306,48,'_product_id','3656'),(307,48,'_variation_id','0'),(308,48,'_qty','1'),(309,48,'_tax_class',''),(310,48,'_line_subtotal','800'),(311,48,'_line_subtotal_tax','0'),(312,48,'_line_total','0'),(313,48,'_line_tax','0'),(314,48,'_line_tax_data','a:2:{s:5:\"total\";a:0:{}s:8:\"subtotal\";a:0:{}}'),(315,49,'discount_amount','800'),(316,49,'discount_amount_tax','0'),(317,49,'coupon_data','a:25:{s:2:\"id\";i:3520;s:4:\"code\";s:7:\"ibts100\";s:6:\"amount\";s:3:\"100\";s:12:\"date_created\";O:11:\"WC_DateTime\":4:{s:13:\"\0*\0utc_offset\";i:-18000;s:4:\"date\";s:26:\"2020-12-29 22:48:46.000000\";s:13:\"timezone_type\";i:1;s:8:\"timezone\";s:6:\"+00:00\";}s:13:\"date_modified\";O:11:\"WC_DateTime\":4:{s:13:\"\0*\0utc_offset\";i:-18000;s:4:\"date\";s:26:\"2020-12-31 06:50:52.000000\";s:13:\"timezone_type\";i:1;s:8:\"timezone\";s:6:\"+00:00\";}s:12:\"date_expires\";O:11:\"WC_DateTime\":4:{s:13:\"\0*\0utc_offset\";i:-18000;s:4:\"date\";s:26:\"2021-12-01 05:00:00.000000\";s:13:\"timezone_type\";i:1;s:8:\"timezone\";s:6:\"+00:00\";}s:13:\"discount_type\";s:7:\"percent\";s:11:\"description\";s:0:\"\";s:11:\"usage_count\";i:1;s:14:\"individual_use\";b:0;s:11:\"product_ids\";a:3:{i:0;i:3656;i:1;i:3165;i:2;i:303;}s:20:\"excluded_product_ids\";a:0:{}s:11:\"usage_limit\";i:0;s:20:\"usage_limit_per_user\";i:0;s:22:\"limit_usage_to_x_items\";N;s:13:\"free_shipping\";b:0;s:18:\"product_categories\";a:0:{}s:27:\"excluded_product_categories\";a:0:{}s:18:\"exclude_sale_items\";b:0;s:14:\"minimum_amount\";s:0:\"\";s:14:\"maximum_amount\";s:0:\"\";s:18:\"email_restrictions\";a:0:{}s:7:\"used_by\";a:1:{i:0;s:1:\"1\";}s:7:\"virtual\";b:0;s:9:\"meta_data\";a:1:{i:0;O:12:\"WC_Meta_Data\":2:{s:15:\"\0*\0current_data\";a:3:{s:2:\"id\";i:23448;s:3:\"key\";s:14:\"slide_template\";s:5:\"value\";s:7:\"default\";}s:7:\"\0*\0data\";a:3:{s:2:\"id\";i:23448;s:3:\"key\";s:14:\"slide_template\";s:5:\"value\";s:7:\"default\";}}}}'),(318,50,'_product_id','3656'),(319,50,'_variation_id','0'),(320,50,'_qty','1'),(321,50,'_tax_class',''),(322,50,'_line_subtotal','800'),(323,50,'_line_subtotal_tax','0'),(324,50,'_line_total','0'),(325,50,'_line_tax','0'),(326,50,'_line_tax_data','a:2:{s:5:\"total\";a:0:{}s:8:\"subtotal\";a:0:{}}'),(327,51,'discount_amount','800'),(328,51,'discount_amount_tax','0'),(329,51,'coupon_data','a:25:{s:2:\"id\";i:3520;s:4:\"code\";s:7:\"ibts100\";s:6:\"amount\";s:3:\"100\";s:12:\"date_created\";O:11:\"WC_DateTime\":4:{s:13:\"\0*\0utc_offset\";i:-18000;s:4:\"date\";s:26:\"2020-12-29 22:48:46.000000\";s:13:\"timezone_type\";i:1;s:8:\"timezone\";s:6:\"+00:00\";}s:13:\"date_modified\";O:11:\"WC_DateTime\":4:{s:13:\"\0*\0utc_offset\";i:-18000;s:4:\"date\";s:26:\"2020-12-31 06:50:52.000000\";s:13:\"timezone_type\";i:1;s:8:\"timezone\";s:6:\"+00:00\";}s:12:\"date_expires\";O:11:\"WC_DateTime\":4:{s:13:\"\0*\0utc_offset\";i:-18000;s:4:\"date\";s:26:\"2021-12-01 05:00:00.000000\";s:13:\"timezone_type\";i:1;s:8:\"timezone\";s:6:\"+00:00\";}s:13:\"discount_type\";s:7:\"percent\";s:11:\"description\";s:0:\"\";s:11:\"usage_count\";i:2;s:14:\"individual_use\";b:0;s:11:\"product_ids\";a:3:{i:0;i:3656;i:1;i:3165;i:2;i:303;}s:20:\"excluded_product_ids\";a:0:{}s:11:\"usage_limit\";i:0;s:20:\"usage_limit_per_user\";i:0;s:22:\"limit_usage_to_x_items\";N;s:13:\"free_shipping\";b:0;s:18:\"product_categories\";a:0:{}s:27:\"excluded_product_categories\";a:0:{}s:18:\"exclude_sale_items\";b:0;s:14:\"minimum_amount\";s:0:\"\";s:14:\"maximum_amount\";s:0:\"\";s:18:\"email_restrictions\";a:0:{}s:7:\"used_by\";a:2:{i:0;s:1:\"1\";i:1;s:3:\"234\";}s:7:\"virtual\";b:0;s:9:\"meta_data\";a:1:{i:0;O:12:\"WC_Meta_Data\":2:{s:15:\"\0*\0current_data\";a:3:{s:2:\"id\";i:23448;s:3:\"key\";s:14:\"slide_template\";s:5:\"value\";s:7:\"default\";}s:7:\"\0*\0data\";a:3:{s:2:\"id\";i:23448;s:3:\"key\";s:14:\"slide_template\";s:5:\"value\";s:7:\"default\";}}}}'),(330,52,'_product_id','303'),(331,52,'_variation_id','0'),(332,52,'_qty','1'),(333,52,'_tax_class',''),(334,52,'_line_subtotal','800'),(335,52,'_line_subtotal_tax','0'),(336,52,'_line_total','0'),(337,52,'_line_tax','0'),(338,52,'_line_tax_data','a:2:{s:5:\"total\";a:0:{}s:8:\"subtotal\";a:0:{}}'),(339,53,'discount_amount','800'),(340,53,'discount_amount_tax','0'),(341,53,'coupon_data','a:25:{s:2:\"id\";i:3520;s:4:\"code\";s:7:\"ibts100\";s:6:\"amount\";s:3:\"100\";s:12:\"date_created\";O:11:\"WC_DateTime\":4:{s:13:\"\0*\0utc_offset\";i:-18000;s:4:\"date\";s:26:\"2020-12-29 22:48:46.000000\";s:13:\"timezone_type\";i:1;s:8:\"timezone\";s:6:\"+00:00\";}s:13:\"date_modified\";O:11:\"WC_DateTime\":4:{s:13:\"\0*\0utc_offset\";i:-18000;s:4:\"date\";s:26:\"2020-12-31 06:50:52.000000\";s:13:\"timezone_type\";i:1;s:8:\"timezone\";s:6:\"+00:00\";}s:12:\"date_expires\";O:11:\"WC_DateTime\":4:{s:13:\"\0*\0utc_offset\";i:-18000;s:4:\"date\";s:26:\"2021-12-01 05:00:00.000000\";s:13:\"timezone_type\";i:1;s:8:\"timezone\";s:6:\"+00:00\";}s:13:\"discount_type\";s:7:\"percent\";s:11:\"description\";s:0:\"\";s:11:\"usage_count\";i:3;s:14:\"individual_use\";b:0;s:11:\"product_ids\";a:3:{i:0;i:3656;i:1;i:3165;i:2;i:303;}s:20:\"excluded_product_ids\";a:0:{}s:11:\"usage_limit\";i:0;s:20:\"usage_limit_per_user\";i:0;s:22:\"limit_usage_to_x_items\";N;s:13:\"free_shipping\";b:0;s:18:\"product_categories\";a:0:{}s:27:\"excluded_product_categories\";a:0:{}s:18:\"exclude_sale_items\";b:0;s:14:\"minimum_amount\";s:0:\"\";s:14:\"maximum_amount\";s:0:\"\";s:18:\"email_restrictions\";a:0:{}s:7:\"used_by\";a:3:{i:0;s:1:\"1\";i:1;s:3:\"234\";i:2;s:3:\"245\";}s:7:\"virtual\";b:0;s:9:\"meta_data\";a:1:{i:0;O:12:\"WC_Meta_Data\":2:{s:15:\"\0*\0current_data\";a:3:{s:2:\"id\";i:23448;s:3:\"key\";s:14:\"slide_template\";s:5:\"value\";s:7:\"default\";}s:7:\"\0*\0data\";a:3:{s:2:\"id\";i:23448;s:3:\"key\";s:14:\"slide_template\";s:5:\"value\";s:7:\"default\";}}}}'),(342,54,'_product_id','3656'),(343,54,'_variation_id','0'),(344,54,'_qty','1'),(345,54,'_tax_class',''),(346,54,'_line_subtotal','800'),(347,54,'_line_subtotal_tax','0'),(348,54,'_line_total','0'),(349,54,'_line_tax','0'),(350,54,'_line_tax_data','a:2:{s:5:\"total\";a:0:{}s:8:\"subtotal\";a:0:{}}'),(351,55,'discount_amount','800'),(352,55,'discount_amount_tax','0'),(353,55,'coupon_data','a:25:{s:2:\"id\";i:3520;s:4:\"code\";s:7:\"ibts100\";s:6:\"amount\";s:3:\"100\";s:12:\"date_created\";O:11:\"WC_DateTime\":4:{s:13:\"\0*\0utc_offset\";i:-18000;s:4:\"date\";s:26:\"2020-12-29 22:48:46.000000\";s:13:\"timezone_type\";i:1;s:8:\"timezone\";s:6:\"+00:00\";}s:13:\"date_modified\";O:11:\"WC_DateTime\":4:{s:13:\"\0*\0utc_offset\";i:-18000;s:4:\"date\";s:26:\"2020-12-31 06:50:52.000000\";s:13:\"timezone_type\";i:1;s:8:\"timezone\";s:6:\"+00:00\";}s:12:\"date_expires\";O:11:\"WC_DateTime\":4:{s:13:\"\0*\0utc_offset\";i:-18000;s:4:\"date\";s:26:\"2021-12-01 05:00:00.000000\";s:13:\"timezone_type\";i:1;s:8:\"timezone\";s:6:\"+00:00\";}s:13:\"discount_type\";s:7:\"percent\";s:11:\"description\";s:0:\"\";s:11:\"usage_count\";i:4;s:14:\"individual_use\";b:0;s:11:\"product_ids\";a:3:{i:0;i:3656;i:1;i:3165;i:2;i:303;}s:20:\"excluded_product_ids\";a:0:{}s:11:\"usage_limit\";i:0;s:20:\"usage_limit_per_user\";i:0;s:22:\"limit_usage_to_x_items\";N;s:13:\"free_shipping\";b:0;s:18:\"product_categories\";a:0:{}s:27:\"excluded_product_categories\";a:0:{}s:18:\"exclude_sale_items\";b:0;s:14:\"minimum_amount\";s:0:\"\";s:14:\"maximum_amount\";s:0:\"\";s:18:\"email_restrictions\";a:0:{}s:7:\"used_by\";a:4:{i:0;s:1:\"1\";i:1;s:3:\"234\";i:2;s:3:\"245\";i:3;s:3:\"227\";}s:7:\"virtual\";b:0;s:9:\"meta_data\";a:1:{i:0;O:12:\"WC_Meta_Data\":2:{s:15:\"\0*\0current_data\";a:3:{s:2:\"id\";i:23448;s:3:\"key\";s:14:\"slide_template\";s:5:\"value\";s:7:\"default\";}s:7:\"\0*\0data\";a:3:{s:2:\"id\";i:23448;s:3:\"key\";s:14:\"slide_template\";s:5:\"value\";s:7:\"default\";}}}}'),(354,54,'_commission1','0'),(355,52,'_commission1','0'),(356,50,'_commission1','0'),(357,48,'_commission1','0'),(358,46,'_commission1','0'),(359,44,'_commission1','0'),(360,56,'_product_id','3165'),(361,56,'_variation_id','0'),(362,56,'_qty','1'),(363,56,'_tax_class',''),(364,56,'_line_subtotal','800'),(365,56,'_line_subtotal_tax','0'),(366,56,'_line_total','0'),(367,56,'_line_tax','0'),(368,56,'_line_tax_data','a:2:{s:5:\"total\";a:0:{}s:8:\"subtotal\";a:0:{}}'),(369,57,'discount_amount','800'),(370,57,'discount_amount_tax','0'),(371,57,'coupon_data','a:25:{s:2:\"id\";i:3520;s:4:\"code\";s:7:\"ibts100\";s:6:\"amount\";s:3:\"100\";s:12:\"date_created\";O:11:\"WC_DateTime\":4:{s:13:\"\0*\0utc_offset\";i:-18000;s:4:\"date\";s:26:\"2020-12-29 22:48:46.000000\";s:13:\"timezone_type\";i:1;s:8:\"timezone\";s:6:\"+00:00\";}s:13:\"date_modified\";O:11:\"WC_DateTime\":4:{s:13:\"\0*\0utc_offset\";i:-18000;s:4:\"date\";s:26:\"2020-12-31 06:50:52.000000\";s:13:\"timezone_type\";i:1;s:8:\"timezone\";s:6:\"+00:00\";}s:12:\"date_expires\";O:11:\"WC_DateTime\":4:{s:13:\"\0*\0utc_offset\";i:-18000;s:4:\"date\";s:26:\"2021-12-01 05:00:00.000000\";s:13:\"timezone_type\";i:1;s:8:\"timezone\";s:6:\"+00:00\";}s:13:\"discount_type\";s:7:\"percent\";s:11:\"description\";s:0:\"\";s:11:\"usage_count\";i:5;s:14:\"individual_use\";b:0;s:11:\"product_ids\";a:3:{i:0;i:3656;i:1;i:3165;i:2;i:303;}s:20:\"excluded_product_ids\";a:0:{}s:11:\"usage_limit\";i:0;s:20:\"usage_limit_per_user\";i:0;s:22:\"limit_usage_to_x_items\";N;s:13:\"free_shipping\";b:0;s:18:\"product_categories\";a:0:{}s:27:\"excluded_product_categories\";a:0:{}s:18:\"exclude_sale_items\";b:0;s:14:\"minimum_amount\";s:0:\"\";s:14:\"maximum_amount\";s:0:\"\";s:18:\"email_restrictions\";a:0:{}s:7:\"used_by\";a:5:{i:0;s:1:\"1\";i:1;s:3:\"234\";i:2;s:3:\"245\";i:3;s:3:\"227\";i:4;s:3:\"234\";}s:7:\"virtual\";b:0;s:9:\"meta_data\";a:1:{i:0;O:12:\"WC_Meta_Data\":2:{s:15:\"\0*\0current_data\";a:3:{s:2:\"id\";i:23448;s:3:\"key\";s:14:\"slide_template\";s:5:\"value\";s:7:\"default\";}s:7:\"\0*\0data\";a:3:{s:2:\"id\";i:23448;s:3:\"key\";s:14:\"slide_template\";s:5:\"value\";s:7:\"default\";}}}}'),(372,58,'_product_id','3165'),(373,58,'_variation_id','0'),(374,58,'_qty','1'),(375,58,'_tax_class',''),(376,58,'_line_subtotal','800'),(377,58,'_line_subtotal_tax','0'),(378,58,'_line_total','0'),(379,58,'_line_tax','0'),(380,58,'_line_tax_data','a:2:{s:5:\"total\";a:0:{}s:8:\"subtotal\";a:0:{}}'),(381,59,'discount_amount','800'),(382,59,'discount_amount_tax','0'),(383,59,'coupon_data','a:25:{s:2:\"id\";i:3520;s:4:\"code\";s:7:\"ibts100\";s:6:\"amount\";s:3:\"100\";s:12:\"date_created\";O:11:\"WC_DateTime\":4:{s:13:\"\0*\0utc_offset\";i:-18000;s:4:\"date\";s:26:\"2020-12-29 22:48:46.000000\";s:13:\"timezone_type\";i:1;s:8:\"timezone\";s:6:\"+00:00\";}s:13:\"date_modified\";O:11:\"WC_DateTime\":4:{s:13:\"\0*\0utc_offset\";i:-18000;s:4:\"date\";s:26:\"2020-12-31 06:50:52.000000\";s:13:\"timezone_type\";i:1;s:8:\"timezone\";s:6:\"+00:00\";}s:12:\"date_expires\";O:11:\"WC_DateTime\":4:{s:13:\"\0*\0utc_offset\";i:-18000;s:4:\"date\";s:26:\"2021-12-01 05:00:00.000000\";s:13:\"timezone_type\";i:1;s:8:\"timezone\";s:6:\"+00:00\";}s:13:\"discount_type\";s:7:\"percent\";s:11:\"description\";s:0:\"\";s:11:\"usage_count\";i:6;s:14:\"individual_use\";b:0;s:11:\"product_ids\";a:3:{i:0;i:3656;i:1;i:3165;i:2;i:303;}s:20:\"excluded_product_ids\";a:0:{}s:11:\"usage_limit\";i:0;s:20:\"usage_limit_per_user\";i:0;s:22:\"limit_usage_to_x_items\";N;s:13:\"free_shipping\";b:0;s:18:\"product_categories\";a:0:{}s:27:\"excluded_product_categories\";a:0:{}s:18:\"exclude_sale_items\";b:0;s:14:\"minimum_amount\";s:0:\"\";s:14:\"maximum_amount\";s:0:\"\";s:18:\"email_restrictions\";a:0:{}s:7:\"used_by\";a:6:{i:0;s:1:\"1\";i:1;s:3:\"234\";i:2;s:3:\"245\";i:3;s:3:\"227\";i:4;s:3:\"234\";i:5;s:3:\"256\";}s:7:\"virtual\";b:0;s:9:\"meta_data\";a:1:{i:0;O:12:\"WC_Meta_Data\":2:{s:15:\"\0*\0current_data\";a:3:{s:2:\"id\";i:23448;s:3:\"key\";s:14:\"slide_template\";s:5:\"value\";s:7:\"default\";}s:7:\"\0*\0data\";a:3:{s:2:\"id\";i:23448;s:3:\"key\";s:14:\"slide_template\";s:5:\"value\";s:7:\"default\";}}}}'),(384,60,'_product_id','3656'),(385,60,'_variation_id','0'),(386,60,'_qty','1'),(387,60,'_tax_class',''),(388,60,'_line_subtotal','800'),(389,60,'_line_subtotal_tax','0'),(390,60,'_line_total','0'),(391,60,'_line_tax','0'),(392,60,'_line_tax_data','a:2:{s:5:\"total\";a:0:{}s:8:\"subtotal\";a:0:{}}'),(393,61,'discount_amount','800'),(394,61,'discount_amount_tax','0'),(395,61,'coupon_data','a:25:{s:2:\"id\";i:3520;s:4:\"code\";s:7:\"ibts100\";s:6:\"amount\";s:3:\"100\";s:12:\"date_created\";O:11:\"WC_DateTime\":4:{s:13:\"\0*\0utc_offset\";i:-18000;s:4:\"date\";s:26:\"2020-12-29 22:48:46.000000\";s:13:\"timezone_type\";i:1;s:8:\"timezone\";s:6:\"+00:00\";}s:13:\"date_modified\";O:11:\"WC_DateTime\":4:{s:13:\"\0*\0utc_offset\";i:-18000;s:4:\"date\";s:26:\"2020-12-31 06:50:52.000000\";s:13:\"timezone_type\";i:1;s:8:\"timezone\";s:6:\"+00:00\";}s:12:\"date_expires\";O:11:\"WC_DateTime\":4:{s:13:\"\0*\0utc_offset\";i:-18000;s:4:\"date\";s:26:\"2021-12-01 05:00:00.000000\";s:13:\"timezone_type\";i:1;s:8:\"timezone\";s:6:\"+00:00\";}s:13:\"discount_type\";s:7:\"percent\";s:11:\"description\";s:0:\"\";s:11:\"usage_count\";i:7;s:14:\"individual_use\";b:0;s:11:\"product_ids\";a:3:{i:0;i:3656;i:1;i:3165;i:2;i:303;}s:20:\"excluded_product_ids\";a:0:{}s:11:\"usage_limit\";i:0;s:20:\"usage_limit_per_user\";i:0;s:22:\"limit_usage_to_x_items\";N;s:13:\"free_shipping\";b:0;s:18:\"product_categories\";a:0:{}s:27:\"excluded_product_categories\";a:0:{}s:18:\"exclude_sale_items\";b:0;s:14:\"minimum_amount\";s:0:\"\";s:14:\"maximum_amount\";s:0:\"\";s:18:\"email_restrictions\";a:0:{}s:7:\"used_by\";a:7:{i:0;s:1:\"1\";i:1;s:3:\"234\";i:2;s:3:\"245\";i:3;s:3:\"227\";i:4;s:3:\"234\";i:5;s:3:\"256\";i:6;s:3:\"250\";}s:7:\"virtual\";b:0;s:9:\"meta_data\";a:1:{i:0;O:12:\"WC_Meta_Data\":2:{s:15:\"\0*\0current_data\";a:3:{s:2:\"id\";i:23448;s:3:\"key\";s:14:\"slide_template\";s:5:\"value\";s:7:\"default\";}s:7:\"\0*\0data\";a:3:{s:2:\"id\";i:23448;s:3:\"key\";s:14:\"slide_template\";s:5:\"value\";s:7:\"default\";}}}}');

--
-- Table structure for table `wp_woocommerce_order_items`
--

CREATE TABLE `wp_woocommerce_order_items` (
  `order_item_id` bigint(20) unsigned NOT NULL AUTO_INCREMENT,
  `order_item_name` text COLLATE utf8mb4_unicode_ci NOT NULL,
  `order_item_type` varchar(200) COLLATE utf8mb4_unicode_ci NOT NULL DEFAULT '',
  `order_id` bigint(20) unsigned NOT NULL,
  PRIMARY KEY (`order_item_id`),
  KEY `order_id` (`order_id`)
) ENGINE=MyISAM AUTO_INCREMENT=62 DEFAULT CHARSET=utf8mb4 COLLATE=utf8mb4_unicode_ci;

--
-- Dumping data for table `wp_woocommerce_order_items`
--

INSERT INTO `wp_woocommerce_order_items` VALUES (1,'TESOL','line_item',304),(2,'tesol jordan','coupon',304),(3,'TESOL','line_item',1748),(4,'1199','coupon',1748),(5,'TESOL','line_item',1929),(6,'1199','coupon',1929),(7,'TESOL','line_item',1960),(8,'1199','coupon',1960),(9,'TESOL','line_item',1968),(10,'1199','coupon',1968),(11,'TESOL','line_item',1971),(12,'1199','coupon',1971),(13,'TESOL','line_item',2169),(14,'1199','coupon',2169),(15,'TESOL','line_item',2170),(16,'1199','coupon',2170),(17,'TESOL','line_item',2188),(18,'1199','coupon',2188),(19,'TESOL','line_item',2189),(20,'1199','coupon',2189),(21,'TESOL','line_item',2206),(22,'TESOL','line_item',2207),(23,'1199','coupon',2207),(24,'TESOL','line_item',2209),(25,'1199','coupon',2209),(26,'TESOL','line_item',2219),(27,'1199','coupon',2219),(28,'TESOL','line_item',2223),(29,'1199','coupon',2223),(30,'TESOL','line_item',2224),(31,'1199','coupon',2224),(32,'TESOL','line_item',2335),(33,'1199','coupon',2335),(34,'TESOL','line_item',2337),(35,'1199','coupon',2337),(36,'TESOL','line_item',2941),(37,'1199','coupon',2941),(38,'TESOL ONLINE','line_item',2943),(39,'11991199','coupon',2943),(40,'TESOL ONLINE','line_item',3104),(41,'11991199','coupon',3104),(42,'How to write effectively','line_item',3120),(43,'11991199','coupon',3120),(44,'TESOL ONLINE','line_item',3443),(45,'11991199','coupon',3443),(46,'TESOL','line_item',3521),(47,'tesol2020','coupon',3521),(48,'Professional Certification in Business Communications (PCBC)','line_item',3678),(49,'ibts100','coupon',3678),(50,'Professional Certification in Business Communications (PCBC)','line_item',3679),(51,'ibts100','coupon',3679),(52,'TESOL','line_item',3680),(53,'ibts100','coupon',3680),(54,'Professional Certification in Business Communications (PCBC)','line_item',3681),(55,'ibts100','coupon',3681),(56,'Professional Certification in Education (PCE)','line_item',3694),(57,'ibts100','coupon',3694),(58,'Professional Certification in Education (PCE)','line_item',3695),(59,'ibts100','coupon',3695),(60,'Professional Certification in Business Communications (PCBC)','line_item',3696),(61,'ibts100','coupon',3696);

--
-- Table structure for table `wp_woocommerce_payment_tokenmeta`
--

CREATE TABLE `wp_woocommerce_payment_tokenmeta` (
  `meta_id` bigint(20) unsigned NOT NULL AUTO_INCREMENT,
  `payment_token_id` bigint(20) unsigned NOT NULL,
  `meta_key` varchar(255) COLLATE utf8mb4_unicode_ci DEFAULT NULL,
  `meta_value` longtext COLLATE utf8mb4_unicode_ci DEFAULT NULL,
  PRIMARY KEY (`meta_id`),
  KEY `payment_token_id` (`payment_token_id`),
  KEY `meta_key` (`meta_key`(32))
) ENGINE=MyISAM DEFAULT CHARSET=utf8mb4 COLLATE=utf8mb4_unicode_ci;

--
-- Dumping data for table `wp_woocommerce_payment_tokenmeta`
--


--
-- Table structure for table `wp_woocommerce_payment_tokens`
--

CREATE TABLE `wp_woocommerce_payment_tokens` (
  `token_id` bigint(20) unsigned NOT NULL AUTO_INCREMENT,
  `gateway_id` varchar(200) COLLATE utf8mb4_unicode_ci NOT NULL,
  `token` text COLLATE utf8mb4_unicode_ci NOT NULL,
  `user_id` bigint(20) unsigned NOT NULL DEFAULT 0,
  `type` varchar(200) COLLATE utf8mb4_unicode_ci NOT NULL,
  `is_default` tinyint(1) NOT NULL DEFAULT 0,
  PRIMARY KEY (`token_id`),
  KEY `user_id` (`user_id`)
) ENGINE=MyISAM DEFAULT CHARSET=utf8mb4 COLLATE=utf8mb4_unicode_ci;

--
-- Dumping data for table `wp_woocommerce_payment_tokens`
--


--
-- Table structure for table `wp_woocommerce_sessions`
--

CREATE TABLE `wp_woocommerce_sessions` (
  `session_id` bigint(20) unsigned NOT NULL AUTO_INCREMENT,
  `session_key` char(32) COLLATE utf8mb4_unicode_ci NOT NULL,
  `session_value` longtext COLLATE utf8mb4_unicode_ci NOT NULL,
  `session_expiry` bigint(20) unsigned NOT NULL,
  PRIMARY KEY (`session_id`),
  UNIQUE KEY `session_key` (`session_key`),
  UNIQUE KEY `session_id` (`session_id`)
) ENGINE=MyISAM AUTO_INCREMENT=1362 DEFAULT CHARSET=utf8mb4 COLLATE=utf8mb4_unicode_ci;

--
-- Dumping data for table `wp_woocommerce_sessions`
--

INSERT INTO `wp_woocommerce_sessions` VALUES (1282,'a74f81e97fcd945ad04a9aa6dc6f2674','a:7:{s:4:\"cart\";s:6:\"a:0:{}\";s:11:\"cart_totals\";s:367:\"a:15:{s:8:\"subtotal\";i:0;s:12:\"subtotal_tax\";i:0;s:14:\"shipping_total\";i:0;s:12:\"shipping_tax\";i:0;s:14:\"shipping_taxes\";a:0:{}s:14:\"discount_total\";i:0;s:12:\"discount_tax\";i:0;s:19:\"cart_contents_total\";i:0;s:17:\"cart_contents_tax\";i:0;s:19:\"cart_contents_taxes\";a:0:{}s:9:\"fee_total\";i:0;s:7:\"fee_tax\";i:0;s:9:\"fee_taxes\";a:0:{}s:5:\"total\";i:0;s:9:\"total_tax\";i:0;}\";s:15:\"applied_coupons\";s:6:\"a:0:{}\";s:22:\"coupon_discount_totals\";s:6:\"a:0:{}\";s:26:\"coupon_discount_tax_totals\";s:6:\"a:0:{}\";s:21:\"removed_cart_contents\";s:6:\"a:0:{}\";s:8:\"customer\";s:683:\"a:26:{s:2:\"id\";s:1:\"0\";s:13:\"date_modified\";s:0:\"\";s:8:\"postcode\";s:0:\"\";s:4:\"city\";s:0:\"\";s:9:\"address_1\";s:0:\"\";s:7:\"address\";s:0:\"\";s:9:\"address_2\";s:0:\"\";s:5:\"state\";s:0:\"\";s:7:\"country\";s:0:\"\";s:17:\"shipping_postcode\";s:0:\"\";s:13:\"shipping_city\";s:0:\"\";s:18:\"shipping_address_1\";s:0:\"\";s:16:\"shipping_address\";s:0:\"\";s:18:\"shipping_address_2\";s:0:\"\";s:14:\"shipping_state\";s:0:\"\";s:16:\"shipping_country\";s:0:\"\";s:13:\"is_vat_exempt\";s:0:\"\";s:19:\"calculated_shipping\";s:0:\"\";s:10:\"first_name\";s:0:\"\";s:9:\"last_name\";s:0:\"\";s:7:\"company\";s:0:\"\";s:5:\"phone\";s:0:\"\";s:5:\"email\";s:0:\"\";s:19:\"shipping_first_name\";s:0:\"\";s:18:\"shipping_last_name\";s:0:\"\";s:16:\"shipping_company\";s:0:\"\";}\";}',1610302871),(1334,'64b7547b12ac420dd6fb836561ceda05','a:7:{s:4:\"cart\";s:358:\"a:1:{s:32:\"b7fede84c2be02ccb9c77107956560eb\";a:10:{s:3:\"key\";s:32:\"b7fede84c2be02ccb9c77107956560eb\";s:10:\"product_id\";i:3482;s:12:\"variation_id\";i:0;s:9:\"variation\";a:0:{}s:8:\"quantity\";i:1;s:13:\"line_tax_data\";a:2:{s:8:\"subtotal\";a:0:{}s:5:\"total\";a:0:{}}s:13:\"line_subtotal\";d:500;s:17:\"line_subtotal_tax\";i:0;s:10:\"line_total\";d:500;s:8:\"line_tax\";i:0;}}\";s:11:\"cart_totals\";s:408:\"a:15:{s:8:\"subtotal\";s:6:\"500.00\";s:12:\"subtotal_tax\";d:0;s:14:\"shipping_total\";s:4:\"0.00\";s:12:\"shipping_tax\";d:0;s:14:\"shipping_taxes\";a:0:{}s:14:\"discount_total\";d:0;s:12:\"discount_tax\";d:0;s:19:\"cart_contents_total\";s:6:\"500.00\";s:17:\"cart_contents_tax\";d:0;s:19:\"cart_contents_taxes\";a:0:{}s:9:\"fee_total\";s:4:\"0.00\";s:7:\"fee_tax\";d:0;s:9:\"fee_taxes\";a:0:{}s:5:\"total\";s:6:\"500.00\";s:9:\"total_tax\";d:0;}\";s:15:\"applied_coupons\";s:6:\"a:0:{}\";s:22:\"coupon_discount_totals\";s:6:\"a:0:{}\";s:26:\"coupon_discount_tax_totals\";s:6:\"a:0:{}\";s:21:\"removed_cart_contents\";s:6:\"a:0:{}\";s:8:\"customer\";s:683:\"a:26:{s:2:\"id\";s:1:\"0\";s:13:\"date_modified\";s:0:\"\";s:8:\"postcode\";s:0:\"\";s:4:\"city\";s:0:\"\";s:9:\"address_1\";s:0:\"\";s:7:\"address\";s:0:\"\";s:9:\"address_2\";s:0:\"\";s:5:\"state\";s:0:\"\";s:7:\"country\";s:0:\"\";s:17:\"shipping_postcode\";s:0:\"\";s:13:\"shipping_city\";s:0:\"\";s:18:\"shipping_address_1\";s:0:\"\";s:16:\"shipping_address\";s:0:\"\";s:18:\"shipping_address_2\";s:0:\"\";s:14:\"shipping_state\";s:0:\"\";s:16:\"shipping_country\";s:0:\"\";s:13:\"is_vat_exempt\";s:0:\"\";s:19:\"calculated_shipping\";s:0:\"\";s:10:\"first_name\";s:0:\"\";s:9:\"last_name\";s:0:\"\";s:7:\"company\";s:0:\"\";s:5:\"phone\";s:0:\"\";s:5:\"email\";s:0:\"\";s:19:\"shipping_first_name\";s:0:\"\";s:18:\"shipping_last_name\";s:0:\"\";s:16:\"shipping_company\";s:0:\"\";}\";}',1610340028),(1313,'250','a:10:{s:4:\"cart\";s:6:\"a:0:{}\";s:11:\"cart_totals\";s:367:\"a:15:{s:8:\"subtotal\";i:0;s:12:\"subtotal_tax\";i:0;s:14:\"shipping_total\";i:0;s:12:\"shipping_tax\";i:0;s:14:\"shipping_taxes\";a:0:{}s:14:\"discount_total\";i:0;s:12:\"discount_tax\";i:0;s:19:\"cart_contents_total\";i:0;s:17:\"cart_contents_tax\";i:0;s:19:\"cart_contents_taxes\";a:0:{}s:9:\"fee_total\";i:0;s:7:\"fee_tax\";i:0;s:9:\"fee_taxes\";a:0:{}s:5:\"total\";i:0;s:9:\"total_tax\";i:0;}\";s:15:\"applied_coupons\";s:6:\"a:0:{}\";s:22:\"coupon_discount_totals\";s:6:\"a:0:{}\";s:26:\"coupon_discount_tax_totals\";s:6:\"a:0:{}\";s:21:\"removed_cart_contents\";s:6:\"a:0:{}\";s:8:\"customer\";s:802:\"a:26:{s:2:\"id\";s:3:\"250\";s:13:\"date_modified\";s:25:\"2021-01-08T19:37:24+00:00\";s:8:\"postcode\";s:5:\"11181\";s:4:\"city\";s:5:\"amman\";s:9:\"address_1\";s:10:\"um uthayna\";s:7:\"address\";s:10:\"um uthayna\";s:9:\"address_2\";s:0:\"\";s:5:\"state\";s:5:\"amman\";s:7:\"country\";s:2:\"JO\";s:17:\"shipping_postcode\";s:0:\"\";s:13:\"shipping_city\";s:0:\"\";s:18:\"shipping_address_1\";s:0:\"\";s:16:\"shipping_address\";s:0:\"\";s:18:\"shipping_address_2\";s:0:\"\";s:14:\"shipping_state\";s:5:\"amman\";s:16:\"shipping_country\";s:2:\"JO\";s:13:\"is_vat_exempt\";s:0:\"\";s:19:\"calculated_shipping\";s:0:\"\";s:10:\"first_name\";s:4:\"Nour\";s:9:\"last_name\";s:6:\"Mrebeh\";s:7:\"company\";s:0:\"\";s:5:\"phone\";s:10:\"0798471213\";s:5:\"email\";s:23:\"nourmrebeh209@gmail.com\";s:19:\"shipping_first_name\";s:0:\"\";s:18:\"shipping_last_name\";s:0:\"\";s:16:\"shipping_company\";s:0:\"\";}\";s:10:\"wc_notices\";N;s:21:\"chosen_payment_method\";s:0:\"\";s:22:\"order_awaiting_payment\";N;}',1610306834),(1314,'bd9b80f2a99241e11f4f8a837447adba','a:7:{s:4:\"cart\";s:6:\"a:0:{}\";s:11:\"cart_totals\";s:367:\"a:15:{s:8:\"subtotal\";i:0;s:12:\"subtotal_tax\";i:0;s:14:\"shipping_total\";i:0;s:12:\"shipping_tax\";i:0;s:14:\"shipping_taxes\";a:0:{}s:14:\"discount_total\";i:0;s:12:\"discount_tax\";i:0;s:19:\"cart_contents_total\";i:0;s:17:\"cart_contents_tax\";i:0;s:19:\"cart_contents_taxes\";a:0:{}s:9:\"fee_total\";i:0;s:7:\"fee_tax\";i:0;s:9:\"fee_taxes\";a:0:{}s:5:\"total\";i:0;s:9:\"total_tax\";i:0;}\";s:15:\"applied_coupons\";s:6:\"a:0:{}\";s:22:\"coupon_discount_totals\";s:6:\"a:0:{}\";s:26:\"coupon_discount_tax_totals\";s:6:\"a:0:{}\";s:21:\"removed_cart_contents\";s:6:\"a:0:{}\";s:8:\"customer\";s:683:\"a:26:{s:2:\"id\";s:1:\"0\";s:13:\"date_modified\";s:0:\"\";s:8:\"postcode\";s:0:\"\";s:4:\"city\";s:0:\"\";s:9:\"address_1\";s:0:\"\";s:7:\"address\";s:0:\"\";s:9:\"address_2\";s:0:\"\";s:5:\"state\";s:0:\"\";s:7:\"country\";s:0:\"\";s:17:\"shipping_postcode\";s:0:\"\";s:13:\"shipping_city\";s:0:\"\";s:18:\"shipping_address_1\";s:0:\"\";s:16:\"shipping_address\";s:0:\"\";s:18:\"shipping_address_2\";s:0:\"\";s:14:\"shipping_state\";s:0:\"\";s:16:\"shipping_country\";s:0:\"\";s:13:\"is_vat_exempt\";s:0:\"\";s:19:\"calculated_shipping\";s:0:\"\";s:10:\"first_name\";s:0:\"\";s:9:\"last_name\";s:0:\"\";s:7:\"company\";s:0:\"\";s:5:\"phone\";s:0:\"\";s:5:\"email\";s:0:\"\";s:19:\"shipping_first_name\";s:0:\"\";s:18:\"shipping_last_name\";s:0:\"\";s:16:\"shipping_company\";s:0:\"\";}\";}',1610307561),(1335,'7fb867581894d2ce2a05e4304b338adc','a:7:{s:4:\"cart\";s:6:\"a:0:{}\";s:11:\"cart_totals\";s:367:\"a:15:{s:8:\"subtotal\";i:0;s:12:\"subtotal_tax\";i:0;s:14:\"shipping_total\";i:0;s:12:\"shipping_tax\";i:0;s:14:\"shipping_taxes\";a:0:{}s:14:\"discount_total\";i:0;s:12:\"discount_tax\";i:0;s:19:\"cart_contents_total\";i:0;s:17:\"cart_contents_tax\";i:0;s:19:\"cart_contents_taxes\";a:0:{}s:9:\"fee_total\";i:0;s:7:\"fee_tax\";i:0;s:9:\"fee_taxes\";a:0:{}s:5:\"total\";i:0;s:9:\"total_tax\";i:0;}\";s:15:\"applied_coupons\";s:6:\"a:0:{}\";s:22:\"coupon_discount_totals\";s:6:\"a:0:{}\";s:26:\"coupon_discount_tax_totals\";s:6:\"a:0:{}\";s:21:\"removed_cart_contents\";s:6:\"a:0:{}\";s:8:\"customer\";s:683:\"a:26:{s:2:\"id\";s:1:\"0\";s:13:\"date_modified\";s:0:\"\";s:8:\"postcode\";s:0:\"\";s:4:\"city\";s:0:\"\";s:9:\"address_1\";s:0:\"\";s:7:\"address\";s:0:\"\";s:9:\"address_2\";s:0:\"\";s:5:\"state\";s:0:\"\";s:7:\"country\";s:0:\"\";s:17:\"shipping_postcode\";s:0:\"\";s:13:\"shipping_city\";s:0:\"\";s:18:\"shipping_address_1\";s:0:\"\";s:16:\"shipping_address\";s:0:\"\";s:18:\"shipping_address_2\";s:0:\"\";s:14:\"shipping_state\";s:0:\"\";s:16:\"shipping_country\";s:0:\"\";s:13:\"is_vat_exempt\";s:0:\"\";s:19:\"calculated_shipping\";s:0:\"\";s:10:\"first_name\";s:0:\"\";s:9:\"last_name\";s:0:\"\";s:7:\"company\";s:0:\"\";s:5:\"phone\";s:0:\"\";s:5:\"email\";s:0:\"\";s:19:\"shipping_first_name\";s:0:\"\";s:18:\"shipping_last_name\";s:0:\"\";s:16:\"shipping_company\";s:0:\"\";}\";}',1610360564),(1343,'7e2357f3447b3479a673ac4ff5e42430','a:7:{s:4:\"cart\";s:710:\"a:2:{s:32:\"b7fede84c2be02ccb9c77107956560eb\";a:10:{s:3:\"key\";s:32:\"b7fede84c2be02ccb9c77107956560eb\";s:10:\"product_id\";i:3482;s:12:\"variation_id\";i:0;s:9:\"variation\";a:0:{}s:8:\"quantity\";i:1;s:13:\"line_tax_data\";a:2:{s:8:\"subtotal\";a:0:{}s:5:\"total\";a:0:{}}s:13:\"line_subtotal\";d:500;s:17:\"line_subtotal_tax\";i:0;s:10:\"line_total\";d:500;s:8:\"line_tax\";i:0;}s:32:\"1b9f38268c50805669fd8caf8f3cc84a\";a:10:{s:3:\"key\";s:32:\"1b9f38268c50805669fd8caf8f3cc84a\";s:10:\"product_id\";i:3574;s:12:\"variation_id\";i:0;s:9:\"variation\";a:0:{}s:8:\"quantity\";i:1;s:13:\"line_tax_data\";a:2:{s:8:\"subtotal\";a:0:{}s:5:\"total\";a:0:{}}s:13:\"line_subtotal\";d:500;s:17:\"line_subtotal_tax\";i:0;s:10:\"line_total\";d:500;s:8:\"line_tax\";i:0;}}\";s:11:\"cart_totals\";s:411:\"a:15:{s:8:\"subtotal\";s:7:\"1000.00\";s:12:\"subtotal_tax\";d:0;s:14:\"shipping_total\";s:4:\"0.00\";s:12:\"shipping_tax\";d:0;s:14:\"shipping_taxes\";a:0:{}s:14:\"discount_total\";d:0;s:12:\"discount_tax\";d:0;s:19:\"cart_contents_total\";s:7:\"1000.00\";s:17:\"cart_contents_tax\";d:0;s:19:\"cart_contents_taxes\";a:0:{}s:9:\"fee_total\";s:4:\"0.00\";s:7:\"fee_tax\";d:0;s:9:\"fee_taxes\";a:0:{}s:5:\"total\";s:7:\"1000.00\";s:9:\"total_tax\";d:0;}\";s:15:\"applied_coupons\";s:6:\"a:0:{}\";s:22:\"coupon_discount_totals\";s:6:\"a:0:{}\";s:26:\"coupon_discount_tax_totals\";s:6:\"a:0:{}\";s:21:\"removed_cart_contents\";s:6:\"a:0:{}\";s:8:\"customer\";s:683:\"a:26:{s:2:\"id\";s:1:\"0\";s:13:\"date_modified\";s:0:\"\";s:8:\"postcode\";s:0:\"\";s:4:\"city\";s:0:\"\";s:9:\"address_1\";s:0:\"\";s:7:\"address\";s:0:\"\";s:9:\"address_2\";s:0:\"\";s:5:\"state\";s:0:\"\";s:7:\"country\";s:0:\"\";s:17:\"shipping_postcode\";s:0:\"\";s:13:\"shipping_city\";s:0:\"\";s:18:\"shipping_address_1\";s:0:\"\";s:16:\"shipping_address\";s:0:\"\";s:18:\"shipping_address_2\";s:0:\"\";s:14:\"shipping_state\";s:0:\"\";s:16:\"shipping_country\";s:0:\"\";s:13:\"is_vat_exempt\";s:0:\"\";s:19:\"calculated_shipping\";s:0:\"\";s:10:\"first_name\";s:0:\"\";s:9:\"last_name\";s:0:\"\";s:7:\"company\";s:0:\"\";s:5:\"phone\";s:0:\"\";s:5:\"email\";s:0:\"\";s:19:\"shipping_first_name\";s:0:\"\";s:18:\"shipping_last_name\";s:0:\"\";s:16:\"shipping_company\";s:0:\"\";}\";}',1610388464),(1344,'cefc78d802183314dd3ddaf9337547ab','a:7:{s:4:\"cart\";s:358:\"a:1:{s:32:\"b7fede84c2be02ccb9c77107956560eb\";a:10:{s:3:\"key\";s:32:\"b7fede84c2be02ccb9c77107956560eb\";s:10:\"product_id\";i:3482;s:12:\"variation_id\";i:0;s:9:\"variation\";a:0:{}s:8:\"quantity\";i:1;s:13:\"line_tax_data\";a:2:{s:8:\"subtotal\";a:0:{}s:5:\"total\";a:0:{}}s:13:\"line_subtotal\";d:500;s:17:\"line_subtotal_tax\";i:0;s:10:\"line_total\";d:500;s:8:\"line_tax\";i:0;}}\";s:11:\"cart_totals\";s:408:\"a:15:{s:8:\"subtotal\";s:6:\"500.00\";s:12:\"subtotal_tax\";d:0;s:14:\"shipping_total\";s:4:\"0.00\";s:12:\"shipping_tax\";d:0;s:14:\"shipping_taxes\";a:0:{}s:14:\"discount_total\";d:0;s:12:\"discount_tax\";d:0;s:19:\"cart_contents_total\";s:6:\"500.00\";s:17:\"cart_contents_tax\";d:0;s:19:\"cart_contents_taxes\";a:0:{}s:9:\"fee_total\";s:4:\"0.00\";s:7:\"fee_tax\";d:0;s:9:\"fee_taxes\";a:0:{}s:5:\"total\";s:6:\"500.00\";s:9:\"total_tax\";d:0;}\";s:15:\"applied_coupons\";s:6:\"a:0:{}\";s:22:\"coupon_discount_totals\";s:6:\"a:0:{}\";s:26:\"coupon_discount_tax_totals\";s:6:\"a:0:{}\";s:21:\"removed_cart_contents\";s:6:\"a:0:{}\";s:8:\"customer\";s:683:\"a:26:{s:2:\"id\";s:1:\"0\";s:13:\"date_modified\";s:0:\"\";s:8:\"postcode\";s:0:\"\";s:4:\"city\";s:0:\"\";s:9:\"address_1\";s:0:\"\";s:7:\"address\";s:0:\"\";s:9:\"address_2\";s:0:\"\";s:5:\"state\";s:0:\"\";s:7:\"country\";s:0:\"\";s:17:\"shipping_postcode\";s:0:\"\";s:13:\"shipping_city\";s:0:\"\";s:18:\"shipping_address_1\";s:0:\"\";s:16:\"shipping_address\";s:0:\"\";s:18:\"shipping_address_2\";s:0:\"\";s:14:\"shipping_state\";s:0:\"\";s:16:\"shipping_country\";s:0:\"\";s:13:\"is_vat_exempt\";s:0:\"\";s:19:\"calculated_shipping\";s:0:\"\";s:10:\"first_name\";s:0:\"\";s:9:\"last_name\";s:0:\"\";s:7:\"company\";s:0:\"\";s:5:\"phone\";s:0:\"\";s:5:\"email\";s:0:\"\";s:19:\"shipping_first_name\";s:0:\"\";s:18:\"shipping_last_name\";s:0:\"\";s:16:\"shipping_company\";s:0:\"\";}\";}',1610393752),(1265,'7dee683692a008dfa3fc11479ecdf270','a:9:{s:4:\"cart\";s:356:\"a:1:{s:32:\"b299ad862b6f12cb57679f0538eca514\";a:10:{s:3:\"key\";s:32:\"b299ad862b6f12cb57679f0538eca514\";s:10:\"product_id\";i:3165;s:12:\"variation_id\";i:0;s:9:\"variation\";a:0:{}s:8:\"quantity\";i:1;s:13:\"line_tax_data\";a:2:{s:8:\"subtotal\";a:0:{}s:5:\"total\";a:0:{}}s:13:\"line_subtotal\";d:800;s:17:\"line_subtotal_tax\";i:0;s:10:\"line_total\";d:0;s:8:\"line_tax\";i:0;}}\";s:11:\"cart_totals\";s:406:\"a:15:{s:8:\"subtotal\";s:6:\"800.00\";s:12:\"subtotal_tax\";d:0;s:14:\"shipping_total\";s:4:\"0.00\";s:12:\"shipping_tax\";d:0;s:14:\"shipping_taxes\";a:0:{}s:14:\"discount_total\";d:800;s:12:\"discount_tax\";d:0;s:19:\"cart_contents_total\";s:4:\"0.00\";s:17:\"cart_contents_tax\";d:0;s:19:\"cart_contents_taxes\";a:0:{}s:9:\"fee_total\";s:4:\"0.00\";s:7:\"fee_tax\";d:0;s:9:\"fee_taxes\";a:0:{}s:5:\"total\";s:4:\"0.00\";s:9:\"total_tax\";d:0;}\";s:15:\"applied_coupons\";s:24:\"a:1:{i:0;s:7:\"ibts100\";}\";s:22:\"coupon_discount_totals\";s:26:\"a:1:{s:7:\"ibts100\";d:800;}\";s:26:\"coupon_discount_tax_totals\";s:6:\"a:0:{}\";s:21:\"removed_cart_contents\";s:6:\"a:0:{}\";s:10:\"wc_notices\";N;s:8:\"customer\";s:683:\"a:26:{s:2:\"id\";s:1:\"0\";s:13:\"date_modified\";s:0:\"\";s:8:\"postcode\";s:0:\"\";s:4:\"city\";s:0:\"\";s:9:\"address_1\";s:0:\"\";s:7:\"address\";s:0:\"\";s:9:\"address_2\";s:0:\"\";s:5:\"state\";s:0:\"\";s:7:\"country\";s:0:\"\";s:17:\"shipping_postcode\";s:0:\"\";s:13:\"shipping_city\";s:0:\"\";s:18:\"shipping_address_1\";s:0:\"\";s:16:\"shipping_address\";s:0:\"\";s:18:\"shipping_address_2\";s:0:\"\";s:14:\"shipping_state\";s:0:\"\";s:16:\"shipping_country\";s:0:\"\";s:13:\"is_vat_exempt\";s:0:\"\";s:19:\"calculated_shipping\";s:0:\"\";s:10:\"first_name\";s:0:\"\";s:9:\"last_name\";s:0:\"\";s:7:\"company\";s:0:\"\";s:5:\"phone\";s:0:\"\";s:5:\"email\";s:0:\"\";s:19:\"shipping_first_name\";s:0:\"\";s:18:\"shipping_last_name\";s:0:\"\";s:16:\"shipping_company\";s:0:\"\";}\";s:21:\"chosen_payment_method\";s:0:\"\";}',1610277263),(1345,'217','a:7:{s:4:\"cart\";s:358:\"a:1:{s:32:\"1b9f38268c50805669fd8caf8f3cc84a\";a:10:{s:3:\"key\";s:32:\"1b9f38268c50805669fd8caf8f3cc84a\";s:10:\"product_id\";i:3574;s:12:\"variation_id\";i:0;s:9:\"variation\";a:0:{}s:8:\"quantity\";i:1;s:13:\"line_tax_data\";a:2:{s:8:\"subtotal\";a:0:{}s:5:\"total\";a:0:{}}s:13:\"line_subtotal\";d:500;s:17:\"line_subtotal_tax\";i:0;s:10:\"line_total\";d:500;s:8:\"line_tax\";i:0;}}\";s:11:\"cart_totals\";s:408:\"a:15:{s:8:\"subtotal\";s:6:\"500.00\";s:12:\"subtotal_tax\";d:0;s:14:\"shipping_total\";s:4:\"0.00\";s:12:\"shipping_tax\";d:0;s:14:\"shipping_taxes\";a:0:{}s:14:\"discount_total\";d:0;s:12:\"discount_tax\";d:0;s:19:\"cart_contents_total\";s:6:\"500.00\";s:17:\"cart_contents_tax\";d:0;s:19:\"cart_contents_taxes\";a:0:{}s:9:\"fee_total\";s:4:\"0.00\";s:7:\"fee_tax\";d:0;s:9:\"fee_taxes\";a:0:{}s:5:\"total\";s:6:\"500.00\";s:9:\"total_tax\";d:0;}\";s:15:\"applied_coupons\";s:6:\"a:0:{}\";s:22:\"coupon_discount_totals\";s:6:\"a:0:{}\";s:26:\"coupon_discount_tax_totals\";s:6:\"a:0:{}\";s:21:\"removed_cart_contents\";s:6:\"a:0:{}\";s:8:\"customer\";s:734:\"a:26:{s:2:\"id\";s:3:\"217\";s:13:\"date_modified\";s:25:\"2020-12-31T10:52:06+00:00\";s:8:\"postcode\";s:0:\"\";s:4:\"city\";s:0:\"\";s:9:\"address_1\";s:0:\"\";s:7:\"address\";s:0:\"\";s:9:\"address_2\";s:0:\"\";s:5:\"state\";s:0:\"\";s:7:\"country\";s:0:\"\";s:17:\"shipping_postcode\";s:0:\"\";s:13:\"shipping_city\";s:0:\"\";s:18:\"shipping_address_1\";s:0:\"\";s:16:\"shipping_address\";s:0:\"\";s:18:\"shipping_address_2\";s:0:\"\";s:14:\"shipping_state\";s:0:\"\";s:16:\"shipping_country\";s:0:\"\";s:13:\"is_vat_exempt\";s:0:\"\";s:19:\"calculated_shipping\";s:0:\"\";s:10:\"first_name\";s:0:\"\";s:9:\"last_name\";s:0:\"\";s:7:\"company\";s:0:\"\";s:5:\"phone\";s:0:\"\";s:5:\"email\";s:22:\"shalabi95.ts@gmail.com\";s:19:\"shipping_first_name\";s:0:\"\";s:18:\"shipping_last_name\";s:0:\"\";s:16:\"shipping_company\";s:0:\"\";}\";}',1610397931),(1267,'72725ac5317fc4cf1128833364761307','a:7:{s:4:\"cart\";s:6:\"a:0:{}\";s:11:\"cart_totals\";s:367:\"a:15:{s:8:\"subtotal\";i:0;s:12:\"subtotal_tax\";i:0;s:14:\"shipping_total\";i:0;s:12:\"shipping_tax\";i:0;s:14:\"shipping_taxes\";a:0:{}s:14:\"discount_total\";i:0;s:12:\"discount_tax\";i:0;s:19:\"cart_contents_total\";i:0;s:17:\"cart_contents_tax\";i:0;s:19:\"cart_contents_taxes\";a:0:{}s:9:\"fee_total\";i:0;s:7:\"fee_tax\";i:0;s:9:\"fee_taxes\";a:0:{}s:5:\"total\";i:0;s:9:\"total_tax\";i:0;}\";s:15:\"applied_coupons\";s:6:\"a:0:{}\";s:22:\"coupon_discount_totals\";s:6:\"a:0:{}\";s:26:\"coupon_discount_tax_totals\";s:6:\"a:0:{}\";s:21:\"removed_cart_contents\";s:6:\"a:0:{}\";s:8:\"customer\";s:683:\"a:26:{s:2:\"id\";s:1:\"0\";s:13:\"date_modified\";s:0:\"\";s:8:\"postcode\";s:0:\"\";s:4:\"city\";s:0:\"\";s:9:\"address_1\";s:0:\"\";s:7:\"address\";s:0:\"\";s:9:\"address_2\";s:0:\"\";s:5:\"state\";s:0:\"\";s:7:\"country\";s:0:\"\";s:17:\"shipping_postcode\";s:0:\"\";s:13:\"shipping_city\";s:0:\"\";s:18:\"shipping_address_1\";s:0:\"\";s:16:\"shipping_address\";s:0:\"\";s:18:\"shipping_address_2\";s:0:\"\";s:14:\"shipping_state\";s:0:\"\";s:16:\"shipping_country\";s:0:\"\";s:13:\"is_vat_exempt\";s:0:\"\";s:19:\"calculated_shipping\";s:0:\"\";s:10:\"first_name\";s:0:\"\";s:9:\"last_name\";s:0:\"\";s:7:\"company\";s:0:\"\";s:5:\"phone\";s:0:\"\";s:5:\"email\";s:0:\"\";s:19:\"shipping_first_name\";s:0:\"\";s:18:\"shipping_last_name\";s:0:\"\";s:16:\"shipping_company\";s:0:\"\";}\";}',1610282231),(1268,'204','a:7:{s:4:\"cart\";s:6:\"a:0:{}\";s:11:\"cart_totals\";s:367:\"a:15:{s:8:\"subtotal\";i:0;s:12:\"subtotal_tax\";i:0;s:14:\"shipping_total\";i:0;s:12:\"shipping_tax\";i:0;s:14:\"shipping_taxes\";a:0:{}s:14:\"discount_total\";i:0;s:12:\"discount_tax\";i:0;s:19:\"cart_contents_total\";i:0;s:17:\"cart_contents_tax\";i:0;s:19:\"cart_contents_taxes\";a:0:{}s:9:\"fee_total\";i:0;s:7:\"fee_tax\";i:0;s:9:\"fee_taxes\";a:0:{}s:5:\"total\";i:0;s:9:\"total_tax\";i:0;}\";s:15:\"applied_coupons\";s:6:\"a:0:{}\";s:22:\"coupon_discount_totals\";s:6:\"a:0:{}\";s:26:\"coupon_discount_tax_totals\";s:6:\"a:0:{}\";s:21:\"removed_cart_contents\";s:6:\"a:0:{}\";s:8:\"customer\";s:730:\"a:26:{s:2:\"id\";s:3:\"204\";s:13:\"date_modified\";s:25:\"2020-12-21T12:14:44+00:00\";s:8:\"postcode\";s:0:\"\";s:4:\"city\";s:0:\"\";s:9:\"address_1\";s:0:\"\";s:7:\"address\";s:0:\"\";s:9:\"address_2\";s:0:\"\";s:5:\"state\";s:0:\"\";s:7:\"country\";s:0:\"\";s:17:\"shipping_postcode\";s:0:\"\";s:13:\"shipping_city\";s:0:\"\";s:18:\"shipping_address_1\";s:0:\"\";s:16:\"shipping_address\";s:0:\"\";s:18:\"shipping_address_2\";s:0:\"\";s:14:\"shipping_state\";s:0:\"\";s:16:\"shipping_country\";s:0:\"\";s:13:\"is_vat_exempt\";s:0:\"\";s:19:\"calculated_shipping\";s:0:\"\";s:10:\"first_name\";s:0:\"\";s:9:\"last_name\";s:0:\"\";s:7:\"company\";s:0:\"\";s:5:\"phone\";s:0:\"\";s:5:\"email\";s:18:\"mrtaha45@gmail.com\";s:19:\"shipping_first_name\";s:0:\"\";s:18:\"shipping_last_name\";s:0:\"\";s:16:\"shipping_company\";s:0:\"\";}\";}',1610282231),(1258,'2f90b62c54875c29f9431f934705af75','a:7:{s:4:\"cart\";s:6:\"a:0:{}\";s:11:\"cart_totals\";s:367:\"a:15:{s:8:\"subtotal\";i:0;s:12:\"subtotal_tax\";i:0;s:14:\"shipping_total\";i:0;s:12:\"shipping_tax\";i:0;s:14:\"shipping_taxes\";a:0:{}s:14:\"discount_total\";i:0;s:12:\"discount_tax\";i:0;s:19:\"cart_contents_total\";i:0;s:17:\"cart_contents_tax\";i:0;s:19:\"cart_contents_taxes\";a:0:{}s:9:\"fee_total\";i:0;s:7:\"fee_tax\";i:0;s:9:\"fee_taxes\";a:0:{}s:5:\"total\";i:0;s:9:\"total_tax\";i:0;}\";s:15:\"applied_coupons\";s:6:\"a:0:{}\";s:22:\"coupon_discount_totals\";s:6:\"a:0:{}\";s:26:\"coupon_discount_tax_totals\";s:6:\"a:0:{}\";s:21:\"removed_cart_contents\";s:6:\"a:0:{}\";s:8:\"customer\";s:683:\"a:26:{s:2:\"id\";s:1:\"0\";s:13:\"date_modified\";s:0:\"\";s:8:\"postcode\";s:0:\"\";s:4:\"city\";s:0:\"\";s:9:\"address_1\";s:0:\"\";s:7:\"address\";s:0:\"\";s:9:\"address_2\";s:0:\"\";s:5:\"state\";s:0:\"\";s:7:\"country\";s:0:\"\";s:17:\"shipping_postcode\";s:0:\"\";s:13:\"shipping_city\";s:0:\"\";s:18:\"shipping_address_1\";s:0:\"\";s:16:\"shipping_address\";s:0:\"\";s:18:\"shipping_address_2\";s:0:\"\";s:14:\"shipping_state\";s:0:\"\";s:16:\"shipping_country\";s:0:\"\";s:13:\"is_vat_exempt\";s:0:\"\";s:19:\"calculated_shipping\";s:0:\"\";s:10:\"first_name\";s:0:\"\";s:9:\"last_name\";s:0:\"\";s:7:\"company\";s:0:\"\";s:5:\"phone\";s:0:\"\";s:5:\"email\";s:0:\"\";s:19:\"shipping_first_name\";s:0:\"\";s:18:\"shipping_last_name\";s:0:\"\";s:16:\"shipping_company\";s:0:\"\";}\";}',1610269711),(1259,'df28e3b3f095820347728d990d716fbc','a:7:{s:4:\"cart\";s:358:\"a:1:{s:32:\"b7fede84c2be02ccb9c77107956560eb\";a:10:{s:3:\"key\";s:32:\"b7fede84c2be02ccb9c77107956560eb\";s:10:\"product_id\";i:3482;s:12:\"variation_id\";i:0;s:9:\"variation\";a:0:{}s:8:\"quantity\";i:1;s:13:\"line_tax_data\";a:2:{s:8:\"subtotal\";a:0:{}s:5:\"total\";a:0:{}}s:13:\"line_subtotal\";d:500;s:17:\"line_subtotal_tax\";i:0;s:10:\"line_total\";d:500;s:8:\"line_tax\";i:0;}}\";s:11:\"cart_totals\";s:408:\"a:15:{s:8:\"subtotal\";s:6:\"500.00\";s:12:\"subtotal_tax\";d:0;s:14:\"shipping_total\";s:4:\"0.00\";s:12:\"shipping_tax\";d:0;s:14:\"shipping_taxes\";a:0:{}s:14:\"discount_total\";d:0;s:12:\"discount_tax\";d:0;s:19:\"cart_contents_total\";s:6:\"500.00\";s:17:\"cart_contents_tax\";d:0;s:19:\"cart_contents_taxes\";a:0:{}s:9:\"fee_total\";s:4:\"0.00\";s:7:\"fee_tax\";d:0;s:9:\"fee_taxes\";a:0:{}s:5:\"total\";s:6:\"500.00\";s:9:\"total_tax\";d:0;}\";s:15:\"applied_coupons\";s:6:\"a:0:{}\";s:22:\"coupon_discount_totals\";s:6:\"a:0:{}\";s:26:\"coupon_discount_tax_totals\";s:6:\"a:0:{}\";s:21:\"removed_cart_contents\";s:6:\"a:0:{}\";s:8:\"customer\";s:683:\"a:26:{s:2:\"id\";s:1:\"0\";s:13:\"date_modified\";s:0:\"\";s:8:\"postcode\";s:0:\"\";s:4:\"city\";s:0:\"\";s:9:\"address_1\";s:0:\"\";s:7:\"address\";s:0:\"\";s:9:\"address_2\";s:0:\"\";s:5:\"state\";s:0:\"\";s:7:\"country\";s:0:\"\";s:17:\"shipping_postcode\";s:0:\"\";s:13:\"shipping_city\";s:0:\"\";s:18:\"shipping_address_1\";s:0:\"\";s:16:\"shipping_address\";s:0:\"\";s:18:\"shipping_address_2\";s:0:\"\";s:14:\"shipping_state\";s:0:\"\";s:16:\"shipping_country\";s:0:\"\";s:13:\"is_vat_exempt\";s:0:\"\";s:19:\"calculated_shipping\";s:0:\"\";s:10:\"first_name\";s:0:\"\";s:9:\"last_name\";s:0:\"\";s:7:\"company\";s:0:\"\";s:5:\"phone\";s:0:\"\";s:5:\"email\";s:0:\"\";s:19:\"shipping_first_name\";s:0:\"\";s:18:\"shipping_last_name\";s:0:\"\";s:16:\"shipping_company\";s:0:\"\";}\";}',1610272064),(1336,'220','a:10:{s:4:\"cart\";s:6:\"a:0:{}\";s:11:\"cart_totals\";s:367:\"a:15:{s:8:\"subtotal\";i:0;s:12:\"subtotal_tax\";i:0;s:14:\"shipping_total\";i:0;s:12:\"shipping_tax\";i:0;s:14:\"shipping_taxes\";a:0:{}s:14:\"discount_total\";i:0;s:12:\"discount_tax\";i:0;s:19:\"cart_contents_total\";i:0;s:17:\"cart_contents_tax\";i:0;s:19:\"cart_contents_taxes\";a:0:{}s:9:\"fee_total\";i:0;s:7:\"fee_tax\";i:0;s:9:\"fee_taxes\";a:0:{}s:5:\"total\";i:0;s:9:\"total_tax\";i:0;}\";s:15:\"applied_coupons\";s:6:\"a:0:{}\";s:22:\"coupon_discount_totals\";s:6:\"a:0:{}\";s:26:\"coupon_discount_tax_totals\";s:6:\"a:0:{}\";s:21:\"removed_cart_contents\";s:6:\"a:0:{}\";s:8:\"customer\";s:826:\"a:26:{s:2:\"id\";s:3:\"220\";s:13:\"date_modified\";s:25:\"2021-01-08T19:45:19+00:00\";s:8:\"postcode\";s:5:\"11185\";s:4:\"city\";s:5:\"Amman\";s:9:\"address_1\";s:19:\"Fahmi Hashem Street\";s:7:\"address\";s:19:\"Fahmi Hashem Street\";s:9:\"address_2\";s:2:\"20\";s:5:\"state\";s:8:\"Al Sahel\";s:7:\"country\";s:2:\"JO\";s:17:\"shipping_postcode\";s:0:\"\";s:13:\"shipping_city\";s:0:\"\";s:18:\"shipping_address_1\";s:0:\"\";s:16:\"shipping_address\";s:0:\"\";s:18:\"shipping_address_2\";s:0:\"\";s:14:\"shipping_state\";s:8:\"Al Sahel\";s:16:\"shipping_country\";s:2:\"JO\";s:13:\"is_vat_exempt\";s:0:\"\";s:19:\"calculated_shipping\";s:0:\"\";s:10:\"first_name\";s:6:\"Rozana\";s:9:\"last_name\";s:4:\"Odeh\";s:7:\"company\";s:0:\"\";s:5:\"phone\";s:10:\"0782277942\";s:5:\"email\";s:21:\"rozana.odeh@gmail.com\";s:19:\"shipping_first_name\";s:0:\"\";s:18:\"shipping_last_name\";s:0:\"\";s:16:\"shipping_company\";s:0:\"\";}\";s:10:\"wc_notices\";N;s:21:\"chosen_payment_method\";s:0:\"\";s:22:\"order_awaiting_payment\";N;}',1610360565),(1333,'255','a:9:{s:4:\"cart\";s:6:\"a:0:{}\";s:11:\"cart_totals\";s:367:\"a:15:{s:8:\"subtotal\";i:0;s:12:\"subtotal_tax\";i:0;s:14:\"shipping_total\";i:0;s:12:\"shipping_tax\";i:0;s:14:\"shipping_taxes\";a:0:{}s:14:\"discount_total\";i:0;s:12:\"discount_tax\";i:0;s:19:\"cart_contents_total\";i:0;s:17:\"cart_contents_tax\";i:0;s:19:\"cart_contents_taxes\";a:0:{}s:9:\"fee_total\";i:0;s:7:\"fee_tax\";i:0;s:9:\"fee_taxes\";a:0:{}s:5:\"total\";i:0;s:9:\"total_tax\";i:0;}\";s:15:\"applied_coupons\";s:6:\"a:0:{}\";s:22:\"coupon_discount_totals\";s:6:\"a:0:{}\";s:26:\"coupon_discount_tax_totals\";s:6:\"a:0:{}\";s:21:\"removed_cart_contents\";s:714:\"a:2:{s:32:\"b7fede84c2be02ccb9c77107956560eb\";a:10:{s:3:\"key\";s:32:\"b7fede84c2be02ccb9c77107956560eb\";s:10:\"product_id\";i:3482;s:12:\"variation_id\";i:0;s:9:\"variation\";a:0:{}s:8:\"quantity\";i:2;s:13:\"line_tax_data\";a:2:{s:8:\"subtotal\";a:0:{}s:5:\"total\";a:0:{}}s:13:\"line_subtotal\";d:1000;s:17:\"line_subtotal_tax\";i:0;s:10:\"line_total\";d:1000;s:8:\"line_tax\";i:0;}s:32:\"1b9f38268c50805669fd8caf8f3cc84a\";a:10:{s:3:\"key\";s:32:\"1b9f38268c50805669fd8caf8f3cc84a\";s:10:\"product_id\";i:3574;s:12:\"variation_id\";i:0;s:9:\"variation\";a:0:{}s:8:\"quantity\";i:2;s:13:\"line_tax_data\";a:2:{s:8:\"subtotal\";a:0:{}s:5:\"total\";a:0:{}}s:13:\"line_subtotal\";d:1000;s:17:\"line_subtotal_tax\";i:0;s:10:\"line_total\";d:1000;s:8:\"line_tax\";i:0;}}\";s:8:\"customer\";s:733:\"a:26:{s:2:\"id\";s:3:\"255\";s:13:\"date_modified\";s:25:\"2021-01-08T16:44:32+00:00\";s:8:\"postcode\";s:0:\"\";s:4:\"city\";s:0:\"\";s:9:\"address_1\";s:0:\"\";s:7:\"address\";s:0:\"\";s:9:\"address_2\";s:0:\"\";s:5:\"state\";s:0:\"\";s:7:\"country\";s:0:\"\";s:17:\"shipping_postcode\";s:0:\"\";s:13:\"shipping_city\";s:0:\"\";s:18:\"shipping_address_1\";s:0:\"\";s:16:\"shipping_address\";s:0:\"\";s:18:\"shipping_address_2\";s:0:\"\";s:14:\"shipping_state\";s:0:\"\";s:16:\"shipping_country\";s:0:\"\";s:13:\"is_vat_exempt\";s:0:\"\";s:19:\"calculated_shipping\";s:0:\"\";s:10:\"first_name\";s:0:\"\";s:9:\"last_name\";s:0:\"\";s:7:\"company\";s:0:\"\";s:5:\"phone\";s:0:\"\";s:5:\"email\";s:21:\"emannsrourr@gmail.com\";s:19:\"shipping_first_name\";s:0:\"\";s:18:\"shipping_last_name\";s:0:\"\";s:16:\"shipping_company\";s:0:\"\";}\";s:21:\"chosen_payment_method\";s:0:\"\";s:10:\"wc_notices\";s:511:\"a:1:{s:7:\"success\";a:2:{i:0;s:236:\"&ldquo;International Board Examination: Professional Certificate in Teaching Standards&rdquo; removed. <a href=\"https://tesoll.com/cart/?undo_item=b7fede84c2be02ccb9c77107956560eb&#038;_wpnonce=421a750754\" class=\"restore-item\">Undo?</a>\";i:1;s:223:\"&ldquo;International Board Examination: Professional Certificate in TESOL&rdquo; removed. <a href=\"https://tesoll.com/cart/?undo_item=1b9f38268c50805669fd8caf8f3cc84a&#038;_wpnonce=421a750754\" class=\"restore-item\">Undo?</a>\";}}\";}',1610330536),(1280,'7359a644e1bb2ea94253ef2e3322c1e2','a:7:{s:4:\"cart\";s:6:\"a:0:{}\";s:11:\"cart_totals\";s:367:\"a:15:{s:8:\"subtotal\";i:0;s:12:\"subtotal_tax\";i:0;s:14:\"shipping_total\";i:0;s:12:\"shipping_tax\";i:0;s:14:\"shipping_taxes\";a:0:{}s:14:\"discount_total\";i:0;s:12:\"discount_tax\";i:0;s:19:\"cart_contents_total\";i:0;s:17:\"cart_contents_tax\";i:0;s:19:\"cart_contents_taxes\";a:0:{}s:9:\"fee_total\";i:0;s:7:\"fee_tax\";i:0;s:9:\"fee_taxes\";a:0:{}s:5:\"total\";i:0;s:9:\"total_tax\";i:0;}\";s:15:\"applied_coupons\";s:6:\"a:0:{}\";s:22:\"coupon_discount_totals\";s:6:\"a:0:{}\";s:26:\"coupon_discount_tax_totals\";s:6:\"a:0:{}\";s:21:\"removed_cart_contents\";s:6:\"a:0:{}\";s:8:\"customer\";s:683:\"a:26:{s:2:\"id\";s:1:\"0\";s:13:\"date_modified\";s:0:\"\";s:8:\"postcode\";s:0:\"\";s:4:\"city\";s:0:\"\";s:9:\"address_1\";s:0:\"\";s:7:\"address\";s:0:\"\";s:9:\"address_2\";s:0:\"\";s:5:\"state\";s:0:\"\";s:7:\"country\";s:0:\"\";s:17:\"shipping_postcode\";s:0:\"\";s:13:\"shipping_city\";s:0:\"\";s:18:\"shipping_address_1\";s:0:\"\";s:16:\"shipping_address\";s:0:\"\";s:18:\"shipping_address_2\";s:0:\"\";s:14:\"shipping_state\";s:0:\"\";s:16:\"shipping_country\";s:0:\"\";s:13:\"is_vat_exempt\";s:0:\"\";s:19:\"calculated_shipping\";s:0:\"\";s:10:\"first_name\";s:0:\"\";s:9:\"last_name\";s:0:\"\";s:7:\"company\";s:0:\"\";s:5:\"phone\";s:0:\"\";s:5:\"email\";s:0:\"\";s:19:\"shipping_first_name\";s:0:\"\";s:18:\"shipping_last_name\";s:0:\"\";s:16:\"shipping_company\";s:0:\"\";}\";}',1610300058),(1257,'3389c7fbb65d7c415db6e6b44b4b4818','a:11:{s:4:\"cart\";s:6:\"a:0:{}\";s:11:\"cart_totals\";s:367:\"a:15:{s:8:\"subtotal\";i:0;s:12:\"subtotal_tax\";i:0;s:14:\"shipping_total\";i:0;s:12:\"shipping_tax\";i:0;s:14:\"shipping_taxes\";a:0:{}s:14:\"discount_total\";i:0;s:12:\"discount_tax\";i:0;s:19:\"cart_contents_total\";i:0;s:17:\"cart_contents_tax\";i:0;s:19:\"cart_contents_taxes\";a:0:{}s:9:\"fee_total\";i:0;s:7:\"fee_tax\";i:0;s:9:\"fee_taxes\";a:0:{}s:5:\"total\";i:0;s:9:\"total_tax\";i:0;}\";s:15:\"applied_coupons\";s:6:\"a:0:{}\";s:22:\"coupon_discount_totals\";s:6:\"a:0:{}\";s:26:\"coupon_discount_tax_totals\";s:6:\"a:0:{}\";s:21:\"removed_cart_contents\";s:6:\"a:0:{}\";s:10:\"wc_notices\";N;s:8:\"customer\";s:683:\"a:26:{s:2:\"id\";s:1:\"0\";s:13:\"date_modified\";s:0:\"\";s:8:\"postcode\";s:0:\"\";s:4:\"city\";s:0:\"\";s:9:\"address_1\";s:0:\"\";s:7:\"address\";s:0:\"\";s:9:\"address_2\";s:0:\"\";s:5:\"state\";s:0:\"\";s:7:\"country\";s:0:\"\";s:17:\"shipping_postcode\";s:0:\"\";s:13:\"shipping_city\";s:0:\"\";s:18:\"shipping_address_1\";s:0:\"\";s:16:\"shipping_address\";s:0:\"\";s:18:\"shipping_address_2\";s:0:\"\";s:14:\"shipping_state\";s:0:\"\";s:16:\"shipping_country\";s:0:\"\";s:13:\"is_vat_exempt\";s:0:\"\";s:19:\"calculated_shipping\";s:0:\"\";s:10:\"first_name\";s:0:\"\";s:9:\"last_name\";s:0:\"\";s:7:\"company\";s:0:\"\";s:5:\"phone\";s:0:\"\";s:5:\"email\";s:0:\"\";s:19:\"shipping_first_name\";s:0:\"\";s:18:\"shipping_last_name\";s:0:\"\";s:16:\"shipping_company\";s:0:\"\";}\";s:21:\"chosen_payment_method\";s:0:\"\";s:15:\"reload_checkout\";b:1;s:22:\"order_awaiting_payment\";N;}',1610253804),(1254,'0474c59909bd2dbb64ddce37524263dc','a:7:{s:4:\"cart\";s:6:\"a:0:{}\";s:11:\"cart_totals\";s:367:\"a:15:{s:8:\"subtotal\";i:0;s:12:\"subtotal_tax\";i:0;s:14:\"shipping_total\";i:0;s:12:\"shipping_tax\";i:0;s:14:\"shipping_taxes\";a:0:{}s:14:\"discount_total\";i:0;s:12:\"discount_tax\";i:0;s:19:\"cart_contents_total\";i:0;s:17:\"cart_contents_tax\";i:0;s:19:\"cart_contents_taxes\";a:0:{}s:9:\"fee_total\";i:0;s:7:\"fee_tax\";i:0;s:9:\"fee_taxes\";a:0:{}s:5:\"total\";i:0;s:9:\"total_tax\";i:0;}\";s:15:\"applied_coupons\";s:6:\"a:0:{}\";s:22:\"coupon_discount_totals\";s:6:\"a:0:{}\";s:26:\"coupon_discount_tax_totals\";s:6:\"a:0:{}\";s:21:\"removed_cart_contents\";s:6:\"a:0:{}\";s:8:\"customer\";s:683:\"a:26:{s:2:\"id\";s:1:\"0\";s:13:\"date_modified\";s:0:\"\";s:8:\"postcode\";s:0:\"\";s:4:\"city\";s:0:\"\";s:9:\"address_1\";s:0:\"\";s:7:\"address\";s:0:\"\";s:9:\"address_2\";s:0:\"\";s:5:\"state\";s:0:\"\";s:7:\"country\";s:0:\"\";s:17:\"shipping_postcode\";s:0:\"\";s:13:\"shipping_city\";s:0:\"\";s:18:\"shipping_address_1\";s:0:\"\";s:16:\"shipping_address\";s:0:\"\";s:18:\"shipping_address_2\";s:0:\"\";s:14:\"shipping_state\";s:0:\"\";s:16:\"shipping_country\";s:0:\"\";s:13:\"is_vat_exempt\";s:0:\"\";s:19:\"calculated_shipping\";s:0:\"\";s:10:\"first_name\";s:0:\"\";s:9:\"last_name\";s:0:\"\";s:7:\"company\";s:0:\"\";s:5:\"phone\";s:0:\"\";s:5:\"email\";s:0:\"\";s:19:\"shipping_first_name\";s:0:\"\";s:18:\"shipping_last_name\";s:0:\"\";s:16:\"shipping_company\";s:0:\"\";}\";}',1610255220),(1337,'244','a:7:{s:4:\"cart\";s:6:\"a:0:{}\";s:11:\"cart_totals\";s:367:\"a:15:{s:8:\"subtotal\";i:0;s:12:\"subtotal_tax\";i:0;s:14:\"shipping_total\";i:0;s:12:\"shipping_tax\";i:0;s:14:\"shipping_taxes\";a:0:{}s:14:\"discount_total\";i:0;s:12:\"discount_tax\";i:0;s:19:\"cart_contents_total\";i:0;s:17:\"cart_contents_tax\";i:0;s:19:\"cart_contents_taxes\";a:0:{}s:9:\"fee_total\";i:0;s:7:\"fee_tax\";i:0;s:9:\"fee_taxes\";a:0:{}s:5:\"total\";i:0;s:9:\"total_tax\";i:0;}\";s:15:\"applied_coupons\";s:6:\"a:0:{}\";s:22:\"coupon_discount_totals\";s:6:\"a:0:{}\";s:26:\"coupon_discount_tax_totals\";s:6:\"a:0:{}\";s:21:\"removed_cart_contents\";s:6:\"a:0:{}\";s:8:\"customer\";s:732:\"a:26:{s:2:\"id\";s:3:\"244\";s:13:\"date_modified\";s:25:\"2021-01-04T07:11:22+00:00\";s:8:\"postcode\";s:0:\"\";s:4:\"city\";s:0:\"\";s:9:\"address_1\";s:0:\"\";s:7:\"address\";s:0:\"\";s:9:\"address_2\";s:0:\"\";s:5:\"state\";s:0:\"\";s:7:\"country\";s:0:\"\";s:17:\"shipping_postcode\";s:0:\"\";s:13:\"shipping_city\";s:0:\"\";s:18:\"shipping_address_1\";s:0:\"\";s:16:\"shipping_address\";s:0:\"\";s:18:\"shipping_address_2\";s:0:\"\";s:14:\"shipping_state\";s:0:\"\";s:16:\"shipping_country\";s:0:\"\";s:13:\"is_vat_exempt\";s:0:\"\";s:19:\"calculated_shipping\";s:0:\"\";s:10:\"first_name\";s:0:\"\";s:9:\"last_name\";s:0:\"\";s:7:\"company\";s:0:\"\";s:5:\"phone\";s:0:\"\";s:5:\"email\";s:20:\"rozannour1@gmail.com\";s:19:\"shipping_first_name\";s:0:\"\";s:18:\"shipping_last_name\";s:0:\"\";s:16:\"shipping_company\";s:0:\"\";}\";}',1610367590),(1361,'1','a:8:{s:4:\"cart\";s:6:\"a:0:{}\";s:11:\"cart_totals\";s:367:\"a:15:{s:8:\"subtotal\";i:0;s:12:\"subtotal_tax\";i:0;s:14:\"shipping_total\";i:0;s:12:\"shipping_tax\";i:0;s:14:\"shipping_taxes\";a:0:{}s:14:\"discount_total\";i:0;s:12:\"discount_tax\";i:0;s:19:\"cart_contents_total\";i:0;s:17:\"cart_contents_tax\";i:0;s:19:\"cart_contents_taxes\";a:0:{}s:9:\"fee_total\";i:0;s:7:\"fee_tax\";i:0;s:9:\"fee_taxes\";a:0:{}s:5:\"total\";i:0;s:9:\"total_tax\";i:0;}\";s:15:\"applied_coupons\";s:6:\"a:0:{}\";s:22:\"coupon_discount_totals\";s:6:\"a:0:{}\";s:26:\"coupon_discount_tax_totals\";s:6:\"a:0:{}\";s:21:\"removed_cart_contents\";s:710:\"a:2:{s:32:\"14678db82874f1456031fcc05a3afaf6\";a:10:{s:3:\"key\";s:32:\"14678db82874f1456031fcc05a3afaf6\";s:10:\"product_id\";i:3656;s:12:\"variation_id\";i:0;s:9:\"variation\";a:0:{}s:8:\"quantity\";i:1;s:13:\"line_tax_data\";a:2:{s:8:\"subtotal\";a:0:{}s:5:\"total\";a:0:{}}s:13:\"line_subtotal\";d:800;s:17:\"line_subtotal_tax\";i:0;s:10:\"line_total\";d:800;s:8:\"line_tax\";i:0;}s:32:\"b7fede84c2be02ccb9c77107956560eb\";a:10:{s:3:\"key\";s:32:\"b7fede84c2be02ccb9c77107956560eb\";s:10:\"product_id\";i:3482;s:12:\"variation_id\";i:0;s:9:\"variation\";a:0:{}s:8:\"quantity\";i:1;s:13:\"line_tax_data\";a:2:{s:8:\"subtotal\";a:0:{}s:5:\"total\";a:0:{}}s:13:\"line_subtotal\";d:500;s:17:\"line_subtotal_tax\";i:0;s:10:\"line_total\";d:500;s:8:\"line_tax\";i:0;}}\";s:8:\"customer\";s:787:\"a:26:{s:2:\"id\";s:1:\"1\";s:13:\"date_modified\";s:25:\"2021-01-08T00:08:29+00:00\";s:8:\"postcode\";s:2:\"11\";s:4:\"city\";s:5:\"AMMAN\";s:9:\"address_1\";s:5:\"AMMAN\";s:7:\"address\";s:5:\"AMMAN\";s:9:\"address_2\";s:0:\"\";s:5:\"state\";s:6:\"JORDAN\";s:7:\"country\";s:2:\"JO\";s:17:\"shipping_postcode\";s:0:\"\";s:13:\"shipping_city\";s:0:\"\";s:18:\"shipping_address_1\";s:0:\"\";s:16:\"shipping_address\";s:0:\"\";s:18:\"shipping_address_2\";s:0:\"\";s:14:\"shipping_state\";s:6:\"JORDAN\";s:16:\"shipping_country\";s:2:\"JO\";s:13:\"is_vat_exempt\";s:0:\"\";s:19:\"calculated_shipping\";s:0:\"\";s:10:\"first_name\";s:5:\"Rania\";s:9:\"last_name\";s:6:\"ALDERI\";s:7:\"company\";s:0:\"\";s:5:\"phone\";s:10:\"0777626232\";s:5:\"email\";s:22:\"noraldinmaher@yahoo.fr\";s:19:\"shipping_first_name\";s:0:\"\";s:18:\"shipping_last_name\";s:0:\"\";s:16:\"shipping_company\";s:0:\"\";}\";s:10:\"wc_notices\";N;}',1610412691),(1338,'552ef87ac2c32371cf3dc6a7f2862c64','a:7:{s:4:\"cart\";s:6:\"a:0:{}\";s:11:\"cart_totals\";s:367:\"a:15:{s:8:\"subtotal\";i:0;s:12:\"subtotal_tax\";i:0;s:14:\"shipping_total\";i:0;s:12:\"shipping_tax\";i:0;s:14:\"shipping_taxes\";a:0:{}s:14:\"discount_total\";i:0;s:12:\"discount_tax\";i:0;s:19:\"cart_contents_total\";i:0;s:17:\"cart_contents_tax\";i:0;s:19:\"cart_contents_taxes\";a:0:{}s:9:\"fee_total\";i:0;s:7:\"fee_tax\";i:0;s:9:\"fee_taxes\";a:0:{}s:5:\"total\";i:0;s:9:\"total_tax\";i:0;}\";s:15:\"applied_coupons\";s:6:\"a:0:{}\";s:22:\"coupon_discount_totals\";s:6:\"a:0:{}\";s:26:\"coupon_discount_tax_totals\";s:6:\"a:0:{}\";s:21:\"removed_cart_contents\";s:6:\"a:0:{}\";s:8:\"customer\";s:683:\"a:26:{s:2:\"id\";s:1:\"0\";s:13:\"date_modified\";s:0:\"\";s:8:\"postcode\";s:0:\"\";s:4:\"city\";s:0:\"\";s:9:\"address_1\";s:0:\"\";s:7:\"address\";s:0:\"\";s:9:\"address_2\";s:0:\"\";s:5:\"state\";s:0:\"\";s:7:\"country\";s:0:\"\";s:17:\"shipping_postcode\";s:0:\"\";s:13:\"shipping_city\";s:0:\"\";s:18:\"shipping_address_1\";s:0:\"\";s:16:\"shipping_address\";s:0:\"\";s:18:\"shipping_address_2\";s:0:\"\";s:14:\"shipping_state\";s:0:\"\";s:16:\"shipping_country\";s:0:\"\";s:13:\"is_vat_exempt\";s:0:\"\";s:19:\"calculated_shipping\";s:0:\"\";s:10:\"first_name\";s:0:\"\";s:9:\"last_name\";s:0:\"\";s:7:\"company\";s:0:\"\";s:5:\"phone\";s:0:\"\";s:5:\"email\";s:0:\"\";s:19:\"shipping_first_name\";s:0:\"\";s:18:\"shipping_last_name\";s:0:\"\";s:16:\"shipping_company\";s:0:\"\";}\";}',1610380102),(1339,'219','a:7:{s:4:\"cart\";s:6:\"a:0:{}\";s:11:\"cart_totals\";s:367:\"a:15:{s:8:\"subtotal\";i:0;s:12:\"subtotal_tax\";i:0;s:14:\"shipping_total\";i:0;s:12:\"shipping_tax\";i:0;s:14:\"shipping_taxes\";a:0:{}s:14:\"discount_total\";i:0;s:12:\"discount_tax\";i:0;s:19:\"cart_contents_total\";i:0;s:17:\"cart_contents_tax\";i:0;s:19:\"cart_contents_taxes\";a:0:{}s:9:\"fee_total\";i:0;s:7:\"fee_tax\";i:0;s:9:\"fee_taxes\";a:0:{}s:5:\"total\";i:0;s:9:\"total_tax\";i:0;}\";s:15:\"applied_coupons\";s:6:\"a:0:{}\";s:22:\"coupon_discount_totals\";s:6:\"a:0:{}\";s:26:\"coupon_discount_tax_totals\";s:6:\"a:0:{}\";s:21:\"removed_cart_contents\";s:6:\"a:0:{}\";s:8:\"customer\";s:735:\"a:26:{s:2:\"id\";s:3:\"219\";s:13:\"date_modified\";s:25:\"2020-12-31T15:36:56+00:00\";s:8:\"postcode\";s:0:\"\";s:4:\"city\";s:0:\"\";s:9:\"address_1\";s:0:\"\";s:7:\"address\";s:0:\"\";s:9:\"address_2\";s:0:\"\";s:5:\"state\";s:0:\"\";s:7:\"country\";s:0:\"\";s:17:\"shipping_postcode\";s:0:\"\";s:13:\"shipping_city\";s:0:\"\";s:18:\"shipping_address_1\";s:0:\"\";s:16:\"shipping_address\";s:0:\"\";s:18:\"shipping_address_2\";s:0:\"\";s:14:\"shipping_state\";s:0:\"\";s:16:\"shipping_country\";s:0:\"\";s:13:\"is_vat_exempt\";s:0:\"\";s:19:\"calculated_shipping\";s:0:\"\";s:10:\"first_name\";s:0:\"\";s:9:\"last_name\";s:0:\"\";s:7:\"company\";s:0:\"\";s:5:\"phone\";s:0:\"\";s:5:\"email\";s:23:\"info.alsarhan@gmail.com\";s:19:\"shipping_first_name\";s:0:\"\";s:18:\"shipping_last_name\";s:0:\"\";s:16:\"shipping_company\";s:0:\"\";}\";}',1610380103),(1260,'242','a:7:{s:4:\"cart\";s:710:\"a:2:{s:32:\"b7fede84c2be02ccb9c77107956560eb\";a:10:{s:3:\"key\";s:32:\"b7fede84c2be02ccb9c77107956560eb\";s:10:\"product_id\";i:3482;s:12:\"variation_id\";i:0;s:9:\"variation\";a:0:{}s:8:\"quantity\";i:1;s:13:\"line_tax_data\";a:2:{s:8:\"subtotal\";a:0:{}s:5:\"total\";a:0:{}}s:13:\"line_subtotal\";d:500;s:17:\"line_subtotal_tax\";i:0;s:10:\"line_total\";d:500;s:8:\"line_tax\";i:0;}s:32:\"1b9f38268c50805669fd8caf8f3cc84a\";a:10:{s:3:\"key\";s:32:\"1b9f38268c50805669fd8caf8f3cc84a\";s:10:\"product_id\";i:3574;s:12:\"variation_id\";i:0;s:9:\"variation\";a:0:{}s:8:\"quantity\";i:1;s:13:\"line_tax_data\";a:2:{s:8:\"subtotal\";a:0:{}s:5:\"total\";a:0:{}}s:13:\"line_subtotal\";d:500;s:17:\"line_subtotal_tax\";i:0;s:10:\"line_total\";d:500;s:8:\"line_tax\";i:0;}}\";s:11:\"cart_totals\";s:411:\"a:15:{s:8:\"subtotal\";s:7:\"1000.00\";s:12:\"subtotal_tax\";d:0;s:14:\"shipping_total\";s:4:\"0.00\";s:12:\"shipping_tax\";d:0;s:14:\"shipping_taxes\";a:0:{}s:14:\"discount_total\";d:0;s:12:\"discount_tax\";d:0;s:19:\"cart_contents_total\";s:7:\"1000.00\";s:17:\"cart_contents_tax\";d:0;s:19:\"cart_contents_taxes\";a:0:{}s:9:\"fee_total\";s:4:\"0.00\";s:7:\"fee_tax\";d:0;s:9:\"fee_taxes\";a:0:{}s:5:\"total\";s:7:\"1000.00\";s:9:\"total_tax\";d:0;}\";s:15:\"applied_coupons\";s:6:\"a:0:{}\";s:22:\"coupon_discount_totals\";s:6:\"a:0:{}\";s:26:\"coupon_discount_tax_totals\";s:6:\"a:0:{}\";s:21:\"removed_cart_contents\";s:6:\"a:0:{}\";s:8:\"customer\";s:737:\"a:26:{s:2:\"id\";s:3:\"242\";s:13:\"date_modified\";s:25:\"2021-01-02T19:29:00+00:00\";s:8:\"postcode\";s:0:\"\";s:4:\"city\";s:0:\"\";s:9:\"address_1\";s:0:\"\";s:7:\"address\";s:0:\"\";s:9:\"address_2\";s:0:\"\";s:5:\"state\";s:0:\"\";s:7:\"country\";s:0:\"\";s:17:\"shipping_postcode\";s:0:\"\";s:13:\"shipping_city\";s:0:\"\";s:18:\"shipping_address_1\";s:0:\"\";s:16:\"shipping_address\";s:0:\"\";s:18:\"shipping_address_2\";s:0:\"\";s:14:\"shipping_state\";s:0:\"\";s:16:\"shipping_country\";s:0:\"\";s:13:\"is_vat_exempt\";s:0:\"\";s:19:\"calculated_shipping\";s:0:\"\";s:10:\"first_name\";s:0:\"\";s:9:\"last_name\";s:0:\"\";s:7:\"company\";s:0:\"\";s:5:\"phone\";s:0:\"\";s:5:\"email\";s:25:\"Ekhlas.zuhair@hotmail.com\";s:19:\"shipping_first_name\";s:0:\"\";s:18:\"shipping_last_name\";s:0:\"\";s:16:\"shipping_company\";s:0:\"\";}\";}',1610272226),(1261,'002d674215271144cf64a77253b0dcff','a:7:{s:4:\"cart\";s:358:\"a:1:{s:32:\"14678db82874f1456031fcc05a3afaf6\";a:10:{s:3:\"key\";s:32:\"14678db82874f1456031fcc05a3afaf6\";s:10:\"product_id\";i:3656;s:12:\"variation_id\";i:0;s:9:\"variation\";a:0:{}s:8:\"quantity\";i:1;s:13:\"line_tax_data\";a:2:{s:8:\"subtotal\";a:0:{}s:5:\"total\";a:0:{}}s:13:\"line_subtotal\";d:800;s:17:\"line_subtotal_tax\";i:0;s:10:\"line_total\";d:800;s:8:\"line_tax\";i:0;}}\";s:11:\"cart_totals\";s:408:\"a:15:{s:8:\"subtotal\";s:6:\"800.00\";s:12:\"subtotal_tax\";d:0;s:14:\"shipping_total\";s:4:\"0.00\";s:12:\"shipping_tax\";d:0;s:14:\"shipping_taxes\";a:0:{}s:14:\"discount_total\";d:0;s:12:\"discount_tax\";d:0;s:19:\"cart_contents_total\";s:6:\"800.00\";s:17:\"cart_contents_tax\";d:0;s:19:\"cart_contents_taxes\";a:0:{}s:9:\"fee_total\";s:4:\"0.00\";s:7:\"fee_tax\";d:0;s:9:\"fee_taxes\";a:0:{}s:5:\"total\";s:6:\"800.00\";s:9:\"total_tax\";d:0;}\";s:15:\"applied_coupons\";s:6:\"a:0:{}\";s:22:\"coupon_discount_totals\";s:6:\"a:0:{}\";s:26:\"coupon_discount_tax_totals\";s:6:\"a:0:{}\";s:21:\"removed_cart_contents\";s:6:\"a:0:{}\";s:8:\"customer\";s:683:\"a:26:{s:2:\"id\";s:1:\"0\";s:13:\"date_modified\";s:0:\"\";s:8:\"postcode\";s:0:\"\";s:4:\"city\";s:0:\"\";s:9:\"address_1\";s:0:\"\";s:7:\"address\";s:0:\"\";s:9:\"address_2\";s:0:\"\";s:5:\"state\";s:0:\"\";s:7:\"country\";s:0:\"\";s:17:\"shipping_postcode\";s:0:\"\";s:13:\"shipping_city\";s:0:\"\";s:18:\"shipping_address_1\";s:0:\"\";s:16:\"shipping_address\";s:0:\"\";s:18:\"shipping_address_2\";s:0:\"\";s:14:\"shipping_state\";s:0:\"\";s:16:\"shipping_country\";s:0:\"\";s:13:\"is_vat_exempt\";s:0:\"\";s:19:\"calculated_shipping\";s:0:\"\";s:10:\"first_name\";s:0:\"\";s:9:\"last_name\";s:0:\"\";s:7:\"company\";s:0:\"\";s:5:\"phone\";s:0:\"\";s:5:\"email\";s:0:\"\";s:19:\"shipping_first_name\";s:0:\"\";s:18:\"shipping_last_name\";s:0:\"\";s:16:\"shipping_company\";s:0:\"\";}\";}',1610275841),(1255,'227','a:7:{s:4:\"cart\";s:6:\"a:0:{}\";s:11:\"cart_totals\";s:367:\"a:15:{s:8:\"subtotal\";i:0;s:12:\"subtotal_tax\";i:0;s:14:\"shipping_total\";i:0;s:12:\"shipping_tax\";i:0;s:14:\"shipping_taxes\";a:0:{}s:14:\"discount_total\";i:0;s:12:\"discount_tax\";i:0;s:19:\"cart_contents_total\";i:0;s:17:\"cart_contents_tax\";i:0;s:19:\"cart_contents_taxes\";a:0:{}s:9:\"fee_total\";i:0;s:7:\"fee_tax\";i:0;s:9:\"fee_taxes\";a:0:{}s:5:\"total\";i:0;s:9:\"total_tax\";i:0;}\";s:15:\"applied_coupons\";s:6:\"a:0:{}\";s:22:\"coupon_discount_totals\";s:6:\"a:0:{}\";s:26:\"coupon_discount_tax_totals\";s:6:\"a:0:{}\";s:21:\"removed_cart_contents\";s:6:\"a:0:{}\";s:8:\"customer\";s:745:\"a:26:{s:2:\"id\";s:3:\"227\";s:13:\"date_modified\";s:25:\"2021-01-08T00:08:28+00:00\";s:8:\"postcode\";s:0:\"\";s:4:\"city\";s:0:\"\";s:9:\"address_1\";s:0:\"\";s:7:\"address\";s:0:\"\";s:9:\"address_2\";s:0:\"\";s:5:\"state\";s:0:\"\";s:7:\"country\";s:0:\"\";s:17:\"shipping_postcode\";s:0:\"\";s:13:\"shipping_city\";s:0:\"\";s:18:\"shipping_address_1\";s:0:\"\";s:16:\"shipping_address\";s:0:\"\";s:18:\"shipping_address_2\";s:0:\"\";s:14:\"shipping_state\";s:0:\"\";s:16:\"shipping_country\";s:0:\"\";s:13:\"is_vat_exempt\";s:0:\"\";s:19:\"calculated_shipping\";s:0:\"\";s:10:\"first_name\";s:7:\"Mehrnaz\";s:9:\"last_name\";s:6:\"Faghih\";s:7:\"company\";s:0:\"\";s:5:\"phone\";s:0:\"\";s:5:\"email\";s:20:\"mehrnazf66@gmail.com\";s:19:\"shipping_first_name\";s:0:\"\";s:18:\"shipping_last_name\";s:0:\"\";s:16:\"shipping_company\";s:0:\"\";}\";}',1610255221),(1340,'f455a5a38befb6040422a7d753ab52a2','a:7:{s:4:\"cart\";s:6:\"a:0:{}\";s:11:\"cart_totals\";s:367:\"a:15:{s:8:\"subtotal\";i:0;s:12:\"subtotal_tax\";i:0;s:14:\"shipping_total\";i:0;s:12:\"shipping_tax\";i:0;s:14:\"shipping_taxes\";a:0:{}s:14:\"discount_total\";i:0;s:12:\"discount_tax\";i:0;s:19:\"cart_contents_total\";i:0;s:17:\"cart_contents_tax\";i:0;s:19:\"cart_contents_taxes\";a:0:{}s:9:\"fee_total\";i:0;s:7:\"fee_tax\";i:0;s:9:\"fee_taxes\";a:0:{}s:5:\"total\";i:0;s:9:\"total_tax\";i:0;}\";s:15:\"applied_coupons\";s:6:\"a:0:{}\";s:22:\"coupon_discount_totals\";s:6:\"a:0:{}\";s:26:\"coupon_discount_tax_totals\";s:6:\"a:0:{}\";s:21:\"removed_cart_contents\";s:6:\"a:0:{}\";s:8:\"customer\";s:683:\"a:26:{s:2:\"id\";s:1:\"0\";s:13:\"date_modified\";s:0:\"\";s:8:\"postcode\";s:0:\"\";s:4:\"city\";s:0:\"\";s:9:\"address_1\";s:0:\"\";s:7:\"address\";s:0:\"\";s:9:\"address_2\";s:0:\"\";s:5:\"state\";s:0:\"\";s:7:\"country\";s:0:\"\";s:17:\"shipping_postcode\";s:0:\"\";s:13:\"shipping_city\";s:0:\"\";s:18:\"shipping_address_1\";s:0:\"\";s:16:\"shipping_address\";s:0:\"\";s:18:\"shipping_address_2\";s:0:\"\";s:14:\"shipping_state\";s:0:\"\";s:16:\"shipping_country\";s:0:\"\";s:13:\"is_vat_exempt\";s:0:\"\";s:19:\"calculated_shipping\";s:0:\"\";s:10:\"first_name\";s:0:\"\";s:9:\"last_name\";s:0:\"\";s:7:\"company\";s:0:\"\";s:5:\"phone\";s:0:\"\";s:5:\"email\";s:0:\"\";s:19:\"shipping_first_name\";s:0:\"\";s:18:\"shipping_last_name\";s:0:\"\";s:16:\"shipping_company\";s:0:\"\";}\";}',1610383078),(1341,'256','a:7:{s:4:\"cart\";s:6:\"a:0:{}\";s:11:\"cart_totals\";s:367:\"a:15:{s:8:\"subtotal\";i:0;s:12:\"subtotal_tax\";i:0;s:14:\"shipping_total\";i:0;s:12:\"shipping_tax\";i:0;s:14:\"shipping_taxes\";a:0:{}s:14:\"discount_total\";i:0;s:12:\"discount_tax\";i:0;s:19:\"cart_contents_total\";i:0;s:17:\"cart_contents_tax\";i:0;s:19:\"cart_contents_taxes\";a:0:{}s:9:\"fee_total\";i:0;s:7:\"fee_tax\";i:0;s:9:\"fee_taxes\";a:0:{}s:5:\"total\";i:0;s:9:\"total_tax\";i:0;}\";s:15:\"applied_coupons\";s:6:\"a:0:{}\";s:22:\"coupon_discount_totals\";s:6:\"a:0:{}\";s:26:\"coupon_discount_tax_totals\";s:6:\"a:0:{}\";s:21:\"removed_cart_contents\";s:6:\"a:0:{}\";s:8:\"customer\";s:839:\"a:26:{s:2:\"id\";s:3:\"256\";s:13:\"date_modified\";s:25:\"2021-01-08T04:47:32+00:00\";s:8:\"postcode\";s:5:\"11114\";s:4:\"city\";s:5:\"Irbid\";s:9:\"address_1\";s:28:\"Kufurasad, old Palestine st.\";s:7:\"address\";s:28:\"Kufurasad, old Palestine st.\";s:9:\"address_2\";s:0:\"\";s:5:\"state\";s:5:\"Irbid\";s:7:\"country\";s:2:\"JO\";s:17:\"shipping_postcode\";s:0:\"\";s:13:\"shipping_city\";s:0:\"\";s:18:\"shipping_address_1\";s:0:\"\";s:16:\"shipping_address\";s:0:\"\";s:18:\"shipping_address_2\";s:0:\"\";s:14:\"shipping_state\";s:5:\"Irbid\";s:16:\"shipping_country\";s:2:\"JO\";s:13:\"is_vat_exempt\";s:0:\"\";s:19:\"calculated_shipping\";s:0:\"\";s:10:\"first_name\";s:4:\"Alla\";s:9:\"last_name\";s:8:\"Al Omari\";s:7:\"company\";s:0:\"\";s:5:\"phone\";s:10:\"0796097989\";s:5:\"email\";s:22:\"finity101.aa@gmail.com\";s:19:\"shipping_first_name\";s:0:\"\";s:18:\"shipping_last_name\";s:0:\"\";s:16:\"shipping_company\";s:0:\"\";}\";}',1610383079),(1279,'bbbdda3de3148d99b1b6ffbb925570e7','a:8:{s:4:\"cart\";s:358:\"a:1:{s:32:\"b7fede84c2be02ccb9c77107956560eb\";a:10:{s:3:\"key\";s:32:\"b7fede84c2be02ccb9c77107956560eb\";s:10:\"product_id\";i:3482;s:12:\"variation_id\";i:0;s:9:\"variation\";a:0:{}s:8:\"quantity\";i:1;s:13:\"line_tax_data\";a:2:{s:8:\"subtotal\";a:0:{}s:5:\"total\";a:0:{}}s:13:\"line_subtotal\";d:500;s:17:\"line_subtotal_tax\";i:0;s:10:\"line_total\";d:500;s:8:\"line_tax\";i:0;}}\";s:11:\"cart_totals\";s:408:\"a:15:{s:8:\"subtotal\";s:6:\"500.00\";s:12:\"subtotal_tax\";d:0;s:14:\"shipping_total\";s:4:\"0.00\";s:12:\"shipping_tax\";d:0;s:14:\"shipping_taxes\";a:0:{}s:14:\"discount_total\";d:0;s:12:\"discount_tax\";d:0;s:19:\"cart_contents_total\";s:6:\"500.00\";s:17:\"cart_contents_tax\";d:0;s:19:\"cart_contents_taxes\";a:0:{}s:9:\"fee_total\";s:4:\"0.00\";s:7:\"fee_tax\";d:0;s:9:\"fee_taxes\";a:0:{}s:5:\"total\";s:6:\"500.00\";s:9:\"total_tax\";d:0;}\";s:15:\"applied_coupons\";s:6:\"a:0:{}\";s:22:\"coupon_discount_totals\";s:6:\"a:0:{}\";s:26:\"coupon_discount_tax_totals\";s:6:\"a:0:{}\";s:21:\"removed_cart_contents\";s:712:\"a:2:{s:32:\"1b9f38268c50805669fd8caf8f3cc84a\";a:10:{s:3:\"key\";s:32:\"1b9f38268c50805669fd8caf8f3cc84a\";s:10:\"product_id\";i:3574;s:12:\"variation_id\";i:0;s:9:\"variation\";a:0:{}s:8:\"quantity\";i:1;s:13:\"line_tax_data\";a:2:{s:8:\"subtotal\";a:0:{}s:5:\"total\";a:0:{}}s:13:\"line_subtotal\";d:500;s:17:\"line_subtotal_tax\";i:0;s:10:\"line_total\";d:500;s:8:\"line_tax\";i:0;}s:32:\"b7fede84c2be02ccb9c77107956560eb\";a:10:{s:3:\"key\";s:32:\"b7fede84c2be02ccb9c77107956560eb\";s:10:\"product_id\";i:3482;s:12:\"variation_id\";i:0;s:9:\"variation\";a:0:{}s:8:\"quantity\";i:2;s:13:\"line_tax_data\";a:2:{s:8:\"subtotal\";a:0:{}s:5:\"total\";a:0:{}}s:13:\"line_subtotal\";d:1000;s:17:\"line_subtotal_tax\";i:0;s:10:\"line_total\";d:1000;s:8:\"line_tax\";i:0;}}\";s:10:\"wc_notices\";N;s:8:\"customer\";s:733:\"a:26:{s:2:\"id\";s:3:\"255\";s:13:\"date_modified\";s:25:\"2021-01-08T16:44:32+00:00\";s:8:\"postcode\";s:0:\"\";s:4:\"city\";s:0:\"\";s:9:\"address_1\";s:0:\"\";s:7:\"address\";s:0:\"\";s:9:\"address_2\";s:0:\"\";s:5:\"state\";s:0:\"\";s:7:\"country\";s:0:\"\";s:17:\"shipping_postcode\";s:0:\"\";s:13:\"shipping_city\";s:0:\"\";s:18:\"shipping_address_1\";s:0:\"\";s:16:\"shipping_address\";s:0:\"\";s:18:\"shipping_address_2\";s:0:\"\";s:14:\"shipping_state\";s:0:\"\";s:16:\"shipping_country\";s:0:\"\";s:13:\"is_vat_exempt\";s:0:\"\";s:19:\"calculated_shipping\";s:0:\"\";s:10:\"first_name\";s:0:\"\";s:9:\"last_name\";s:0:\"\";s:7:\"company\";s:0:\"\";s:5:\"phone\";s:0:\"\";s:5:\"email\";s:21:\"emannsrourr@gmail.com\";s:19:\"shipping_first_name\";s:0:\"\";s:18:\"shipping_last_name\";s:0:\"\";s:16:\"shipping_company\";s:0:\"\";}\";}',1610252837);

--
-- Table structure for table `wp_woocommerce_shipping_zone_locations`
--

CREATE TABLE `wp_woocommerce_shipping_zone_locations` (
  `location_id` bigint(20) unsigned NOT NULL AUTO_INCREMENT,
  `zone_id` bigint(20) unsigned NOT NULL,
  `location_code` varchar(200) COLLATE utf8mb4_unicode_ci NOT NULL,
  `location_type` varchar(40) COLLATE utf8mb4_unicode_ci NOT NULL,
  PRIMARY KEY (`location_id`),
  KEY `location_id` (`location_id`),
  KEY `location_type_code` (`location_type`(10),`location_code`(20))
) ENGINE=MyISAM DEFAULT CHARSET=utf8mb4 COLLATE=utf8mb4_unicode_ci;

--
-- Dumping data for table `wp_woocommerce_shipping_zone_locations`
--


--
-- Table structure for table `wp_woocommerce_shipping_zone_methods`
--

CREATE TABLE `wp_woocommerce_shipping_zone_methods` (
  `zone_id` bigint(20) unsigned NOT NULL,
  `instance_id` bigint(20) unsigned NOT NULL AUTO_INCREMENT,
  `method_id` varchar(200) COLLATE utf8mb4_unicode_ci NOT NULL,
  `method_order` bigint(20) unsigned NOT NULL,
  `is_enabled` tinyint(1) NOT NULL DEFAULT 1,
  PRIMARY KEY (`instance_id`)
) ENGINE=MyISAM DEFAULT CHARSET=utf8mb4 COLLATE=utf8mb4_unicode_ci;

--
-- Dumping data for table `wp_woocommerce_shipping_zone_methods`
--


--
-- Table structure for table `wp_woocommerce_shipping_zones`
--

CREATE TABLE `wp_woocommerce_shipping_zones` (
  `zone_id` bigint(20) unsigned NOT NULL AUTO_INCREMENT,
  `zone_name` varchar(200) COLLATE utf8mb4_unicode_ci NOT NULL,
  `zone_order` bigint(20) unsigned NOT NULL,
  PRIMARY KEY (`zone_id`)
) ENGINE=MyISAM DEFAULT CHARSET=utf8mb4 COLLATE=utf8mb4_unicode_ci;

--
-- Dumping data for table `wp_woocommerce_shipping_zones`
--


--
-- Table structure for table `wp_woocommerce_tax_rate_locations`
--

CREATE TABLE `wp_woocommerce_tax_rate_locations` (
  `location_id` bigint(20) unsigned NOT NULL AUTO_INCREMENT,
  `location_code` varchar(200) COLLATE utf8mb4_unicode_ci NOT NULL,
  `tax_rate_id` bigint(20) unsigned NOT NULL,
  `location_type` varchar(40) COLLATE utf8mb4_unicode_ci NOT NULL,
  PRIMARY KEY (`location_id`),
  KEY `tax_rate_id` (`tax_rate_id`),
  KEY `location_type_code` (`location_type`(10),`location_code`(20))
) ENGINE=MyISAM DEFAULT CHARSET=utf8mb4 COLLATE=utf8mb4_unicode_ci;

--
-- Dumping data for table `wp_woocommerce_tax_rate_locations`
--


--
-- Table structure for table `wp_woocommerce_tax_rates`
--

CREATE TABLE `wp_woocommerce_tax_rates` (
  `tax_rate_id` bigint(20) unsigned NOT NULL AUTO_INCREMENT,
  `tax_rate_country` varchar(2) COLLATE utf8mb4_unicode_ci NOT NULL DEFAULT '',
  `tax_rate_state` varchar(200) COLLATE utf8mb4_unicode_ci NOT NULL DEFAULT '',
  `tax_rate` varchar(8) COLLATE utf8mb4_unicode_ci NOT NULL DEFAULT '',
  `tax_rate_name` varchar(200) COLLATE utf8mb4_unicode_ci NOT NULL DEFAULT '',
  `tax_rate_priority` bigint(20) unsigned NOT NULL,
  `tax_rate_compound` int(1) NOT NULL DEFAULT 0,
  `tax_rate_shipping` int(1) NOT NULL DEFAULT 1,
  `tax_rate_order` bigint(20) unsigned NOT NULL,
  `tax_rate_class` varchar(200) COLLATE utf8mb4_unicode_ci NOT NULL DEFAULT '',
  PRIMARY KEY (`tax_rate_id`),
  KEY `tax_rate_country` (`tax_rate_country`),
  KEY `tax_rate_state` (`tax_rate_state`(2)),
  KEY `tax_rate_class` (`tax_rate_class`(10)),
  KEY `tax_rate_priority` (`tax_rate_priority`)
) ENGINE=MyISAM DEFAULT CHARSET=utf8mb4 COLLATE=utf8mb4_unicode_ci;

--
-- Dumping data for table `wp_woocommerce_tax_rates`
--


--
-- Table structure for table `wp_wpforms_lite`
--

CREATE TABLE `wp_wpforms_lite` (
  `rid` int(10) NOT NULL AUTO_INCREMENT,
  `start` bigint(20) NOT NULL,
  `end` bigint(20) NOT NULL,
  `status` tinyint(2) NOT NULL DEFAULT 1,
  `date` int(10) NOT NULL,
  PRIMARY KEY (`rid`)
) ENGINE=InnoDB DEFAULT CHARSET=utf8;

--
-- Dumping data for table `wp_wpforms_lite`
--


--
-- Table structure for table `wp_wpforms_tasks_meta`
--

CREATE TABLE `wp_wpforms_tasks_meta` (
  `id` bigint(20) NOT NULL AUTO_INCREMENT,
  `action` varchar(255) COLLATE utf8mb4_unicode_ci NOT NULL,
  `data` longtext COLLATE utf8mb4_unicode_ci NOT NULL,
  `date` datetime NOT NULL,
  PRIMARY KEY (`id`)
) ENGINE=MyISAM AUTO_INCREMENT=393 DEFAULT CHARSET=utf8mb4 COLLATE=utf8mb4_unicode_ci;

--
-- Dumping data for table `wp_wpforms_tasks_meta`
--

INSERT INTO `wp_wpforms_tasks_meta` VALUES (1,'wpforms_process_entry_emails_meta_cleanup','Wzg2NDAwXQ==','2020-03-13 17:23:00'),(2,'wpforms_process_entry_emails_meta_cleanup','Wzg2NDAwXQ==','2020-03-14 06:57:02'),(3,'wpforms_process_entry_emails_meta_cleanup','Wzg2NDAwXQ==','2020-03-14 06:57:09'),(4,'wpforms_process_entry_emails_meta_cleanup','Wzg2NDAwXQ==','2020-03-14 06:57:21'),(5,'wpforms_process_entry_emails_meta_cleanup','Wzg2NDAwXQ==','2020-03-14 06:57:26'),(6,'wpforms_process_entry_emails_meta_cleanup','Wzg2NDAwXQ==','2020-03-14 06:57:53'),(7,'wpforms_process_entry_emails_meta_cleanup','Wzg2NDAwXQ==','2020-03-14 06:58:09'),(8,'wpforms_process_entry_emails_meta_cleanup','Wzg2NDAwXQ==','2020-03-14 06:58:20'),(9,'wpforms_process_entry_emails_meta_cleanup','Wzg2NDAwXQ==','2020-03-14 06:58:23'),(10,'wpforms_process_entry_emails_meta_cleanup','Wzg2NDAwXQ==','2020-03-14 06:58:26'),(11,'wpforms_process_entry_emails_meta_cleanup','Wzg2NDAwXQ==','2020-03-14 06:58:28'),(12,'wpforms_process_entry_emails_meta_cleanup','Wzg2NDAwXQ==','2020-03-14 06:59:19'),(13,'wpforms_process_entry_emails_meta_cleanup','Wzg2NDAwXQ==','2020-03-14 07:00:17'),(14,'wpforms_process_entry_emails_meta_cleanup','Wzg2NDAwXQ==','2020-03-14 07:00:18'),(15,'wpforms_process_entry_emails_meta_cleanup','Wzg2NDAwXQ==','2020-03-14 07:00:24'),(16,'wpforms_process_entry_emails_meta_cleanup','Wzg2NDAwXQ==','2020-03-14 07:00:24'),(17,'wpforms_process_entry_emails_meta_cleanup','Wzg2NDAwXQ==','2020-03-14 07:00:24'),(18,'wpforms_process_entry_emails_meta_cleanup','Wzg2NDAwXQ==','2020-03-14 07:02:32'),(19,'wpforms_process_entry_emails_meta_cleanup','Wzg2NDAwXQ==','2020-03-14 07:02:35'),(20,'wpforms_process_entry_emails_meta_cleanup','Wzg2NDAwXQ==','2020-03-14 07:03:16'),(21,'wpforms_process_entry_emails_meta_cleanup','Wzg2NDAwXQ==','2020-03-14 07:04:25'),(22,'wpforms_process_entry_emails_meta_cleanup','Wzg2NDAwXQ==','2020-03-14 07:04:30'),(23,'wpforms_process_entry_emails_meta_cleanup','Wzg2NDAwXQ==','2020-03-14 07:04:33'),(24,'wpforms_process_entry_emails_meta_cleanup','Wzg2NDAwXQ==','2020-03-14 07:05:43'),(25,'wpforms_process_entry_emails_meta_cleanup','Wzg2NDAwXQ==','2020-03-14 07:05:48'),(26,'wpforms_process_entry_emails_meta_cleanup','Wzg2NDAwXQ==','2020-03-14 07:05:48'),(27,'wpforms_process_entry_emails_meta_cleanup','Wzg2NDAwXQ==','2020-03-14 07:05:49'),(28,'wpforms_process_entry_emails_meta_cleanup','Wzg2NDAwXQ==','2020-03-14 07:06:00'),(29,'wpforms_process_entry_emails_meta_cleanup','Wzg2NDAwXQ==','2020-03-14 07:06:09'),(30,'wpforms_process_entry_emails_meta_cleanup','Wzg2NDAwXQ==','2020-03-14 07:06:41'),(31,'wpforms_process_entry_emails_meta_cleanup','Wzg2NDAwXQ==','2020-03-14 07:06:58'),(32,'wpforms_process_entry_emails_meta_cleanup','Wzg2NDAwXQ==','2020-03-14 07:07:03'),(33,'wpforms_process_entry_emails_meta_cleanup','Wzg2NDAwXQ==','2020-03-14 07:07:42'),(34,'wpforms_process_entry_emails_meta_cleanup','Wzg2NDAwXQ==','2020-03-14 07:08:41'),(35,'wpforms_process_entry_emails_meta_cleanup','Wzg2NDAwXQ==','2020-03-14 07:08:45'),(36,'wpforms_process_entry_emails_meta_cleanup','Wzg2NDAwXQ==','2020-03-14 07:09:44'),(37,'wpforms_process_entry_emails_meta_cleanup','Wzg2NDAwXQ==','2020-03-14 07:09:49'),(38,'wpforms_process_entry_emails_meta_cleanup','Wzg2NDAwXQ==','2020-03-14 07:10:47'),(39,'wpforms_process_entry_emails_meta_cleanup','Wzg2NDAwXQ==','2020-03-14 07:10:54'),(40,'wpforms_process_entry_emails_meta_cleanup','Wzg2NDAwXQ==','2020-03-14 07:11:51'),(41,'wpforms_process_entry_emails_meta_cleanup','Wzg2NDAwXQ==','2020-03-14 07:11:58'),(42,'wpforms_process_entry_emails_meta_cleanup','Wzg2NDAwXQ==','2020-03-14 07:13:01'),(43,'wpforms_process_entry_emails_meta_cleanup','Wzg2NDAwXQ==','2020-03-14 07:13:09'),(44,'wpforms_process_entry_emails_meta_cleanup','Wzg2NDAwXQ==','2020-03-14 07:13:55'),(45,'wpforms_process_entry_emails_meta_cleanup','Wzg2NDAwXQ==','2020-03-14 07:15:57'),(46,'wpforms_process_entry_emails_meta_cleanup','Wzg2NDAwXQ==','2020-03-14 07:15:58'),(47,'wpforms_process_entry_emails_meta_cleanup','Wzg2NDAwXQ==','2020-03-14 07:16:00'),(48,'wpforms_process_entry_emails_meta_cleanup','Wzg2NDAwXQ==','2020-03-14 07:16:08'),(49,'wpforms_process_entry_emails_meta_cleanup','Wzg2NDAwXQ==','2020-03-14 07:16:11'),(50,'wpforms_process_entry_emails_meta_cleanup','Wzg2NDAwXQ==','2020-03-14 07:16:11'),(51,'wpforms_process_entry_emails_meta_cleanup','Wzg2NDAwXQ==','2020-03-14 07:16:11'),(52,'wpforms_process_entry_emails_meta_cleanup','Wzg2NDAwXQ==','2020-03-14 07:16:17'),(53,'wpforms_process_entry_emails_meta_cleanup','Wzg2NDAwXQ==','2020-03-14 07:17:21'),(54,'wpforms_process_entry_emails_meta_cleanup','Wzg2NDAwXQ==','2020-03-14 07:17:25'),(55,'wpforms_process_entry_emails_meta_cleanup','Wzg2NDAwXQ==','2020-03-14 07:17:32'),(56,'wpforms_process_entry_emails_meta_cleanup','Wzg2NDAwXQ==','2020-03-14 07:18:39'),(57,'wpforms_process_entry_emails_meta_cleanup','Wzg2NDAwXQ==','2020-03-14 07:18:41'),(58,'wpforms_process_entry_emails_meta_cleanup','Wzg2NDAwXQ==','2020-03-14 07:20:47'),(59,'wpforms_process_entry_emails_meta_cleanup','Wzg2NDAwXQ==','2020-03-14 07:20:50'),(60,'wpforms_process_entry_emails_meta_cleanup','Wzg2NDAwXQ==','2020-03-14 07:22:53'),(61,'wpforms_process_entry_emails_meta_cleanup','Wzg2NDAwXQ==','2020-03-14 07:22:57'),(62,'wpforms_process_entry_emails_meta_cleanup','Wzg2NDAwXQ==','2020-03-14 07:24:46'),(63,'wpforms_process_entry_emails_meta_cleanup','Wzg2NDAwXQ==','2020-03-14 07:24:49'),(64,'wpforms_process_entry_emails_meta_cleanup','Wzg2NDAwXQ==','2020-03-14 07:25:21'),(65,'wpforms_process_entry_emails_meta_cleanup','Wzg2NDAwXQ==','2020-03-14 07:27:19'),(66,'wpforms_process_entry_emails_meta_cleanup','Wzg2NDAwXQ==','2020-03-14 07:27:28'),(67,'wpforms_process_entry_emails_meta_cleanup','Wzg2NDAwXQ==','2020-03-14 07:27:35'),(68,'wpforms_process_entry_emails_meta_cleanup','Wzg2NDAwXQ==','2020-03-14 07:27:43'),(69,'wpforms_process_entry_emails_meta_cleanup','Wzg2NDAwXQ==','2020-03-14 07:27:54'),(70,'wpforms_process_entry_emails_meta_cleanup','Wzg2NDAwXQ==','2020-03-14 07:28:19'),(71,'wpforms_process_entry_emails_meta_cleanup','Wzg2NDAwXQ==','2020-03-14 07:29:30'),(72,'wpforms_process_entry_emails_meta_cleanup','Wzg2NDAwXQ==','2020-03-14 07:29:48'),(73,'wpforms_process_entry_emails_meta_cleanup','Wzg2NDAwXQ==','2020-03-14 07:29:50'),(74,'wpforms_process_entry_emails_meta_cleanup','Wzg2NDAwXQ==','2020-03-14 07:30:08'),(75,'wpforms_process_entry_emails_meta_cleanup','Wzg2NDAwXQ==','2020-03-14 07:30:13'),(76,'wpforms_process_entry_emails_meta_cleanup','Wzg2NDAwXQ==','2020-03-14 07:40:27'),(77,'wpforms_process_entry_emails_meta_cleanup','Wzg2NDAwXQ==','2020-03-14 07:40:27'),(78,'wpforms_process_entry_emails_meta_cleanup','Wzg2NDAwXQ==','2020-03-14 07:40:37'),(79,'wpforms_process_entry_emails_meta_cleanup','Wzg2NDAwXQ==','2020-03-14 07:40:37'),(80,'wpforms_process_entry_emails_meta_cleanup','Wzg2NDAwXQ==','2020-03-14 07:46:01'),(81,'wpforms_process_entry_emails_meta_cleanup','Wzg2NDAwXQ==','2020-03-14 07:46:05'),(82,'wpforms_process_entry_emails_meta_cleanup','Wzg2NDAwXQ==','2020-03-14 08:09:15'),(83,'wpforms_process_entry_emails_meta_cleanup','Wzg2NDAwXQ==','2020-03-14 08:09:15'),(84,'wpforms_process_entry_emails_meta_cleanup','Wzg2NDAwXQ==','2020-03-14 08:09:37'),(85,'wpforms_process_entry_emails_meta_cleanup','Wzg2NDAwXQ==','2020-03-14 08:09:37'),(86,'wpforms_process_entry_emails_meta_cleanup','Wzg2NDAwXQ==','2020-03-14 08:23:50'),(87,'wpforms_process_entry_emails_meta_cleanup','Wzg2NDAwXQ==','2020-03-14 08:24:25'),(88,'wpforms_process_entry_emails_meta_cleanup','Wzg2NDAwXQ==','2020-03-14 08:31:38'),(89,'wpforms_process_entry_emails_meta_cleanup','Wzg2NDAwXQ==','2020-03-14 08:31:38'),(90,'wpforms_process_entry_emails_meta_cleanup','Wzg2NDAwXQ==','2020-03-14 08:31:53'),(91,'wpforms_process_entry_emails_meta_cleanup','Wzg2NDAwXQ==','2020-03-14 08:31:55'),(92,'wpforms_process_entry_emails_meta_cleanup','Wzg2NDAwXQ==','2020-03-14 08:36:15'),(93,'wpforms_process_entry_emails_meta_cleanup','Wzg2NDAwXQ==','2020-03-14 08:36:49'),(94,'wpforms_process_entry_emails_meta_cleanup','Wzg2NDAwXQ==','2020-03-14 08:37:52'),(95,'wpforms_process_entry_emails_meta_cleanup','Wzg2NDAwXQ==','2020-03-14 08:38:06'),(96,'wpforms_process_entry_emails_meta_cleanup','Wzg2NDAwXQ==','2020-03-14 10:11:48'),(97,'wpforms_process_entry_emails_meta_cleanup','Wzg2NDAwXQ==','2020-03-14 10:11:58'),(98,'wpforms_process_entry_emails_meta_cleanup','Wzg2NDAwXQ==','2020-03-14 10:12:42'),(99,'wpforms_process_entry_emails_meta_cleanup','Wzg2NDAwXQ==','2020-03-14 10:18:47'),(100,'wpforms_process_entry_emails_meta_cleanup','Wzg2NDAwXQ==','2020-03-14 10:18:51'),(101,'wpforms_process_entry_emails_meta_cleanup','Wzg2NDAwXQ==','2020-03-14 10:27:23'),(102,'wpforms_process_entry_emails_meta_cleanup','Wzg2NDAwXQ==','2020-03-14 10:27:39'),(103,'wpforms_process_entry_emails_meta_cleanup','Wzg2NDAwXQ==','2020-03-14 10:30:54'),(104,'wpforms_process_entry_emails_meta_cleanup','Wzg2NDAwXQ==','2020-03-14 10:30:59'),(105,'wpforms_process_entry_emails_meta_cleanup','Wzg2NDAwXQ==','2020-03-14 10:31:11'),(106,'wpforms_process_entry_emails_meta_cleanup','Wzg2NDAwXQ==','2020-03-14 10:31:14'),(107,'wpforms_process_entry_emails_meta_cleanup','Wzg2NDAwXQ==','2020-03-14 10:33:13'),(108,'wpforms_process_entry_emails_meta_cleanup','Wzg2NDAwXQ==','2020-03-14 10:33:34'),(109,'wpforms_process_entry_emails_meta_cleanup','Wzg2NDAwXQ==','2020-03-14 10:33:39'),(110,'wpforms_process_entry_emails_meta_cleanup','Wzg2NDAwXQ==','2020-03-14 10:36:09'),(111,'wpforms_process_entry_emails_meta_cleanup','Wzg2NDAwXQ==','2020-03-14 10:36:25'),(112,'wpforms_process_entry_emails_meta_cleanup','Wzg2NDAwXQ==','2020-03-14 10:42:47'),(113,'wpforms_process_entry_emails_meta_cleanup','Wzg2NDAwXQ==','2020-03-14 10:43:04'),(114,'wpforms_process_entry_emails_meta_cleanup','Wzg2NDAwXQ==','2020-03-14 10:45:44'),(115,'wpforms_process_entry_emails_meta_cleanup','Wzg2NDAwXQ==','2020-03-14 10:46:19'),(116,'wpforms_process_entry_emails_meta_cleanup','Wzg2NDAwXQ==','2020-03-14 10:48:32'),(117,'wpforms_process_entry_emails_meta_cleanup','Wzg2NDAwXQ==','2020-03-14 10:48:46'),(118,'wpforms_process_entry_emails_meta_cleanup','Wzg2NDAwXQ==','2020-03-14 10:48:52'),(119,'wpforms_process_entry_emails_meta_cleanup','Wzg2NDAwXQ==','2020-03-14 10:49:04'),(120,'wpforms_process_entry_emails_meta_cleanup','Wzg2NDAwXQ==','2020-03-14 10:49:25'),(121,'wpforms_process_entry_emails_meta_cleanup','Wzg2NDAwXQ==','2020-03-14 10:51:13'),(122,'wpforms_process_entry_emails_meta_cleanup','Wzg2NDAwXQ==','2020-03-14 10:51:15'),(123,'wpforms_process_entry_emails_meta_cleanup','Wzg2NDAwXQ==','2020-03-14 10:51:24'),(124,'wpforms_process_entry_emails_meta_cleanup','Wzg2NDAwXQ==','2020-03-14 10:51:27'),(125,'wpforms_process_entry_emails_meta_cleanup','Wzg2NDAwXQ==','2020-03-14 10:52:30'),(126,'wpforms_process_entry_emails_meta_cleanup','Wzg2NDAwXQ==','2020-03-14 10:52:40'),(127,'wpforms_process_entry_emails_meta_cleanup','Wzg2NDAwXQ==','2020-03-14 10:52:41'),(128,'wpforms_process_entry_emails_meta_cleanup','Wzg2NDAwXQ==','2020-03-14 10:52:50'),(129,'wpforms_process_entry_emails_meta_cleanup','Wzg2NDAwXQ==','2020-03-14 10:58:02'),(130,'wpforms_process_entry_emails_meta_cleanup','Wzg2NDAwXQ==','2020-03-14 10:58:07'),(131,'wpforms_process_entry_emails_meta_cleanup','Wzg2NDAwXQ==','2020-03-14 11:02:11'),(132,'wpforms_process_entry_emails_meta_cleanup','Wzg2NDAwXQ==','2020-03-14 11:02:12'),(133,'wpforms_process_entry_emails_meta_cleanup','Wzg2NDAwXQ==','2020-03-14 11:05:57'),(134,'wpforms_process_entry_emails_meta_cleanup','Wzg2NDAwXQ==','2020-03-14 11:06:01'),(135,'wpforms_process_entry_emails_meta_cleanup','Wzg2NDAwXQ==','2020-03-14 11:42:06'),(136,'wpforms_process_entry_emails_meta_cleanup','Wzg2NDAwXQ==','2020-03-14 11:42:21'),(137,'wpforms_process_entry_emails_meta_cleanup','Wzg2NDAwXQ==','2020-03-14 11:52:43'),(138,'wpforms_process_entry_emails_meta_cleanup','Wzg2NDAwXQ==','2020-03-14 11:52:58'),(139,'wpforms_process_entry_emails_meta_cleanup','Wzg2NDAwXQ==','2020-03-14 12:05:16'),(140,'wpforms_process_entry_emails_meta_cleanup','Wzg2NDAwXQ==','2020-03-14 12:05:25'),(141,'wpforms_process_entry_emails_meta_cleanup','Wzg2NDAwXQ==','2020-03-14 13:03:56'),(142,'wpforms_process_entry_emails_meta_cleanup','Wzg2NDAwXQ==','2020-03-14 13:04:05'),(143,'wpforms_process_entry_emails_meta_cleanup','Wzg2NDAwXQ==','2020-03-14 13:42:37'),(144,'wpforms_process_entry_emails_meta_cleanup','Wzg2NDAwXQ==','2020-03-14 13:42:38'),(145,'wpforms_process_entry_emails_meta_cleanup','Wzg2NDAwXQ==','2020-03-14 13:42:42'),(146,'wpforms_process_entry_emails_meta_cleanup','Wzg2NDAwXQ==','2020-03-14 13:42:42'),(147,'wpforms_process_entry_emails_meta_cleanup','Wzg2NDAwXQ==','2020-03-14 13:47:23'),(148,'wpforms_process_entry_emails_meta_cleanup','Wzg2NDAwXQ==','2020-03-14 13:47:27'),(149,'wpforms_process_entry_emails_meta_cleanup','Wzg2NDAwXQ==','2020-03-14 14:25:26'),(150,'wpforms_process_entry_emails_meta_cleanup','Wzg2NDAwXQ==','2020-03-14 14:25:41'),(151,'wpforms_process_entry_emails_meta_cleanup','Wzg2NDAwXQ==','2020-03-14 14:46:33'),(152,'wpforms_process_entry_emails_meta_cleanup','Wzg2NDAwXQ==','2020-03-14 14:46:40'),(153,'wpforms_process_entry_emails_meta_cleanup','Wzg2NDAwXQ==','2020-03-14 14:46:50'),(154,'wpforms_process_entry_emails_meta_cleanup','Wzg2NDAwXQ==','2020-03-14 14:46:58'),(155,'wpforms_process_entry_emails_meta_cleanup','Wzg2NDAwXQ==','2020-03-14 14:47:34'),(156,'wpforms_process_entry_emails_meta_cleanup','Wzg2NDAwXQ==','2020-03-14 14:48:24'),(157,'wpforms_process_entry_emails_meta_cleanup','Wzg2NDAwXQ==','2020-03-14 14:48:30'),(158,'wpforms_process_entry_emails_meta_cleanup','Wzg2NDAwXQ==','2020-03-14 14:48:40'),(159,'wpforms_process_entry_emails_meta_cleanup','Wzg2NDAwXQ==','2020-03-14 14:48:59'),(160,'wpforms_process_entry_emails_meta_cleanup','Wzg2NDAwXQ==','2020-03-14 14:49:02'),(161,'wpforms_process_entry_emails_meta_cleanup','Wzg2NDAwXQ==','2020-03-14 14:49:05'),(162,'wpforms_process_entry_emails_meta_cleanup','Wzg2NDAwXQ==','2020-03-14 14:55:41'),(163,'wpforms_process_entry_emails_meta_cleanup','Wzg2NDAwXQ==','2020-03-14 14:56:00'),(164,'wpforms_process_entry_emails_meta_cleanup','Wzg2NDAwXQ==','2020-03-14 14:59:31'),(165,'wpforms_process_entry_emails_meta_cleanup','Wzg2NDAwXQ==','2020-03-14 14:59:50'),(166,'wpforms_process_entry_emails_meta_cleanup','Wzg2NDAwXQ==','2020-03-14 15:06:41'),(167,'wpforms_process_entry_emails_meta_cleanup','Wzg2NDAwXQ==','2020-03-14 15:07:06'),(168,'wpforms_process_entry_emails_meta_cleanup','Wzg2NDAwXQ==','2020-03-14 15:31:48'),(169,'wpforms_process_entry_emails_meta_cleanup','Wzg2NDAwXQ==','2020-03-14 15:31:53'),(170,'wpforms_process_entry_emails_meta_cleanup','Wzg2NDAwXQ==','2020-03-14 15:32:06'),(171,'wpforms_process_entry_emails_meta_cleanup','Wzg2NDAwXQ==','2020-03-14 15:32:11'),(172,'wpforms_process_entry_emails_meta_cleanup','Wzg2NDAwXQ==','2020-03-14 16:24:03'),(173,'wpforms_process_entry_emails_meta_cleanup','Wzg2NDAwXQ==','2020-03-14 16:24:06'),(174,'wpforms_process_entry_emails_meta_cleanup','Wzg2NDAwXQ==','2020-03-14 16:46:06'),(175,'wpforms_process_entry_emails_meta_cleanup','Wzg2NDAwXQ==','2020-03-14 16:46:19'),(176,'wpforms_process_entry_emails_meta_cleanup','Wzg2NDAwXQ==','2020-03-14 17:23:08'),(177,'wpforms_process_entry_emails_meta_cleanup','Wzg2NDAwXQ==','2020-03-14 17:23:20'),(178,'wpforms_process_entry_emails_meta_cleanup','Wzg2NDAwXQ==','2020-03-14 17:30:47'),(179,'wpforms_process_entry_emails_meta_cleanup','Wzg2NDAwXQ==','2020-03-14 17:31:05'),(180,'wpforms_process_entry_emails_meta_cleanup','Wzg2NDAwXQ==','2020-03-14 17:55:34'),(181,'wpforms_process_entry_emails_meta_cleanup','Wzg2NDAwXQ==','2020-03-14 17:57:24'),(182,'wpforms_process_entry_emails_meta_cleanup','Wzg2NDAwXQ==','2020-03-14 17:57:33'),(183,'wpforms_process_entry_emails_meta_cleanup','Wzg2NDAwXQ==','2020-03-14 19:03:20'),(184,'wpforms_process_entry_emails_meta_cleanup','Wzg2NDAwXQ==','2020-03-14 19:03:23'),(185,'wpforms_process_entry_emails_meta_cleanup','Wzg2NDAwXQ==','2020-03-14 19:44:05'),(186,'wpforms_process_entry_emails_meta_cleanup','Wzg2NDAwXQ==','2020-03-14 19:44:09'),(187,'wpforms_process_entry_emails_meta_cleanup','Wzg2NDAwXQ==','2020-03-14 19:44:43'),(188,'wpforms_process_entry_emails_meta_cleanup','Wzg2NDAwXQ==','2020-03-14 20:23:03'),(189,'wpforms_process_entry_emails_meta_cleanup','Wzg2NDAwXQ==','2020-03-14 20:23:06'),(190,'wpforms_process_entry_emails_meta_cleanup','Wzg2NDAwXQ==','2020-03-14 20:40:08'),(191,'wpforms_process_entry_emails_meta_cleanup','Wzg2NDAwXQ==','2020-03-14 20:40:13'),(192,'wpforms_process_entry_emails_meta_cleanup','Wzg2NDAwXQ==','2020-03-14 20:42:21'),(193,'wpforms_process_entry_emails_meta_cleanup','Wzg2NDAwXQ==','2020-03-14 20:42:25'),(194,'wpforms_process_entry_emails_meta_cleanup','Wzg2NDAwXQ==','2020-03-14 21:02:56'),(195,'wpforms_process_entry_emails_meta_cleanup','Wzg2NDAwXQ==','2020-03-14 21:03:00'),(196,'wpforms_process_entry_emails_meta_cleanup','Wzg2NDAwXQ==','2020-03-14 21:11:09'),(197,'wpforms_process_entry_emails_meta_cleanup','Wzg2NDAwXQ==','2020-03-14 21:11:10'),(198,'wpforms_process_entry_emails_meta_cleanup','Wzg2NDAwXQ==','2020-03-14 21:11:28'),(199,'wpforms_process_entry_emails_meta_cleanup','Wzg2NDAwXQ==','2020-03-14 21:11:41'),(200,'wpforms_process_entry_emails_meta_cleanup','Wzg2NDAwXQ==','2020-03-14 21:12:37'),(201,'wpforms_process_entry_emails_meta_cleanup','Wzg2NDAwXQ==','2020-03-14 21:12:40'),(202,'wpforms_process_entry_emails_meta_cleanup','Wzg2NDAwXQ==','2020-03-14 21:12:44'),(203,'wpforms_process_entry_emails_meta_cleanup','Wzg2NDAwXQ==','2020-03-14 21:12:58'),(204,'wpforms_process_entry_emails_meta_cleanup','Wzg2NDAwXQ==','2020-03-14 21:13:12'),(205,'wpforms_process_entry_emails_meta_cleanup','Wzg2NDAwXQ==','2020-03-14 21:13:42'),(206,'wpforms_process_entry_emails_meta_cleanup','Wzg2NDAwXQ==','2020-03-14 21:13:46'),(207,'wpforms_process_entry_emails_meta_cleanup','Wzg2NDAwXQ==','2020-03-14 21:13:56'),(208,'wpforms_process_entry_emails_meta_cleanup','Wzg2NDAwXQ==','2020-03-14 21:14:04'),(209,'wpforms_process_entry_emails_meta_cleanup','Wzg2NDAwXQ==','2020-03-14 21:45:03'),(210,'wpforms_process_entry_emails_meta_cleanup','Wzg2NDAwXQ==','2020-03-14 23:06:20'),(211,'wpforms_process_entry_emails_meta_cleanup','Wzg2NDAwXQ==','2020-03-14 23:06:37'),(212,'wpforms_process_entry_emails_meta_cleanup','Wzg2NDAwXQ==','2020-03-14 23:25:43'),(213,'wpforms_process_entry_emails_meta_cleanup','Wzg2NDAwXQ==','2020-03-14 23:25:55'),(214,'wpforms_process_entry_emails_meta_cleanup','Wzg2NDAwXQ==','2020-03-14 23:44:32'),(215,'wpforms_process_entry_emails_meta_cleanup','Wzg2NDAwXQ==','2020-03-14 23:44:45'),(216,'wpforms_process_entry_emails_meta_cleanup','Wzg2NDAwXQ==','2020-03-15 00:29:02'),(217,'wpforms_process_entry_emails_meta_cleanup','Wzg2NDAwXQ==','2020-03-15 00:29:03'),(218,'wpforms_process_entry_emails_meta_cleanup','Wzg2NDAwXQ==','2020-03-15 01:53:01'),(219,'wpforms_process_entry_emails_meta_cleanup','Wzg2NDAwXQ==','2020-03-15 01:53:03'),(220,'wpforms_process_entry_emails_meta_cleanup','Wzg2NDAwXQ==','2020-03-15 01:55:30'),(221,'wpforms_process_entry_emails_meta_cleanup','Wzg2NDAwXQ==','2020-03-15 01:55:31'),(222,'wpforms_process_entry_emails_meta_cleanup','Wzg2NDAwXQ==','2020-03-15 01:55:45'),(223,'wpforms_process_entry_emails_meta_cleanup','Wzg2NDAwXQ==','2020-03-15 01:55:55'),(224,'wpforms_process_entry_emails_meta_cleanup','Wzg2NDAwXQ==','2020-03-15 01:57:03'),(225,'wpforms_process_entry_emails_meta_cleanup','Wzg2NDAwXQ==','2020-03-15 01:57:05'),(226,'wpforms_process_entry_emails_meta_cleanup','Wzg2NDAwXQ==','2020-03-15 01:57:16'),(227,'wpforms_process_entry_emails_meta_cleanup','Wzg2NDAwXQ==','2020-03-15 01:57:31'),(228,'wpforms_process_entry_emails_meta_cleanup','Wzg2NDAwXQ==','2020-03-15 03:00:51'),(229,'wpforms_process_entry_emails_meta_cleanup','Wzg2NDAwXQ==','2020-03-15 03:00:55'),(230,'wpforms_process_entry_emails_meta_cleanup','Wzg2NDAwXQ==','2020-03-15 03:29:48'),(231,'wpforms_process_entry_emails_meta_cleanup','Wzg2NDAwXQ==','2020-03-15 03:29:52'),(232,'wpforms_process_entry_emails_meta_cleanup','Wzg2NDAwXQ==','2020-03-15 04:04:56'),(233,'wpforms_process_entry_emails_meta_cleanup','Wzg2NDAwXQ==','2020-03-15 04:04:57'),(234,'wpforms_process_entry_emails_meta_cleanup','Wzg2NDAwXQ==','2020-03-15 04:39:45'),(235,'wpforms_process_entry_emails_meta_cleanup','Wzg2NDAwXQ==','2020-03-15 04:39:49'),(236,'wpforms_process_entry_emails_meta_cleanup','Wzg2NDAwXQ==','2020-03-15 04:41:22'),(237,'wpforms_process_entry_emails_meta_cleanup','Wzg2NDAwXQ==','2020-03-15 04:41:26'),(238,'wpforms_process_entry_emails_meta_cleanup','Wzg2NDAwXQ==','2020-03-15 05:20:51'),(239,'wpforms_process_entry_emails_meta_cleanup','Wzg2NDAwXQ==','2020-03-15 05:21:05'),(240,'wpforms_process_entry_emails_meta_cleanup','Wzg2NDAwXQ==','2020-03-15 05:46:05'),(241,'wpforms_process_entry_emails_meta_cleanup','Wzg2NDAwXQ==','2020-03-15 05:46:12'),(242,'wpforms_process_entry_emails_meta_cleanup','Wzg2NDAwXQ==','2020-03-15 05:48:51'),(243,'wpforms_process_entry_emails_meta_cleanup','Wzg2NDAwXQ==','2020-03-15 05:48:58'),(244,'wpforms_process_entry_emails_meta_cleanup','Wzg2NDAwXQ==','2020-03-15 05:52:53'),(245,'wpforms_process_entry_emails_meta_cleanup','Wzg2NDAwXQ==','2020-03-15 05:52:54'),(246,'wpforms_process_entry_emails_meta_cleanup','Wzg2NDAwXQ==','2020-03-15 06:07:26'),(247,'wpforms_process_entry_emails_meta_cleanup','Wzg2NDAwXQ==','2020-03-15 06:07:27'),(248,'wpforms_process_entry_emails_meta_cleanup','Wzg2NDAwXQ==','2020-03-15 06:08:00'),(249,'wpforms_process_entry_emails_meta_cleanup','Wzg2NDAwXQ==','2020-03-15 06:15:26'),(250,'wpforms_process_entry_emails_meta_cleanup','Wzg2NDAwXQ==','2020-03-15 06:15:27'),(251,'wpforms_process_entry_emails_meta_cleanup','Wzg2NDAwXQ==','2020-03-15 06:36:10'),(252,'wpforms_process_entry_emails_meta_cleanup','Wzg2NDAwXQ==','2020-03-15 06:36:22'),(253,'wpforms_process_entry_emails_meta_cleanup','Wzg2NDAwXQ==','2020-03-15 06:52:30'),(254,'wpforms_process_entry_emails_meta_cleanup','Wzg2NDAwXQ==','2020-03-15 06:52:37'),(255,'wpforms_process_entry_emails_meta_cleanup','Wzg2NDAwXQ==','2020-03-15 06:57:24'),(256,'wpforms_process_entry_emails_meta_cleanup','Wzg2NDAwXQ==','2020-03-15 06:57:24'),(257,'wpforms_process_entry_emails_meta_cleanup','Wzg2NDAwXQ==','2020-03-15 06:57:24'),(258,'wpforms_process_entry_emails_meta_cleanup','Wzg2NDAwXQ==','2020-03-15 06:57:25'),(259,'wpforms_process_entry_emails_meta_cleanup','Wzg2NDAwXQ==','2020-03-15 06:57:25'),(260,'wpforms_process_entry_emails_meta_cleanup','Wzg2NDAwXQ==','2020-03-15 06:57:34'),(261,'wpforms_process_entry_emails_meta_cleanup','Wzg2NDAwXQ==','2020-03-15 06:57:35'),(262,'wpforms_process_entry_emails_meta_cleanup','Wzg2NDAwXQ==','2020-03-15 06:57:36'),(263,'wpforms_process_entry_emails_meta_cleanup','Wzg2NDAwXQ==','2020-03-15 07:16:54'),(264,'wpforms_process_entry_emails_meta_cleanup','Wzg2NDAwXQ==','2020-03-15 07:16:54'),(265,'wpforms_process_entry_emails_meta_cleanup','Wzg2NDAwXQ==','2020-03-15 07:17:10'),(266,'wpforms_process_entry_emails_meta_cleanup','Wzg2NDAwXQ==','2020-03-15 07:17:12'),(267,'wpforms_process_entry_emails_meta_cleanup','Wzg2NDAwXQ==','2020-03-15 07:33:30'),(268,'wpforms_process_entry_emails_meta_cleanup','Wzg2NDAwXQ==','2020-03-15 07:33:43'),(269,'wpforms_process_entry_emails_meta_cleanup','Wzg2NDAwXQ==','2020-03-15 07:52:21'),(270,'wpforms_process_entry_emails_meta_cleanup','Wzg2NDAwXQ==','2020-03-15 07:52:21'),(271,'wpforms_process_entry_emails_meta_cleanup','Wzg2NDAwXQ==','2020-03-15 07:52:22'),(272,'wpforms_process_entry_emails_meta_cleanup','Wzg2NDAwXQ==','2020-03-15 07:52:36'),(273,'wpforms_process_entry_emails_meta_cleanup','Wzg2NDAwXQ==','2020-03-15 07:52:36'),(274,'wpforms_process_entry_emails_meta_cleanup','Wzg2NDAwXQ==','2020-03-15 07:52:37'),(275,'wpforms_process_entry_emails_meta_cleanup','Wzg2NDAwXQ==','2020-03-15 08:35:09'),(276,'wpforms_process_entry_emails_meta_cleanup','Wzg2NDAwXQ==','2020-03-15 08:35:11'),(277,'wpforms_process_entry_emails_meta_cleanup','Wzg2NDAwXQ==','2020-03-15 08:51:38'),(278,'wpforms_process_entry_emails_meta_cleanup','Wzg2NDAwXQ==','2020-03-15 08:51:38'),(279,'wpforms_process_entry_emails_meta_cleanup','Wzg2NDAwXQ==','2020-03-15 08:51:42'),(280,'wpforms_process_entry_emails_meta_cleanup','Wzg2NDAwXQ==','2020-03-15 08:51:43'),(281,'wpforms_process_entry_emails_meta_cleanup','Wzg2NDAwXQ==','2020-03-15 08:56:20'),(282,'wpforms_process_entry_emails_meta_cleanup','Wzg2NDAwXQ==','2020-03-15 08:56:22'),(283,'wpforms_process_entry_emails_meta_cleanup','Wzg2NDAwXQ==','2020-03-15 09:48:18'),(284,'wpforms_process_entry_emails_meta_cleanup','Wzg2NDAwXQ==','2020-03-15 09:48:18'),(285,'wpforms_process_entry_emails_meta_cleanup','Wzg2NDAwXQ==','2020-03-15 09:48:23'),(286,'wpforms_process_entry_emails_meta_cleanup','Wzg2NDAwXQ==','2020-03-15 09:48:24'),(287,'wpforms_process_entry_emails_meta_cleanup','Wzg2NDAwXQ==','2020-03-15 10:02:18'),(288,'wpforms_process_entry_emails_meta_cleanup','Wzg2NDAwXQ==','2020-03-15 10:02:21'),(289,'wpforms_process_entry_emails_meta_cleanup','Wzg2NDAwXQ==','2020-03-15 10:35:29'),(290,'wpforms_process_entry_emails_meta_cleanup','Wzg2NDAwXQ==','2020-03-15 10:35:31'),(291,'wpforms_process_entry_emails_meta_cleanup','Wzg2NDAwXQ==','2020-03-15 10:42:21'),(292,'wpforms_process_entry_emails_meta_cleanup','Wzg2NDAwXQ==','2020-03-15 10:42:26'),(293,'wpforms_process_entry_emails_meta_cleanup','Wzg2NDAwXQ==','2020-03-15 10:42:26'),(294,'wpforms_process_entry_emails_meta_cleanup','Wzg2NDAwXQ==','2020-03-15 11:20:29'),(295,'wpforms_process_entry_emails_meta_cleanup','Wzg2NDAwXQ==','2020-03-15 11:20:31'),(296,'wpforms_process_entry_emails_meta_cleanup','Wzg2NDAwXQ==','2020-03-15 11:33:46'),(297,'wpforms_process_entry_emails_meta_cleanup','Wzg2NDAwXQ==','2020-03-15 11:33:47'),(298,'wpforms_process_entry_emails_meta_cleanup','Wzg2NDAwXQ==','2020-03-15 11:52:37'),(299,'wpforms_process_entry_emails_meta_cleanup','Wzg2NDAwXQ==','2020-03-15 11:52:37'),(300,'wpforms_process_entry_emails_meta_cleanup','Wzg2NDAwXQ==','2020-03-15 11:57:08'),(301,'wpforms_process_entry_emails_meta_cleanup','Wzg2NDAwXQ==','2020-03-15 11:57:10'),(302,'wpforms_process_entry_emails_meta_cleanup','Wzg2NDAwXQ==','2020-03-15 12:29:07'),(303,'wpforms_process_entry_emails_meta_cleanup','Wzg2NDAwXQ==','2020-03-15 12:29:07'),(304,'wpforms_process_entry_emails_meta_cleanup','Wzg2NDAwXQ==','2020-03-15 12:39:35'),(305,'wpforms_process_entry_emails_meta_cleanup','Wzg2NDAwXQ==','2020-03-15 12:39:37'),(306,'wpforms_process_entry_emails_meta_cleanup','Wzg2NDAwXQ==','2020-03-15 13:08:52'),(307,'wpforms_process_entry_emails_meta_cleanup','Wzg2NDAwXQ==','2020-03-15 13:08:54'),(308,'wpforms_process_entry_emails_meta_cleanup','Wzg2NDAwXQ==','2020-03-15 13:12:25'),(309,'wpforms_process_entry_emails_meta_cleanup','Wzg2NDAwXQ==','2020-03-15 13:12:26'),(310,'wpforms_process_entry_emails_meta_cleanup','Wzg2NDAwXQ==','2020-03-15 14:05:02'),(311,'wpforms_process_entry_emails_meta_cleanup','Wzg2NDAwXQ==','2020-03-15 14:05:02'),(312,'wpforms_process_entry_emails_meta_cleanup','Wzg2NDAwXQ==','2020-03-15 14:05:05'),(313,'wpforms_process_entry_emails_meta_cleanup','Wzg2NDAwXQ==','2020-03-15 15:17:21'),(314,'wpforms_process_entry_emails_meta_cleanup','Wzg2NDAwXQ==','2020-03-15 15:17:22'),(315,'wpforms_process_entry_emails_meta_cleanup','Wzg2NDAwXQ==','2020-03-15 16:02:32'),(316,'wpforms_process_entry_emails_meta_cleanup','Wzg2NDAwXQ==','2020-03-15 16:02:32'),(317,'wpforms_process_entry_emails_meta_cleanup','Wzg2NDAwXQ==','2020-03-15 16:42:35'),(318,'wpforms_process_entry_emails_meta_cleanup','Wzg2NDAwXQ==','2020-03-15 16:44:37'),(319,'wpforms_process_entry_emails_meta_cleanup','Wzg2NDAwXQ==','2020-03-15 16:44:40'),(320,'wpforms_process_entry_emails_meta_cleanup','Wzg2NDAwXQ==','2020-03-15 16:46:33'),(321,'wpforms_process_entry_emails_meta_cleanup','Wzg2NDAwXQ==','2020-03-15 16:46:35'),(322,'wpforms_process_entry_emails_meta_cleanup','Wzg2NDAwXQ==','2020-03-15 17:22:54'),(323,'wpforms_process_entry_emails_meta_cleanup','Wzg2NDAwXQ==','2020-03-15 17:22:55'),(324,'wpforms_process_entry_emails_meta_cleanup','Wzg2NDAwXQ==','2020-03-15 17:41:51'),(325,'wpforms_process_entry_emails_meta_cleanup','Wzg2NDAwXQ==','2020-03-15 17:41:51'),(326,'wpforms_process_entry_emails_meta_cleanup','Wzg2NDAwXQ==','2020-03-15 17:46:01'),(327,'wpforms_process_entry_emails_meta_cleanup','Wzg2NDAwXQ==','2020-03-15 17:46:01'),(328,'wpforms_process_entry_emails_meta_cleanup','Wzg2NDAwXQ==','2020-03-15 18:48:35'),(329,'wpforms_process_entry_emails_meta_cleanup','Wzg2NDAwXQ==','2020-03-15 18:48:35'),(330,'wpforms_process_entry_emails_meta_cleanup','Wzg2NDAwXQ==','2020-03-15 19:45:55'),(331,'wpforms_process_entry_emails_meta_cleanup','Wzg2NDAwXQ==','2020-03-15 19:45:55'),(332,'wpforms_process_entry_emails_meta_cleanup','Wzg2NDAwXQ==','2020-03-15 20:18:43'),(333,'wpforms_process_entry_emails_meta_cleanup','Wzg2NDAwXQ==','2020-03-15 20:18:43'),(334,'wpforms_process_entry_emails_meta_cleanup','Wzg2NDAwXQ==','2020-03-15 20:31:49'),(335,'wpforms_process_entry_emails_meta_cleanup','Wzg2NDAwXQ==','2020-03-15 20:31:49'),(336,'wpforms_process_entry_emails_meta_cleanup','Wzg2NDAwXQ==','2020-03-15 21:01:01'),(337,'wpforms_process_entry_emails_meta_cleanup','Wzg2NDAwXQ==','2020-03-15 21:01:01'),(338,'wpforms_process_entry_emails_meta_cleanup','Wzg2NDAwXQ==','2020-03-15 22:00:33'),(339,'wpforms_process_entry_emails_meta_cleanup','Wzg2NDAwXQ==','2020-03-15 22:00:33'),(340,'wpforms_process_entry_emails_meta_cleanup','Wzg2NDAwXQ==','2020-03-15 22:30:12'),(341,'wpforms_process_entry_emails_meta_cleanup','Wzg2NDAwXQ==','2020-03-15 22:30:12'),(342,'wpforms_process_entry_emails_meta_cleanup','Wzg2NDAwXQ==','2020-03-15 22:30:14'),(343,'wpforms_process_entry_emails_meta_cleanup','Wzg2NDAwXQ==','2020-03-15 22:34:47'),(344,'wpforms_process_entry_emails_meta_cleanup','Wzg2NDAwXQ==','2020-03-15 22:34:47'),(345,'wpforms_process_entry_emails_meta_cleanup','Wzg2NDAwXQ==','2020-03-15 23:30:21'),(346,'wpforms_process_entry_emails_meta_cleanup','Wzg2NDAwXQ==','2020-03-15 23:30:21'),(347,'wpforms_process_entry_emails_meta_cleanup','Wzg2NDAwXQ==','2020-03-16 00:53:25'),(348,'wpforms_process_entry_emails_meta_cleanup','Wzg2NDAwXQ==','2020-03-16 00:53:25'),(349,'wpforms_process_entry_emails_meta_cleanup','Wzg2NDAwXQ==','2020-03-16 00:53:26'),(350,'wpforms_process_entry_emails_meta_cleanup','Wzg2NDAwXQ==','2020-03-16 00:56:21'),(351,'wpforms_process_entry_emails_meta_cleanup','Wzg2NDAwXQ==','2020-03-16 00:56:22'),(352,'wpforms_process_entry_emails_meta_cleanup','Wzg2NDAwXQ==','2020-03-16 00:56:24'),(353,'wpforms_process_entry_emails_meta_cleanup','Wzg2NDAwXQ==','2020-03-16 00:56:25'),(354,'wpforms_process_entry_emails_meta_cleanup','Wzg2NDAwXQ==','2020-03-16 00:57:54'),(355,'wpforms_process_entry_emails_meta_cleanup','Wzg2NDAwXQ==','2020-03-16 00:57:55'),(356,'wpforms_process_entry_emails_meta_cleanup','Wzg2NDAwXQ==','2020-03-16 00:59:01'),(357,'wpforms_process_entry_emails_meta_cleanup','Wzg2NDAwXQ==','2020-03-16 00:59:01'),(358,'wpforms_process_entry_emails_meta_cleanup','Wzg2NDAwXQ==','2020-03-16 01:37:46'),(359,'wpforms_process_entry_emails_meta_cleanup','Wzg2NDAwXQ==','2020-03-16 01:37:46'),(360,'wpforms_process_entry_emails_meta_cleanup','Wzg2NDAwXQ==','2020-03-16 01:43:42'),(361,'wpforms_process_entry_emails_meta_cleanup','Wzg2NDAwXQ==','2020-03-16 01:43:42'),(362,'wpforms_process_entry_emails_meta_cleanup','Wzg2NDAwXQ==','2020-03-16 03:43:20'),(363,'wpforms_process_entry_emails_meta_cleanup','Wzg2NDAwXQ==','2020-03-16 03:55:31'),(364,'wpforms_process_entry_emails_meta_cleanup','Wzg2NDAwXQ==','2020-03-16 03:55:31'),(365,'wpforms_process_entry_emails_meta_cleanup','Wzg2NDAwXQ==','2020-03-16 03:59:17'),(366,'wpforms_process_entry_emails_meta_cleanup','Wzg2NDAwXQ==','2020-03-16 03:59:17'),(367,'wpforms_process_entry_emails_meta_cleanup','Wzg2NDAwXQ==','2020-03-16 04:43:32'),(368,'wpforms_process_entry_emails_meta_cleanup','Wzg2NDAwXQ==','2020-03-16 04:43:33'),(369,'wpforms_process_entry_emails_meta_cleanup','Wzg2NDAwXQ==','2020-03-16 05:45:40'),(370,'wpforms_process_entry_emails_meta_cleanup','Wzg2NDAwXQ==','2020-03-16 05:45:40'),(371,'wpforms_process_entry_emails_meta_cleanup','Wzg2NDAwXQ==','2020-03-16 06:36:30'),(372,'wpforms_process_entry_emails_meta_cleanup','Wzg2NDAwXQ==','2020-03-16 06:36:30'),(373,'wpforms_process_entry_emails_meta_cleanup','Wzg2NDAwXQ==','2020-03-16 06:57:21'),(374,'wpforms_process_entry_emails_meta_cleanup','Wzg2NDAwXQ==','2020-03-16 06:57:21'),(375,'wpforms_process_entry_emails_meta_cleanup','Wzg2NDAwXQ==','2020-03-16 07:57:15'),(376,'wpforms_process_entry_emails_meta_cleanup','Wzg2NDAwXQ==','2020-03-16 07:57:16'),(377,'wpforms_process_entry_emails_meta_cleanup','Wzg2NDAwXQ==','2020-03-16 08:08:34'),(378,'wpforms_process_entry_emails_meta_cleanup','Wzg2NDAwXQ==','2020-03-16 08:08:34'),(379,'wpforms_process_entry_emails_meta_cleanup','Wzg2NDAwXQ==','2020-03-16 09:10:09'),(380,'wpforms_process_entry_emails_meta_cleanup','Wzg2NDAwXQ==','2020-03-16 09:10:09'),(381,'wpforms_process_entry_emails_meta_cleanup','Wzg2NDAwXQ==','2020-03-16 10:15:59'),(382,'wpforms_process_entry_emails_meta_cleanup','Wzg2NDAwXQ==','2020-03-16 10:15:59'),(383,'wpforms_process_entry_emails_meta_cleanup','Wzg2NDAwXQ==','2020-03-16 10:20:09'),(384,'wpforms_process_entry_emails_meta_cleanup','Wzg2NDAwXQ==','2020-03-16 10:20:10'),(385,'wpforms_process_entry_emails_meta_cleanup','Wzg2NDAwXQ==','2020-03-16 10:20:16'),(386,'wpforms_process_entry_emails_meta_cleanup','Wzg2NDAwXQ==','2020-03-16 10:33:39'),(387,'wpforms_process_entry_emails_meta_cleanup','Wzg2NDAwXQ==','2020-03-16 10:33:39'),(388,'wpforms_process_entry_emails_meta_cleanup','Wzg2NDAwXQ==','2020-03-16 10:37:39'),(389,'wpforms_process_entry_emails_meta_cleanup','Wzg2NDAwXQ==','2020-03-16 10:37:39'),(390,'wpforms_process_entry_emails_meta_cleanup','Wzg2NDAwXQ==','2020-03-16 10:39:27'),(391,'wpforms_process_entry_emails_meta_cleanup','Wzg2NDAwXQ==','2020-03-16 10:39:28'),(392,'wpforms_process_entry_emails_meta_cleanup','Wzg2NDAwXQ==','2020-03-16 10:40:10');

--
-- Table structure for table `wp_yoast_indexable`
--

CREATE TABLE `wp_yoast_indexable` (
  `id` int(11) unsigned NOT NULL AUTO_INCREMENT,
  `permalink` longtext COLLATE utf8mb4_unicode_ci DEFAULT NULL,
  `permalink_hash` varchar(40) COLLATE utf8mb4_unicode_ci DEFAULT NULL,
  `object_id` int(11) unsigned DEFAULT NULL,
  `object_type` varchar(32) COLLATE utf8mb4_unicode_ci NOT NULL,
  `object_sub_type` varchar(32) COLLATE utf8mb4_unicode_ci DEFAULT NULL,
  `author_id` int(11) unsigned DEFAULT NULL,
  `post_parent` int(11) unsigned DEFAULT NULL,
  `title` text COLLATE utf8mb4_unicode_ci DEFAULT NULL,
  `description` mediumtext COLLATE utf8mb4_unicode_ci DEFAULT NULL,
  `breadcrumb_title` text COLLATE utf8mb4_unicode_ci DEFAULT NULL,
  `post_status` varchar(20) COLLATE utf8mb4_unicode_ci DEFAULT NULL,
  `is_public` tinyint(1) DEFAULT NULL,
  `is_protected` tinyint(1) DEFAULT 0,
  `has_public_posts` tinyint(1) DEFAULT NULL,
  `number_of_pages` int(11) unsigned DEFAULT NULL,
  `canonical` longtext COLLATE utf8mb4_unicode_ci DEFAULT NULL,
  `primary_focus_keyword` varchar(191) COLLATE utf8mb4_unicode_ci DEFAULT NULL,
  `primary_focus_keyword_score` int(3) DEFAULT NULL,
  `readability_score` int(3) DEFAULT NULL,
  `is_cornerstone` tinyint(1) DEFAULT 0,
  `is_robots_noindex` tinyint(1) DEFAULT 0,
  `is_robots_nofollow` tinyint(1) DEFAULT 0,
  `is_robots_noarchive` tinyint(1) DEFAULT 0,
  `is_robots_noimageindex` tinyint(1) DEFAULT 0,
  `is_robots_nosnippet` tinyint(1) DEFAULT 0,
  `twitter_title` text COLLATE utf8mb4_unicode_ci DEFAULT NULL,
  `twitter_image` longtext COLLATE utf8mb4_unicode_ci DEFAULT NULL,
  `twitter_description` longtext COLLATE utf8mb4_unicode_ci DEFAULT NULL,
  `twitter_image_id` varchar(191) COLLATE utf8mb4_unicode_ci DEFAULT NULL,
  `twitter_image_source` text COLLATE utf8mb4_unicode_ci DEFAULT NULL,
  `open_graph_title` text COLLATE utf8mb4_unicode_ci DEFAULT NULL,
  `open_graph_description` longtext COLLATE utf8mb4_unicode_ci DEFAULT NULL,
  `open_graph_image` longtext COLLATE utf8mb4_unicode_ci DEFAULT NULL,
  `open_graph_image_id` varchar(191) COLLATE utf8mb4_unicode_ci DEFAULT NULL,
  `open_graph_image_source` text COLLATE utf8mb4_unicode_ci DEFAULT NULL,
  `open_graph_image_meta` mediumtext COLLATE utf8mb4_unicode_ci DEFAULT NULL,
  `link_count` int(11) DEFAULT NULL,
  `incoming_link_count` int(11) DEFAULT NULL,
  `prominent_words_version` int(11) unsigned DEFAULT NULL,
  `created_at` datetime DEFAULT NULL,
  `updated_at` timestamp NOT NULL DEFAULT current_timestamp() ON UPDATE current_timestamp(),
  `blog_id` bigint(20) NOT NULL DEFAULT 1,
  `language` varchar(32) COLLATE utf8mb4_unicode_ci DEFAULT NULL,
  `region` varchar(32) COLLATE utf8mb4_unicode_ci DEFAULT NULL,
  `schema_page_type` varchar(64) COLLATE utf8mb4_unicode_ci DEFAULT NULL,
  `schema_article_type` varchar(64) COLLATE utf8mb4_unicode_ci DEFAULT NULL,
  `has_ancestors` tinyint(1) DEFAULT 0,
  PRIMARY KEY (`id`),
  KEY `object_type_and_sub_type` (`object_type`,`object_sub_type`),
  KEY `object_id_and_type` (`object_id`,`object_type`),
  KEY `permalink_hash_and_object_type` (`permalink_hash`,`object_type`),
  KEY `subpages` (`post_parent`,`object_type`,`post_status`,`object_id`),
  KEY `prominent_words` (`prominent_words_version`,`object_type`,`object_sub_type`,`post_status`)
) ENGINE=MyISAM AUTO_INCREMENT=1225 DEFAULT CHARSET=utf8mb4 COLLATE=utf8mb4_unicode_ci;

--
-- Dumping data for table `wp_yoast_indexable`
--

INSERT INTO `wp_yoast_indexable` VALUES (1,'https://tesoll.com/author/maheralderi/','38:042398f01c4cd69b744c9d7e0687396d',1,'user',NULL,NULL,NULL,NULL,NULL,NULL,NULL,NULL,0,NULL,NULL,NULL,NULL,NULL,NULL,0,0,NULL,NULL,NULL,NULL,NULL,'https://tesoll.com/wp-content/uploads/avatars/1/5dc19024c8f64-bpfull.jpg',NULL,NULL,'gravatar-image',NULL,NULL,'https://tesoll.com/wp-content/uploads/avatars/1/5dc19024c8f64-bpfull.jpg',NULL,'gravatar-image',NULL,NULL,NULL,NULL,'2020-10-12 01:25:33','2021-01-10 22:56:14',1,NULL,NULL,NULL,NULL,0),(2,'https://tesoll.com/?page_id=92','30:778defe14e6e47465762419b7873cd83',92,'post','page',1,0,'%%sitename%%','Online TESOL CertificationTeach English Abroad - Are you interested in working as an English language teacher around the world? IBTS -Prep\'s online TESOL & TEFL Certificate program qualifies an individual to work as an English and ESL/EFL teacher internationally.','Home-','draft',0,0,NULL,NULL,NULL,NULL,NULL,30,0,NULL,0,NULL,NULL,NULL,NULL,NULL,NULL,NULL,NULL,NULL,NULL,NULL,NULL,NULL,NULL,0,0,NULL,'2020-10-12 01:25:33','2021-01-10 08:22:16',1,NULL,NULL,NULL,NULL,0),(276,'https://tesoll.com/unit/unit-final-all-the-assignments/','55:dd80417bf1b71cf45bc73558269d4481',2611,'post','unit',1,0,NULL,NULL,'Unit Final all the assignments','publish',NULL,0,NULL,NULL,NULL,NULL,NULL,0,0,NULL,0,NULL,NULL,NULL,NULL,NULL,NULL,NULL,NULL,NULL,NULL,NULL,NULL,NULL,NULL,NULL,NULL,NULL,'2020-11-25 02:54:39','2020-11-25 07:54:39',1,NULL,NULL,NULL,NULL,0),(3,'https://tesoll.com/wp-content/uploads/2019/04/University_of_Jordan_Logo.svg_.png','80:57e1664a26c6179255d7339f125f1245',934,'post','attachment',1,92,NULL,NULL,'University_of_Jordan_Logo.svg','inherit',NULL,0,0,NULL,NULL,NULL,NULL,0,0,NULL,0,NULL,NULL,NULL,NULL,'https://tesoll.com/wp-content/uploads/2019/04/University_of_Jordan_Logo.svg_.png',NULL,'934','attachment-image',NULL,NULL,'https://tesoll.com/wp-content/uploads/2019/04/University_of_Jordan_Logo.svg_.png','934','attachment-image','{\"width\":140,\"height\":177,\"url\":\"https:\\/\\/tesoll.com\\/wp-content\\/uploads\\/2019\\/04\\/University_of_Jordan_Logo.svg_.png\",\"path\":\"\\/home\\/instit45\\/tesoll.com\\/wp-content\\/uploads\\/2019\\/04\\/University_of_Jordan_Logo.svg_.png\",\"size\":\"full\",\"id\":934,\"alt\":\"\",\"pixels\":24780,\"type\":\"image\\/png\"}',NULL,NULL,NULL,'2020-10-12 01:25:33','2021-01-10 08:22:16',1,NULL,NULL,NULL,NULL,1),(4,'https://tesoll.com/author/','26:c45e1116afd03aa68a6fff6df4da1639',0,'user',NULL,NULL,NULL,NULL,NULL,NULL,NULL,NULL,0,0,NULL,NULL,NULL,NULL,NULL,0,0,NULL,NULL,NULL,NULL,NULL,'https://0.gravatar.com/avatar/?s=500&d=mm&r=g',NULL,NULL,'gravatar-image',NULL,NULL,'https://0.gravatar.com/avatar/?s=500&d=mm&r=g',NULL,'gravatar-image',NULL,NULL,NULL,NULL,'2020-10-12 01:26:10','2021-01-10 22:52:25',1,NULL,NULL,NULL,NULL,0),(5,'https://tesoll.com/wp-content/uploads/woocommerce-placeholder.png','65:80aa98241112278baebde962ffc6db08',2838,'post','attachment',0,0,NULL,NULL,'woocommerce-placeholder','inherit',0,0,0,NULL,NULL,NULL,NULL,0,0,NULL,0,NULL,NULL,NULL,NULL,'https://tesoll.com/wp-content/uploads/woocommerce-placeholder.png',NULL,'2838','attachment-image',NULL,NULL,NULL,'2838','attachment-image',NULL,NULL,NULL,NULL,'2020-10-12 01:26:10','2020-10-12 05:26:10',1,NULL,NULL,NULL,NULL,0),(6,'https://tesoll.com/about-2/','27:4d2caba101977f9691a3ecaea8e39c48',90,'post','page',1,0,NULL,NULL,'About','publish',NULL,0,NULL,NULL,NULL,NULL,NULL,30,0,NULL,0,NULL,NULL,NULL,NULL,NULL,NULL,NULL,NULL,NULL,NULL,NULL,NULL,NULL,NULL,0,0,NULL,'2020-10-12 03:22:34','2021-01-10 08:23:54',1,NULL,NULL,NULL,NULL,0),(7,'https://tesoll.com/tesol-certificate-verification/','50:8c46343350c1c45b427b0e385e6cfe0d',291,'post','page',1,0,NULL,NULL,'TESOL Certificate Verification','publish',NULL,0,NULL,NULL,NULL,NULL,NULL,30,0,NULL,0,NULL,NULL,NULL,NULL,NULL,NULL,NULL,NULL,NULL,NULL,NULL,NULL,NULL,NULL,0,0,NULL,'2020-10-12 04:34:59','2021-01-10 09:28:32',1,NULL,NULL,NULL,NULL,0),(8,'https://tesoll.com/?page_id=2648','32:8de257af8dba4103c1e477e38d16beb1',2648,'post','page',1,0,NULL,NULL,'Notes and Discussion','draft',0,0,NULL,NULL,NULL,NULL,NULL,0,0,NULL,0,NULL,NULL,NULL,NULL,NULL,NULL,NULL,NULL,NULL,NULL,NULL,NULL,NULL,NULL,0,NULL,NULL,'2020-10-12 04:44:36','2021-01-10 08:22:17',1,NULL,NULL,NULL,NULL,0),(9,'https://tesoll.com/cart/','24:01535db7867414fdc2b22b1a58d1240f',83,'post','page',1,0,NULL,NULL,'Cart','publish',NULL,0,NULL,NULL,NULL,NULL,NULL,0,0,NULL,0,NULL,NULL,NULL,NULL,NULL,NULL,NULL,NULL,NULL,NULL,NULL,NULL,NULL,NULL,0,0,NULL,'2020-10-12 04:45:00','2021-01-10 22:47:42',1,NULL,NULL,NULL,NULL,0),(11,'https://tesoll.com/contact/','27:e0e9a9acef4ce16cafda6ca19971e96b',88,'post','page',1,0,NULL,NULL,'Contact','publish',NULL,0,NULL,NULL,NULL,NULL,NULL,60,0,NULL,0,NULL,NULL,NULL,NULL,NULL,NULL,NULL,NULL,NULL,NULL,NULL,NULL,NULL,NULL,0,0,NULL,'2020-10-12 04:48:06','2021-01-10 22:48:08',1,NULL,NULL,NULL,NULL,0),(12,'https://tesoll.com/books-and-resources/','39:bdd06dec489c43f728489570622303f7',285,'post','page',1,0,NULL,NULL,'Books and Resources','publish',NULL,0,NULL,NULL,NULL,NULL,NULL,60,0,NULL,0,NULL,NULL,NULL,NULL,NULL,NULL,NULL,NULL,NULL,NULL,NULL,NULL,NULL,NULL,0,1,NULL,'2020-10-12 04:51:33','2021-01-10 16:09:40',1,NULL,NULL,NULL,NULL,0),(13,'https://tesoll.com/assignment/','30:96e36175438ad38a9b6a94d2439bacce',NULL,'post-type-archive','wplms-assignment',NULL,NULL,'%%pt_plural%% Archive %%page%% %%sep%% %%sitename%%','','Assignments',NULL,1,0,NULL,NULL,NULL,NULL,NULL,NULL,0,0,0,0,0,0,NULL,NULL,NULL,NULL,NULL,NULL,NULL,NULL,NULL,NULL,NULL,NULL,NULL,NULL,'2020-10-12 04:52:19','2020-12-30 10:13:02',1,NULL,NULL,NULL,NULL,0),(936,'https://tesoll.com/wp-content/uploads/2020/12/UBCBUS2B2017-V002300_DTH.mp4','74:6f4439bc76d62966d8e70f5b20d13ee1',3605,'post','attachment',1,3599,NULL,NULL,'UBCBUS2B2017-V002300_DTH','inherit',NULL,0,NULL,NULL,NULL,NULL,NULL,0,0,NULL,0,NULL,NULL,NULL,NULL,NULL,NULL,NULL,NULL,NULL,NULL,NULL,NULL,NULL,NULL,0,1,NULL,'2020-12-30 04:17:48','2020-12-30 04:23:49',1,NULL,NULL,NULL,NULL,1),(16,'https://tesoll.com/course/tesol/','32:620f974b09f00320e0879d6234e2c577',251,'post','course',1,0,NULL,NULL,'TESOL®','publish',NULL,0,NULL,NULL,NULL,NULL,NULL,30,0,NULL,0,NULL,NULL,NULL,NULL,'https://tesoll.com/wp-content/uploads/2020/12/IBTS-TESOL-stamp.png',NULL,'3444','featured-image',NULL,NULL,'https://tesoll.com/wp-content/uploads/2020/12/IBTS-TESOL-stamp.png','3444','featured-image','{\"width\":906,\"height\":892,\"url\":\"https://tesoll.com/wp-content/uploads/2020/12/IBTS-TESOL-stamp.png\",\"path\":\"/home/instit45/tesoll.com/wp-content/uploads/2020/12/IBTS-TESOL-stamp.png\",\"size\":\"full\",\"id\":3444,\"alt\":\"\",\"pixels\":808152,\"type\":\"image/png\"}',1,13,NULL,'2020-10-12 23:13:03','2021-01-10 20:48:16',1,NULL,NULL,NULL,NULL,0),(17,'https://tesoll.com/testimonial/awesome-content/','47:f9b06c037edb4ae431418b710c642075',2804,'post','testimonials',1,0,NULL,NULL,'Awesome content','publish',NULL,0,NULL,NULL,NULL,NULL,NULL,0,0,NULL,0,NULL,NULL,NULL,NULL,'',NULL,'2091','featured-image',NULL,NULL,NULL,'2091','featured-image',NULL,0,0,NULL,'2020-10-13 00:05:49','2020-10-13 04:05:49',1,NULL,NULL,NULL,NULL,0),(18,'https://tesoll.com/unit/introduction-to-tesol/','46:634472527345ad28dabd291ce5169266',305,'post','unit',1,0,NULL,'Online TESOL Certification,Teach English Abroad - Are you interested in working as an English language teacher around the world? UNI-Prep\'s online TESOL & TEFL Certificate program qualifies an individual to work as an English and ESL/EFL teacher internationally. The program is completely online and is 120-hours in length. Since the course is online, it allows you the option to study from anywhere in the world as long as you have a computer with an internet connection','INTRODUCTION','publish',NULL,0,NULL,NULL,NULL,NULL,NULL,30,0,NULL,0,NULL,NULL,NULL,NULL,'https://tesoll.com/wp-content/uploads/2019/04/LOGO-2019-SMALL.jpg',NULL,NULL,'first-content-image',NULL,NULL,'https://tesoll.com/wp-content/uploads/2019/04/LOGO-2019-SMALL.jpg',NULL,'first-content-image',NULL,1,0,NULL,'2020-10-13 00:13:39','2020-11-24 07:42:20',1,NULL,NULL,NULL,NULL,0),(19,'https://tesoll.com/wp-content/uploads/2019/04/banner_tesol1-1.jpg','65:2e51419cc95dbd5b61ba6ee25714521b',306,'post','attachment',1,305,NULL,NULL,'banner_tesol1 (1)','inherit',NULL,0,NULL,NULL,NULL,NULL,NULL,0,0,NULL,0,NULL,NULL,NULL,NULL,'https://tesoll.com/wp-content/uploads/2019/04/banner_tesol1-1.jpg',NULL,'306','attachment-image',NULL,NULL,'https://tesoll.com/wp-content/uploads/2019/04/banner_tesol1-1.jpg','306','attachment-image','{\"width\":940,\"height\":266,\"url\":\"https:\\/\\/tesoll.com\\/wp-content\\/uploads\\/2019\\/04\\/banner_tesol1-1.jpg\",\"path\":\"\\/home\\/instit45\\/tesoll.com\\/wp-content\\/uploads\\/2019\\/04\\/banner_tesol1-1.jpg\",\"size\":\"full\",\"id\":306,\"alt\":\"\",\"pixels\":250040,\"type\":\"image\\/jpeg\"}',NULL,NULL,NULL,'2020-10-13 00:13:39','2020-11-24 06:42:51',1,NULL,NULL,NULL,NULL,1),(20,'https://tesoll.com/unit/unit-1/','31:6fa10d11b94874025de05d964fb96b2a',309,'post','unit',1,0,NULL,'A lesson plan is a teacher’s daily guide for what students need to learn, how it will be taught, and how learning will be measured.','Unit 1','publish',NULL,0,NULL,NULL,NULL,NULL,NULL,90,0,NULL,0,NULL,NULL,NULL,NULL,'https://tesoll.com/wp-content/uploads/2019/04/3-460x268.jpg',NULL,NULL,'first-content-image',NULL,NULL,'https://tesoll.com/wp-content/uploads/2019/04/3-460x268.jpg',NULL,'first-content-image',NULL,0,2,NULL,'2020-10-13 00:42:42','2020-11-25 09:51:06',1,NULL,NULL,NULL,NULL,0),(21,'https://tesoll.com/wp-content/uploads/2019/04/3.jpg','51:ca113cc8b172d344a57fe87bce50aafd',310,'post','attachment',1,309,NULL,NULL,'3','inherit',NULL,0,NULL,NULL,NULL,NULL,NULL,0,0,NULL,0,NULL,NULL,NULL,NULL,'https://tesoll.com/wp-content/uploads/2019/04/3.jpg',NULL,'310','attachment-image',NULL,NULL,'https://tesoll.com/wp-content/uploads/2019/04/3.jpg','310','attachment-image','{\"width\":600,\"height\":350,\"url\":\"https://tesoll.com/wp-content/uploads/2019/04/3.jpg\",\"path\":\"/home/instit45/tesoll.com/wp-content/uploads/2019/04/3.jpg\",\"size\":\"full\",\"id\":310,\"alt\":\"\",\"pixels\":210000,\"type\":\"image/jpeg\"}',0,1,NULL,'2020-10-13 00:42:42','2020-12-18 07:57:59',1,NULL,NULL,NULL,NULL,1),(22,'https://tesoll.com/assignment/assignment-1a/','44:c16faed44fec0f2402f4a5fed10e3708',2339,'post','wplms-assignment',1,0,NULL,NULL,'Assignment 1a','publish',NULL,0,NULL,NULL,NULL,NULL,NULL,0,0,NULL,0,NULL,NULL,NULL,NULL,NULL,NULL,NULL,NULL,NULL,NULL,NULL,NULL,NULL,NULL,NULL,NULL,NULL,'2020-10-13 00:48:00','2020-10-13 04:48:00',1,NULL,NULL,NULL,NULL,0),(23,'https://tesoll.com/assignment/assignment-1b/','44:f9b4a920fc285ebc277df4f8196961a4',2341,'post','wplms-assignment',1,0,NULL,NULL,'Assignment 1b','publish',NULL,0,NULL,NULL,NULL,NULL,NULL,0,0,NULL,0,NULL,NULL,NULL,NULL,NULL,NULL,NULL,NULL,NULL,NULL,NULL,NULL,NULL,NULL,NULL,NULL,NULL,'2020-10-13 00:52:47','2020-10-13 04:52:47',1,NULL,NULL,NULL,NULL,0),(24,'https://tesoll.com/unit/unit-2/','31:1da05939fbfc59f55635660b6a240e89',320,'post','unit',1,0,NULL,NULL,'Unit 2','publish',NULL,0,NULL,NULL,NULL,NULL,NULL,60,0,NULL,0,NULL,NULL,NULL,NULL,NULL,NULL,NULL,NULL,NULL,NULL,NULL,NULL,NULL,NULL,0,1,NULL,'2020-10-13 00:57:20','2020-11-25 06:19:47',1,NULL,NULL,NULL,NULL,0),(275,'https://tesoll.com/unit/unit-9/','31:615967e741e2e72e80f2dfb54beed056',355,'post','unit',1,0,NULL,NULL,'Unit 9-25','publish',NULL,0,NULL,NULL,NULL,NULL,NULL,90,0,NULL,0,NULL,NULL,NULL,NULL,NULL,NULL,NULL,NULL,NULL,NULL,NULL,NULL,NULL,NULL,NULL,NULL,NULL,'2020-11-25 02:54:39','2020-11-25 07:54:39',1,NULL,NULL,NULL,NULL,0),(25,'https://tesoll.com/wp-content/uploads/2019/04/banner8.jpg','57:d1552a878aefc1d3aff1327450ae871c',321,'post','attachment',1,320,NULL,NULL,'banner8','inherit',NULL,0,NULL,NULL,NULL,NULL,NULL,0,0,NULL,0,NULL,NULL,NULL,NULL,'https://tesoll.com/wp-content/uploads/2019/04/banner8.jpg',NULL,'321','attachment-image',NULL,NULL,'https://tesoll.com/wp-content/uploads/2019/04/banner8.jpg','321','attachment-image','{\"width\":960,\"height\":252,\"url\":\"https:\\/\\/tesoll.com\\/wp-content\\/uploads\\/2019\\/04\\/banner8.jpg\",\"path\":\"\\/home\\/instit45\\/tesoll.com\\/wp-content\\/uploads\\/2019\\/04\\/banner8.jpg\",\"size\":\"full\",\"id\":321,\"alt\":\"\",\"pixels\":241920,\"type\":\"image\\/jpeg\"}',NULL,1,NULL,'2020-10-13 00:57:20','2020-11-24 06:42:51',1,NULL,NULL,NULL,NULL,1),(26,'https://tesoll.com/unit/unit-3/','31:26bbc0f7f460b2520468c030886afb2a',326,'post','unit',1,0,NULL,NULL,'Unit 3','publish',NULL,0,NULL,NULL,NULL,NULL,NULL,30,0,NULL,0,NULL,NULL,NULL,NULL,NULL,NULL,NULL,NULL,NULL,NULL,NULL,NULL,NULL,NULL,0,1,NULL,'2020-10-13 01:23:57','2020-11-26 10:33:25',1,NULL,NULL,NULL,NULL,0),(27,'https://tesoll.com/assignment/unit-2-assignment-1/','50:2b0d0ea42048f7a7f8271b26761009a4',2424,'post','wplms-assignment',1,0,NULL,NULL,'Unit 2 Assignment 1','publish',NULL,0,NULL,NULL,NULL,NULL,NULL,0,0,NULL,0,NULL,NULL,NULL,NULL,NULL,NULL,NULL,NULL,NULL,NULL,NULL,NULL,NULL,NULL,NULL,NULL,NULL,'2020-10-13 01:47:18','2020-10-13 05:47:18',1,NULL,NULL,NULL,NULL,0),(28,'https://tesoll.com/assignment/unit-2-assignment-2/','50:81166669f4c0d23c51ca35cd05cf6571',2426,'post','wplms-assignment',1,0,NULL,NULL,'Unit 2 Assignment 2','publish',NULL,0,NULL,NULL,NULL,NULL,NULL,0,0,NULL,0,NULL,NULL,NULL,NULL,NULL,NULL,NULL,NULL,NULL,NULL,NULL,NULL,NULL,NULL,NULL,NULL,NULL,'2020-10-13 01:50:23','2020-10-13 05:50:23',1,NULL,NULL,NULL,NULL,0),(29,'https://tesoll.com/creat-%e2%80%8ba-course/','43:64066733f88ec714c46cbbf84ddf2671',803,'post','page',1,0,NULL,NULL,'create a course','publish',NULL,0,NULL,NULL,NULL,NULL,NULL,0,0,NULL,0,NULL,NULL,NULL,NULL,NULL,NULL,NULL,NULL,NULL,NULL,NULL,NULL,NULL,NULL,0,0,NULL,'2020-10-13 02:02:01','2021-01-10 09:33:03',1,NULL,NULL,NULL,NULL,0),(30,'https://tesoll.com/assignment/unit-3-assignment-1/','50:03f3608a3d1ba7f7bb9c9e313fccccee',2428,'post','wplms-assignment',1,0,NULL,NULL,'Unit 3 Assignment 1','publish',NULL,0,NULL,NULL,NULL,NULL,NULL,0,0,NULL,0,NULL,NULL,NULL,NULL,NULL,NULL,NULL,NULL,NULL,NULL,NULL,NULL,NULL,NULL,NULL,NULL,NULL,'2020-10-13 02:02:56','2020-10-13 06:02:56',1,NULL,NULL,NULL,NULL,0),(31,'https://tesoll.com/assignment/unit-3-assignment-2/','50:e5f85ff1f67724db1754f75ab0e144b4',2431,'post','wplms-assignment',1,0,NULL,NULL,'UNIT 3 Assignment 2','publish',NULL,0,NULL,NULL,NULL,NULL,NULL,0,0,NULL,0,NULL,NULL,NULL,NULL,NULL,NULL,NULL,NULL,NULL,NULL,NULL,NULL,NULL,NULL,NULL,NULL,NULL,'2020-10-13 02:04:23','2020-10-13 06:04:23',1,NULL,NULL,NULL,NULL,0),(32,'https://tesoll.com/assignment/unit-3-assignment-3/','50:81b8131c3a1c5d3f7caca766af660534',2433,'post','wplms-assignment',1,0,NULL,NULL,'UNIT 3 Assignment 3','publish',NULL,0,NULL,NULL,NULL,NULL,NULL,0,0,NULL,0,NULL,NULL,NULL,NULL,NULL,NULL,NULL,NULL,NULL,NULL,NULL,NULL,NULL,NULL,NULL,NULL,NULL,'2020-10-13 02:06:00','2020-10-13 06:06:00',1,NULL,NULL,NULL,NULL,0),(33,'https://tesoll.com/unit/unit-4/','31:92f938ffaa8da2378eb5733a87f4cd3e',330,'post','unit',1,0,NULL,NULL,'Unit 4','publish',NULL,0,NULL,NULL,NULL,NULL,NULL,30,0,NULL,0,NULL,NULL,NULL,NULL,NULL,NULL,NULL,NULL,NULL,NULL,NULL,NULL,NULL,NULL,0,1,NULL,'2020-10-13 02:08:26','2020-11-26 10:43:00',1,NULL,NULL,NULL,NULL,0),(34,'https://tesoll.com/assignment/unit-4-assignment-1/','50:50f141b53616b64ee9572f799a1a00ce',2436,'post','wplms-assignment',1,0,NULL,NULL,'Unit 4 Assignment. 1','publish',NULL,0,NULL,NULL,NULL,NULL,NULL,0,0,NULL,0,NULL,NULL,NULL,NULL,NULL,NULL,NULL,NULL,NULL,NULL,NULL,NULL,NULL,NULL,NULL,NULL,NULL,'2020-10-13 02:11:17','2020-10-13 06:11:17',1,NULL,NULL,NULL,NULL,0),(35,'https://tesoll.com/assignment/unit-4-assignment-2/','50:321c053878c4159825d56f45dc46f19c',2438,'post','wplms-assignment',1,0,NULL,NULL,'unit 4 assignment 2','publish',NULL,0,NULL,NULL,NULL,NULL,NULL,0,0,NULL,0,NULL,NULL,NULL,NULL,NULL,NULL,NULL,NULL,NULL,NULL,NULL,NULL,NULL,NULL,NULL,NULL,NULL,'2020-10-13 02:13:11','2020-10-13 06:13:11',1,NULL,NULL,NULL,NULL,0),(36,'https://tesoll.com/unit/unit-5/','31:404b4374faaafe9dd1651c6c26f4da1b',335,'post','unit',1,0,NULL,NULL,'Unit 5','publish',NULL,0,NULL,NULL,NULL,NULL,NULL,90,0,NULL,0,NULL,NULL,NULL,NULL,NULL,NULL,NULL,NULL,NULL,NULL,NULL,NULL,NULL,NULL,0,1,NULL,'2020-10-13 02:15:37','2020-11-25 06:59:04',1,NULL,NULL,NULL,NULL,0),(37,'https://tesoll.com/tesol-courses/','33:8e64ee20391ca201d2a1f501f1a5962a',935,'post','page',1,0,NULL,NULL,'TESOL COURSES','publish',NULL,0,NULL,NULL,NULL,NULL,NULL,60,0,NULL,0,NULL,NULL,NULL,NULL,NULL,NULL,NULL,NULL,NULL,NULL,NULL,NULL,NULL,NULL,0,2,NULL,'2020-10-13 02:16:00','2021-01-10 22:50:17',1,NULL,NULL,NULL,NULL,0),(38,'https://tesoll.com/assignment/unit-5-assignment-1/','50:29253bfe8db856133ab3badbbe7ba1cb',2443,'post','wplms-assignment',1,0,NULL,NULL,'unit 5 assignment 1','publish',NULL,0,NULL,NULL,NULL,NULL,NULL,0,0,NULL,0,NULL,NULL,NULL,NULL,NULL,NULL,NULL,NULL,NULL,NULL,NULL,NULL,NULL,NULL,NULL,NULL,NULL,'2020-10-13 02:20:03','2020-10-13 06:20:03',1,NULL,NULL,NULL,NULL,0),(39,'https://tesoll.com/unit/unit-6/','31:470987319d38c4ae8a412a34fe130240',341,'post','unit',1,0,NULL,NULL,'Unit 6','publish',NULL,0,NULL,NULL,NULL,NULL,NULL,30,0,NULL,0,NULL,NULL,NULL,NULL,NULL,NULL,NULL,NULL,NULL,NULL,NULL,NULL,NULL,NULL,0,1,NULL,'2020-10-13 02:22:35','2020-11-25 07:53:27',1,NULL,NULL,NULL,NULL,0),(40,'https://tesoll.com/unit/unit-7/','31:49a92995198d319aaa2025c89aa9d465',347,'post','unit',1,0,NULL,NULL,'Unit 7','publish',NULL,0,NULL,NULL,NULL,NULL,NULL,60,0,NULL,0,NULL,NULL,NULL,NULL,NULL,NULL,NULL,NULL,NULL,NULL,NULL,NULL,NULL,NULL,0,1,NULL,'2020-10-13 02:30:03','2020-11-25 08:44:12',1,NULL,NULL,NULL,NULL,0),(41,'https://tesoll.com/unit/unit-13/','32:616850b367e68145235d9aed34401e62',374,'post','unit',1,0,NULL,NULL,'Unit 8','publish',NULL,0,NULL,NULL,NULL,NULL,NULL,30,0,NULL,0,NULL,NULL,NULL,NULL,NULL,NULL,NULL,NULL,NULL,NULL,NULL,NULL,NULL,NULL,2,1,NULL,'2020-10-13 02:30:15','2020-11-25 09:21:30',1,NULL,NULL,NULL,NULL,0),(42,'https://tesoll.com/unit/unit-14/','32:23b654fc437e58f59239763902ac6455',404,'post','unit',1,0,NULL,NULL,'Unit 9b','publish',NULL,0,NULL,NULL,NULL,NULL,NULL,30,0,NULL,0,NULL,NULL,NULL,NULL,NULL,NULL,NULL,NULL,NULL,NULL,NULL,NULL,NULL,NULL,1,1,NULL,'2020-10-13 02:30:21','2020-11-25 09:25:36',1,NULL,NULL,NULL,NULL,0),(66,'https://tesoll.com/assignment/assignment-1d/','44:da674810868a5821447a16a90a8b7492',2345,'post','wplms-assignment',1,0,NULL,NULL,'Assignment 1d','publish',NULL,0,NULL,NULL,NULL,NULL,NULL,0,0,NULL,0,NULL,NULL,NULL,NULL,NULL,NULL,NULL,NULL,NULL,NULL,NULL,NULL,NULL,NULL,NULL,NULL,NULL,'2020-10-22 01:32:41','2020-10-22 05:32:41',1,NULL,NULL,NULL,NULL,0),(44,'https://tesoll.com/assignment/unit-10-assignment-1/','51:9e86b2b060d4b7551a51a7bfad3fdbc2',2592,'post','wplms-assignment',1,0,NULL,NULL,'Unit 10 Assignment 1','publish',NULL,0,NULL,NULL,NULL,NULL,NULL,0,0,NULL,0,NULL,NULL,NULL,NULL,NULL,NULL,NULL,NULL,NULL,NULL,NULL,NULL,NULL,NULL,NULL,NULL,NULL,'2020-10-13 09:30:48','2020-10-13 13:30:48',1,NULL,NULL,NULL,NULL,0),(45,'https://tesoll.com/testimonial/best-platform-for-students/','58:03fb1bd1b9a3094394407970986c9115',2807,'post','testimonials',1,0,NULL,NULL,'Best platform for students','publish',NULL,0,NULL,NULL,NULL,NULL,NULL,0,0,NULL,0,NULL,NULL,NULL,NULL,'',NULL,'2085','featured-image',NULL,NULL,NULL,'2085','featured-image',NULL,0,0,NULL,'2020-10-13 10:58:58','2020-10-13 14:58:58',1,NULL,NULL,NULL,NULL,0),(46,'https://tesoll.com/?page_id=3','29:419d2e20a284bdd8d5e9f942eb8c65ba',3,'post','page',1,0,NULL,NULL,'Privacy Policy','draft',0,0,NULL,NULL,NULL,NULL,NULL,0,0,NULL,0,NULL,NULL,NULL,NULL,NULL,NULL,NULL,NULL,NULL,NULL,NULL,NULL,NULL,NULL,0,0,NULL,'2020-10-13 20:20:58','2021-01-10 06:52:22',1,NULL,NULL,NULL,NULL,0),(47,'https://tesoll.com/testimonial/superb-site/','43:cde1abea5ec1f6a2efd2ebde510442f1',2806,'post','testimonials',1,0,NULL,NULL,'Superb site','publish',NULL,0,NULL,NULL,NULL,NULL,NULL,0,0,NULL,0,NULL,NULL,NULL,NULL,'',NULL,'2087','featured-image',NULL,NULL,NULL,'2087','featured-image',NULL,0,0,NULL,'2020-10-13 21:08:19','2020-10-14 01:08:19',1,NULL,NULL,NULL,NULL,0),(48,'https://tesoll.com/course-cat/language/','39:151bec2f71aa43070db2d8ebecde71c8',32,'term','course-cat',NULL,NULL,NULL,NULL,'Language',NULL,NULL,0,NULL,NULL,NULL,NULL,NULL,NULL,0,NULL,NULL,NULL,NULL,NULL,NULL,NULL,NULL,NULL,NULL,NULL,NULL,NULL,NULL,NULL,NULL,NULL,NULL,NULL,'2020-10-13 21:45:41','2020-10-14 01:45:41',1,NULL,NULL,NULL,NULL,0),(49,'https://tesoll.com/?page_id=89','30:60154504d04ff61462be70988cb88e6a',89,'post','page',1,0,NULL,NULL,'Groups','draft',0,0,NULL,NULL,NULL,NULL,NULL,0,0,NULL,0,NULL,NULL,NULL,NULL,NULL,NULL,NULL,NULL,NULL,NULL,NULL,NULL,NULL,NULL,0,0,NULL,'2020-10-14 08:20:14','2021-01-10 08:21:59',1,NULL,NULL,NULL,NULL,0),(50,'https://tesoll.com/forums/','26:6a23da82a16890b3ced9af2b14a09416',NULL,'post-type-archive','forum',NULL,NULL,'%%pt_plural%% Archive %%page%% %%sep%% %%sitename%%','','Forums',NULL,1,0,NULL,NULL,NULL,NULL,NULL,NULL,0,0,0,0,0,0,NULL,NULL,NULL,NULL,NULL,NULL,NULL,NULL,NULL,NULL,NULL,NULL,NULL,NULL,'2020-10-14 10:15:36','2020-10-14 14:15:36',1,NULL,NULL,NULL,NULL,0),(51,'https://tesoll.com/?page_id=1936','32:9639dc4908a41e44d661f002fd8a8d4a',1936,'post','page',1,0,NULL,NULL,'Blog','draft',0,0,NULL,NULL,NULL,NULL,NULL,0,0,NULL,0,NULL,NULL,NULL,NULL,NULL,NULL,NULL,NULL,NULL,NULL,NULL,NULL,NULL,NULL,0,0,NULL,'2020-10-14 11:46:46','2021-01-10 08:21:59',1,NULL,NULL,NULL,NULL,0),(52,'https://tesoll.com/assignment/unit-18-assignments/','50:94574fc0e15abb1d62acda1319fa9759',2573,'post','wplms-assignment',1,0,NULL,NULL,'unit 18 assignments','publish',NULL,0,NULL,NULL,NULL,NULL,NULL,0,0,NULL,0,NULL,NULL,NULL,NULL,NULL,NULL,NULL,NULL,NULL,NULL,NULL,NULL,NULL,NULL,NULL,NULL,NULL,'2020-10-14 21:40:07','2020-10-15 01:40:07',1,NULL,NULL,NULL,NULL,0),(53,'https://tesoll.com/assignment/unit-13-assignment-1/','51:58d4212a6aab51656e16973d570eecba',2597,'post','wplms-assignment',1,0,NULL,NULL,'unit 13 assignment 1','publish',NULL,0,NULL,NULL,NULL,NULL,NULL,0,0,NULL,0,NULL,NULL,NULL,NULL,NULL,NULL,NULL,NULL,NULL,NULL,NULL,NULL,NULL,NULL,NULL,NULL,NULL,'2020-10-15 01:14:44','2020-10-15 05:14:44',1,NULL,NULL,NULL,NULL,0),(54,'https://tesoll.com/assignment/worksheet-unit-1/','47:f3038cefdb24e9f55aa9f5caefc31d9d',1870,'post','wplms-assignment',1,0,NULL,NULL,'WORKSHEET – UNIT 1','publish',NULL,0,NULL,NULL,NULL,NULL,NULL,60,0,NULL,0,NULL,NULL,NULL,NULL,NULL,NULL,NULL,NULL,NULL,NULL,NULL,NULL,NULL,NULL,0,0,NULL,'2020-10-15 05:10:43','2020-10-15 09:10:43',1,NULL,NULL,NULL,NULL,0),(55,'https://tesoll.com/tesoll-qualifications-and-accreditation/','59:3c7a3f0accb032f3c83ff5e5be03a293',296,'post','page',1,0,NULL,NULL,'IBTS TESOL Canada Qualifications and Accreditation','publish',NULL,0,NULL,NULL,NULL,NULL,NULL,30,0,NULL,0,NULL,NULL,NULL,NULL,NULL,NULL,NULL,NULL,NULL,NULL,NULL,NULL,NULL,NULL,0,0,NULL,'2020-10-15 23:53:48','2021-01-10 09:30:08',1,NULL,NULL,NULL,NULL,0),(56,'https://tesoll.com/testimonial/the-best-period/','47:0c16603f71b3f06969ffeb0a6b644e63',2805,'post','testimonials',1,0,NULL,NULL,'The best. Period','publish',NULL,0,NULL,NULL,NULL,NULL,NULL,0,0,NULL,0,NULL,NULL,NULL,NULL,'',NULL,'2089','featured-image',NULL,NULL,NULL,'2089','featured-image',NULL,0,0,NULL,'2020-10-16 12:39:29','2020-10-16 16:39:29',1,NULL,NULL,NULL,NULL,0),(57,'https://tesoll.com/testimonial/super-worth-it/','46:ff7b5fade06f1aaf3095206a31925835',2803,'post','testimonials',1,0,NULL,NULL,'Super..Worth it.','publish',NULL,0,NULL,NULL,NULL,NULL,NULL,0,0,NULL,0,NULL,NULL,NULL,NULL,'',NULL,'2093','featured-image',NULL,NULL,NULL,'2093','featured-image',NULL,0,0,NULL,'2020-10-16 18:37:03','2020-10-16 22:37:03',1,NULL,NULL,NULL,NULL,0),(58,'https://tesoll.com/testimonial/this-is-an-awesome-site/','55:38af4f33d62518e812287faf8a68a7d4',2808,'post','testimonials',1,0,NULL,NULL,'This is an awesome site.','publish',NULL,0,NULL,NULL,NULL,NULL,NULL,0,0,NULL,0,NULL,NULL,NULL,NULL,'',NULL,'2084','featured-image',NULL,NULL,NULL,'2084','featured-image',NULL,0,0,NULL,'2020-10-16 22:03:17','2020-10-17 02:03:17',1,NULL,NULL,NULL,NULL,0),(59,'https://tesoll.com/quiz/grammar-day-2-unit-2-2-sentence-structure-quiz/','71:611eace5ee1ca49a1a2af524d174ae8e',772,'post','quiz',1,0,NULL,NULL,'Grammar Day 2- Unit 2.2: Sentence Structure Quiz','publish',NULL,0,NULL,NULL,NULL,NULL,NULL,0,0,NULL,0,NULL,NULL,NULL,NULL,NULL,NULL,NULL,NULL,NULL,NULL,NULL,NULL,NULL,NULL,NULL,1,NULL,'2020-10-17 01:10:49','2020-10-17 05:10:49',1,NULL,NULL,NULL,NULL,0),(60,NULL,NULL,NULL,'system-page','search-result',NULL,NULL,'You searched for %%searchphrase%% %%page%% %%sep%% %%sitename%%',NULL,NULL,NULL,NULL,0,NULL,NULL,NULL,NULL,NULL,NULL,0,1,0,0,0,0,NULL,NULL,NULL,NULL,NULL,NULL,NULL,NULL,NULL,NULL,NULL,NULL,NULL,NULL,'2020-10-17 04:43:02','2020-11-24 11:42:15',1,NULL,NULL,NULL,NULL,0),(61,'https://tesoll.com/assignment/ten-conversation-activities-for-foundation-and-twelve-conversation-activities-for-diploma-assignment-i-submit-assignment/','151:a529fd65c1e9fffd9460737f0d92fc5b',799,'post','wplms-assignment',1,0,NULL,NULL,'Ten Conversation Activities (For Foundation,) and Twelve Conversation Activities (For Diploma)- Assignment I Submit Assignment','publish',NULL,0,NULL,NULL,NULL,NULL,NULL,0,0,NULL,0,NULL,NULL,NULL,NULL,NULL,NULL,NULL,NULL,NULL,NULL,NULL,NULL,NULL,NULL,NULL,NULL,NULL,'2020-10-17 15:13:14','2020-10-17 19:13:14',1,NULL,NULL,NULL,NULL,0),(62,'https://tesoll.com/news/','24:df6a26f9e056f22eccfd551d43e54e71',NULL,'post-type-archive','news',NULL,NULL,'%%pt_plural%% Archive %%page%% %%sep%% %%sitename%%','','Course News',NULL,1,0,NULL,NULL,NULL,NULL,NULL,NULL,0,0,0,0,0,0,NULL,NULL,NULL,NULL,NULL,NULL,NULL,NULL,NULL,NULL,NULL,NULL,NULL,NULL,'2020-10-17 15:31:10','2020-10-17 19:31:10',1,NULL,NULL,NULL,NULL,0),(63,'https://tesoll.com/my-account-2/','32:f987eb51975353a33b59dc02b391e038',80,'post','page',1,0,NULL,NULL,'My Account','publish',NULL,0,NULL,NULL,NULL,NULL,NULL,0,0,NULL,0,NULL,NULL,NULL,NULL,NULL,NULL,NULL,NULL,NULL,NULL,NULL,NULL,NULL,NULL,0,7,NULL,'2020-10-17 16:49:28','2021-01-10 09:29:28',1,NULL,NULL,NULL,NULL,0),(64,'https://tesoll.com/assignment/unit-17-assignment-1/','51:f4e8078b8ebefbe4810c0dcf60e0daf9',2567,'post','wplms-assignment',1,0,NULL,NULL,'Unit 17 assignment 1','publish',NULL,0,NULL,NULL,NULL,NULL,NULL,0,0,NULL,0,NULL,NULL,NULL,NULL,NULL,NULL,NULL,NULL,NULL,NULL,NULL,NULL,NULL,NULL,NULL,NULL,NULL,'2020-10-20 04:57:47','2020-10-20 08:57:47',1,NULL,NULL,NULL,NULL,0),(65,'https://tesoll.com/assignment/unit-17-assignment-2/','51:8249596bc9f5a7703b21e5519b594eb7',2569,'post','wplms-assignment',1,0,NULL,NULL,'Unit 17 assignment 2','publish',NULL,0,NULL,NULL,NULL,NULL,NULL,0,0,NULL,0,NULL,NULL,NULL,NULL,NULL,NULL,NULL,NULL,NULL,NULL,NULL,NULL,NULL,NULL,NULL,NULL,NULL,'2020-10-20 09:43:51','2020-10-20 13:43:51',1,NULL,NULL,NULL,NULL,0),(67,'https://tesoll.com/checkout/','28:f55d47e2ec0fcec1e5d36e19a306209f',82,'post','page',1,0,NULL,NULL,'Checkout','publish',NULL,0,NULL,NULL,NULL,NULL,NULL,0,0,NULL,0,NULL,NULL,NULL,NULL,NULL,NULL,NULL,NULL,NULL,NULL,NULL,NULL,NULL,NULL,0,0,NULL,'2020-10-23 10:38:51','2021-01-10 22:47:56',1,NULL,NULL,NULL,NULL,0),(68,'https://tesoll.com/?p=2840','26:ebefece7b1bbfa9e134989e632846a2a',2840,'post','post',1,0,NULL,NULL,'Auto Draft','auto-draft',0,0,NULL,NULL,NULL,NULL,NULL,0,0,NULL,0,NULL,NULL,NULL,NULL,NULL,NULL,NULL,NULL,NULL,NULL,NULL,NULL,NULL,NULL,NULL,NULL,NULL,'2020-10-27 01:48:57','2020-10-27 05:48:57',1,NULL,NULL,NULL,NULL,0),(69,'https://tesoll.com/testimonial/','31:9ee3f916784d15fe5ae73d55d7ee5e5d',NULL,'post-type-archive','testimonials',NULL,NULL,'%%pt_plural%% Archive %%page%% %%sep%% %%sitename%%','','Testimonials',NULL,1,0,NULL,NULL,NULL,NULL,NULL,NULL,0,0,0,0,0,0,NULL,NULL,NULL,NULL,NULL,NULL,NULL,NULL,NULL,NULL,NULL,NULL,NULL,NULL,'2020-10-27 18:17:25','2020-10-27 22:17:25',1,NULL,NULL,NULL,NULL,0),(70,'https://tesoll.com/?post_type=bp-email&p=2845','45:14543581d6cc4ad867a298e41037b966',2845,'post','bp-email',1,0,NULL,NULL,'[{{{site.name}}}] Welcome to {{site.name}}','publish',NULL,0,NULL,NULL,NULL,NULL,NULL,0,0,NULL,0,NULL,NULL,NULL,NULL,NULL,NULL,NULL,NULL,NULL,NULL,NULL,NULL,NULL,NULL,NULL,NULL,NULL,'2020-11-23 16:43:58','2020-11-23 21:43:58',1,NULL,NULL,NULL,NULL,0),(935,'https://tesoll.com/wp-content/uploads/2020/12/RicElias_2011U-480p-en-mp4-image.png','82:dc63a478a393f805e277aa1f3b74e137',3604,'post','attachment',1,0,NULL,NULL,'','inherit',0,0,0,NULL,NULL,NULL,NULL,0,0,NULL,0,NULL,NULL,NULL,NULL,'https://tesoll.com/wp-content/uploads/2020/12/RicElias_2011U-480p-en-mp4-image.png',NULL,'3604','attachment-image',NULL,NULL,NULL,'3604','attachment-image',NULL,0,NULL,NULL,'2020-12-30 04:16:50','2020-12-30 09:16:50',1,NULL,NULL,NULL,NULL,0),(72,'https://tesoll.com/membership-account__trashed/','47:1447c709b51d082d2fad55b6b11154e4',2848,'post','page',1,0,NULL,NULL,'Membership Account','trash',0,0,NULL,NULL,NULL,NULL,NULL,0,0,NULL,0,NULL,NULL,NULL,NULL,NULL,NULL,NULL,NULL,NULL,NULL,NULL,NULL,NULL,NULL,0,1,NULL,'2020-11-24 01:59:38','2021-01-10 22:53:54',1,NULL,NULL,NULL,NULL,0),(73,'https://tesoll.com/membership-account__trashed/membership-billing__trashed/','75:8e90bd2da8c1b86ebcdd35631e0674c6',2849,'post','page',1,2848,NULL,NULL,'Membership Billing','trash',0,0,NULL,NULL,NULL,NULL,NULL,0,0,NULL,0,NULL,NULL,NULL,NULL,NULL,NULL,NULL,NULL,NULL,NULL,NULL,NULL,NULL,NULL,0,0,NULL,'2020-11-24 01:59:38','2021-01-10 22:53:54',1,NULL,NULL,NULL,NULL,1),(74,'https://tesoll.com/membership-account__trashed/membership-cancel__trashed/','74:ae6a7ee4cdb4c0ce76aa6d79ffbc7921',2850,'post','page',1,2848,NULL,NULL,'Membership Cancel','trash',0,0,NULL,NULL,NULL,NULL,NULL,0,0,NULL,0,NULL,NULL,NULL,NULL,NULL,NULL,NULL,NULL,NULL,NULL,NULL,NULL,NULL,NULL,0,0,NULL,'2020-11-24 01:59:38','2021-01-10 22:53:54',1,NULL,NULL,NULL,NULL,1),(75,'https://tesoll.com/membership-account__trashed/membership-checkout__trashed/','76:e2eb18565625cff09ec78e333f7e9a5e',2851,'post','page',1,2848,NULL,NULL,'Membership Checkout','trash',0,0,NULL,NULL,NULL,NULL,NULL,0,0,NULL,0,NULL,NULL,NULL,NULL,NULL,NULL,NULL,NULL,NULL,NULL,NULL,NULL,NULL,NULL,0,0,NULL,'2020-11-24 01:59:38','2021-01-10 22:53:54',1,NULL,NULL,NULL,NULL,1),(76,'https://tesoll.com/membership-account__trashed/membership-confirmation__trashed/','80:914d64ea399f709d83e8b61f5169898b',2852,'post','page',1,2848,NULL,NULL,'Membership Confirmation','trash',0,0,NULL,NULL,NULL,NULL,NULL,0,0,NULL,0,NULL,NULL,NULL,NULL,NULL,NULL,NULL,NULL,NULL,NULL,NULL,NULL,NULL,NULL,0,0,NULL,'2020-11-24 01:59:38','2021-01-10 22:53:54',1,NULL,NULL,NULL,NULL,1),(77,'https://tesoll.com/membership-account__trashed/membership-invoice__trashed/','75:7b0cffb94e3e1100768f76aa57218856',2853,'post','page',1,2848,NULL,NULL,'Membership Invoice','trash',0,0,NULL,NULL,NULL,NULL,NULL,0,0,NULL,0,NULL,NULL,NULL,NULL,NULL,NULL,NULL,NULL,NULL,NULL,NULL,NULL,NULL,NULL,0,0,NULL,'2020-11-24 01:59:38','2021-01-10 22:53:54',1,NULL,NULL,NULL,NULL,1),(78,'https://tesoll.com/membership-account__trashed/membership-levels__trashed/','74:2ec34d3d66a05c8ccb4496330c21b6fb',2854,'post','page',1,2848,NULL,NULL,'Membership Levels','trash',0,0,NULL,NULL,NULL,NULL,NULL,0,0,NULL,0,NULL,NULL,NULL,NULL,NULL,NULL,NULL,NULL,NULL,NULL,NULL,NULL,NULL,NULL,0,2,NULL,'2020-11-24 01:59:38','2021-01-10 22:53:54',1,NULL,NULL,NULL,NULL,1),(79,'https://tesoll.com/login/','25:a74221086cab6d712fd338d26da35b69',2855,'post','page',1,0,NULL,NULL,'Log In','publish',NULL,0,NULL,NULL,NULL,NULL,NULL,0,0,NULL,0,NULL,NULL,NULL,NULL,NULL,NULL,NULL,NULL,NULL,NULL,NULL,NULL,NULL,NULL,0,0,NULL,'2020-11-24 01:59:38','2021-01-10 22:23:37',1,NULL,NULL,NULL,NULL,0),(80,'https://tesoll.com/membership-account__trashed/your-profile__trashed/','69:a3fbf7f8c756bef778eab136f103fd66',2856,'post','page',1,2848,NULL,NULL,'Your Profile','trash',0,0,NULL,NULL,NULL,NULL,NULL,0,0,NULL,0,NULL,NULL,NULL,NULL,NULL,NULL,NULL,NULL,NULL,NULL,NULL,NULL,NULL,NULL,0,2,NULL,'2020-11-24 01:59:38','2021-01-10 22:53:54',1,NULL,NULL,NULL,NULL,1),(81,'https://tesoll.com/course-status/','33:3f92eefc20795be94b098c3d29542fd3',24,'post','page',1,0,NULL,NULL,'Course Status','publish',NULL,0,NULL,NULL,NULL,NULL,NULL,30,0,NULL,0,NULL,NULL,NULL,NULL,NULL,NULL,NULL,NULL,NULL,NULL,NULL,NULL,NULL,NULL,0,0,NULL,'2020-11-24 02:02:45','2021-01-10 08:17:47',1,NULL,NULL,NULL,NULL,0),(82,'https://tesoll.com/edit-course/','31:52feb0a6136e7739a29ae7cfafc0437f',25,'post','page',1,0,NULL,NULL,'Edit Course','publish',NULL,0,NULL,NULL,NULL,NULL,NULL,0,0,NULL,0,NULL,NULL,NULL,NULL,NULL,NULL,NULL,NULL,NULL,NULL,NULL,NULL,NULL,NULL,0,0,NULL,'2020-11-24 02:07:41','2021-01-10 08:16:12',1,NULL,NULL,NULL,NULL,0),(83,'https://tesoll.com/forums/forum/tesol-canada/','45:1d8b355a56cceea2380de6b03d536d97',2858,'post','forum',1,0,NULL,NULL,'TESOL CANADA','private',0,0,NULL,NULL,NULL,NULL,NULL,0,0,NULL,0,NULL,NULL,NULL,NULL,NULL,NULL,NULL,NULL,NULL,NULL,NULL,NULL,NULL,NULL,0,0,NULL,'2020-11-24 02:12:29','2020-11-24 07:12:29',1,NULL,NULL,NULL,NULL,0),(84,'https://tesoll.com/module-tag/tesol/','36:c20eb925da4c9075c32ac5f735c17f5c',335,'term','module-tag',NULL,NULL,NULL,NULL,'TESOL',NULL,NULL,0,NULL,NULL,NULL,NULL,NULL,NULL,0,NULL,NULL,NULL,NULL,NULL,NULL,NULL,NULL,NULL,NULL,NULL,NULL,NULL,NULL,NULL,NULL,NULL,NULL,NULL,'2020-11-24 02:37:37','2020-11-24 07:37:37',1,NULL,NULL,NULL,NULL,0),(85,'https://tesoll.com/wp-content/uploads/2019/04/LOGO-2019-SMALL.jpg','65:e88ffa437ed23d31143ccb03b917618e',928,'post','attachment',1,92,NULL,NULL,'LOGO 2019 SMALL','inherit',NULL,0,0,NULL,NULL,NULL,NULL,0,0,NULL,0,NULL,NULL,NULL,NULL,'https://tesoll.com/wp-content/uploads/2019/04/LOGO-2019-SMALL.jpg',NULL,'928','attachment-image',NULL,NULL,'https://tesoll.com/wp-content/uploads/2019/04/LOGO-2019-SMALL.jpg','928','attachment-image','{\"width\":90,\"height\":90,\"url\":\"https:\\/\\/tesoll.com\\/wp-content\\/uploads\\/2019\\/04\\/LOGO-2019-SMALL.jpg\",\"path\":\"\\/home\\/instit45\\/tesoll.com\\/wp-content\\/uploads\\/2019\\/04\\/LOGO-2019-SMALL.jpg\",\"size\":\"full\",\"id\":928,\"alt\":\"\",\"pixels\":8100,\"type\":\"image\\/jpeg\"}',NULL,1,NULL,'2020-11-24 02:39:11','2021-01-10 08:22:16',1,NULL,NULL,NULL,NULL,1),(86,'https://tesoll.com/activity-2/','30:9da8531cb4f05697cf229b99450be57a',6,'post','page',1,0,NULL,NULL,'Activity','publish',NULL,0,NULL,NULL,NULL,NULL,NULL,0,0,NULL,0,NULL,NULL,NULL,NULL,NULL,NULL,NULL,NULL,NULL,NULL,NULL,NULL,NULL,NULL,0,0,NULL,'2020-11-24 03:00:40','2021-01-10 22:51:10',1,NULL,NULL,NULL,NULL,0),(87,'https://tesoll.com/all-courses-2__trashed/','42:f80c3066b64aa0a1c4fa50ceafe8b4a8',1172,'post','page',1,0,NULL,NULL,'All Courses','trash',0,0,NULL,NULL,NULL,NULL,NULL,0,0,NULL,0,NULL,NULL,NULL,NULL,NULL,NULL,NULL,NULL,NULL,NULL,NULL,NULL,NULL,NULL,0,0,NULL,'2020-11-24 03:00:40','2021-01-10 10:31:59',1,NULL,NULL,NULL,NULL,0),(88,'https://tesoll.com/become-a-teacher/','36:49464be8c26a699aa1c0a32fbb9cd2e6',1242,'post','page',1,0,NULL,NULL,'Become a Teacher','publish',NULL,0,NULL,NULL,NULL,NULL,NULL,0,0,NULL,0,NULL,NULL,NULL,NULL,NULL,NULL,NULL,NULL,NULL,NULL,NULL,NULL,NULL,NULL,0,0,NULL,'2020-11-24 03:00:40','2021-01-10 22:52:25',1,NULL,NULL,NULL,NULL,0),(89,'https://tesoll.com/become-an-instructor-3/','42:62ac2349a86cf76eb0d85f3d327f6876',87,'post','page',1,0,NULL,NULL,'Become an Instructor','publish',NULL,0,NULL,NULL,NULL,NULL,NULL,30,0,NULL,0,NULL,NULL,NULL,NULL,NULL,NULL,NULL,NULL,NULL,NULL,NULL,NULL,NULL,NULL,0,0,NULL,'2020-11-24 03:00:40','2021-01-10 09:33:32',1,NULL,NULL,NULL,NULL,0),(940,'https://tesoll.com/unit/module-4-introduction-and-key-takeaways/','64:5c3d310c813be6c99aafadf3eeef65e8',3611,'post','unit',1,0,NULL,NULL,'Module 4: Introduction and Key Takeaways','publish',NULL,0,NULL,NULL,NULL,NULL,NULL,60,0,NULL,0,NULL,NULL,NULL,NULL,NULL,NULL,NULL,NULL,NULL,NULL,NULL,NULL,NULL,NULL,4,NULL,NULL,'2020-12-30 04:23:59','2020-12-30 11:23:14',1,NULL,NULL,NULL,NULL,0),(939,'https://tesoll.com/wp-content/uploads/2020/12/UBCBUS2B2017-V001400_DTH.mp4','74:6e16bf74b32643acf71f185e119a4219',3608,'post','attachment',1,3599,NULL,NULL,'UBCBUS2B2017-V001400_DTH','inherit',NULL,0,NULL,NULL,NULL,NULL,NULL,0,0,NULL,0,NULL,NULL,NULL,NULL,NULL,NULL,NULL,NULL,NULL,NULL,NULL,NULL,NULL,NULL,0,1,NULL,'2020-12-30 04:22:01','2020-12-30 04:23:49',1,NULL,NULL,NULL,NULL,1),(94,'https://tesoll.com/buddydrive-3/','32:16606bfc8e6d36c7b2167f7a1a6b3628',2841,'post','page',1,0,NULL,NULL,'BuddyDrive','publish',NULL,0,NULL,NULL,NULL,NULL,NULL,90,0,NULL,0,NULL,NULL,NULL,NULL,NULL,NULL,NULL,NULL,NULL,NULL,NULL,NULL,NULL,NULL,0,NULL,NULL,'2020-11-24 03:00:40','2021-01-10 22:51:21',1,NULL,NULL,NULL,NULL,0),(95,'https://tesoll.com/activate-2/','30:eeeefb659ffb0fac92fb8d7c5d09a1fd',28,'post','page',1,0,NULL,NULL,'Activate','publish',NULL,0,NULL,NULL,NULL,NULL,NULL,0,0,NULL,0,NULL,NULL,NULL,NULL,NULL,NULL,NULL,NULL,NULL,NULL,NULL,NULL,NULL,NULL,0,0,NULL,'2020-11-24 03:00:40','2021-01-10 09:32:21',1,NULL,NULL,NULL,NULL,0),(938,'https://tesoll.com/assignment/assessment-3-tronc-plain-english-re-write/','72:cddb7b3d8125b5926c62353c1c2d8b3a',3607,'post','wplms-assignment',1,0,NULL,NULL,'Assessment 3: Tronc Plain English Re-Write','publish',NULL,0,NULL,NULL,NULL,NULL,NULL,30,0,NULL,0,NULL,NULL,NULL,NULL,NULL,NULL,NULL,NULL,NULL,NULL,NULL,NULL,NULL,NULL,0,NULL,NULL,'2020-12-30 04:19:34','2020-12-30 09:23:26',1,NULL,NULL,NULL,NULL,0),(937,'https://tesoll.com/wp-content/uploads/2020/12/AnneMarieSlaughter_2013G-480p-en.mp4','82:9745734d9743c6f13c9915017a34d37e',3606,'post','attachment',1,3599,NULL,NULL,'AnneMarieSlaughter_2013G-480p-en','inherit',NULL,0,NULL,NULL,NULL,NULL,NULL,0,0,NULL,0,NULL,NULL,NULL,NULL,NULL,NULL,NULL,NULL,NULL,NULL,NULL,NULL,NULL,NULL,0,1,NULL,'2020-12-30 04:19:20','2020-12-30 04:23:49',1,NULL,NULL,NULL,NULL,1),(99,'https://tesoll.com/?page_id=1436','32:369024cd957126a4253e1993418c244e',1436,'post','page',1,0,NULL,NULL,'Events','draft',0,0,NULL,NULL,NULL,NULL,NULL,0,0,NULL,0,NULL,NULL,NULL,NULL,NULL,NULL,NULL,NULL,NULL,NULL,NULL,NULL,NULL,NULL,0,0,NULL,'2020-11-24 03:02:15','2021-01-10 08:21:59',1,NULL,NULL,NULL,NULL,0),(100,'https://tesoll.com/members-2__trashed/','38:dddaead05297af048b23d63d5da9eb62',7,'post','page',1,0,NULL,NULL,'Members','trash',0,0,NULL,NULL,NULL,NULL,NULL,0,0,NULL,0,NULL,NULL,NULL,NULL,NULL,NULL,NULL,NULL,NULL,NULL,NULL,NULL,NULL,NULL,0,0,NULL,'2020-11-24 03:05:10','2021-01-10 22:53:54',1,NULL,NULL,NULL,NULL,0),(101,'https://tesoll.com/?page_id=2649','32:884e55836cfaebe34879f8f36c01cf68',2649,'post','page',1,0,NULL,NULL,'Notes and Discussion','draft',0,0,NULL,NULL,NULL,NULL,NULL,0,0,NULL,0,NULL,NULL,NULL,NULL,NULL,NULL,NULL,NULL,NULL,NULL,NULL,NULL,NULL,NULL,0,NULL,NULL,'2020-11-24 03:05:23','2021-01-10 08:22:17',1,NULL,NULL,NULL,NULL,0),(102,'https://tesoll.com/?page_id=2719','32:0d1c16889b06f55cba590a155d65d178',2719,'post','page',1,0,NULL,NULL,'Notes and Discussion','draft',0,0,NULL,NULL,NULL,NULL,NULL,0,0,NULL,0,NULL,NULL,NULL,NULL,NULL,NULL,NULL,NULL,NULL,NULL,NULL,NULL,NULL,NULL,0,0,NULL,'2020-11-24 03:05:23','2021-01-10 08:22:17',1,NULL,NULL,NULL,NULL,0),(103,'https://tesoll.com/our-recommended-courses/','43:ba07625516cd75b5d9006d45c77060a1',2201,'post','page',1,0,NULL,NULL,'Our Recommended Courses','publish',NULL,0,NULL,NULL,NULL,NULL,NULL,30,0,NULL,0,NULL,NULL,NULL,NULL,NULL,NULL,NULL,NULL,NULL,NULL,NULL,NULL,NULL,NULL,0,NULL,NULL,'2020-11-24 03:05:23','2021-01-10 09:25:01',1,NULL,NULL,NULL,NULL,0),(104,'https://tesoll.com/profile/','27:1b02bbcabf1606e70fe95c378f604ed2',1241,'post','page',1,0,NULL,NULL,'Profile','publish',NULL,0,NULL,NULL,NULL,NULL,NULL,0,0,NULL,0,NULL,NULL,NULL,NULL,NULL,NULL,NULL,NULL,NULL,NULL,NULL,NULL,NULL,NULL,0,0,NULL,'2020-11-24 03:05:23','2021-01-10 22:50:02',1,NULL,NULL,NULL,NULL,0),(105,'https://tesoll.com/register-4/','30:1f66037f6cfdb8cb5ca5324677779855',27,'post','page',1,0,NULL,NULL,'Register','publish',NULL,0,NULL,NULL,NULL,NULL,NULL,0,0,NULL,0,NULL,NULL,NULL,NULL,NULL,NULL,NULL,NULL,NULL,NULL,NULL,NULL,NULL,NULL,0,0,NULL,'2020-11-24 03:05:23','2021-01-10 09:25:55',1,NULL,NULL,NULL,NULL,0),(106,'https://tesoll.com/register-2/','30:b629576a50e8b79d8bb37bcd8deec680',1173,'post','page',1,0,NULL,NULL,'Register','publish',NULL,0,NULL,NULL,NULL,NULL,NULL,0,0,NULL,0,NULL,NULL,NULL,NULL,NULL,NULL,NULL,NULL,NULL,NULL,NULL,NULL,NULL,NULL,0,0,NULL,'2020-11-24 03:05:23','2021-01-10 09:28:46',1,NULL,NULL,NULL,NULL,0),(107,'https://tesoll.com/sample-page-2/','33:9f183f736b0f2868e7dd4f31cc898a5a',2,'post','page',1,0,NULL,NULL,'Sample Page','publish',NULL,0,NULL,NULL,NULL,NULL,NULL,90,0,NULL,0,NULL,NULL,NULL,NULL,NULL,NULL,NULL,NULL,NULL,NULL,NULL,NULL,NULL,NULL,1,0,NULL,'2020-11-24 03:05:23','2021-01-10 09:28:03',1,NULL,NULL,NULL,NULL,0),(108,'https://tesoll.com/shop/','24:8f75e95859b25e22bada0e6983bf04da',300,'post','page',1,0,NULL,NULL,'Shop','publish',NULL,0,NULL,NULL,NULL,NULL,NULL,0,0,NULL,0,NULL,NULL,NULL,NULL,NULL,NULL,NULL,NULL,NULL,NULL,NULL,NULL,NULL,NULL,0,6,NULL,'2020-11-24 03:05:23','2021-01-10 17:23:36',1,NULL,NULL,NULL,NULL,0),(109,'https://tesoll.com/tesol/','25:f21ff9ac8915d660ccdb4630f6bc39d7',256,'post','page',1,0,NULL,NULL,'TESOL','publish',NULL,0,NULL,NULL,NULL,NULL,NULL,60,0,NULL,0,NULL,NULL,NULL,NULL,NULL,NULL,NULL,NULL,NULL,NULL,NULL,NULL,NULL,NULL,0,0,NULL,'2020-11-24 03:05:23','2021-01-10 09:28:58',1,NULL,NULL,NULL,NULL,0),(110,'https://tesoll.com/shop/','24:8f75e95859b25e22bada0e6983bf04da',NULL,'post-type-archive','product',NULL,NULL,'%%pt_plural%% Archive %%page%% %%sep%% %%sitename%%','','Products',NULL,1,0,NULL,NULL,NULL,NULL,NULL,NULL,0,0,0,0,0,0,NULL,NULL,NULL,NULL,NULL,NULL,NULL,NULL,NULL,NULL,NULL,NULL,NULL,NULL,'2020-11-24 03:06:55','2020-12-31 11:28:04',1,NULL,NULL,NULL,NULL,0),(111,'https://tesoll.com/author/maheron/','34:dbab64685c2060bf4e92d0b273d773ff',9,'user',NULL,NULL,NULL,NULL,NULL,NULL,NULL,NULL,0,0,NULL,NULL,NULL,NULL,NULL,0,0,NULL,NULL,NULL,NULL,NULL,'https://tesoll.com/wp-content/themes/wplms/assets/images/avatar.jpg',NULL,NULL,'gravatar-image',NULL,NULL,'https://tesoll.com/wp-content/themes/wplms/assets/images/avatar.jpg',NULL,'gravatar-image',NULL,NULL,NULL,NULL,'2020-11-24 03:06:58','2021-01-10 22:51:33',1,NULL,NULL,NULL,NULL,0),(112,'https://tesoll.com/','19:ba42dab1b2a8dd2c531925d58401bd03',NULL,'home-page',NULL,NULL,NULL,'%%sitename%% %%page%% %%sep%% %%sitedesc%%','','Home',NULL,NULL,0,NULL,NULL,NULL,NULL,NULL,NULL,0,0,0,0,0,0,NULL,NULL,NULL,NULL,NULL,'','','','',NULL,NULL,NULL,2,NULL,'2020-11-24 06:24:25','2021-01-10 16:01:23',1,NULL,NULL,NULL,NULL,0),(945,'https://tesoll.com/assignment/assessment-4-grand-challenges-canada-persuasive-email/','84:70360a1e3cd3864a43665efd9102b6ad',3617,'post','wplms-assignment',1,0,NULL,NULL,'Assessment 4: Grand Challenges Canada Persuasive Email.','publish',NULL,0,NULL,NULL,NULL,NULL,NULL,30,0,NULL,0,NULL,NULL,NULL,NULL,NULL,NULL,NULL,NULL,NULL,NULL,NULL,NULL,NULL,NULL,0,NULL,NULL,'2020-12-30 04:38:50','2020-12-30 09:49:22',1,NULL,NULL,NULL,NULL,0),(116,'https://tesoll.com/2883/','24:e2437090eb72819d4227c24b56305b1e',2883,'post','nav_menu_item',1,0,NULL,NULL,'','publish',NULL,0,NULL,NULL,NULL,NULL,NULL,0,0,NULL,0,NULL,NULL,NULL,NULL,NULL,NULL,NULL,NULL,NULL,NULL,NULL,NULL,NULL,NULL,NULL,NULL,NULL,'2020-11-24 06:27:50','2020-11-24 11:27:50',1,NULL,NULL,NULL,NULL,0),(117,'https://tesoll.com/2884/','24:d33919f898bf5cd06581acee3647bf6f',2884,'post','nav_menu_item',1,2848,NULL,NULL,'','publish',NULL,0,NULL,NULL,NULL,NULL,NULL,0,0,NULL,0,NULL,NULL,NULL,NULL,NULL,NULL,NULL,NULL,NULL,NULL,NULL,NULL,NULL,NULL,NULL,NULL,NULL,'2020-11-24 06:27:50','2021-01-10 22:53:54',1,NULL,NULL,NULL,NULL,1),(118,'https://tesoll.com/2885/','24:4226c3aa5df7ce345fbe9875873d2111',2885,'post','nav_menu_item',1,0,NULL,NULL,'','publish',NULL,0,NULL,NULL,NULL,NULL,NULL,0,0,NULL,0,NULL,NULL,NULL,NULL,NULL,NULL,NULL,NULL,NULL,NULL,NULL,NULL,NULL,NULL,NULL,NULL,NULL,'2020-11-24 06:27:50','2020-11-24 11:27:50',1,NULL,NULL,NULL,NULL,0),(962,'https://tesoll.com/assignment/international-board-examination/','62:b29c862bc5363f9e2ca78c79599dacd5',3640,'post','wplms-assignment',1,0,NULL,NULL,'International Board Examination','publish',NULL,0,NULL,NULL,NULL,NULL,NULL,30,0,NULL,0,NULL,NULL,NULL,NULL,NULL,NULL,NULL,NULL,NULL,NULL,NULL,NULL,NULL,NULL,0,NULL,NULL,'2020-12-30 05:08:27','2020-12-30 10:36:25',1,NULL,NULL,NULL,NULL,0),(120,'https://tesoll.com/2122/','24:d956980c270f1aab0ff29fb221b26deb',2826,'post','nav_menu_item',1,0,NULL,NULL,'','publish',NULL,0,NULL,NULL,NULL,NULL,NULL,0,0,NULL,0,NULL,NULL,NULL,NULL,NULL,NULL,NULL,NULL,NULL,NULL,NULL,NULL,NULL,NULL,NULL,NULL,NULL,'2020-11-24 06:30:09','2020-11-24 11:30:09',1,NULL,NULL,NULL,NULL,0),(121,'https://tesoll.com/course-forum/','32:f5e9fbba4a08b1086b996023f8ad4c94',2825,'post','nav_menu_item',1,0,NULL,NULL,'Course Forum','publish',NULL,0,NULL,NULL,NULL,NULL,NULL,0,0,NULL,0,NULL,NULL,NULL,NULL,NULL,NULL,NULL,NULL,NULL,NULL,NULL,NULL,NULL,NULL,NULL,NULL,NULL,'2020-11-24 06:30:09','2020-11-24 11:30:09',1,NULL,NULL,NULL,NULL,0),(959,'https://tesoll.com/wp-content/uploads/2020/12/UBCBUS2B2017-V001700_DTH-1.mp4','76:43c2016ca4c5f53427b7031bad749537',3634,'post','attachment',1,3629,NULL,NULL,'UBCBUS2B2017-V001700_DTH','inherit',NULL,0,NULL,NULL,NULL,NULL,NULL,0,0,NULL,0,NULL,NULL,NULL,NULL,NULL,NULL,NULL,NULL,NULL,NULL,NULL,NULL,NULL,NULL,0,1,NULL,'2020-12-30 04:55:45','2020-12-30 04:56:04',1,NULL,NULL,NULL,NULL,1),(953,'https://tesoll.com/assignment/assessment-5-job-interview-story/','63:2188ca2ddffc34a543f017c10190610b',3626,'post','wplms-assignment',1,0,NULL,NULL,'Assessment 5: Job Interview Story','publish',NULL,0,NULL,NULL,NULL,NULL,NULL,30,0,NULL,0,NULL,NULL,NULL,NULL,NULL,NULL,NULL,NULL,NULL,NULL,NULL,NULL,NULL,NULL,0,NULL,NULL,'2020-12-30 04:49:26','2020-12-30 09:50:19',1,NULL,NULL,NULL,NULL,0),(815,'https://tesoll.com/assignment/unit-7-assignment-2/','50:dfb6a021131c43ec4d1b90d3c56fe32b',2455,'post','wplms-assignment',1,0,NULL,NULL,'unit 7 assignment 2','publish',NULL,0,NULL,NULL,NULL,NULL,NULL,0,0,NULL,0,NULL,NULL,NULL,NULL,NULL,NULL,NULL,NULL,NULL,NULL,NULL,NULL,NULL,NULL,NULL,NULL,NULL,'2020-12-18 16:56:02','2020-12-18 21:56:02',1,NULL,NULL,NULL,NULL,0),(825,'https://tesoll.com/author/noraldin/','35:47b82361d467122a942ef1ef8e43e725',202,'user',NULL,NULL,NULL,NULL,NULL,NULL,NULL,NULL,0,0,NULL,NULL,NULL,NULL,NULL,0,0,NULL,NULL,NULL,NULL,NULL,'https://tesoll.com/wp-content/uploads/2020/12/ibts-new-logo.png',NULL,NULL,'gravatar-image',NULL,NULL,'https://tesoll.com/wp-content/uploads/2020/12/ibts-new-logo.png',NULL,'gravatar-image',NULL,NULL,NULL,NULL,'2020-12-19 03:45:55','2020-12-19 08:45:55',1,NULL,NULL,NULL,NULL,0),(814,'https://tesoll.com/quiz/grammar-day-10-unit-10-2-adverb-quiz/','61:da1f39b7f4701d57ac18e579edb3ed73',787,'post','quiz',1,0,NULL,NULL,'Grammar Day 10- Unit 10.2: Adverb Quiz','publish',NULL,0,NULL,NULL,NULL,NULL,NULL,0,0,NULL,0,NULL,NULL,NULL,NULL,NULL,NULL,NULL,NULL,NULL,NULL,NULL,NULL,NULL,NULL,NULL,NULL,NULL,'2020-12-18 12:06:48','2020-12-18 17:06:48',1,NULL,NULL,NULL,NULL,0),(132,'https://tesoll.com/?post_type=course&p=2889','43:c81b379a4408e7f5d804b02f8fb60af9',2889,'post','course',1,0,'%%sitename%%','TESOL-Prep offers a number of TESOL specialization courses that are especially suitable for graduates of any TESOL or TEFL program.','TESOL ONLINE','draft',0,0,NULL,NULL,NULL,NULL,NULL,30,0,NULL,0,NULL,NULL,NULL,NULL,'https://tesoll.com/wp-content/uploads/2020/12/IBTS-TESOL-stamp.png',NULL,'3444','featured-image',NULL,NULL,'https://tesoll.com/wp-content/uploads/2020/12/IBTS-TESOL-stamp.png','3444','featured-image','{\"width\":906,\"height\":892,\"url\":\"https://tesoll.com/wp-content/uploads/2020/12/IBTS-TESOL-stamp.png\",\"path\":\"/home/instit45/tesoll.com/wp-content/uploads/2020/12/IBTS-TESOL-stamp.png\",\"size\":\"full\",\"id\":3444,\"alt\":\"\",\"pixels\":808152,\"type\":\"image/png\"}',1,1,NULL,'2020-11-24 06:53:44','2021-01-09 08:00:45',1,NULL,NULL,NULL,NULL,0),(1120,'https://tesoll.com/question-tag/music/','38:d1ffdbe2d38e5a819e48b48a41aff532',361,'term','question-tag',NULL,NULL,NULL,NULL,'music',NULL,NULL,0,NULL,NULL,NULL,NULL,NULL,NULL,0,NULL,NULL,NULL,NULL,NULL,NULL,NULL,NULL,NULL,NULL,NULL,NULL,NULL,NULL,NULL,NULL,0,NULL,NULL,'2021-01-09 02:31:06','2021-01-09 07:31:06',1,NULL,NULL,NULL,NULL,0),(1121,'https://tesoll.com/question/multimedia-q3/','42:41293a242fc1fd2843d17008c6602b87',3830,'post','question',1,0,NULL,NULL,'MultiMedia Q3','publish',NULL,0,NULL,NULL,NULL,NULL,NULL,0,0,NULL,0,NULL,NULL,NULL,NULL,NULL,NULL,NULL,NULL,NULL,NULL,NULL,NULL,NULL,NULL,0,NULL,NULL,'2021-01-09 02:31:07','2021-01-09 07:31:07',1,NULL,NULL,NULL,NULL,0),(135,'https://tesoll.com/?page_id=2898','32:e252c778998e135bc6e5f1675cbee274',2898,'post','page',1,0,NULL,NULL,'Notes and Discussion','draft',0,0,NULL,NULL,NULL,NULL,NULL,0,0,NULL,0,NULL,NULL,NULL,NULL,NULL,NULL,NULL,NULL,NULL,NULL,NULL,NULL,NULL,NULL,0,NULL,NULL,'2020-11-24 07:32:02','2021-01-10 06:52:10',1,NULL,NULL,NULL,NULL,0),(136,'https://tesoll.com/?page_id=2899','32:afa189fdfd6b24e92e2d09b707140f49',2899,'post','page',1,0,NULL,NULL,'Events','draft',0,0,NULL,NULL,NULL,NULL,NULL,0,0,NULL,0,NULL,NULL,NULL,NULL,NULL,NULL,NULL,NULL,NULL,NULL,NULL,NULL,NULL,NULL,0,NULL,NULL,'2020-11-24 07:33:23','2021-01-10 08:21:59',1,NULL,NULL,NULL,NULL,0),(137,'https://tesoll.com/?page_id=2900','32:4908918787fff5198ce60285697f64db',2900,'post','page',1,0,NULL,NULL,'Blog Layout 3','draft',0,0,NULL,NULL,NULL,NULL,NULL,0,0,NULL,0,NULL,NULL,NULL,NULL,NULL,NULL,NULL,NULL,NULL,NULL,NULL,NULL,NULL,NULL,0,NULL,NULL,'2020-11-24 07:33:23','2021-01-10 08:21:59',1,NULL,NULL,NULL,NULL,0),(138,'https://tesoll.com/?page_id=2901','32:cbdfaf9fa7eabd114b81c62bf01b63b2',2901,'post','page',1,0,NULL,NULL,'Blog Layout 2','draft',0,0,NULL,NULL,NULL,NULL,NULL,0,0,NULL,0,NULL,NULL,NULL,NULL,NULL,NULL,NULL,NULL,NULL,NULL,NULL,NULL,NULL,NULL,0,NULL,NULL,'2020-11-24 07:33:23','2021-01-10 08:21:59',1,NULL,NULL,NULL,NULL,0),(139,'https://tesoll.com/?page_id=2902','32:c87ea4895db415307733c4e0042f4426',2902,'post','page',1,0,NULL,NULL,'Blog Layout 1','draft',0,0,NULL,NULL,NULL,NULL,NULL,0,0,NULL,0,NULL,NULL,NULL,NULL,NULL,NULL,NULL,NULL,NULL,NULL,NULL,NULL,NULL,NULL,0,NULL,NULL,'2020-11-24 07:33:23','2021-01-10 08:21:59',1,NULL,NULL,NULL,NULL,0),(140,'https://tesoll.com/become-an-instructor/','40:87d5ed3d75fd2e806954194070b26d6c',2903,'post','page',1,0,NULL,NULL,'Become an Instructor','publish',NULL,0,NULL,NULL,NULL,NULL,NULL,90,0,NULL,0,NULL,NULL,NULL,NULL,'http://wplms.io/demos/demo3/wp-content/uploads/2016/02/banner2.jpg',NULL,NULL,'first-content-image',NULL,NULL,'http://wplms.io/demos/demo3/wp-content/uploads/2016/02/banner2.jpg',NULL,'first-content-image',NULL,0,NULL,NULL,'2020-11-24 07:33:24','2021-01-10 22:55:57',1,NULL,NULL,NULL,NULL,0),(141,'https://tesoll.com/?page_id=2904','32:9b95816476373fa1adb4e33536024019',2904,'post','page',1,0,NULL,NULL,'Home','draft',0,0,NULL,NULL,NULL,NULL,NULL,0,0,NULL,0,NULL,NULL,NULL,NULL,'http://wplms.io/demos/demo3/wp-content/uploads/2016/02/t6.jpg',NULL,NULL,'first-content-image',NULL,NULL,'http://wplms.io/demos/demo3/wp-content/uploads/2016/02/t6.jpg',NULL,'first-content-image',NULL,0,NULL,NULL,'2020-11-24 07:33:24','2021-01-10 08:22:16',1,NULL,NULL,NULL,NULL,0),(926,'https://tesoll.com/wp-content/uploads/2020/12/UBCBUS2B2017-V000400_DTH.mp4','74:75edfc61790561ee6af323ff73d70f72',3593,'post','attachment',1,3589,NULL,NULL,'UBCBUS2B2017-V000400_DTH','inherit',NULL,0,NULL,NULL,NULL,NULL,NULL,0,0,NULL,0,NULL,NULL,NULL,NULL,NULL,NULL,NULL,NULL,NULL,NULL,NULL,NULL,NULL,NULL,0,1,NULL,'2020-12-30 04:03:34','2020-12-30 04:07:44',1,NULL,NULL,NULL,NULL,1),(927,'https://tesoll.com/wp-content/uploads/2020/12/UBCBUS2B2017-V000300_DTH.mp4','74:c6d9793ea8c0b480a64d6fdb33a2caf1',3594,'post','attachment',1,3589,NULL,NULL,'UBCBUS2B2017-V000300_DTH','inherit',NULL,0,NULL,NULL,NULL,NULL,NULL,0,0,NULL,0,NULL,NULL,NULL,NULL,NULL,NULL,NULL,NULL,NULL,NULL,NULL,NULL,NULL,NULL,0,1,NULL,'2020-12-30 04:05:27','2020-12-30 04:07:44',1,NULL,NULL,NULL,NULL,1),(928,'https://tesoll.com/wp-content/uploads/2020/12/UBCBUS2B2017-V001300_DTH.mp4','74:95b803351cde52b1ed9fcb790762c6ad',3595,'post','attachment',1,3589,NULL,NULL,'UBCBUS2B2017-V001300_DTH','inherit',NULL,0,NULL,NULL,NULL,NULL,NULL,0,0,NULL,0,NULL,NULL,NULL,NULL,NULL,NULL,NULL,NULL,NULL,NULL,NULL,NULL,NULL,NULL,0,1,NULL,'2020-12-30 04:07:26','2020-12-30 04:07:44',1,NULL,NULL,NULL,NULL,1),(146,'https://tesoll.com/course/starting-a-startup__trashed/','54:1d574ca7e83f3d63075fa8b1036993c7',2909,'post','course',1,0,NULL,NULL,'Starting a Startup','trash',0,0,NULL,NULL,NULL,NULL,NULL,0,0,NULL,0,NULL,NULL,NULL,NULL,'',NULL,'1929','featured-image',NULL,NULL,NULL,'1929','featured-image',NULL,0,2,NULL,'2020-11-24 07:33:25','2020-12-19 08:27:26',1,NULL,NULL,NULL,NULL,0),(929,'https://tesoll.com/assignment/assessment-2-who-speech-outline/','62:5bebc4e1e11909f435e52731f3dbf06f',3597,'post','wplms-assignment',1,0,NULL,NULL,'Assessment 2: WHO Speech Outline','publish',NULL,0,NULL,NULL,NULL,NULL,NULL,60,0,NULL,0,NULL,NULL,NULL,NULL,NULL,NULL,NULL,NULL,NULL,NULL,NULL,NULL,NULL,NULL,0,NULL,NULL,'2020-12-30 04:07:49','2020-12-30 09:09:14',1,NULL,NULL,NULL,NULL,0),(930,'https://tesoll.com/unit/module-3-mastering-the-mechanics/','57:bb9990e114c7a2e45638149c74994347',3599,'post','unit',1,0,NULL,NULL,'Module 3: Mastering the Mechanics','publish',NULL,0,NULL,NULL,NULL,NULL,NULL,60,0,NULL,0,NULL,NULL,NULL,NULL,'https://courses.edx.org/assets/courseware/v1/2555e732198715f52ae202ee20e2d75a/asset-v1:UBCx+COMM220x+2T2020+type@asset+block/Emma_Watson_2013.jpg',NULL,NULL,'first-content-image',NULL,NULL,'https://courses.edx.org/assets/courseware/v1/2555e732198715f52ae202ee20e2d75a/asset-v1:UBCx+COMM220x+2T2020+type@asset+block/Emma_Watson_2013.jpg',NULL,'first-content-image',NULL,7,NULL,NULL,'2020-12-30 04:10:12','2020-12-30 11:22:51',1,NULL,NULL,NULL,NULL,0),(931,'https://tesoll.com/wp-content/uploads/2020/12/UBCBUS2B2017-V002500_DTH.mp4','74:d16e1061adba1e22d92b0fbd25f53838',3600,'post','attachment',1,3599,NULL,NULL,'UBCBUS2B2017-V002500_DTH','inherit',NULL,0,NULL,NULL,NULL,NULL,NULL,0,0,NULL,0,NULL,NULL,NULL,NULL,NULL,NULL,NULL,NULL,NULL,NULL,NULL,NULL,NULL,NULL,0,1,NULL,'2020-12-30 04:12:19','2020-12-30 04:23:49',1,NULL,NULL,NULL,NULL,1),(932,'https://tesoll.com/wp-content/uploads/2020/12/UBCBUS2B2017-V001900_DTH.mp4','74:5a0a55af692fd8645a275af4931ad8fa',3601,'post','attachment',1,3599,NULL,NULL,'UBCBUS2B2017-V001900_DTH','inherit',NULL,0,NULL,NULL,NULL,NULL,NULL,0,0,NULL,0,NULL,NULL,NULL,NULL,NULL,NULL,NULL,NULL,NULL,NULL,NULL,NULL,NULL,NULL,0,1,NULL,'2020-12-30 04:13:16','2020-12-30 04:23:49',1,NULL,NULL,NULL,NULL,1),(153,'https://tesoll.com/product/starting-a-startup__trashed/','55:c8fc991a3e6b341158bf69a49589f04d',2916,'post','product',1,0,NULL,NULL,'Starting a Startup','trash',0,0,NULL,NULL,NULL,NULL,NULL,0,0,NULL,0,NULL,NULL,NULL,NULL,'',NULL,'1929','featured-image',NULL,NULL,NULL,'1929','featured-image',NULL,0,NULL,NULL,'2020-11-24 07:33:27','2020-12-30 03:33:41',1,NULL,NULL,NULL,NULL,0),(154,NULL,NULL,2917,'post','product',1,0,NULL,NULL,'Learn Guitar','trash',0,0,NULL,NULL,NULL,NULL,NULL,0,0,NULL,0,NULL,NULL,NULL,NULL,'',NULL,'1931','featured-image',NULL,NULL,NULL,'1931','featured-image',NULL,0,NULL,NULL,'2020-11-24 07:33:27','2020-12-18 06:12:08',1,NULL,NULL,NULL,NULL,0),(819,'https://tesoll.com/e18301ec-40b8-44a4-aac1-cb89efb214cf/','56:af1f150c79669bebde9d88f15ff702a8',3420,'post','customize_changeset',1,0,NULL,NULL,'','trash',0,0,NULL,NULL,NULL,NULL,NULL,0,0,NULL,0,NULL,NULL,NULL,NULL,NULL,NULL,NULL,NULL,NULL,NULL,NULL,NULL,NULL,NULL,0,NULL,NULL,'2020-12-19 03:23:08','2020-12-19 08:23:08',1,NULL,NULL,NULL,NULL,0),(160,'https://tesoll.com/2197/','24:a805917b62ca7808b040b448677148d3',2923,'post','nav_menu_item',1,0,NULL,NULL,'','publish',NULL,0,NULL,NULL,NULL,NULL,NULL,0,0,NULL,0,NULL,NULL,NULL,NULL,NULL,NULL,NULL,NULL,NULL,NULL,NULL,NULL,NULL,NULL,0,NULL,NULL,'2020-11-24 07:33:31','2020-11-24 12:33:31',1,NULL,NULL,NULL,NULL,0),(161,'https://tesoll.com/forums/','26:6a23da82a16890b3ced9af2b14a09416',2924,'post','nav_menu_item',1,0,NULL,NULL,'Forums','publish',NULL,0,NULL,NULL,NULL,NULL,NULL,0,0,NULL,0,NULL,NULL,NULL,NULL,NULL,NULL,NULL,NULL,NULL,NULL,NULL,NULL,NULL,NULL,0,NULL,NULL,'2020-11-24 07:33:31','2020-11-24 12:33:31',1,NULL,NULL,NULL,NULL,0),(162,'https://tesoll.com/buddypress/','30:754589a2ca063ada81d2a4909e5a23de',2925,'post','nav_menu_item',1,0,NULL,NULL,'BuddyPress','publish',NULL,0,NULL,NULL,NULL,NULL,NULL,0,0,NULL,0,NULL,NULL,NULL,NULL,NULL,NULL,NULL,NULL,NULL,NULL,NULL,NULL,NULL,NULL,0,NULL,NULL,'2020-11-24 07:33:31','2020-11-24 12:33:31',1,NULL,NULL,NULL,NULL,0),(163,'https://tesoll.com/2182/','24:44b6af965e40eb02b1efc78c6d3d5f65',2926,'post','nav_menu_item',1,0,NULL,NULL,'','publish',NULL,0,NULL,NULL,NULL,NULL,NULL,0,0,NULL,0,NULL,NULL,NULL,NULL,NULL,NULL,NULL,NULL,NULL,NULL,NULL,NULL,NULL,NULL,0,NULL,NULL,'2020-11-24 07:33:31','2020-11-24 12:33:31',1,NULL,NULL,NULL,NULL,0),(164,'https://tesoll.com/courses-2/','29:dbe23e8487870a63795aab617cfc0323',2927,'post','nav_menu_item',1,0,NULL,NULL,'Courses','publish',NULL,0,NULL,NULL,NULL,NULL,NULL,0,0,NULL,0,NULL,NULL,NULL,NULL,NULL,NULL,NULL,NULL,NULL,NULL,NULL,NULL,NULL,NULL,0,NULL,NULL,'2020-11-24 07:33:31','2020-11-24 12:33:31',1,NULL,NULL,NULL,NULL,0),(165,'https://tesoll.com/member-profile/','34:ea5d9527ebcb73f62d97b50cd900ca2b',2928,'post','nav_menu_item',1,0,NULL,NULL,'Member Profile','publish',NULL,0,NULL,NULL,NULL,NULL,NULL,0,0,NULL,0,NULL,NULL,NULL,NULL,NULL,NULL,NULL,NULL,NULL,NULL,NULL,NULL,NULL,NULL,0,NULL,NULL,'2020-11-24 07:33:31','2020-11-24 12:33:31',1,NULL,NULL,NULL,NULL,0),(166,'https://tesoll.com/2180/','24:2c2ddcc183f7d270b78abdca313d1f13',2929,'post','nav_menu_item',1,0,NULL,NULL,'','publish',NULL,0,NULL,NULL,NULL,NULL,NULL,0,0,NULL,0,NULL,NULL,NULL,NULL,NULL,NULL,NULL,NULL,NULL,NULL,NULL,NULL,NULL,NULL,0,NULL,NULL,'2020-11-24 07:33:31','2020-11-24 12:33:31',1,NULL,NULL,NULL,NULL,0),(934,'https://tesoll.com/wp-content/uploads/2020/12/RicElias_2011U-480p-en.mp4','72:7ba44d096d016180d0e8f4a854e15f35',3603,'post','attachment',1,3599,NULL,NULL,'RicElias_2011U-480p-en','inherit',NULL,0,NULL,NULL,NULL,NULL,NULL,0,0,NULL,0,NULL,NULL,NULL,NULL,NULL,NULL,NULL,NULL,NULL,NULL,NULL,NULL,NULL,NULL,0,1,NULL,'2020-12-30 04:16:49','2020-12-30 04:23:49',1,NULL,NULL,NULL,NULL,1),(933,'https://tesoll.com/wp-content/uploads/2020/12/UBCBUS2B2017-V002600_DTH.mp4','74:3e23645236b3c73ca9d94034864b0520',3602,'post','attachment',1,3599,NULL,NULL,'UBCBUS2B2017-V002600_DTH','inherit',NULL,0,NULL,NULL,NULL,NULL,NULL,0,0,NULL,0,NULL,NULL,NULL,NULL,NULL,NULL,NULL,NULL,NULL,NULL,NULL,NULL,NULL,NULL,0,1,NULL,'2020-12-30 04:14:13','2020-12-30 04:23:49',1,NULL,NULL,NULL,NULL,1),(167,'https://tesoll.com/product/tesol/','33:d6663fb91b8e66f64f96441712519929',303,'post','product',1,0,'%%title%% %%page%% %%sitename%%',NULL,'TESOL','publish',NULL,0,NULL,NULL,NULL,NULL,NULL,90,0,NULL,0,NULL,NULL,NULL,NULL,'https://tesoll.com/wp-content/uploads/2020/12/IBTS-TESOL-stamp.png',NULL,'3444','featured-image',NULL,NULL,'https://tesoll.com/wp-content/uploads/2020/12/IBTS-TESOL-stamp.png','3444','featured-image','{\"width\":906,\"height\":892,\"url\":\"https://tesoll.com/wp-content/uploads/2020/12/IBTS-TESOL-stamp.png\",\"path\":\"/home/instit45/tesoll.com/wp-content/uploads/2020/12/IBTS-TESOL-stamp.png\",\"size\":\"full\",\"id\":3444,\"alt\":\"\",\"pixels\":808152,\"type\":\"image/png\"}',12,NULL,NULL,'2020-11-24 07:39:43','2021-01-05 13:36:39',1,NULL,NULL,NULL,NULL,0),(168,'https://tesoll.com/course-cat/technology/','41:124ae259dc9b428535c8cf1c95e97e0f',31,'term','course-cat',NULL,NULL,NULL,NULL,'Technology',NULL,NULL,0,NULL,NULL,NULL,NULL,NULL,NULL,0,NULL,NULL,NULL,NULL,NULL,NULL,NULL,NULL,NULL,NULL,NULL,NULL,NULL,NULL,NULL,NULL,NULL,NULL,NULL,'2020-11-24 07:40:02','2020-11-24 12:40:02',1,NULL,NULL,NULL,NULL,0),(169,'https://tesoll.com/course-cat/photography-2/','44:883a0ed39713c681935f7552a0566b58',33,'term','course-cat',NULL,NULL,NULL,NULL,'Photography',NULL,NULL,0,NULL,NULL,NULL,NULL,NULL,NULL,0,NULL,NULL,NULL,NULL,NULL,NULL,NULL,NULL,NULL,NULL,NULL,NULL,NULL,NULL,NULL,NULL,NULL,NULL,NULL,'2020-11-24 07:41:19','2020-11-24 12:41:19',1,NULL,NULL,NULL,NULL,0),(899,'https://tesoll.com/question/2q-7/','33:c90822822eaaf675fb2959da9cd69103',492,'post','question',1,0,NULL,NULL,'2Q-7','publish',NULL,0,NULL,NULL,NULL,NULL,NULL,0,0,NULL,0,NULL,NULL,NULL,NULL,NULL,NULL,NULL,NULL,NULL,NULL,NULL,NULL,NULL,NULL,NULL,NULL,NULL,'2020-12-30 03:00:00','2020-12-30 08:00:00',1,NULL,NULL,NULL,NULL,0),(172,'https://tesoll.com/product-category/uncategorized/','50:d6aff2edd9f1666034a9c080515de6b9',15,'term','product_cat',NULL,NULL,NULL,NULL,'Uncategorized',NULL,NULL,0,NULL,NULL,NULL,NULL,NULL,NULL,0,NULL,NULL,NULL,NULL,NULL,NULL,NULL,NULL,NULL,NULL,NULL,NULL,NULL,NULL,NULL,NULL,NULL,NULL,NULL,'2020-11-24 11:08:21','2020-11-24 16:08:21',1,NULL,NULL,NULL,NULL,0),(173,'https://tesoll.com/product/tesol-online__trashed/','49:738c40b0ea3a8f57c01eed1232fbe246',2940,'post','product',1,0,NULL,NULL,'TESOL ONLINE','trash',0,0,NULL,NULL,NULL,NULL,NULL,0,0,NULL,0,NULL,NULL,NULL,NULL,NULL,NULL,NULL,NULL,NULL,NULL,NULL,NULL,NULL,NULL,0,NULL,NULL,'2020-11-24 14:29:53','2020-12-30 03:33:41',1,NULL,NULL,NULL,NULL,0),(174,'https://tesoll.com/course-cat/tesol/','36:bff9cdcef3a48b1c3f32f35b88fd890c',336,'term','course-cat',NULL,NULL,NULL,NULL,'TESOL',NULL,NULL,0,NULL,NULL,NULL,NULL,NULL,NULL,0,NULL,NULL,NULL,NULL,NULL,NULL,NULL,NULL,NULL,NULL,NULL,NULL,NULL,NULL,NULL,NULL,0,NULL,NULL,'2020-11-24 14:34:22','2020-11-24 19:34:22',1,NULL,NULL,NULL,NULL,0),(175,'https://tesoll.com/?post_type=shop_coupon&p=1747','48:85d0231af9fb79f7020c5c013c91a1ef',1747,'post','shop_coupon',1,0,NULL,NULL,'1199','publish',NULL,0,NULL,NULL,NULL,NULL,NULL,0,0,NULL,0,NULL,NULL,NULL,NULL,NULL,NULL,NULL,NULL,NULL,NULL,NULL,NULL,NULL,NULL,0,NULL,NULL,'2020-11-24 15:00:00','2020-11-24 20:00:21',1,NULL,NULL,NULL,NULL,0),(176,'https://tesoll.com/?post_type=shop_order&p=2941','47:1c1826b0d283cb5475c64f6a9a1c30e1',2941,'post','shop_order',1,0,NULL,NULL,'Order &ndash; November 24, 2020 @ 10:05 AM','wc-completed',0,1,NULL,NULL,NULL,NULL,NULL,0,0,NULL,0,NULL,NULL,NULL,NULL,NULL,NULL,NULL,NULL,NULL,NULL,NULL,NULL,NULL,NULL,0,NULL,NULL,'2020-11-24 15:05:46','2020-11-24 20:10:15',1,NULL,NULL,NULL,NULL,0),(177,'https://tesoll.com/wp-content/uploads/revslider/highlight-showcase4/slide1.jpg','78:6b16b2207504ca4a0d71fdb01861e3e3',219,'post','attachment',1,0,NULL,NULL,'slide1.jpg','inherit',0,0,0,NULL,NULL,NULL,NULL,0,0,NULL,0,NULL,NULL,NULL,NULL,'https://tesoll.com/wp-content/uploads/revslider/highlight-showcase4/slide1.jpg',NULL,'219','attachment-image',NULL,NULL,'https://tesoll.com/wp-content/uploads/revslider/highlight-showcase4/slide1.jpg','219','attachment-image','{\"width\":1920,\"height\":1280,\"url\":\"https://tesoll.com/wp-content/uploads/revslider/highlight-showcase4/slide1.jpg\",\"path\":\"/home/instit45/tesoll.com/wp-content/uploads/revslider/highlight-showcase4/slide1.jpg\",\"size\":\"full\",\"id\":219,\"alt\":\"\",\"pixels\":2457600,\"type\":\"image/jpeg\"}',NULL,1,NULL,'2020-11-24 15:05:46','2020-11-24 15:05:46',1,NULL,NULL,NULL,NULL,0),(178,'https://tesoll.com/?post_type=shop_coupon&p=2942','48:c6056629d474387458379ceba8bcc23c',2942,'post','shop_coupon',1,0,NULL,NULL,'11991199','publish',NULL,0,NULL,NULL,NULL,NULL,NULL,0,0,NULL,0,NULL,NULL,NULL,NULL,NULL,NULL,NULL,NULL,NULL,NULL,NULL,NULL,NULL,NULL,0,NULL,NULL,'2020-11-24 15:10:21','2020-11-24 20:10:44',1,NULL,NULL,NULL,NULL,0),(179,'https://tesoll.com/?post_type=shop_order&p=2943','47:ee40d89c596062cedab9a23d2b410c44',2943,'post','shop_order',1,0,NULL,NULL,'Order &ndash; November 24, 2020 @ 10:11 AM','wc-completed',0,1,NULL,NULL,NULL,NULL,NULL,0,0,NULL,0,NULL,NULL,NULL,NULL,NULL,NULL,NULL,NULL,NULL,NULL,NULL,NULL,NULL,NULL,0,NULL,NULL,'2020-11-24 15:11:20','2020-11-24 20:22:33',1,NULL,NULL,NULL,NULL,0),(1122,'https://tesoll.com/question-tag/gallery/','40:ffc8571d4e60e9d491c608bdc326be15',362,'term','question-tag',NULL,NULL,NULL,NULL,'gallery',NULL,NULL,0,NULL,NULL,NULL,NULL,NULL,NULL,0,NULL,NULL,NULL,NULL,NULL,NULL,NULL,NULL,NULL,NULL,NULL,NULL,NULL,NULL,NULL,NULL,0,NULL,NULL,'2021-01-09 02:31:07','2021-01-09 07:31:07',1,NULL,NULL,NULL,NULL,0),(425,'https://tesoll.com/topics/','26:be98409768eb5b0832bc19eefe458db4',NULL,'post-type-archive','topic',NULL,NULL,'%%pt_plural%% Archive %%page%% %%sep%% %%sitename%%','','Topics',NULL,1,0,NULL,NULL,NULL,NULL,NULL,NULL,0,0,0,0,0,0,NULL,NULL,NULL,NULL,NULL,NULL,NULL,NULL,NULL,NULL,NULL,NULL,NULL,NULL,'2020-12-02 08:57:39','2020-12-02 13:57:39',1,NULL,NULL,NULL,NULL,0),(1123,'https://tesoll.com/question/multimedia-q2/','42:9a8c6c0c0b67be23ad8d281bc6b974aa',3831,'post','question',1,0,NULL,NULL,'MultiMedia Q2','publish',NULL,0,NULL,NULL,NULL,NULL,NULL,0,0,NULL,0,NULL,NULL,NULL,NULL,NULL,NULL,NULL,NULL,NULL,NULL,NULL,NULL,NULL,NULL,0,NULL,NULL,'2021-01-09 02:31:07','2021-01-09 07:31:07',1,NULL,NULL,NULL,NULL,0),(1124,'https://tesoll.com/question-tag/mm/','35:91164c0ed2cba70c8060d1d6280dac8a',363,'term','question-tag',NULL,NULL,NULL,NULL,'mm',NULL,NULL,0,NULL,NULL,NULL,NULL,NULL,NULL,0,NULL,NULL,NULL,NULL,NULL,NULL,NULL,NULL,NULL,NULL,NULL,NULL,NULL,NULL,NULL,NULL,0,NULL,NULL,'2021-01-09 02:31:07','2021-01-09 07:31:07',1,NULL,NULL,NULL,NULL,0),(925,'https://tesoll.com/wp-content/uploads/2020/12/UBCBUS2B2017-V000200_DTH.mp4','74:bd3c45eaadab7110e311b63a92c88289',3592,'post','attachment',1,3589,NULL,NULL,'UBCBUS2B2017-V000200_DTH','inherit',NULL,0,NULL,NULL,NULL,NULL,NULL,0,0,NULL,0,NULL,NULL,NULL,NULL,NULL,NULL,NULL,NULL,NULL,NULL,NULL,NULL,NULL,NULL,0,1,NULL,'2020-12-30 04:02:37','2020-12-30 04:07:44',1,NULL,NULL,NULL,NULL,1),(924,'https://tesoll.com/unit/module-2-preparing-to-communicate/','58:bceb961b81bc6b2b8341d86a22238636',3589,'post','unit',1,0,NULL,NULL,'Module 2: Preparing to Communicate','publish',NULL,0,NULL,NULL,NULL,NULL,NULL,30,0,NULL,0,NULL,NULL,NULL,NULL,'https://courses.edx.org/assets/courseware/v1/a240415dff10723398b7e2a2a803dd25/asset-v1:UBCx+COMM220x+2T2020+type@asset+block/Barack_Obama_talks_with_Alyssa_Mastromonaco__Deputy_Chief_of_Staff_for_Operations__2012.jpg',NULL,NULL,'first-content-image',NULL,NULL,'https://courses.edx.org/assets/courseware/v1/a240415dff10723398b7e2a2a803dd25/asset-v1:UBCx+COMM220x+2T2020+type@asset+block/Barack_Obama_talks_with_Alyssa_Mastromonaco__Deputy_Chief_of_Staff_for_Operations__2012.jpg',NULL,'first-content-image',NULL,4,NULL,NULL,'2020-12-30 04:00:00','2020-12-30 11:22:31',1,NULL,NULL,NULL,NULL,0),(923,'https://tesoll.com/assignment/assessment-1-uber-audience-analysis/','66:aaab6df13338755d9eb371d76f15fa99',3587,'post','wplms-assignment',1,0,NULL,NULL,'Assessment 1: Uber Audience Analysis','publish',NULL,0,NULL,NULL,NULL,NULL,NULL,30,0,NULL,0,NULL,NULL,NULL,NULL,NULL,NULL,NULL,NULL,NULL,NULL,NULL,NULL,NULL,NULL,0,NULL,NULL,'2020-12-30 03:58:10','2020-12-30 09:09:32',1,NULL,NULL,NULL,NULL,0),(922,'https://tesoll.com/wp-content/uploads/2020/12/UBCBUS2B2017-V001200_DTH.mp4','74:eb654ba536e5fccc15ef78fed5ca92a3',3585,'post','attachment',1,3581,NULL,NULL,'UBCBUS2B2017-V001200_DTH','inherit',NULL,0,NULL,NULL,NULL,NULL,NULL,0,0,NULL,0,NULL,NULL,NULL,NULL,NULL,NULL,NULL,NULL,NULL,NULL,NULL,NULL,NULL,NULL,0,1,NULL,'2020-12-30 03:56:21','2020-12-30 03:57:49',1,NULL,NULL,NULL,NULL,1),(921,'https://tesoll.com/wp-content/uploads/2020/12/UBCBUS2B2017-V000500_DTH.mp4','74:a5d273775b934f6b357c03bb1478e878',3584,'post','attachment',1,3581,NULL,NULL,'UBCBUS2B2017-V000500_DTH','inherit',NULL,0,NULL,NULL,NULL,NULL,NULL,0,0,NULL,0,NULL,NULL,NULL,NULL,NULL,NULL,NULL,NULL,NULL,NULL,NULL,NULL,NULL,NULL,0,1,NULL,'2020-12-30 03:52:21','2020-12-30 03:57:49',1,NULL,NULL,NULL,NULL,1),(919,'https://tesoll.com/wp-content/uploads/2020/12/UBCxCOMM220x-V000100_DTH.mp4','74:3393e9475f4f3f34ec1ac79666fe4185',3582,'post','attachment',1,3581,NULL,NULL,'UBCxCOMM220x-V000100_DTH','inherit',NULL,0,NULL,NULL,NULL,NULL,NULL,0,0,NULL,0,NULL,NULL,NULL,NULL,NULL,NULL,NULL,NULL,NULL,NULL,NULL,NULL,NULL,NULL,0,1,NULL,'2020-12-30 03:49:46','2020-12-30 03:57:49',1,NULL,NULL,NULL,NULL,1),(918,'https://tesoll.com/unit/module-1-analyzing-your-audience/','57:94e092a1e8a772e840613f307e2b6a2a',3581,'post','unit',1,0,NULL,NULL,'Module 1: Analyzing Your Audience.','publish',NULL,0,NULL,NULL,NULL,NULL,NULL,60,0,NULL,0,NULL,NULL,NULL,NULL,'https://courses.edx.org/assets/courseware/v1/10f9e93b6bc60a009f9934e12b6384f9/asset-v1:UBCx+COMM220x+2T2020+type@asset+block/CuriousIncident.PNG',NULL,NULL,'first-content-image',NULL,NULL,'https://courses.edx.org/assets/courseware/v1/10f9e93b6bc60a009f9934e12b6384f9/asset-v1:UBCx+COMM220x+2T2020+type@asset+block/CuriousIncident.PNG',NULL,'first-content-image',NULL,4,NULL,NULL,'2020-12-30 03:45:59','2020-12-30 11:22:09',1,NULL,NULL,NULL,NULL,0),(916,'https://tesoll.com/course/business-communications/','50:218d72157d22c1f98ef00c2edc1df14a',3577,'post','course',1,0,NULL,'Accredited certification in business communications aimed for tailoring your communication strategies to your audience and purpose.','Professional Certificate in Business Communications (PCBC)','publish',NULL,0,NULL,NULL,NULL,NULL,NULL,90,0,NULL,0,NULL,NULL,NULL,NULL,'https://tesoll.com/wp-content/uploads/2020/12/IBTS-PCBC-exam-stamp.png',NULL,'3674','featured-image',NULL,NULL,'https://tesoll.com/wp-content/uploads/2020/12/IBTS-PCBC-exam-stamp.png','3674','featured-image','{\"width\":907,\"height\":893,\"url\":\"https://tesoll.com/wp-content/uploads/2020/12/IBTS-PCBC-exam-stamp.png\",\"path\":\"/home/instit45/tesoll.com/wp-content/uploads/2020/12/IBTS-PCBC-exam-stamp.png\",\"size\":\"full\",\"id\":3674,\"alt\":\"\",\"pixels\":809951,\"type\":\"image/png\"}',2,12,NULL,'2020-12-30 03:29:48','2021-01-10 04:09:57',1,NULL,NULL,NULL,NULL,0),(920,'https://tesoll.com/wp-content/uploads/2020/12/UBCBUS2B2017-V001800_DTH.mp4','74:65a1922fce8b77552aab7ff94c2167d2',3583,'post','attachment',1,3581,NULL,NULL,'UBCBUS2B2017-V001800_DTH','inherit',NULL,0,NULL,NULL,NULL,NULL,NULL,0,0,NULL,0,NULL,NULL,NULL,NULL,NULL,NULL,NULL,NULL,NULL,NULL,NULL,NULL,NULL,NULL,0,1,NULL,'2020-12-30 03:51:16','2020-12-30 03:57:49',1,NULL,NULL,NULL,NULL,1),(917,'https://tesoll.com/wp-content/uploads/2020/12/Business-communication-stamp.png','78:0140607d30b33bc328aecbe0f2ed6867',3578,'post','attachment',1,3577,NULL,NULL,'Business communication stamp','inherit',NULL,0,NULL,NULL,NULL,NULL,NULL,0,0,NULL,0,NULL,NULL,NULL,NULL,'https://tesoll.com/wp-content/uploads/2020/12/Business-communication-stamp.png',NULL,'3578','attachment-image',NULL,NULL,NULL,'3578','attachment-image',NULL,0,2,NULL,'2020-12-30 03:43:44','2020-12-30 03:45:38',1,NULL,NULL,NULL,NULL,1),(915,'https://tesoll.com/?post_type=shop_coupon&p=3576','48:3355c844f990b8dd8717b95b431bc3e4',3576,'post','shop_coupon',1,0,NULL,NULL,'ibts60','publish',NULL,0,NULL,NULL,NULL,NULL,NULL,0,0,NULL,0,NULL,NULL,NULL,NULL,NULL,NULL,NULL,NULL,NULL,NULL,NULL,NULL,NULL,NULL,0,NULL,NULL,'2020-12-30 03:21:27','2020-12-31 11:42:00',1,NULL,NULL,NULL,NULL,0),(914,'https://tesoll.com/product/international-board-examination-professional-certificate-in-tesol/','93:cf779ef454c74717082cc8ad75b90491',3574,'post','product',1,0,NULL,'Accredited certificate in Teaching English as a Second Language (TESOL) from the International Board of Teaching Standards (IBTS) in Canada.','International Board Examination: Professional Certificate in TESOL','publish',NULL,0,NULL,NULL,NULL,NULL,NULL,60,0,NULL,0,NULL,NULL,NULL,NULL,'https://tesoll.com/wp-content/uploads/2020/12/IBTS-TESOL-stamp.png',NULL,'3444','featured-image',NULL,NULL,'https://tesoll.com/wp-content/uploads/2020/12/IBTS-TESOL-stamp.png','3444','featured-image','{\"width\":906,\"height\":892,\"url\":\"https://tesoll.com/wp-content/uploads/2020/12/IBTS-TESOL-stamp.png\",\"path\":\"/home/instit45/tesoll.com/wp-content/uploads/2020/12/IBTS-TESOL-stamp.png\",\"size\":\"full\",\"id\":3444,\"alt\":\"\",\"pixels\":808152,\"type\":\"image/png\"}',0,NULL,NULL,'2020-12-30 03:10:41','2020-12-30 11:02:57',1,NULL,NULL,NULL,NULL,0),(912,'https://tesoll.com/course/international-board-examination-professional-certificate-in-tesol/','92:1451755e517521cb1e236aa40029dab9',3571,'post','course',1,0,NULL,NULL,'International Board Examination: Professional Certificate in TESOL','publish',NULL,0,NULL,NULL,NULL,NULL,NULL,30,0,NULL,0,NULL,NULL,NULL,NULL,'https://tesoll.com/wp-content/uploads/2020/12/IBTS-TESOL-stamp.png',NULL,'3444','featured-image',NULL,NULL,'https://tesoll.com/wp-content/uploads/2020/12/IBTS-TESOL-stamp.png','3444','featured-image','{\"width\":906,\"height\":892,\"url\":\"https://tesoll.com/wp-content/uploads/2020/12/IBTS-TESOL-stamp.png\",\"path\":\"/home/instit45/tesoll.com/wp-content/uploads/2020/12/IBTS-TESOL-stamp.png\",\"size\":\"full\",\"id\":3444,\"alt\":\"\",\"pixels\":808152,\"type\":\"image/png\"}',1,12,NULL,'2020-12-30 03:01:28','2021-01-10 20:33:21',1,NULL,NULL,NULL,NULL,0),(911,'https://tesoll.com/question/8q-4/','33:dd708c0b7ac5526e30fd68325f00d2b2',639,'post','question',1,0,NULL,NULL,'8Q-4','publish',NULL,0,NULL,NULL,NULL,NULL,NULL,0,0,NULL,0,NULL,NULL,NULL,NULL,NULL,NULL,NULL,NULL,NULL,NULL,NULL,NULL,NULL,NULL,NULL,NULL,NULL,'2020-12-30 03:00:00','2020-12-30 08:00:00',1,NULL,NULL,NULL,NULL,0),(907,'https://tesoll.com/question/5q-10/','34:3928ce0e0448cb94983e667a8fc1dc97',581,'post','question',1,0,NULL,NULL,'5Q-10','publish',NULL,0,NULL,NULL,NULL,NULL,NULL,0,0,NULL,0,NULL,NULL,NULL,NULL,NULL,NULL,NULL,NULL,NULL,NULL,NULL,NULL,NULL,NULL,NULL,NULL,NULL,'2020-12-30 03:00:00','2020-12-30 08:00:00',1,NULL,NULL,NULL,NULL,0),(908,'https://tesoll.com/question/6q-7/','33:e061f7c3d29b2fb1ca1152c61acf0501',597,'post','question',1,0,NULL,NULL,'6Q-7','publish',NULL,0,NULL,NULL,NULL,NULL,NULL,0,0,NULL,0,NULL,NULL,NULL,NULL,NULL,NULL,NULL,NULL,NULL,NULL,NULL,NULL,NULL,NULL,NULL,NULL,NULL,'2020-12-30 03:00:00','2020-12-30 08:00:00',1,NULL,NULL,NULL,NULL,0),(906,'https://tesoll.com/question/4q-4-2/','35:c3957e05a4e61de7c73e8a2e477dcfeb',540,'post','question',1,0,NULL,NULL,'4Q-4','publish',NULL,0,NULL,NULL,NULL,NULL,NULL,0,0,NULL,0,NULL,NULL,NULL,NULL,NULL,NULL,NULL,NULL,NULL,NULL,NULL,NULL,NULL,NULL,NULL,NULL,NULL,'2020-12-30 03:00:00','2020-12-30 08:00:00',1,NULL,NULL,NULL,NULL,0),(905,'https://tesoll.com/question/3q-9/','33:eec471cbb93755c548c0d6b9a016225a',529,'post','question',1,0,NULL,NULL,'3Q-9','publish',NULL,0,NULL,NULL,NULL,NULL,NULL,0,0,NULL,0,NULL,NULL,NULL,NULL,NULL,NULL,NULL,NULL,NULL,NULL,NULL,NULL,NULL,NULL,NULL,NULL,NULL,'2020-12-30 03:00:00','2020-12-30 08:00:00',1,NULL,NULL,NULL,NULL,0),(904,'https://tesoll.com/question/3q-6/','33:448b8d08298fb48dee4bc976b9954717',521,'post','question',1,0,NULL,NULL,'3Q-6','publish',NULL,0,NULL,NULL,NULL,NULL,NULL,0,0,NULL,0,NULL,NULL,NULL,NULL,NULL,NULL,NULL,NULL,NULL,NULL,NULL,NULL,NULL,NULL,NULL,NULL,NULL,'2020-12-30 03:00:00','2020-12-30 08:00:00',1,NULL,NULL,NULL,NULL,0),(901,'https://tesoll.com/question/2q-9/','33:3eb934277f2035901c672e14b7e2e14f',498,'post','question',1,0,NULL,NULL,'2Q-9','publish',NULL,0,NULL,NULL,NULL,NULL,NULL,0,0,NULL,0,NULL,NULL,NULL,NULL,NULL,NULL,NULL,NULL,NULL,NULL,NULL,NULL,NULL,NULL,NULL,NULL,NULL,'2020-12-30 03:00:00','2020-12-30 08:00:00',1,NULL,NULL,NULL,NULL,0),(902,'https://tesoll.com/question/3q-10/','34:ca7455a7b8f8dbe40ee001ebf34504f7',531,'post','question',1,0,NULL,NULL,'3Q-10','publish',NULL,0,NULL,NULL,NULL,NULL,NULL,0,0,NULL,0,NULL,NULL,NULL,NULL,NULL,NULL,NULL,NULL,NULL,NULL,NULL,NULL,NULL,NULL,NULL,NULL,NULL,'2020-12-30 03:00:00','2020-12-30 08:00:00',1,NULL,NULL,NULL,NULL,0),(900,'https://tesoll.com/question/2q-8/','33:f73678a0fd946c8ca9ca4a8a7d8d0157',496,'post','question',1,0,NULL,NULL,'2Q-8','publish',NULL,0,NULL,NULL,NULL,NULL,NULL,0,0,NULL,0,NULL,NULL,NULL,NULL,NULL,NULL,NULL,NULL,NULL,NULL,NULL,NULL,NULL,NULL,NULL,NULL,NULL,'2020-12-30 03:00:00','2020-12-30 08:00:00',1,NULL,NULL,NULL,NULL,0),(910,'https://tesoll.com/question/8q-2/','33:e3506529eecdf9a29cd2ec0cec0d4479',634,'post','question',1,0,NULL,NULL,'8Q-2','publish',NULL,0,NULL,NULL,NULL,NULL,NULL,0,0,NULL,0,NULL,NULL,NULL,NULL,NULL,NULL,NULL,NULL,NULL,NULL,NULL,NULL,NULL,NULL,NULL,NULL,NULL,'2020-12-30 03:00:00','2020-12-30 08:00:00',1,NULL,NULL,NULL,NULL,0),(909,'https://tesoll.com/question/7q-2/','33:fd6eab370e5465751fc61cb9b2d2e191',609,'post','question',1,0,NULL,NULL,'7Q-2','publish',NULL,0,NULL,NULL,NULL,NULL,NULL,0,0,NULL,0,NULL,NULL,NULL,NULL,NULL,NULL,NULL,NULL,NULL,NULL,NULL,NULL,NULL,NULL,NULL,NULL,NULL,'2020-12-30 03:00:00','2020-12-30 08:00:00',1,NULL,NULL,NULL,NULL,0),(903,'https://tesoll.com/question/4q-4/','33:4d9c773b4d32bd7a78da474ebcb1816b',512,'post','question',1,0,NULL,NULL,'3Q-4','publish',NULL,0,NULL,NULL,NULL,NULL,NULL,0,0,NULL,0,NULL,NULL,NULL,NULL,NULL,NULL,NULL,NULL,NULL,NULL,NULL,NULL,NULL,NULL,NULL,NULL,NULL,'2020-12-30 03:00:00','2020-12-30 08:00:00',1,NULL,NULL,NULL,NULL,0),(898,'https://tesoll.com/question/1q-9/','33:0662daa0235342e76ceba7bdfbdc3715',471,'post','question',1,0,NULL,NULL,'1Q-9','publish',NULL,0,NULL,NULL,NULL,NULL,NULL,0,0,NULL,0,NULL,NULL,NULL,NULL,NULL,NULL,NULL,NULL,NULL,NULL,NULL,NULL,NULL,NULL,NULL,NULL,NULL,'2020-12-30 03:00:00','2020-12-30 08:00:00',1,NULL,NULL,NULL,NULL,0),(897,'https://tesoll.com/question/1q-4/','33:5b492b40463962e39cc63f2ad4c0085e',459,'post','question',1,0,NULL,NULL,'1Q-4','publish',NULL,0,NULL,NULL,NULL,NULL,NULL,0,0,NULL,0,NULL,NULL,NULL,NULL,NULL,NULL,NULL,NULL,NULL,NULL,NULL,NULL,NULL,NULL,NULL,NULL,NULL,'2020-12-30 03:00:00','2020-12-30 08:00:00',1,NULL,NULL,NULL,NULL,0),(896,'https://tesoll.com/question/12q-8/','34:40e345fabcbfd29b87670f737a51d305',753,'post','question',1,0,NULL,NULL,'12Q-8','publish',NULL,0,NULL,NULL,NULL,NULL,NULL,0,0,NULL,0,NULL,NULL,NULL,NULL,NULL,NULL,NULL,NULL,NULL,NULL,NULL,NULL,NULL,NULL,NULL,NULL,NULL,'2020-12-30 03:00:00','2020-12-30 08:00:00',1,NULL,NULL,NULL,NULL,0),(895,'https://tesoll.com/question/12q-5/','34:9058865eb24ddf78e2dacb6af0cddd68',745,'post','question',1,0,NULL,NULL,'12Q-5','publish',NULL,0,NULL,NULL,NULL,NULL,NULL,0,0,NULL,0,NULL,NULL,NULL,NULL,NULL,NULL,NULL,NULL,NULL,NULL,NULL,NULL,NULL,NULL,NULL,NULL,NULL,'2020-12-30 03:00:00','2020-12-30 08:00:00',1,NULL,NULL,NULL,NULL,0),(894,'https://tesoll.com/question/12q-4/','34:71b8bca056b88a18686196c3a19c981e',743,'post','question',1,0,NULL,NULL,'12Q-4','publish',NULL,0,NULL,NULL,NULL,NULL,NULL,0,0,NULL,0,NULL,NULL,NULL,NULL,NULL,NULL,NULL,NULL,NULL,NULL,NULL,NULL,NULL,NULL,NULL,NULL,NULL,'2020-12-30 03:00:00','2020-12-30 08:00:00',1,NULL,NULL,NULL,NULL,0),(893,'https://tesoll.com/quiz/international-board-of-examination-tesol/','65:74dcf58730d6bbb3539d0c4c5a9ba24a',3568,'post','quiz',1,0,NULL,NULL,'International Board of Examination (TESOL)','publish',NULL,0,NULL,NULL,NULL,NULL,NULL,60,0,NULL,0,NULL,NULL,NULL,NULL,'https://ibtsi.com/wp-content/uploads/2020/11/IBTS-stamp-300x267.png',NULL,NULL,'first-content-image',NULL,NULL,'https://ibtsi.com/wp-content/uploads/2020/11/IBTS-stamp-300x267.png',NULL,'first-content-image',NULL,0,NULL,NULL,'2020-12-30 02:49:25','2020-12-30 07:56:03',1,NULL,NULL,NULL,NULL,0),(892,'https://tesoll.com/question/question-20/','40:8aeea2f3dd5dda4ec568cb0733d9452b',3566,'post','question',1,0,NULL,NULL,'Question 20:','publish',NULL,0,NULL,NULL,NULL,NULL,NULL,90,0,NULL,0,NULL,NULL,NULL,NULL,NULL,NULL,NULL,NULL,NULL,NULL,NULL,NULL,NULL,NULL,0,NULL,NULL,'2020-12-30 02:47:27','2020-12-30 07:48:22',1,NULL,NULL,NULL,NULL,0),(891,'https://tesoll.com/question/question-19/','40:c829183df06a737e66371681f24daf32',3564,'post','question',1,0,NULL,NULL,'Question 19:','publish',NULL,0,NULL,NULL,NULL,NULL,NULL,90,0,NULL,0,NULL,NULL,NULL,NULL,NULL,NULL,NULL,NULL,NULL,NULL,NULL,NULL,NULL,NULL,0,NULL,NULL,'2020-12-30 02:43:58','2020-12-30 07:47:16',1,NULL,NULL,NULL,NULL,0),(890,'https://tesoll.com/question/question-18/','40:acf99dae63bfa707ceaab9791bb75b5e',3562,'post','question',1,0,NULL,NULL,'Question 18:','publish',NULL,0,NULL,NULL,NULL,NULL,NULL,60,0,NULL,0,NULL,NULL,NULL,NULL,NULL,NULL,NULL,NULL,NULL,NULL,NULL,NULL,NULL,NULL,0,NULL,NULL,'2020-12-30 02:42:31','2020-12-30 07:43:53',1,NULL,NULL,NULL,NULL,0),(889,'https://tesoll.com/question/question-17/','40:86a5e3203783ae2e5d64cedfe8823580',3560,'post','question',1,0,NULL,NULL,'Question 17:','publish',NULL,0,NULL,NULL,NULL,NULL,NULL,60,0,NULL,0,NULL,NULL,NULL,NULL,NULL,NULL,NULL,NULL,NULL,NULL,NULL,NULL,NULL,NULL,0,NULL,NULL,'2020-12-30 02:41:48','2020-12-30 07:42:27',1,NULL,NULL,NULL,NULL,0),(888,'https://tesoll.com/question/question-16/','40:4d0aa86e3febf8c9eadfea6b1228ced2',3558,'post','question',1,0,NULL,NULL,'Question 16:','publish',NULL,0,NULL,NULL,NULL,NULL,NULL,30,0,NULL,0,NULL,NULL,NULL,NULL,NULL,NULL,NULL,NULL,NULL,NULL,NULL,NULL,NULL,NULL,0,NULL,NULL,'2020-12-30 02:30:17','2020-12-30 07:41:40',1,NULL,NULL,NULL,NULL,0),(887,'https://tesoll.com/question/question-15/','40:678fe6738454f502958b7a7caff374a6',3556,'post','question',1,0,NULL,NULL,'Question 15:','publish',NULL,0,NULL,NULL,NULL,NULL,NULL,60,0,NULL,0,NULL,NULL,NULL,NULL,NULL,NULL,NULL,NULL,NULL,NULL,NULL,NULL,NULL,NULL,0,NULL,NULL,'2020-12-30 02:28:14','2020-12-30 07:30:13',1,NULL,NULL,NULL,NULL,0),(886,'https://tesoll.com/question/question-14/','40:c0eef2f3180098827518455b4be3ab7b',3553,'post','question',1,0,NULL,NULL,'Question 14:','publish',NULL,0,NULL,NULL,NULL,NULL,NULL,60,0,NULL,0,NULL,NULL,NULL,NULL,NULL,NULL,NULL,NULL,NULL,NULL,NULL,NULL,NULL,NULL,0,NULL,NULL,'2020-12-30 02:26:49','2020-12-30 07:28:10',1,NULL,NULL,NULL,NULL,0),(885,'https://tesoll.com/question/question-13/','40:9dd54aa29622f5dedcf50587f46f045e',3550,'post','question',1,0,NULL,NULL,'Question 13:','publish',NULL,0,NULL,NULL,NULL,NULL,NULL,60,0,NULL,0,NULL,NULL,NULL,NULL,NULL,NULL,NULL,NULL,NULL,NULL,NULL,NULL,NULL,NULL,0,NULL,NULL,'2020-12-30 02:20:58','2020-12-30 07:21:26',1,NULL,NULL,NULL,NULL,0),(884,'https://tesoll.com/question/question-12/','40:c8b075a2babd1e67e10fb1d0dcd3db28',3548,'post','question',1,0,NULL,NULL,'Question 12:','publish',NULL,0,NULL,NULL,NULL,NULL,NULL,90,0,NULL,0,NULL,NULL,NULL,NULL,NULL,NULL,NULL,NULL,NULL,NULL,NULL,NULL,NULL,NULL,0,NULL,NULL,'2020-12-30 02:20:26','2020-12-30 07:20:52',1,NULL,NULL,NULL,NULL,0),(883,'https://tesoll.com/question/question-11/','40:924cefbff4ba1086b795f1c3310cc4ff',3546,'post','question',1,0,NULL,NULL,'Question 11:','publish',NULL,0,NULL,NULL,NULL,NULL,NULL,90,0,NULL,0,NULL,NULL,NULL,NULL,NULL,NULL,NULL,NULL,NULL,NULL,NULL,NULL,NULL,NULL,0,NULL,NULL,'2020-12-30 02:18:59','2020-12-30 07:20:22',1,NULL,NULL,NULL,NULL,0),(882,'https://tesoll.com/question/question-10/','40:4e4b3e09177544ee10116624912e3911',3544,'post','question',1,0,NULL,NULL,'Question 10:','publish',NULL,0,NULL,NULL,NULL,NULL,NULL,30,0,NULL,0,NULL,NULL,NULL,NULL,NULL,NULL,NULL,NULL,NULL,NULL,NULL,NULL,NULL,NULL,0,NULL,NULL,'2020-12-30 02:17:33','2020-12-30 07:18:55',1,NULL,NULL,NULL,NULL,0),(881,'https://tesoll.com/question/question-9/','39:061ec682ae91951c20f904faac86970c',3542,'post','question',1,0,NULL,NULL,'Question 9:','publish',NULL,0,NULL,NULL,NULL,NULL,NULL,30,0,NULL,0,NULL,NULL,NULL,NULL,NULL,NULL,NULL,NULL,NULL,NULL,NULL,NULL,NULL,NULL,0,NULL,NULL,'2020-12-30 02:16:18','2020-12-30 07:17:28',1,NULL,NULL,NULL,NULL,0),(880,'https://tesoll.com/question/question-8/','39:e06b9487008852566dc9c296f7dc38d0',3540,'post','question',1,0,NULL,NULL,'Question 8:','publish',NULL,0,NULL,NULL,NULL,NULL,NULL,90,0,NULL,0,NULL,NULL,NULL,NULL,NULL,NULL,NULL,NULL,NULL,NULL,NULL,NULL,NULL,NULL,0,NULL,NULL,'2020-12-30 02:15:30','2020-12-30 07:16:13',1,NULL,NULL,NULL,NULL,0),(879,'https://tesoll.com/question/question-7/','39:27b092141610ca3628237f64f28aff24',3538,'post','question',1,0,NULL,NULL,'Question 7:','publish',NULL,0,NULL,NULL,NULL,NULL,NULL,90,0,NULL,0,NULL,NULL,NULL,NULL,NULL,NULL,NULL,NULL,NULL,NULL,NULL,NULL,NULL,NULL,0,NULL,NULL,'2020-12-30 02:11:42','2020-12-30 07:15:26',1,NULL,NULL,NULL,NULL,0),(1025,'https://tesoll.com/author/ahmadalsafadi/','40:23d61c152fa4f6ef11a960e1348f224c',254,'user',NULL,NULL,NULL,NULL,NULL,NULL,NULL,NULL,0,0,NULL,NULL,NULL,NULL,NULL,0,0,NULL,NULL,NULL,NULL,NULL,'https://tesoll.com/wp-content/uploads/2020/12/ibts-new-logo.png',NULL,NULL,'gravatar-image',NULL,NULL,'https://tesoll.com/wp-content/uploads/2020/12/ibts-new-logo.png',NULL,'gravatar-image',NULL,NULL,NULL,NULL,'2021-01-08 01:07:22','2021-01-08 06:10:25',1,NULL,NULL,NULL,NULL,0),(878,'https://tesoll.com/question/question-6/','39:ae6868a787fa7c3d6eb88a7c8f1d86c2',3536,'post','question',1,0,NULL,NULL,'Question 6:','publish',NULL,0,NULL,NULL,NULL,NULL,NULL,90,0,NULL,0,NULL,NULL,NULL,NULL,NULL,NULL,NULL,NULL,NULL,NULL,NULL,NULL,NULL,NULL,0,NULL,NULL,'2020-12-30 02:10:26','2020-12-30 07:11:28',1,NULL,NULL,NULL,NULL,0),(1024,'https://tesoll.com/?p=3682','26:2a9c20c3e7897ab89843ad0cb045fb77',3682,'post','post',1,0,NULL,NULL,'Auto Draft','auto-draft',0,0,NULL,NULL,NULL,NULL,NULL,0,0,NULL,0,NULL,NULL,NULL,NULL,NULL,NULL,NULL,NULL,NULL,NULL,NULL,NULL,NULL,NULL,0,NULL,NULL,'2021-01-08 00:24:02','2021-01-08 05:24:02',1,NULL,NULL,NULL,NULL,0),(876,'https://tesoll.com/question/question-5/','39:e91b7f0a4665ae5fd3a1499db66bf16c',3533,'post','question',1,0,NULL,NULL,'Question 5:','publish',NULL,0,NULL,NULL,NULL,NULL,NULL,90,0,NULL,0,NULL,NULL,NULL,NULL,NULL,NULL,NULL,NULL,NULL,NULL,NULL,NULL,NULL,NULL,0,NULL,NULL,'2020-12-30 02:08:01','2020-12-30 07:10:20',1,NULL,NULL,NULL,NULL,0),(875,'https://tesoll.com/question/question-4/','39:242cb48eeaaf13e8446eff4c5d1feb1b',3531,'post','question',1,0,NULL,NULL,'Question 4:','publish',NULL,0,NULL,NULL,NULL,NULL,NULL,30,0,NULL,0,NULL,NULL,NULL,NULL,NULL,NULL,NULL,NULL,NULL,NULL,NULL,NULL,NULL,NULL,0,NULL,NULL,'2020-12-30 02:05:20','2020-12-30 07:06:02',1,NULL,NULL,NULL,NULL,0),(874,'https://tesoll.com/question/question-3/','39:85d2279a88b5ed4bf90c6356b008e154',3529,'post','question',1,0,NULL,NULL,'Question 3:','publish',NULL,0,NULL,NULL,NULL,NULL,NULL,90,0,NULL,0,NULL,NULL,NULL,NULL,NULL,NULL,NULL,NULL,NULL,NULL,NULL,NULL,NULL,NULL,0,NULL,NULL,'2020-12-30 02:04:30','2020-12-30 08:00:19',1,NULL,NULL,NULL,NULL,0),(873,'https://tesoll.com/question/question-2/','39:afc03f5e2c7aa727b3fad571ea3b278d',3527,'post','question',1,0,NULL,NULL,'Question 2:','publish',NULL,0,NULL,NULL,NULL,NULL,NULL,60,0,NULL,0,NULL,NULL,NULL,NULL,NULL,NULL,NULL,NULL,NULL,NULL,NULL,NULL,NULL,NULL,0,NULL,NULL,'2020-12-30 02:01:37','2020-12-30 07:04:24',1,NULL,NULL,NULL,NULL,0),(872,'https://tesoll.com/question/question-1/','39:4726b1e3e823c8b7ef1c5e85200e48e9',3525,'post','question',1,0,NULL,NULL,'Question 1:','publish',NULL,0,NULL,NULL,NULL,NULL,NULL,90,0,NULL,0,NULL,NULL,NULL,NULL,NULL,NULL,NULL,NULL,NULL,NULL,NULL,NULL,NULL,NULL,0,NULL,NULL,'2020-12-30 02:00:50','2020-12-30 07:01:32',1,NULL,NULL,NULL,NULL,0),(871,'https://tesoll.com/?post_type=shop_coupon&p=3524','48:86dde10c2a065260a92871ac7b917520',3524,'post','shop_coupon',1,0,NULL,NULL,'ostathna50','publish',NULL,0,NULL,NULL,NULL,NULL,NULL,0,0,NULL,0,NULL,NULL,NULL,NULL,NULL,NULL,NULL,NULL,NULL,NULL,NULL,NULL,NULL,NULL,0,NULL,NULL,'2020-12-29 23:00:03','2020-12-30 11:10:00',1,NULL,NULL,NULL,NULL,0),(1019,'https://tesoll.com/?post_type=shop_order&p=3681','47:80fec0cd519008bc6b229984ab857c21',3681,'post','shop_order',1,0,NULL,NULL,'Order &ndash; January 6, 2021 @ 04:46 AM','wc-completed',0,1,NULL,NULL,NULL,NULL,NULL,0,0,NULL,0,NULL,NULL,NULL,NULL,NULL,NULL,NULL,NULL,NULL,NULL,NULL,NULL,NULL,NULL,0,NULL,NULL,'2021-01-06 09:46:36','2021-01-08 05:08:28',1,NULL,NULL,NULL,NULL,0),(869,'https://tesoll.com/?post_type=shop_order&p=3521','47:7fca5d4d29b65a59854c044d3e05664b',3521,'post','shop_order',1,0,NULL,NULL,'Order &ndash; December 29, 2020 @ 05:50 PM','wc-completed',0,1,NULL,NULL,NULL,NULL,NULL,0,0,NULL,0,NULL,NULL,NULL,NULL,NULL,NULL,NULL,NULL,NULL,NULL,NULL,NULL,NULL,NULL,0,NULL,NULL,'2020-12-29 22:50:11','2021-01-08 05:08:29',1,NULL,NULL,NULL,NULL,0),(1005,'https://tesoll.com/author/auday/','32:11eec16d0ed003506348f06d6c46a8e9',47,'user',NULL,NULL,NULL,NULL,NULL,NULL,NULL,NULL,0,0,NULL,NULL,NULL,NULL,NULL,0,0,NULL,NULL,NULL,NULL,NULL,'https://tesoll.com/wp-content/uploads/avatars/47/5d94c788da154-bpfull.jpg',NULL,NULL,'gravatar-image',NULL,NULL,'https://tesoll.com/wp-content/uploads/avatars/47/5d94c788da154-bpfull.jpg',NULL,'gravatar-image',NULL,NULL,NULL,NULL,'2021-01-02 01:56:44','2021-01-02 07:40:34',1,NULL,NULL,NULL,NULL,0),(1006,'https://tesoll.com/author/ehdaaaziz/','36:824589c114dcf238517477eaf962d8e1',239,'user',NULL,NULL,NULL,NULL,NULL,NULL,NULL,NULL,0,0,NULL,NULL,NULL,NULL,NULL,0,0,NULL,NULL,NULL,NULL,NULL,'https://tesoll.com/wp-content/uploads/2020/12/ibts-new-logo.png',NULL,NULL,'gravatar-image',NULL,NULL,'https://tesoll.com/wp-content/uploads/2020/12/ibts-new-logo.png',NULL,'gravatar-image',NULL,NULL,NULL,NULL,'2021-01-02 04:39:02','2021-01-02 09:39:24',1,NULL,NULL,NULL,NULL,0),(864,'https://tesoll.com/author/noraldinmaher/','40:c018db830951d1622ab1580aef8ec251',207,'user',NULL,NULL,NULL,NULL,NULL,NULL,NULL,NULL,0,0,NULL,NULL,NULL,NULL,NULL,0,0,NULL,NULL,NULL,NULL,NULL,'https://tesoll.com/wp-content/uploads/2020/12/ibts-new-logo.png',NULL,NULL,'gravatar-image',NULL,NULL,'https://tesoll.com/wp-content/uploads/2020/12/ibts-new-logo.png',NULL,'gravatar-image',NULL,NULL,NULL,NULL,'2020-12-29 21:51:24','2021-01-08 05:26:27',1,NULL,NULL,NULL,NULL,0),(854,'https://tesoll.com/course/international-board-examination-professional-certificate-in-education/','96:dba0722d30c1dbef6c23f8fb1f5370ff',3483,'post','course',1,0,NULL,NULL,'International Board Examination: Professional Certificate in Education','publish',NULL,0,NULL,NULL,NULL,NULL,NULL,30,0,NULL,0,NULL,NULL,NULL,NULL,'https://tesoll.com/wp-content/uploads/2020/11/IBTS-PCE-certified.png',NULL,'3454','featured-image',NULL,NULL,'https://tesoll.com/wp-content/uploads/2020/11/IBTS-PCE-certified.png','3454','featured-image','{\"width\":906,\"height\":892,\"url\":\"https://tesoll.com/wp-content/uploads/2020/11/IBTS-PCE-certified.png\",\"path\":\"/home/instit45/tesoll.com/wp-content/uploads/2020/11/IBTS-PCE-certified.png\",\"size\":\"full\",\"id\":3454,\"alt\":\"\",\"pixels\":808152,\"type\":\"image/png\"}',1,12,NULL,'2020-12-25 04:54:07','2021-01-10 20:31:48',1,NULL,NULL,NULL,NULL,0),(260,'https://tesoll.com/unit/unit-1-teaching-to-include-learner-analysis-preparation-delivery-and-self-evaluation/','109:e02316da9bba48b41f0d05ebf9b9e009',1867,'post','unit',1,0,NULL,NULL,'Unit 1: Teaching, to include learner analysis, preparation, delivery and self-evaluation','publish',NULL,0,NULL,NULL,NULL,NULL,NULL,30,0,NULL,0,NULL,NULL,NULL,NULL,'https://tesoldipblog.files.wordpress.com/2016/02/fotopost6.jpg?w=500',NULL,NULL,'first-content-image',NULL,NULL,'https://tesoldipblog.files.wordpress.com/2016/02/fotopost6.jpg?w=500',NULL,'first-content-image',NULL,NULL,NULL,NULL,'2020-11-24 17:17:05','2020-11-24 22:17:05',1,NULL,NULL,NULL,NULL,0),(261,'https://tesoll.com/unit/unit-17/','32:c8f2c6f30682a068f0d8e7769fdd33de',425,'post','unit',1,0,NULL,NULL,'Unit 10','publish',NULL,0,NULL,NULL,NULL,NULL,NULL,0,0,NULL,0,NULL,NULL,NULL,NULL,NULL,NULL,NULL,NULL,NULL,NULL,NULL,NULL,NULL,NULL,NULL,NULL,NULL,'2020-11-24 17:17:05','2020-11-24 22:17:05',1,NULL,NULL,NULL,NULL,0),(262,'https://tesoll.com/unit/unit-10/','32:056428476206777f3a69804ef8ecb82c',359,'post','unit',1,0,NULL,NULL,'Unit 10-26','publish',NULL,0,NULL,NULL,NULL,NULL,NULL,90,0,NULL,0,NULL,NULL,NULL,NULL,NULL,NULL,NULL,NULL,NULL,NULL,NULL,NULL,NULL,NULL,NULL,NULL,NULL,'2020-11-24 17:17:05','2020-11-24 22:17:05',1,NULL,NULL,NULL,NULL,0),(263,'https://tesoll.com/unit/board-exam/','35:3fb58dc1565a827ab4954d6994ec023d',2374,'post','unit',1,0,NULL,NULL,'Unit 11','publish',NULL,0,NULL,NULL,NULL,NULL,NULL,0,0,NULL,0,NULL,NULL,NULL,NULL,'https://www.prodigygame.com/blog/wp-content/uploads/2018-03-14-Class-with-raised-hands-1.jpg',NULL,NULL,'first-content-image',NULL,NULL,'https://www.prodigygame.com/blog/wp-content/uploads/2018-03-14-Class-with-raised-hands-1.jpg',NULL,'first-content-image',NULL,NULL,NULL,NULL,'2020-11-24 17:17:05','2020-11-24 22:17:05',1,NULL,NULL,NULL,NULL,0),(264,'https://tesoll.com/unit/unit-11/','32:4689e75130f839bb6b648bc3ae8b3fc1',363,'post','unit',1,0,NULL,NULL,'Unit 11-27','publish',NULL,0,NULL,NULL,NULL,NULL,NULL,60,0,NULL,0,NULL,NULL,NULL,NULL,NULL,NULL,NULL,NULL,NULL,NULL,NULL,NULL,NULL,NULL,NULL,NULL,NULL,'2020-11-24 17:17:05','2020-11-24 22:17:05',1,NULL,NULL,NULL,NULL,0),(265,'https://tesoll.com/unit/unit-26-board-exam/','43:d9f996d59a1309438de1ed13a5a82c2c',2392,'post','unit',1,0,NULL,NULL,'Unit 12','publish',NULL,0,NULL,NULL,NULL,NULL,NULL,0,0,NULL,0,NULL,NULL,NULL,NULL,'data:image/jpeg;base64,[encoded data, 230862 characters]