-- Table structure for table `wp_bp_activity_meta`
--

CREATE TABLE `wp_bp_activity_meta` (
  `id` bigint(20) NOT NULL AUTO_INCREMENT,
  `activity_id` bigint(20) NOT NULL,
  `meta_key` varchar(255) COLLATE utf8mb4_unicode_ci DEFAULT NULL,
  `meta_value` longtext COLLATE utf8mb4_unicode_ci DEFAULT NULL,
  PRIMARY KEY (`id`),
  KEY `activity_id` (`activity_id`),
  KEY `meta_key` (`meta_key`(191))
) ENGINE=MyISAM AUTO_INCREMENT=293 DEFAULT CHARSET=utf8mb4 COLLATE=utf8mb4_unicode_ci;

--
-- Dumping data for table `wp_bp_activity_meta`
--

INSERT INTO `wp_bp_activity_meta` VALUES (8,228,'post_comment_status','closed'),(7,228,'post_title','TESOL®'),(9,332,'_commission1','0'),(10,332,'_currency1','CAD'),(11,333,'post_title','INTRODUCTION'),(12,346,'post_title','Unit 13'),(16,357,'post_title','WORKSHEET – UNIT 1'),(18,343,'_oembed_508e541aa273390138096b83b2c8400d','<iframe width=\"500\" height=\"281\" src=\"https://www.youtube.com/embed/kKw1j7sZni0?feature=oembed\" frameborder=\"0\" allow=\"accelerometer; autoplay; encrypted-media; gyroscope; picture-in-picture\" allowfullscreen></iframe>'),(19,343,'_oembed_response_508e541aa273390138096b83b2c8400d','O:8:\"stdClass\":13:{s:15:\"thumbnail_width\";i:480;s:4:\"type\";s:5:\"video\";s:4:\"html\";s:217:\"<iframe width=\"500\" height=\"281\" src=\"https://www.youtube.com/embed/kKw1j7sZni0?feature=oembed\" frameborder=\"0\" allow=\"accelerometer; autoplay; encrypted-media; gyroscope; picture-in-picture\" allowfullscreen></iframe>\";s:6:\"height\";i:281;s:11:\"author_name\";s:13:\"Grammaropolis\";s:13:\"provider_name\";s:7:\"YouTube\";s:5:\"width\";i:500;s:5:\"title\";s:50:\"Adverb Song from Grammaropolis - \"Do You Qualify?\"\";s:10:\"author_url\";s:42:\"https://www.youtube.com/user/Grammaropolis\";s:7:\"version\";s:3:\"1.0\";s:16:\"thumbnail_height\";i:360;s:12:\"provider_url\";s:24:\"https://www.youtube.com/\";s:13:\"thumbnail_url\";s:48:\"https://i.ytimg.com/vi/kKw1j7sZni0/hqdefault.jpg\";}'),(20,342,'_oembed_b1ce14f13851fb5d0840e104c312e303','<iframe width=\"500\" height=\"281\" src=\"https://www.youtube.com/embed/Q2gCrABrj_U?feature=oembed\" frameborder=\"0\" allow=\"accelerometer; autoplay; encrypted-media; gyroscope; picture-in-picture\" allowfullscreen></iframe>'),(21,342,'_oembed_response_b1ce14f13851fb5d0840e104c312e303','O:8:\"stdClass\":13:{s:15:\"thumbnail_width\";i:480;s:16:\"thumbnail_height\";i:360;s:4:\"html\";s:217:\"<iframe width=\"500\" height=\"281\" src=\"https://www.youtube.com/embed/Q2gCrABrj_U?feature=oembed\" frameborder=\"0\" allow=\"accelerometer; autoplay; encrypted-media; gyroscope; picture-in-picture\" allowfullscreen></iframe>\";s:5:\"width\";i:500;s:6:\"height\";i:281;s:5:\"title\";s:65:\"Verb Song from Grammaropolis -  \"Lights! Camera!! Action Verb!!!\"\";s:12:\"provider_url\";s:24:\"https://www.youtube.com/\";s:11:\"author_name\";s:13:\"Grammaropolis\";s:13:\"thumbnail_url\";s:48:\"https://i.ytimg.com/vi/Q2gCrABrj_U/hqdefault.jpg\";s:4:\"type\";s:5:\"video\";s:10:\"author_url\";s:42:\"https://www.youtube.com/user/Grammaropolis\";s:13:\"provider_name\";s:7:\"YouTube\";s:7:\"version\";s:3:\"1.0\";}'),(22,341,'_oembed_45c2a8f9ff8b95f3bd04c382bb29bc31','<iframe width=\"500\" height=\"281\" src=\"https://www.youtube.com/embed/5hIqdPrH--k?feature=oembed\" frameborder=\"0\" allow=\"accelerometer; autoplay; encrypted-media; gyroscope; picture-in-picture\" allowfullscreen></iframe>'),(23,341,'_oembed_response_45c2a8f9ff8b95f3bd04c382bb29bc31','O:8:\"stdClass\":13:{s:13:\"thumbnail_url\";s:48:\"https://i.ytimg.com/vi/5hIqdPrH--k/hqdefault.jpg\";s:4:\"type\";s:5:\"video\";s:7:\"version\";s:3:\"1.0\";s:5:\"title\";s:51:\"Adjective Song from Grammaropolis - \"Paint the Way\"\";s:12:\"provider_url\";s:24:\"https://www.youtube.com/\";s:11:\"author_name\";s:13:\"Grammaropolis\";s:6:\"height\";i:281;s:16:\"thumbnail_height\";i:360;s:13:\"provider_name\";s:7:\"YouTube\";s:10:\"author_url\";s:42:\"https://www.youtube.com/user/Grammaropolis\";s:5:\"width\";i:500;s:4:\"html\";s:217:\"<iframe width=\"500\" height=\"281\" src=\"https://www.youtube.com/embed/5hIqdPrH--k?feature=oembed\" frameborder=\"0\" allow=\"accelerometer; autoplay; encrypted-media; gyroscope; picture-in-picture\" allowfullscreen></iframe>\";s:15:\"thumbnail_width\";i:480;}'),(24,397,'_commission1','0'),(25,397,'_currency1','CAD'),(26,403,'_commission1','0'),(27,403,'_currency1','CAD'),(28,414,'_commission1','0'),(29,414,'_currency1','CAD'),(30,418,'_commission1','0'),(31,418,'_currency1','CAD'),(32,446,'instructor','1'),(33,452,'_commission1','0'),(34,452,'_currency1','CAD'),(35,453,'instructor','1'),(36,456,'_commission1','0'),(37,456,'_currency1','CAD'),(40,460,'_commission1','0'),(41,460,'_currency1','CAD'),(42,463,'_commission1','0'),(43,463,'_currency1','CAD'),(44,334,'post_title','Unit 1'),(45,335,'post_title','Unit 2'),(46,336,'post_title','Unit 3'),(47,337,'post_title','Unit 4'),(48,338,'post_title','Unit 5'),(49,465,'instructor','1'),(50,479,'_commission1','0'),(51,479,'_currency1','CAD'),(52,482,'_commission1','0'),(53,482,'_currency1','CAD'),(162,903,'instructor','1'),(55,487,'instructor','1'),(56,490,'instructor','1'),(57,495,'instructor','1'),(58,498,'_commission1','0'),(59,498,'_currency1','CAD'),(60,499,'instructor','1'),(61,500,'instructor','1'),(62,510,'instructor','1'),(63,511,'instructor','1'),(64,523,'_commission1','0'),(65,523,'_currency1','CAD'),(66,525,'_commission1','0'),(67,525,'_currency1','CAD'),(130,848,'added_students','49'),(69,532,'instructor','1'),(70,533,'instructor','1'),(71,536,'instructor','1'),(72,539,'instructor','1'),(73,540,'instructor','1'),(74,541,'instructor','1'),(75,542,'instructor','1'),(76,543,'instructor','1'),(77,546,'instructor','1'),(78,549,'instructor','1'),(79,552,'instructor','1'),(80,555,'instructor','1'),(161,902,'instructor','1'),(160,901,'instructor','1'),(159,900,'instructor','1'),(158,899,'instructor','1'),(157,898,'instructor','1'),(156,897,'instructor','1'),(155,896,'instructor','1'),(154,895,'instructor','1'),(89,682,'instructor','1'),(90,685,'_commission1','0'),(91,685,'_currency1','CAD'),(92,686,'instructor','1'),(93,688,'_commission1','0'),(94,688,'_currency1','CAD'),(95,689,'instructor','1'),(96,690,'instructor','1'),(97,691,'instructor','1'),(98,694,'instructor','1'),(99,701,'instructor','1'),(100,703,'instructor','1'),(101,706,'instructor','1'),(102,712,'instructor','1'),(103,713,'instructor','1'),(104,716,'instructor','1'),(105,719,'instructor','1'),(106,720,'instructor','1'),(107,721,'instructor','1'),(108,722,'instructor','1'),(109,723,'instructor','1'),(110,724,'instructor','1'),(111,729,'instructor','1'),(112,730,'instructor','1'),(113,741,'instructor','1'),(114,747,'instructor','1'),(115,750,'instructor','1'),(116,753,'instructor','1'),(117,781,'instructor','1'),(118,782,'instructor','1'),(119,790,'instructor','1'),(120,813,'instructor','1'),(121,818,'instructor','1'),(122,819,'instructor','1'),(123,820,'instructor','1'),(124,822,'instructor','1'),(125,831,'added_students','54'),(126,834,'added_students','54'),(128,845,'extend_course_subscription','44'),(129,846,'extend_course_subscription','47'),(131,850,'added_students','50'),(132,852,'added_students','50'),(133,854,'added_students','51'),(134,856,'added_students','51'),(135,858,'added_students','53'),(136,860,'added_students','53'),(137,862,'added_students','52'),(138,864,'extend_course_subscription','39'),(139,865,'extend_course_subscription','39'),(140,866,'extend_course_subscription','39'),(141,867,'extend_course_subscription','38'),(142,868,'extend_course_subscription','38'),(148,888,'instructor','1'),(149,889,'instructor','1'),(152,893,'instructor','1'),(153,894,'instructor','1'),(163,904,'instructor','1'),(164,905,'instructor','1'),(165,906,'instructor','1'),(166,907,'instructor','1'),(167,908,'instructor','1'),(168,909,'instructor','1'),(169,911,'instructor','1'),(170,912,'instructor','1'),(171,910,'favorite_count','2'),(172,909,'favorite_count','1'),(173,927,'instructor','1'),(174,928,'instructor','1'),(175,929,'instructor','1'),(176,930,'instructor','1'),(177,931,'instructor','1'),(178,932,'instructor','1'),(179,933,'instructor','1'),(180,934,'instructor','1'),(181,938,'instructor','1'),(182,941,'instructor','1'),(197,1053,'added_students','9'),(202,1063,'instructor','1'),(203,1065,'instructor','1'),(200,1058,'instructor','1'),(201,1061,'instructor','1'),(204,1066,'instructor','1'),(205,1067,'instructor','1'),(206,1068,'instructor','1'),(207,1069,'instructor','1'),(208,1070,'instructor','1'),(209,1071,'instructor','1'),(210,1086,'_commission1','0'),(211,1086,'_currency1','CAD'),(212,1088,'_commission1','0'),(213,1088,'_currency1','CAD'),(214,1089,'instructor','1'),(215,1108,'_commission9','0'),(216,1108,'_currency9','CAD'),(217,1109,'instructor','9'),(218,1116,'instructor','9'),(219,1215,'instructor','1'),(220,1226,'instructor','1'),(221,1239,'instructor','1'),(222,1240,'instructor','1'),(223,1240,'percentage','0'),(224,1245,'instructor','1'),(225,1304,'instructor','1'),(226,1305,'instructor','1'),(227,1306,'instructor','1'),(228,1307,'instructor','1'),(229,1308,'instructor','1'),(230,1325,'instructor','1'),(231,1325,'percentage','0'),(232,1325,'quiz_results','a:7:{i:3487;a:5:{s:7:\"content\";s:1357:\"<div class=\"page\" title=\"Page 1\">\n<div class=\"layoutArea\">\n<div class=\"column\">\n<h2>Case Study One: The Talkative (The Case of Know-it-All Nancy)</h2>\n<p><strong>SCENARIO:</strong> You plan to facilitate a discussion in your class about readings that you assigned. As students enter the room and settle into their seats, you can feel the buzz in the air. They are excited. They want to discuss the subject. You begin class by asking a very open-ended question, a question designed to allow the students to take the subject in an area that interests them. The first student who responds to your question, a question that is barely out of your mouth, is Nancy, or as her classmates call her, “Know-it-all-Nancy.” Nancy is a smart young woman who often has very smart things to say about the subject at hand. She answers your question with great precision, citing arguments from sources you did not require her to read. You know from experience that if you stand by quietly and let her finish, class would be over and no one else would have had a chance to speak. So, you cut her off—politely—to get other students involved in the discussion. You ask another question, directed at another student. Nancy answers. <strong>Explain how you would deal with the student in this case</strong>. <strong>(200 minimum words)</strong>.</p>\n</div>\n</div>\n</div>\n\";s:4:\"type\";s:9:\"largetext\";s:13:\"marked_answer\";s:1332:\"<p>Firstly , as a teacher I&#8217;m obliged to appreciate every and each student ; specially those hardworking student like Nancy , starting from this point , I would make sure to appreciate her wide knowledge and the hard work she made through out the course  . Then I would encourage her to speak and elaborate her opinion as much as she want but  without taking the time and chance of other students .I would say that Nancy and all students knows that interrupting others is misleading behavior , the enthusiasm of Nancy is very strong which made her very comitative student , which a thing that I strongly appreciate and I encourage every student to become like you Nancy , but let&#8217;s give your classmates a chance to tell there point of view about the question I asked , then I will give you the chance to comment on his/her point of view  to agree or disagree . then I will address the question again to the Student , this time Nancy would not interrupt and she may feel a little shy of her previous act .When the student answers my question I would not comment on his answer rather than ask student to comment on his/her answer . When I make sure that every student who have a comment has took his/her chance , I will ask Nancy in particular to comment on his/her answer and I would appreciate all answers equally .</p>\n\";s:14:\"correct_answer\";s:0:\"\";s:9:\"max_marks\";s:2:\"20\";}i:3490;a:5:{s:7:\"content\";s:1296:\"<div class=\"page\" title=\"Page 1\">\n<div class=\"layoutArea\">\n<div class=\"column\">\n<h2>Case Study Two: The Chatterers (Chatty Cathy and her BFF Conversational Carl).</h2>\n<p><strong>SCENARIO</strong>: You are lecturing in a course that requires some lecture. You don’t lecture at every class session; you often have class sessions that center around group activities or discussion. You have a friendly approach to your students, and they are comfortable in the course and with you. But on this day, as you do your best to present to students information that they need, you notice Chatty Cathy and her friend Conversational Carl talking, openly and loudly. It is clear by their body language, their laughter, and the words you overhear that they are not discussing course content. You make eye contact, alerting them to the fact that you recognize their discussion and that you want it to stop. They stop talking. A few moments later, they start again; only this time, they are whispering. You verbally ask them to stop. You notice other students looking over at the chatty pair. Even those evil looks do not encourage the two students to stop their banter. They continue to talk and laugh. <strong>Explain how you would handle the situation (minimum 200 words).</strong></p>\n</div>\n</div>\n</div>\n\";s:4:\"type\";s:9:\"largetext\";s:13:\"marked_answer\";s:1381:\"<p>First of all I would change the students seats and separate them from each other , then I would state again the class policy and elaborate more that chatting during the class is prohibited without taking the teachers permission ; and I would make clear that these kind of behaviors would affect there evaluation&#8217;s marks . I would say : I know that sometimes classes are a little boring especially the lecturing classes , but that is not a valid excuse for student to start chatting with each others because this would not effect them only rather than effecting the whole class because noise is a huge interruption in class . Then I would ask the whole class whether the lecture is getting boring or not . depending to there answers may dismiss the class , convert the class from lecturing into an interaction class , or continue lecturing . By doing this , I will give the class a break from lecturing and change the class mode , then I will ask the two chatting students to continue there chatting out side the class and return to it when there are done in case they were chatting about an important subject to them , or if they were chatting about an important subject that has something to do with the curriculum , they can share it with the rest of the class , I will give them these options in order to show them that I do not hold anything personal toward them </p>\n\";s:14:\"correct_answer\";s:0:\"\";s:9:\"max_marks\";s:2:\"20\";}i:3492;a:5:{s:7:\"content\";s:1073:\"<div class=\"page\" title=\"Page 3\">\n<div class=\"layoutArea\">\n<div class=\"column\">\n<h2><strong>Case Study Three: The Bullies (Bill the Cop)</strong></h2>\n<p><strong>SCENARIO:</strong> You are new professor, just a year or so out of graduate school, at a small liberal arts college with a diverse student population. You teach a small course (15-20 students) that is discussion-<br />\nbased. You assess student learning by quizzes, essays, and journal submissions. One of these students is a retired police officer, Bill, who “encourages” his classmates to give him their study notes so, as he puts it, “we can all be on the same page.” You sense he intimidates the other students—by his former profession, which he speaks about frequently, but also his size and demeanor—but they hand over their notes. You ask your department chair how to handle the situation. Your chair says to ignore the case, as the “students need to learn to handle these situations.” You feel conflicted. <strong>What do you do? (minimum 200 words). </strong></p>\n</div>\n</div>\n</div>\n\";s:4:\"type\";s:9:\"largetext\";s:13:\"marked_answer\";s:1249:\"<p>In this case , I will state clearly that giving notes to other students will effect both sides , the one who receives and the one who gives . Then I will start  changing the way I teach this class in particular . I would give different assignments to each and every students to prevent the retired police officer to copy other students assignments . and I will state clearly that exams would depend on students understanding of the class and the class exams question&#8217;s would not be multiple choice but essays which strongly depend on the student&#8217;s understanding of the course . Then I will focus more on the retired police officer and made him contribute more in the class and gives him the impression of which he does not need to take notes from other students . I would appreciate him every time he contributes in the class discussion and I would ask him frequently to comment on his classmates answers and appreciate his comments , this way he would be more confident in both himself and his understanding of the course , and that would stope him from borrowing notes or coping answers , because now he is more confident on his own answers and his own understanding of the course and he does not need to borrow notes anymore .</p>\n\";s:14:\"correct_answer\";s:0:\"\";s:9:\"max_marks\";s:2:\"20\";}i:3494;a:5:{s:7:\"content\";s:593:\"<div class=\"page\" title=\"Page 4\">\n<div class=\"layoutArea\">\n<div class=\"column\">\n<h2><strong>Case Study Four: The Entitled (Students of the rich and famous)</strong></h2>\n<p><strong>SCENARIO:</strong> He tells you that he can’t take a test on the planned date because he has an appointment with his father who is, the student reminds you, the president of the Board of Regents for your university. He’d be happy to take the exam in a few weeks at some time that would be convenient for him. <strong>How would you handle this situation? (minimum 200 words)</strong></p>\n</div>\n</div>\n</div>\n\";s:4:\"type\";s:9:\"largetext\";s:13:\"marked_answer\";s:1033:\"<p>Firstly , I would state to him clearly that being a son of a rich father does not mean that he could be treated better than other students , then I would tell him that I will ask the whole class to delay the exam appointment , but if anyone of the class refused ; the exam would be held in its currant time and date . The other option is to understand what the real cause which made the student ask for the delaying of the exam , and if it was a valid reason I would consider to do him a makeup exam ; but I would make clear that the make up exam would be at the same level of the previous exam . If the student did not give me a valid excuse for not attending the exam I will tell him / her that if he messed the exam he / her is going to have a zero . In the case of that the student refused all the option I gave to him /her , I will ask him / her to check with the head of the department and explain the situation and the head of the department will choose weather to accept his reason of not attending the exam or not . </p>\n\";s:14:\"correct_answer\";s:0:\"\";s:9:\"max_marks\";s:2:\"20\";}i:3496;a:5:{s:7:\"content\";s:364:\"<h2><strong>Case Study Five: The Disrespecters (You can’t teach!)</strong></h2>\n<p><strong>SCENARIO:</strong> You are a young professor, maybe your first or second year on the tenure-track. On the first day of class, a student asks you, “Are you old enough to teach this class?” <strong>How would you handle this situation? (200 minimum words)</strong>.</p>\n\";s:4:\"type\";s:9:\"largetext\";s:13:\"marked_answer\";s:1233:\"<p>I always make sure at the first class of every semester to acquaint my students of me , and for me this is a very good situation where I can talk about myself . Firstly I will tell them my name , the certificates that I hold which enabled me to teach them this class and what I expect from my students . Then I would began to answer the question which I was asked  starting by saying that the age is not one of the requirements of teaching in any class and that what is important in the teaching process is a strong personality and a good education . Age has never been a factor in the qualification process of a teacher and there are many young teachers who are a very successful teachers for instance Wemerson da Silva Nogueira is a very well known teachers and he is only 29 years old . Also the younger the teacher the better he/her understands the students , we all know that in the current days there are a huge gap between generations , and the younger the teacher means smaller the gap ; and as consequence a better teaching process . Plus the new generation that I belong to understands the value of using technology in class and outside the class and knows exactly how to employ technology in the teaching process .</p>\n\";s:14:\"correct_answer\";s:0:\"\";s:9:\"max_marks\";s:2:\"20\";}s:10:\"user_marks\";i:0;s:11:\"total_marks\";i:100;}'),(233,1339,'instructor','1'),(234,1340,'instructor','1'),(235,1342,'instructor','1'),(236,1343,'instructor','1'),(237,1344,'instructor','1'),(238,1345,'instructor','1'),(239,1346,'instructor','1'),(240,1353,'instructor','1'),(241,1366,'instructor','1'),(242,1366,'percentage','0'),(243,1366,'quiz_results','a:7:{i:3487;a:5:{s:7:\"content\";s:1357:\"<div class=\"page\" title=\"Page 1\">\n<div class=\"layoutArea\">\n<div class=\"column\">\n<h2>Case Study One: The Talkative (The Case of Know-it-All Nancy)</h2>\n<p><strong>SCENARIO:</strong> You plan to facilitate a discussion in your class about readings that you assigned. As students enter the room and settle into their seats, you can feel the buzz in the air. They are excited. They want to discuss the subject. You begin class by asking a very open-ended question, a question designed to allow the students to take the subject in an area that interests them. The first student who responds to your question, a question that is barely out of your mouth, is Nancy, or as her classmates call her, “Know-it-all-Nancy.” Nancy is a smart young woman who often has very smart things to say about the subject at hand. She answers your question with great precision, citing arguments from sources you did not require her to read. You know from experience that if you stand by quietly and let her finish, class would be over and no one else would have had a chance to speak. So, you cut her off—politely—to get other students involved in the discussion. You ask another question, directed at another student. Nancy answers. <strong>Explain how you would deal with the student in this case</strong>. <strong>(200 minimum words)</strong>.</p>\n</div>\n</div>\n</div>\n\";s:4:\"type\";s:9:\"largetext\";s:13:\"marked_answer\";s:1051:\"<p>There are several  ways to do this:<br />\n1- By Changing standard discussion technique and asking the students to write their short answers down before discussing the question. Then call on with one person at a time.  And .when your problem student violates that process, ask him/her to stop EACH time. by using comments such as “Please remember I want you to wait to be called on”,</p>\n<p>2. Tell the class that you want them to discuss the question, but “Nancy” is going to review the discussion at the end &#038; let us know if we’ve missed any points. It gives that person a chance to “show off” but still puts you in control of the discussion.</p>\n<p>3-  AkE Nancy to facilitate the discussion. </p>\n<p>4-Create a contest  where partipants have to hit a buzzer (or simulate a buzzer) to be the first to answer.</p>\n<p>5-Create a round between students where each person takes a turn to answer first.<br />\n6- Don’t hesitate to say “Nancy, please don’t answer the question until the others have given their answers.” </p>\n\";s:14:\"correct_answer\";s:0:\"\";s:9:\"max_marks\";s:2:\"20\";}i:3490;a:5:{s:7:\"content\";s:1296:\"<div class=\"page\" title=\"Page 1\">\n<div class=\"layoutArea\">\n<div class=\"column\">\n<h2>Case Study Two: The Chatterers (Chatty Cathy and her BFF Conversational Carl).</h2>\n<p><strong>SCENARIO</strong>: You are lecturing in a course that requires some lecture. You don’t lecture at every class session; you often have class sessions that center around group activities or discussion. You have a friendly approach to your students, and they are comfortable in the course and with you. But on this day, as you do your best to present to students information that they need, you notice Chatty Cathy and her friend Conversational Carl talking, openly and loudly. It is clear by their body language, their laughter, and the words you overhear that they are not discussing course content. You make eye contact, alerting them to the fact that you recognize their discussion and that you want it to stop. They stop talking. A few moments later, they start again; only this time, they are whispering. You verbally ask them to stop. You notice other students looking over at the chatty pair. Even those evil looks do not encourage the two students to stop their banter. They continue to talk and laugh. <strong>Explain how you would handle the situation (minimum 200 words).</strong></p>\n</div>\n</div>\n</div>\n\";s:4:\"type\";s:9:\"largetext\";s:13:\"marked_answer\";s:1963:\"<p>1- Give the Chatty Cathy verbal jobs in the classroom.  Let them know you see that they have a gift and you have faith that they will use it in constructive ways during classtime.  It could be their job to introduce new students, make announcements, and to draw out students who don&#8217;t talk very often.<br />\n2- Set up a signal with the student.  You might agree to pull on your ear or put your hand on your heart when they are talking so much that it is interfering with the needs of the situation.  This is effective only when the students agrees in advance that a signal will be helpful to them.<br />\n3-If you notice the student talking at an inappropriate time, wait, and watch before jumping in.  Students will often stop yakking when they notice you are waiting patiently.  It is even more effective if you explain to the class in advance that you intend to stop lessons until all students&#8217; attention is focused.<br />\n4-  Initiate a discussion saying Chatty Cathy and Carl that i am noticed at both expermente and math that day you had not heard the instructions you gave.  Ask what, why and how questions to help them recognize the way their talking interferes with their ability to follow along with the class.   &#8220;What happens when you miss instructions?  What causes this to happen? How does it affect the teacher and other students?  What ideas do you have for solutions?&#8221;  This shifts responsibility for this behavior to them.<br />\n5- Emotional honesty helps.  Remember to use the &#8220;I feel _____when________  and I wish___________&#8221; formula.  In the case of a talkative student it might sound like this;  &#8220;I feel frustrated when I repeat directions several times and I wish that I only had to give them once.&#8221; (Notice that this example does not include a &#8220;you&#8221; statement.)  Keep the focus on your needs and observations and not in how to change or control the student&#8217;s behavior</p>\n\";s:14:\"correct_answer\";s:0:\"\";s:9:\"max_marks\";s:2:\"20\";}i:3492;a:5:{s:7:\"content\";s:1073:\"<div class=\"page\" title=\"Page 3\">\n<div class=\"layoutArea\">\n<div class=\"column\">\n<h2><strong>Case Study Three: The Bullies (Bill the Cop)</strong></h2>\n<p><strong>SCENARIO:</strong> You are new professor, just a year or so out of graduate school, at a small liberal arts college with a diverse student population. You teach a small course (15-20 students) that is discussion-<br />\nbased. You assess student learning by quizzes, essays, and journal submissions. One of these students is a retired police officer, Bill, who “encourages” his classmates to give him their study notes so, as he puts it, “we can all be on the same page.” You sense he intimidates the other students—by his former profession, which he speaks about frequently, but also his size and demeanor—but they hand over their notes. You ask your department chair how to handle the situation. Your chair says to ignore the case, as the “students need to learn to handle these situations.” You feel conflicted. <strong>What do you do? (minimum 200 words). </strong></p>\n</div>\n</div>\n</div>\n\";s:4:\"type\";s:9:\"largetext\";s:13:\"marked_answer\";s:1376:\"<p>THE DO&#8217;s:</p>\n<p>Stop the bullying immediately.<br />\nStand between the bullied student and the bully(ies), blocking eye contact. Don&#8217;t send any bystanders away. To avoid escalating the tension, wait until later to sort out the facts. Talk to the parties involved separately once they are calm.</p>\n<p>Refer to school rules regarding bullying.<br />\nSpeak in a matter-of-fact tone of voice to describe what you heard or saw. Let all students know bullying is always unacceptable.</p>\n<p>Support the bullied child.<br />\nDo this in a way that allows him or her dignity and to feel safe from retaliation. Make a point to see the child later in private if he or she is upset. Increase supervision to assure bullying is not repeated.</p>\n<p>Offer guidance to bystanders.<br />\nLet them know how they might appropriately intervene or get help next time. Tell them you noticed their inaction or that you&#8217;re pleased with the way they tried to help.</p>\n<p>Impose immediate consequences.<br />\nWait until all parties have calmed down. Do not require that students apologize or make amends that may be insincere. The consequences should be logical and connected to the offense. A first step could be taking away social privileges i.e. recess or lunch in the cafeteria.</p>\n<p>Notify colleagues and parents.<br />\nLet the bully know he or she is being watched.</p>\n\";s:14:\"correct_answer\";s:0:\"\";s:9:\"max_marks\";s:2:\"20\";}i:3494;a:5:{s:7:\"content\";s:593:\"<div class=\"page\" title=\"Page 4\">\n<div class=\"layoutArea\">\n<div class=\"column\">\n<h2><strong>Case Study Four: The Entitled (Students of the rich and famous)</strong></h2>\n<p><strong>SCENARIO:</strong> He tells you that he can’t take a test on the planned date because he has an appointment with his father who is, the student reminds you, the president of the Board of Regents for your university. He’d be happy to take the exam in a few weeks at some time that would be convenient for him. <strong>How would you handle this situation? (minimum 200 words)</strong></p>\n</div>\n</div>\n</div>\n\";s:4:\"type\";s:9:\"largetext\";s:13:\"marked_answer\";s:431:\"<p>will explain to him that he must be present in the exam with colleagues, and I tell him I will talk to the head of the board of trustees at your university and address the problem, and you must abide by the laws and instructions of the university and the exam</p>\n<p>another choice Involve Parents<br />\nIn another option, I will involve his parents in the issue and contact them to discuss with him a solution to the issue</p>\n\";s:14:\"correct_answer\";s:0:\"\";s:9:\"max_marks\";s:2:\"20\";}i:3496;a:5:{s:7:\"content\";s:364:\"<h2><strong>Case Study Five: The Disrespecters (You can’t teach!)</strong></h2>\n<p><strong>SCENARIO:</strong> You are a young professor, maybe your first or second year on the tenure-track. On the first day of class, a student asks you, “Are you old enough to teach this class?” <strong>How would you handle this situation? (200 minimum words)</strong>.</p>\n\";s:4:\"type\";s:9:\"largetext\";s:13:\"marked_answer\";s:1214:\"<p>  I will try to be calm, understand why this behavior has been shown, try to accept the student and to talk to her after the class and if the attitude was unacceptable, </p>\n<p> i will Use humor to diffuse the situation– . By asking him smartly, &#8220;If you are a smart student, you will know through my teaching method.&#8221;<br />\nor<br />\nKill them with kindness<br />\nI am going to say , “…The experience has nothing to do with the quality of education and you will know this as you grow up as a teacher or work elsewhere</p>\n<p>i take it easy , and i will answer him scientifically for give him a lesson that he should respect the other </p>\n<p> I might give a silly answer to thisquestion. In general I don&#8217;t try all that hard to keep too much of My teaching experience (it&#8217;s really not interesting enough), but I don&#8217;t want to be the center of attention. My students are there to learn the material, not to learn if my old enough to teach this class?My teaching experience. If sharing a little information with them helps develop rapport and establish a positive classroom atmosphere, then I&#8217;m happy to do it. Beyond that, we really need to get back to the material.</p>\n\";s:14:\"correct_answer\";s:0:\"\";s:9:\"max_marks\";s:2:\"20\";}s:10:\"user_marks\";i:0;s:11:\"total_marks\";i:100;}'),(244,1408,'instructor','1'),(245,1415,'instructor','1'),(246,1416,'instructor','1'),(247,1417,'instructor','1'),(248,1418,'instructor','1'),(249,1419,'instructor','1'),(250,1429,'instructor','1'),(251,1430,'instructor','1'),(252,1431,'instructor','1'),(253,1432,'instructor','1'),(254,1433,'instructor','1'),(255,1433,'percentage','0'),(256,1433,'quiz_results','a:7:{i:3487;a:5:{s:7:\"content\";s:1357:\"<div class=\"page\" title=\"Page 1\">\n<div class=\"layoutArea\">\n<div class=\"column\">\n<h2>Case Study One: The Talkative (The Case of Know-it-All Nancy)</h2>\n<p><strong>SCENARIO:</strong> You plan to facilitate a discussion in your class about readings that you assigned. As students enter the room and settle into their seats, you can feel the buzz in the air. They are excited. They want to discuss the subject. You begin class by asking a very open-ended question, a question designed to allow the students to take the subject in an area that interests them. The first student who responds to your question, a question that is barely out of your mouth, is Nancy, or as her classmates call her, “Know-it-all-Nancy.” Nancy is a smart young woman who often has very smart things to say about the subject at hand. She answers your question with great precision, citing arguments from sources you did not require her to read. You know from experience that if you stand by quietly and let her finish, class would be over and no one else would have had a chance to speak. So, you cut her off—politely—to get other students involved in the discussion. You ask another question, directed at another student. Nancy answers. <strong>Explain how you would deal with the student in this case</strong>. <strong>(200 minimum words)</strong>.</p>\n</div>\n</div>\n</div>\n\";s:4:\"type\";s:9:\"largetext\";s:13:\"marked_answer\";s:1876:\"<p>I was a grade schooler at the time, but if I could, I would have put her  in time-out so the rest of us could join in the conversation.<br />\nBut behavior like this isn’t just rude at Thanksgiving. It’s always rude. And it’s also always rude in the classroom.<br />\nIf there are students in your classroom who talk when they’re supposed to be listening or working, academic progress will suffer. Talking without permission wastes time, interrupts the learning of others, and leads to more serious disruptive behavior.<br />\nAllowing students to freely talk without permission is like driving an old jalopy; progress only comes in fits and starts, and you’ll never reach top speed.<br />\nBesides being a classroom management nightmare and slamming the brakes on learning, talking without permission is remarkably rude. It’s akin to cutting in front of the line at a sold-out movie.</p>\n<p>After all, the teacher is in charge, not the students.<br />\nThe most effective way to handle talking is to enforce a consequence. If hand-raising isn’t a classroom rule, I recommend including it.<br />\nand my students will love me for it because it reassures them that they are equal members of my classroom, free to join in the learning process.<br />\nIt also provides a model for how to behave when working together in groups without a teacher present.<br />\nIt’s important that my students understand why hand-raising is important. So be direct. Tell them that calling out and side-talking is rude and disrespectful to the class, and that it is my job to protect their right to learn without interference.<br />\nTeach my students how to take turns talking and include hand-raising as part of my classroom management plan. And if you want my classroom to run like a finely tuned Italian sports car, then enforce a consequence every time a student breaks a rule.</p>\n\";s:14:\"correct_answer\";s:0:\"\";s:9:\"max_marks\";s:2:\"20\";}i:3490;a:5:{s:7:\"content\";s:1296:\"<div class=\"page\" title=\"Page 1\">\n<div class=\"layoutArea\">\n<div class=\"column\">\n<h2>Case Study Two: The Chatterers (Chatty Cathy and her BFF Conversational Carl).</h2>\n<p><strong>SCENARIO</strong>: You are lecturing in a course that requires some lecture. You don’t lecture at every class session; you often have class sessions that center around group activities or discussion. You have a friendly approach to your students, and they are comfortable in the course and with you. But on this day, as you do your best to present to students information that they need, you notice Chatty Cathy and her friend Conversational Carl talking, openly and loudly. It is clear by their body language, their laughter, and the words you overhear that they are not discussing course content. You make eye contact, alerting them to the fact that you recognize their discussion and that you want it to stop. They stop talking. A few moments later, they start again; only this time, they are whispering. You verbally ask them to stop. You notice other students looking over at the chatty pair. Even those evil looks do not encourage the two students to stop their banter. They continue to talk and laugh. <strong>Explain how you would handle the situation (minimum 200 words).</strong></p>\n</div>\n</div>\n</div>\n\";s:4:\"type\";s:9:\"largetext\";s:13:\"marked_answer\";s:1604:\"<p>If my classroom has become too chatty, I&#8217;ll start by figuring out if the talk is productive or not. Sometimes talking is actually a good thing. If students are talking about the task at hand, i may want to encourage them to continue (just at a quieter volume!). But if students are off task and chatty, this requires a different approach.<br />\nIf students come into a chatty classroom, they&#8217;re more likely to continue (and possibly increase) the noise. But if they enter a calm and quiet classroom, they&#8217;ll be encouraged to keep the same noise level throughout the class, so i’ll start the class by informing them the basic rule is to be quiet.<br />\nand then engage students in active listening, they&#8217;ll be more likely to let one person talk at a time.<br />\nAnother thing i can do is to give my students a chance to talk is a great way to cut down on chatting when i don’t want it. Build opportunities for group discussions and think-pair-share into my lessons. If they are allowed to talk for a few minutes, my students are less likely to chat while I&#8217;m delivering the rest of the lesson.<br />\nIf they keep talking I will change the seating arrangements and follow the “ horseshoe” set up; to reduce the chatting, I love the horseshoe setup because students can still turn and talk to the person next to them, but there aren’t too many others nearby. Sometimes rows are necessary to completely stop talking, like during a test.<br />\nMy last try would be to punish them either by discount from their points or by sending them to the principal office. </p>\n\";s:14:\"correct_answer\";s:0:\"\";s:9:\"max_marks\";s:2:\"20\";}i:3492;a:5:{s:7:\"content\";s:1073:\"<div class=\"page\" title=\"Page 3\">\n<div class=\"layoutArea\">\n<div class=\"column\">\n<h2><strong>Case Study Three: The Bullies (Bill the Cop)</strong></h2>\n<p><strong>SCENARIO:</strong> You are new professor, just a year or so out of graduate school, at a small liberal arts college with a diverse student population. You teach a small course (15-20 students) that is discussion-<br />\nbased. You assess student learning by quizzes, essays, and journal submissions. One of these students is a retired police officer, Bill, who “encourages” his classmates to give him their study notes so, as he puts it, “we can all be on the same page.” You sense he intimidates the other students—by his former profession, which he speaks about frequently, but also his size and demeanor—but they hand over their notes. You ask your department chair how to handle the situation. Your chair says to ignore the case, as the “students need to learn to handle these situations.” You feel conflicted. <strong>What do you do? (minimum 200 words). </strong></p>\n</div>\n</div>\n</div>\n\";s:4:\"type\";s:9:\"largetext\";s:13:\"marked_answer\";s:1658:\"<p>Regardless of the age of students i  teach, bullying finds its way into the classroom and for many students, whether the bullying is directed at them or one of their friends, the classroom can suddenly feel like an unsafe place. It causes emotional distress and can make it physically impossible for students to learn. As a result, when i have a bully in the classroom i often need to take deliberate steps to regain control of the space and create a safe classroom environment again<br />\nThe first step is to go back to what I did in the first days of school and reestablish classroom expectations in regards to respect and responsibility. In terms of respect, this means first and foremost modeling for my students how I expect them to speak to themselves and one another. A good way to start this is through simple role playing.<br />\nSecond, it does very little to stop the adult’s bullying behavior.<br />\nSo when I see the bullying behavior, I try to engage him in a private conversation about the situation. Address the behavior, but try to keep my tone and choice of words as positive as possible, listen and let him tell his side of a story. In bullying situations, there are often many other issues going on with him. i have to be a good listener if i want him to engage in the conversation and truly change the behaviors.<br />\nThis means trying to avoid putting on our stern teacher voices. Don&#8217;t lecture, but rather probe him with questions such as &#8216;How would you feel if someone did that to you or someone you care about?&#8217;<br />\nNext, I will find opportunities to reward positive behaviors in all of your students. </p>\n\";s:14:\"correct_answer\";s:0:\"\";s:9:\"max_marks\";s:2:\"20\";}i:3494;a:5:{s:7:\"content\";s:593:\"<div class=\"page\" title=\"Page 4\">\n<div class=\"layoutArea\">\n<div class=\"column\">\n<h2><strong>Case Study Four: The Entitled (Students of the rich and famous)</strong></h2>\n<p><strong>SCENARIO:</strong> He tells you that he can’t take a test on the planned date because he has an appointment with his father who is, the student reminds you, the president of the Board of Regents for your university. He’d be happy to take the exam in a few weeks at some time that would be convenient for him. <strong>How would you handle this situation? (minimum 200 words)</strong></p>\n</div>\n</div>\n</div>\n\";s:4:\"type\";s:9:\"largetext\";s:13:\"marked_answer\";s:1134:\"<p>Entitled students often are not used to having boundaries set for their behavior, so it is essential to be clear and consistent in myclassroom. Develop rules that everyone must follow ( such as the test should be taken at the decided time) , and scme up with these as a class and require everyone to agree to them. Create consequences and enforce them—no exceptions,and explain that this is a community in which all are equals, so no one is above the rules.<br />\nThen I will ask him to reschedule his appointment with his father for  another time; because he should take the test with all other students unless he has a really emergency situation, and will not show him any interest in his family situation. </p>\n<p>If he insists on moving forward with his test for a few weeks, I will ask to involve his parents to solve the situation, by getting them on board to told them how important is to teach their kids to respect the rules and how they can help to let their kid have the test on it’s time or he will failed in the test, and if they refuse to collaboration i will follow the rules and will not give up my stand. </p>\n\";s:14:\"correct_answer\";s:0:\"\";s:9:\"max_marks\";s:2:\"20\";}i:3496;a:5:{s:7:\"content\";s:364:\"<h2><strong>Case Study Five: The Disrespecters (You can’t teach!)</strong></h2>\n<p><strong>SCENARIO:</strong> You are a young professor, maybe your first or second year on the tenure-track. On the first day of class, a student asks you, “Are you old enough to teach this class?” <strong>How would you handle this situation? (200 minimum words)</strong>.</p>\n\";s:4:\"type\";s:9:\"largetext\";s:13:\"marked_answer\";s:1097:\"<p>When a student is disrespectful to me, I have to be willing to lose the battle. In other words, I must resist the urge to admonish, scold, lecture, get even, or otherwise attempt to put him in his place.<br />\ni will Stay calm and Take a deep breath to quell any angry feelings rising up inside me . Remind myself that I will be much more effective, and the situation will go much smoother, if i  maintain emotional control, In the immediate moments following the incident, I will not say a word,  Simply maintain eye contact with the student and wait. Let his words hang in the air for several seconds, leaving no doubt about what was said, how it was said, and who is responsible for saying it.<br />\nThen I will clarify to him that he acts in a rude way and breaks one of the class roles by doing that.<br />\nAfter that I would tell the class the certification I had that would make me a good teacher even if I am in a young age, and how this is better for them because I can understand them in a better way.<br />\nAt the end I will start the class regularly like nothing had happened. </p>\n\";s:14:\"correct_answer\";s:0:\"\";s:9:\"max_marks\";s:2:\"20\";}s:10:\"user_marks\";i:0;s:11:\"total_marks\";i:100;}'),(257,1443,'instructor','1'),(258,1450,'instructor','1'),(259,1458,'instructor','1'),(260,1472,'instructor','1'),(261,1474,'instructor','1'),(262,1475,'instructor','1'),(263,1490,'instructor','1'),(264,1492,'_commission1','0'),(265,1492,'_currency1','CAD'),(266,1494,'_commission1','0'),(267,1494,'_currency1','CAD'),(268,1496,'_commission1','0'),(269,1496,'_currency1','CAD'),(270,1498,'_commission1','0'),(271,1498,'_currency1','CAD'),(272,1500,'_commission1','0'),(273,1500,'_currency1','CAD'),(274,1502,'_commission1','0'),(275,1502,'_currency1','CAD'),(276,1508,'instructor','1'),(277,1554,'instructor','1'),(278,1555,'instructor','1'),(279,1556,'instructor','1'),(280,1557,'instructor','1'),(281,1558,'instructor','1'),(282,1559,'instructor','1'),(283,1560,'instructor','1'),(284,1561,'instructor','1'),(285,1562,'instructor','1'),(286,1563,'instructor','1'),(287,1564,'instructor','1'),(288,1567,'instructor','1'),(289,1572,'instructor','1'),(290,1574,'instructor','1'),(291,1575,'instructor','1'),(292,1666,'instructor','1');

--
-- Table structure for table `wp_bp_friends`
--

CREATE TABLE `wp_bp_friends` (
  `id` bigint(20) NOT NULL AUTO_INCREMENT,
  `initiator_user_id` bigint(20) NOT NULL,
  `friend_user_id` bigint(20) NOT NULL,
  `is_confirmed` tinyint(1) DEFAULT 0,
  `is_limited` tinyint(1) DEFAULT 0,
  `date_created` datetime NOT NULL,
  PRIMARY KEY (`id`),
  KEY `initiator_user_id` (`initiator_user_id`),
  KEY `friend_user_id` (`friend_user_id`)
) ENGINE=MyISAM AUTO_INCREMENT=24 DEFAULT CHARSET=utf8mb4 COLLATE=utf8mb4_unicode_ci;

--
-- Dumping data for table `wp_bp_friends`
--

INSERT INTO `wp_bp_friends` VALUES (1,1,9,1,0,'2019-07-08 07:05:56'),(2,1,6,0,0,'2019-05-12 00:38:05'),(3,204,216,0,0,'2021-01-01 09:21:47'),(4,204,206,1,0,'2021-01-02 20:29:30'),(5,204,219,0,0,'2021-01-01 09:21:50'),(6,204,228,1,0,'2021-01-01 11:14:45'),(7,204,217,1,0,'2021-01-02 14:11:53'),(8,204,1,1,0,'2021-01-09 00:53:01'),(9,204,215,0,0,'2021-01-01 09:22:23'),(10,204,211,0,0,'2021-01-01 09:22:24'),(11,204,210,0,0,'2021-01-01 09:22:26'),(12,204,43,1,0,'2021-01-01 20:52:05'),(13,204,49,0,0,'2021-01-01 09:22:48'),(14,204,53,0,0,'2021-01-01 09:22:49'),(15,204,47,1,0,'2021-01-02 02:41:53'),(16,204,37,0,0,'2021-01-01 09:22:54'),(17,204,44,0,0,'2021-01-01 09:22:58'),(18,206,217,1,0,'2021-01-02 21:39:51'),(19,206,43,1,0,'2021-01-02 23:06:37'),(20,206,47,1,0,'2021-01-04 16:59:42'),(21,206,228,0,0,'2021-01-02 20:29:55'),(22,204,244,0,0,'2021-01-04 10:27:59'),(23,204,242,1,0,'2021-01-04 11:47:44');

--
-- Table structure for table `wp_bp_invitations`
--

CREATE TABLE `wp_bp_invitations` (
  `id` bigint(20) NOT NULL AUTO_INCREMENT,
  `user_id` bigint(20) NOT NULL,
  `inviter_id` bigint(20) NOT NULL,
  `invitee_email` varchar(100) COLLATE utf8mb4_unicode_ci DEFAULT NULL,
  `class` varchar(120) COLLATE utf8mb4_unicode_ci NOT NULL,
  `item_id` bigint(20) NOT NULL,
  `secondary_item_id` bigint(20) DEFAULT NULL,
  `type` varchar(12) COLLATE utf8mb4_unicode_ci NOT NULL DEFAULT 'invite',
  `content` longtext COLLATE utf8mb4_unicode_ci DEFAULT '',
  `date_modified` datetime NOT NULL,
  `invite_sent` tinyint(1) NOT NULL DEFAULT 0,
  `accepted` tinyint(1) NOT NULL DEFAULT 0,
  PRIMARY KEY (`id`),
  KEY `user_id` (`user_id`),
  KEY `inviter_id` (`inviter_id`),
  KEY `invitee_email` (`invitee_email`),
  KEY `class` (`class`),
  KEY `item_id` (`item_id`),
  KEY `secondary_item_id` (`secondary_item_id`),
  KEY `type` (`type`),
  KEY `invite_sent` (`invite_sent`),
  KEY `accepted` (`accepted`)
) ENGINE=MyISAM DEFAULT CHARSET=utf8mb4 COLLATE=utf8mb4_unicode_ci;

--
-- Dumping data for table `wp_bp_invitations`
--


--
-- Table structure for table `wp_bp_messages_messages`
--

CREATE TABLE `wp_bp_messages_messages` (
  `id` bigint(20) NOT NULL AUTO_INCREMENT,
  `thread_id` bigint(20) NOT NULL,
  `sender_id` bigint(20) NOT NULL,
  `subject` varchar(200) COLLATE utf8mb4_unicode_ci NOT NULL,
  `message` longtext COLLATE utf8mb4_unicode_ci NOT NULL,
  `date_sent` datetime NOT NULL,
  PRIMARY KEY (`id`),
  KEY `sender_id` (`sender_id`),
  KEY `thread_id` (`thread_id`)
) ENGINE=MyISAM DEFAULT CHARSET=utf8mb4 COLLATE=utf8mb4_unicode_ci;

--
-- Dumping data for table `wp_bp_messages_messages`
--


--
-- Table structure for table `wp_bp_messages_meta`
--

CREATE TABLE `wp_bp_messages_meta` (
  `id` bigint(20) NOT NULL AUTO_INCREMENT,
  `message_id` bigint(20) NOT NULL,
  `meta_key` varchar(255) COLLATE utf8mb4_unicode_ci DEFAULT NULL,
  `meta_value` longtext COLLATE utf8mb4_unicode_ci DEFAULT NULL,
  PRIMARY KEY (`id`),
  KEY `message_id` (`message_id`),
  KEY `meta_key` (`meta_key`(191))
) ENGINE=MyISAM DEFAULT CHARSET=utf8mb4 COLLATE=utf8mb4_unicode_ci;

--
-- Dumping data for table `wp_bp_messages_meta`
--


--
-- Table structure for table `wp_bp_messages_notices`
--

CREATE TABLE `wp_bp_messages_notices` (
  `id` bigint(20) NOT NULL AUTO_INCREMENT,
  `subject` varchar(200) COLLATE utf8mb4_unicode_ci NOT NULL,
  `message` longtext COLLATE utf8mb4_unicode_ci NOT NULL,
  `date_sent` datetime NOT NULL,
  `is_active` tinyint(1) NOT NULL DEFAULT 0,
  PRIMARY KEY (`id`),
  KEY `is_active` (`is_active`)
) ENGINE=MyISAM DEFAULT CHARSET=utf8mb4 COLLATE=utf8mb4_unicode_ci;

--
-- Dumping data for table `wp_bp_messages_notices`
--


--
-- Table structure for table `wp_bp_messages_recipients`
--

CREATE TABLE `wp_bp_messages_recipients` (
  `id` bigint(20) NOT NULL AUTO_INCREMENT,
  `user_id` bigint(20) NOT NULL,
  `thread_id` bigint(20) NOT NULL,
  `unread_count` int(10) NOT NULL DEFAULT 0,
  `sender_only` tinyint(1) NOT NULL DEFAULT 0,
  `is_deleted` tinyint(1) NOT NULL DEFAULT 0,
  PRIMARY KEY (`id`),
  KEY `user_id` (`user_id`),
  KEY `thread_id` (`thread_id`),
  KEY `is_deleted` (`is_deleted`),
  KEY `sender_only` (`sender_only`),
  KEY `unread_count` (`unread_count`)
) ENGINE=MyISAM DEFAULT CHARSET=utf8mb4 COLLATE=utf8mb4_unicode_ci;

--
-- Dumping data for table `wp_bp_messages_recipients`
--


--
-- Table structure for table `wp_bp_notifications`
--

CREATE TABLE `wp_bp_notifications` (
  `id` bigint(20) NOT NULL AUTO_INCREMENT,
  `user_id` bigint(20) NOT NULL,
  `item_id` bigint(20) NOT NULL,
  `secondary_item_id` bigint(20) DEFAULT NULL,
  `component_name` varchar(75) COLLATE utf8mb4_unicode_ci NOT NULL,
  `component_action` varchar(75) COLLATE utf8mb4_unicode_ci NOT NULL,
  `date_notified` datetime NOT NULL,
  `is_new` tinyint(1) NOT NULL DEFAULT 0,
  PRIMARY KEY (`id`),
  KEY `item_id` (`item_id`),
  KEY `secondary_item_id` (`secondary_item_id`),
  KEY `user_id` (`user_id`),
  KEY `is_new` (`is_new`),
  KEY `component_name` (`component_name`),
  KEY `component_action` (`component_action`),
  KEY `useritem` (`user_id`,`is_new`)
) ENGINE=MyISAM AUTO_INCREMENT=87 DEFAULT CHARSET=utf8mb4 COLLATE=utf8mb4_unicode_ci;

--
-- Dumping data for table `wp_bp_notifications`
--

INSERT INTO `wp_bp_notifications` VALUES (1,9,1,1,'friends','friendship_request','2019-05-12 00:37:53',0),(3,1,9,1,'friends','friendship_accepted','2019-07-08 07:05:57',0),(4,39,470,1,'activity','update_reply','2019-07-23 03:04:23',1),(5,39,471,1,'activity','update_reply','2019-07-23 03:05:14',1),(6,39,472,1,'activity','update_reply','2019-07-23 03:07:34',1),(7,39,473,1,'activity','update_reply','2019-07-23 03:07:56',1),(8,37,474,1,'activity','update_reply','2019-07-23 03:09:10',0),(9,39,484,1,'activity','update_reply','2019-07-25 14:48:32',0),(10,43,505,1,'activity','update_reply','2019-08-05 20:22:40',1),(18,37,759,1,'activity','update_reply','2019-09-28 23:52:51',0),(12,39,507,1,'activity','update_reply','2019-08-05 20:26:20',1),(13,1,508,43,'activity','comment_reply','2019-08-05 20:27:43',0),(54,216,204,3,'friends','friendship_request','2021-01-01 09:21:48',1),(15,43,512,1,'activity','update_reply','2019-08-05 20:32:54',1),(16,1,513,43,'activity','comment_reply','2019-08-05 20:33:40',0),(17,43,527,1,'activity','update_reply','2019-08-07 16:07:08',1),(19,39,760,1,'activity','update_reply','2019-09-28 23:53:23',1),(20,47,872,1,'activity','update_reply','2019-11-05 14:58:49',0),(21,39,873,1,'activity','update_reply','2019-11-05 15:01:07',1),(22,44,874,1,'activity','update_reply','2019-11-05 15:04:25',0),(24,47,913,1,'activity','update_reply','2020-01-25 03:25:17',0),(25,47,914,1,'activity','update_reply','2020-01-25 03:25:28',0),(26,47,915,1,'activity','update_reply','2020-01-25 03:25:37',0),(27,47,916,1,'activity','update_reply','2020-01-25 03:26:14',0),(28,47,917,1,'activity','update_reply','2020-01-25 03:26:35',0),(29,47,918,1,'activity','update_reply','2020-01-25 03:26:41',0),(30,47,919,1,'activity','update_reply','2020-01-25 03:26:51',0),(31,47,920,1,'activity','update_reply','2020-01-25 03:28:09',0),(32,47,921,1,'activity','update_reply','2020-01-25 03:28:57',0),(34,51,923,1,'activity','update_reply','2020-01-25 03:40:28',1),(86,204,1,8,'friends','friendship_accepted','2021-01-09 00:53:02',1),(36,49,925,1,'activity','update_reply','2020-01-25 03:44:43',1),(37,46,926,1,'activity','update_reply','2020-01-25 03:45:22',1),(55,206,204,4,'friends','friendship_request','2021-01-01 09:21:49',0),(40,44,251,0,'course','course_reset','2020-04-15 07:49:39',1),(56,219,204,5,'friends','friendship_request','2021-01-01 09:21:50',1),(57,228,204,6,'friends','friendship_request','2021-01-01 09:21:53',0),(58,217,204,7,'friends','friendship_request','2021-01-01 09:22:15',0),(59,1,204,8,'friends','friendship_request','2021-01-01 09:22:17',0),(60,215,204,9,'friends','friendship_request','2021-01-01 09:22:23',1),(61,211,204,10,'friends','friendship_request','2021-01-01 09:22:25',1),(48,9,251,0,'course','subscribe_course','2020-11-24 02:47:00',1),(62,210,204,11,'friends','friendship_request','2021-01-01 09:22:26',1),(50,9,251,0,'course','bulk_action','2020-11-24 02:47:00',1),(63,43,204,12,'friends','friendship_request','2021-01-01 09:22:42',0),(64,49,204,13,'friends','friendship_request','2021-01-01 09:22:49',1),(65,53,204,14,'friends','friendship_request','2021-01-01 09:22:49',1),(66,47,204,15,'friends','friendship_request','2021-01-01 09:22:51',0),(67,37,204,16,'friends','friendship_request','2021-01-01 09:22:54',1),(68,44,204,17,'friends','friendship_request','2021-01-01 09:22:58',1),(69,204,228,6,'friends','friendship_accepted','2021-01-01 11:14:45',0),(70,204,43,12,'friends','friendship_accepted','2021-01-01 20:52:05',0),(71,204,47,15,'friends','friendship_accepted','2021-01-02 02:41:53',0),(72,204,217,7,'friends','friendship_accepted','2021-01-02 14:11:53',0),(73,204,206,4,'friends','friendship_accepted','2021-01-02 20:29:30',0),(74,217,206,18,'friends','friendship_request','2021-01-02 20:29:53',0),(75,43,206,19,'friends','friendship_request','2021-01-02 20:29:54',0),(76,47,206,20,'friends','friendship_request','2021-01-02 20:29:55',0),(77,228,206,21,'friends','friendship_request','2021-01-02 20:29:56',1),(78,204,1442,206,'activity','update_reply','2021-01-02 20:31:19',0),(79,206,217,18,'friends','friendship_accepted','2021-01-02 21:39:51',0),(80,206,43,19,'friends','friendship_accepted','2021-01-02 23:06:37',0),(81,206,1466,204,'activity','comment_reply','2021-01-04 10:26:16',0),(82,244,204,22,'friends','friendship_request','2021-01-04 10:27:59',1),(83,242,204,23,'friends','friendship_request','2021-01-04 10:28:01',0),(84,204,242,23,'friends','friendship_accepted','2021-01-04 11:47:44',0),(85,206,47,20,'friends','friendship_accepted','2021-01-04 16:59:42',0);

--
-- Table structure for table `wp_bp_notifications_meta`
--

CREATE TABLE `wp_bp_notifications_meta` (
  `id` bigint(20) NOT NULL AUTO_INCREMENT,
  `notification_id` bigint(20) NOT NULL,
  `meta_key` varchar(255) COLLATE utf8mb4_unicode_ci DEFAULT NULL,
  `meta_value` longtext COLLATE utf8mb4_unicode_ci DEFAULT NULL,
  PRIMARY KEY (`id`),
  KEY `notification_id` (`notification_id`),
  KEY `meta_key` (`meta_key`(191))
) ENGINE=MyISAM DEFAULT CHARSET=utf8mb4 COLLATE=utf8mb4_unicode_ci;

--
-- Dumping data for table `wp_bp_notifications_meta`
--


--
-- Table structure for table `wp_bp_user_blogs`
--

CREATE TABLE `wp_bp_user_blogs` (
  `id` bigint(20) NOT NULL AUTO_INCREMENT,
  `user_id` bigint(20) NOT NULL,
  `blog_id` bigint(20) NOT NULL,
  PRIMARY KEY (`id`),
  KEY `user_id` (`user_id`),
  KEY `blog_id` (`blog_id`)
) ENGINE=MyISAM AUTO_INCREMENT=2 DEFAULT CHARSET=utf8mb4 COLLATE=utf8mb4_unicode_ci;

--
-- Dumping data for table `wp_bp_user_blogs`
--

INSERT INTO `wp_bp_user_blogs` VALUES (1,1,1);

--
-- Table structure for table `wp_bp_user_blogs_blogmeta`
--

CREATE TABLE `wp_bp_user_blogs_blogmeta` (
  `id` bigint(20) NOT NULL AUTO_INCREMENT,
  `blog_id` bigint(20) NOT NULL,
  `meta_key` varchar(255) COLLATE utf8mb4_unicode_ci DEFAULT NULL,
  `meta_value` longtext COLLATE utf8mb4_unicode_ci DEFAULT NULL,
  PRIMARY KEY (`id`),
  KEY `blog_id` (`blog_id`),
  KEY `meta_key` (`meta_key`(191))
) ENGINE=MyISAM AUTO_INCREMENT=9 DEFAULT CHARSET=utf8mb4 COLLATE=utf8mb4_unicode_ci;

--
-- Dumping data for table `wp_bp_user_blogs_blogmeta`
--

INSERT INTO `wp_bp_user_blogs_blogmeta` VALUES (1,1,'url','https://tesoll.com'),(2,1,'name','IBTS TESOL CANADA ®'),(3,1,'description','INTERNATIONAL BOARD OF TEACHING STANDARDS TESOL CANADA'),(4,1,'last_activity','2019-07-03 14:04:21'),(5,1,'close_comments_for_old_posts','0'),(6,1,'close_comments_days_old','14'),(7,1,'thread_comments_depth','5'),(8,1,'comment_moderation','0');

--
-- Table structure for table `wp_bp_xprofile_data`
--

CREATE TABLE `wp_bp_xprofile_data` (
  `id` bigint(20) unsigned NOT NULL AUTO_INCREMENT,
  `field_id` bigint(20) unsigned NOT NULL,
  `user_id` bigint(20) unsigned NOT NULL,
  `value` longtext COLLATE utf8mb4_unicode_ci NOT NULL,
  `last_updated` datetime NOT NULL,
  PRIMARY KEY (`id`),
  KEY `field_id` (`field_id`),
  KEY `user_id` (`user_id`)
) ENGINE=MyISAM AUTO_INCREMENT=1371 DEFAULT CHARSET=utf8mb4 COLLATE=utf8mb4_unicode_ci;

--
-- Dumping data for table `wp_bp_xprofile_data`
--

INSERT INTO `wp_bp_xprofile_data` VALUES (32,13,9,'1995-05-04 00:00:00','2019-04-27 19:18:18'),(33,15,9,'Ammm','2019-04-27 19:18:18'),(34,16,9,'0777626232','2019-04-27 19:18:18'),(35,17,9,'student','2019-04-27 19:18:18'),(30,7,9,'Amma','2019-04-27 19:18:18'),(31,12,9,'Groupperla@yahoo.com','2019-04-27 19:18:18'),(29,1,9,'Maheron','2019-10-23 00:13:57'),(17,1,1,'TESOL GROUP','2020-12-18 06:02:12'),(169,1,37,'Rasha Alnabelsi','2019-09-10 15:58:55'),(170,63,37,'Jordan','2019-07-08 15:09:02'),(171,12,37,'rasha.nabulsi@gmail.com','2019-07-08 15:09:02'),(172,13,37,'1986-10-30 00:00:00','2019-07-08 15:09:02'),(173,15,37,'Amman','2019-07-08 15:09:02'),(174,17,37,'student','2019-07-08 15:09:02'),(176,1,39,'Yousef Aljabali','2019-07-11 15:36:24'),(185,1,43,'Aysheh Rababa','2019-08-05 02:23:13'),(186,1,44,'Huda Elhaffar','2020-03-30 06:25:21'),(188,1,46,'shaden','2019-11-05 03:30:00'),(189,63,46,'jordan','2019-08-08 06:49:04'),(190,12,46,'jetlareshaden@gmail.com','2019-08-08 06:49:04'),(191,15,46,'Amman','2019-08-08 06:49:04'),(192,16,46,'962799912929','2019-08-08 06:49:04'),(193,17,46,'student','2019-08-08 06:49:04'),(194,1,47,'Auday Aldmour','2019-08-17 12:16:30'),(196,1,49,'ruba','2019-11-05 03:26:58'),(197,63,49,'jordan -amman','2019-09-25 11:25:34'),(198,12,49,'rubaobaid33@gmail.com','2019-09-25 11:25:34'),(199,15,49,'Amman-Sahab -Abdullah Menwer street','2019-09-25 11:25:34'),(200,16,49,'0798068055','2019-09-25 11:25:34'),(201,17,49,'student','2019-09-25 11:25:34'),(208,1,51,'Esraa','2019-11-05 03:21:26'),(209,63,51,'Amman','2019-10-15 10:49:32'),(210,12,51,'Amman-swelih','2019-10-15 10:49:32'),(211,15,51,'Swelih','2019-10-15 10:49:32'),(212,16,51,'0772733163','2019-10-15 10:49:32'),(213,17,51,'instructor','2019-10-15 10:49:32'),(214,13,51,'1997-12-19 00:00:00','2019-10-15 10:49:32'),(215,17,1,'instructor','2019-11-05 15:06:16'),(222,1,53,'Lama','2019-11-05 03:25:57'),(223,63,53,'Irbid','2019-10-22 22:36:25'),(224,12,53,'Lanajamal127@gmail.com','2019-10-22 22:36:25'),(225,15,53,'اربد _ شارع الهاشمي','2019-10-22 22:36:25'),(226,16,53,'0785276865','2019-10-22 22:36:25'),(227,17,53,'student','2019-10-22 22:36:25'),(242,63,1,'Canada','2019-11-05 15:06:16'),(243,12,1,'info@tesoll.com','2019-11-05 15:06:16'),(244,13,1,'1991-02-17 00:00:00','2019-11-05 15:06:16'),(245,15,1,'Montreal','2019-11-05 15:06:16'),(246,16,1,'5144514959','2019-11-05 15:06:16'),(247,17,44,'instructor','2020-03-30 06:25:22'),(248,1,57,'Nor Alderi','2020-11-27 03:35:35'),(249,1,58,'Mohammad Al-Zoubi','2020-11-27 03:38:10'),(1367,1,262,'Amel  Beldjenna','2021-01-10 07:44:50'),(1368,17,262,'student','2021-01-10 07:44:50'),(1369,1,263,'emad hunieh','2021-01-10 22:14:36'),(1370,17,263,'instructor','2021-01-10 22:14:36'),(1349,1,257,'ANAS BANI MUSTAFA','2021-01-08 13:53:26'),(1350,17,257,'instructor','2021-01-08 13:53:26'),(1261,17,214,'student','2020-12-31 08:46:33'),(1260,1,214,'Manar aldaja','2020-12-31 08:46:33'),(1256,1,212,'fajr','2020-12-31 08:41:13'),(1257,17,212,'instructor','2020-12-31 08:41:13'),(1258,1,213,'Fallout69','2020-12-31 08:41:36'),(1259,17,213,'student','2020-12-31 08:41:36'),(1255,17,211,'student','2020-12-31 08:40:16'),(1254,1,211,'Sarah alomari','2020-12-31 08:40:16'),(1250,1,209,'Somaya Tarawneh','2020-12-31 08:28:26'),(1251,17,209,'instructor','2020-12-31 08:28:26'),(1252,1,210,'Reem Altamimi','2020-12-31 08:28:41'),(1253,17,210,'instructor','2020-12-31 08:28:41'),(1249,17,208,'student','2020-12-29 21:51:44'),(1248,1,208,'Noraldin Al-Deri','2020-12-29 21:51:44'),(1237,1,202,'Nor Deri','2020-12-19 03:45:55'),(1240,1,204,'MARWAN TAHA','2020-12-21 10:59:24'),(1241,17,204,'student','2020-12-21 10:59:24'),(1242,1,205,'Hamza','2020-12-22 15:32:34'),(1243,17,205,'student','2020-12-22 15:32:34'),(1244,1,206,'Hamza AlAjlouni','2020-12-24 13:28:10'),(1245,17,206,'student','2020-12-24 13:28:10'),(1246,1,207,'Noraldin Al-Deri','2020-12-29 21:51:24'),(1247,17,207,'student','2020-12-29 21:51:24'),(1262,1,215,'Somaya Tarawneh','2020-12-31 08:54:31'),(1263,17,215,'student','2020-12-31 08:54:31'),(1264,1,216,'Juman Qasem','2020-12-31 10:18:28'),(1265,17,216,'student','2020-12-31 10:18:28'),(1266,1,217,'Tasneem','2020-12-31 10:51:30'),(1267,17,217,'student','2020-12-31 10:51:30'),(1268,1,218,'Tareq AlSamhouri','2020-12-31 11:23:44'),(1269,17,218,'instructor','2020-12-31 11:23:44'),(1270,1,219,'Hamza Alsarhan','2020-12-31 11:42:05'),(1271,17,219,'student','2020-12-31 11:42:05'),(1272,1,220,'Rozana Odeh','2020-12-31 11:54:25'),(1273,17,220,'student','2020-12-31 11:54:25'),(1274,1,221,'Sally M Khader','2020-12-31 14:09:09'),(1275,17,221,'instructor','2020-12-31 14:09:09'),(1276,1,222,'Mayada Ghadi','2020-12-31 14:21:11'),(1277,17,222,'instructor','2020-12-31 14:21:11'),(1278,1,223,'yasmeen','2020-12-31 14:35:37'),(1279,17,223,'student','2020-12-31 14:35:37'),(1280,1,224,'Reem Alkurdi','2020-12-31 15:00:12'),(1281,17,224,'instructor','2020-12-31 15:00:12'),(1282,1,225,'Ekhlass','2020-12-31 16:52:39'),(1283,17,225,'instructor','2020-12-31 16:52:39'),(1284,1,226,'Ahmad khaled alsafadi','2020-12-31 16:56:37'),(1285,17,226,'student','2020-12-31 16:56:37'),(1286,1,227,'Mehrnaz Faghih','2020-12-31 18:33:36'),(1287,17,227,'instructor','2020-12-31 18:33:36'),(1288,1,228,'Sarah Nusier','2020-12-31 18:41:44'),(1289,17,228,'student','2020-12-31 18:41:44'),(1290,1,229,'Khaled Al-Naimat','2020-12-31 18:56:03'),(1291,17,229,'student','2020-12-31 18:56:03'),(1292,1,230,'Mainkhalila','2020-12-31 21:37:08'),(1293,17,230,'student','2020-12-31 21:37:08'),(1294,1,231,'Yanal Ismail','2021-01-01 09:46:33'),(1295,17,231,'student','2021-01-01 09:46:33'),(1296,1,232,'Taqwa','2021-01-01 12:43:10'),(1297,17,232,'student','2021-01-01 12:43:10'),(1298,1,233,'Lama','2021-01-01 13:40:36'),(1299,17,233,'student','2021-01-01 13:40:36'),(1300,1,234,'Lama','2021-01-01 13:47:27'),(1301,17,234,'student','2021-01-01 13:47:27'),(1302,1,235,'Noor B.','2021-01-01 16:37:09'),(1303,17,235,'student','2021-01-01 16:37:09'),(1304,1,236,'OMAR ALSMADI','2021-01-01 18:48:52'),(1305,17,236,'student','2021-01-01 18:48:52'),(1306,1,237,'OMAR','2021-01-01 18:55:31'),(1307,17,237,'student','2021-01-01 18:55:31'),(1308,1,238,'OMAR','2021-01-01 19:15:14'),(1309,17,238,'student','2021-01-01 19:15:14'),(1310,1,239,'Ehda\\\'a Aziz','2021-01-02 04:39:02'),(1311,17,239,'student','2021-01-02 04:39:02'),(1312,1,240,'Aseel','2021-01-02 13:21:19'),(1313,17,240,'student','2021-01-02 13:21:19'),(1314,1,241,'tala','2021-01-02 13:42:14'),(1315,17,241,'student','2021-01-02 13:42:14'),(1316,1,242,'Ekhlas','2021-01-02 19:22:21'),(1317,17,242,'student','2021-01-02 19:22:21'),(1318,1,243,'Shahed Tarawneh','2021-01-02 21:58:25'),(1319,17,243,'student','2021-01-02 21:58:25'),(1320,78,243,'Jordan','2021-01-02 21:58:25'),(1321,12,243,'Sh.tarawneh98@gmail.com','2021-01-02 21:58:25'),(1322,13,243,'1998-09-17 00:00:00','2021-01-02 21:58:25'),(1323,15,243,'Jordan','2021-01-02 21:58:25'),(1324,16,243,'0799240584','2021-01-02 21:58:25'),(1325,1,244,'Rozan Nouri','2021-01-03 08:53:44'),(1326,17,244,'student','2021-01-03 08:53:44'),(1327,1,245,'Anas Henidi','2021-01-03 13:32:00'),(1328,17,245,'student','2021-01-03 13:32:00'),(1329,1,246,'bayan','2021-01-03 17:14:27'),(1330,17,246,'instructor','2021-01-03 17:14:27'),(1331,1,247,'Sarah Tabbaa','2021-01-03 18:45:40'),(1332,17,247,'student','2021-01-03 18:45:40'),(1333,1,248,'Lina','2021-01-04 15:01:03'),(1334,17,248,'student','2021-01-04 15:01:03'),(1335,1,249,'Reem Alkurdi','2021-01-05 19:48:23'),(1336,17,249,'instructor','2021-01-05 19:48:23'),(1337,1,250,'instructor','2021-01-06 10:39:40'),(1338,17,250,'instructor','2021-01-06 10:39:40'),(1339,1,251,'Nour Mrebeh','2021-01-06 10:44:58'),(1340,17,251,'instructor','2021-01-06 10:44:58'),(1348,17,255,'student','2021-01-08 04:32:27'),(1347,1,255,'Eman','2021-01-08 04:32:27'),(1346,17,254,'student','2021-01-08 01:07:22'),(1345,1,254,'Ahmad khaled alsafadi','2021-01-08 01:07:22');

--
-- Table structure for table `wp_bp_xprofile_fields`
--

CREATE TABLE `wp_bp_xprofile_fields` (
  `id` bigint(20) unsigned NOT NULL AUTO_INCREMENT,
  `group_id` bigint(20) unsigned NOT NULL,
  `parent_id` bigint(20) unsigned NOT NULL,
  `type` varchar(150) COLLATE utf8mb4_unicode_ci NOT NULL,
  `name` varchar(150) COLLATE utf8mb4_unicode_ci NOT NULL,
  `description` longtext COLLATE utf8mb4_unicode_ci NOT NULL,
  `is_required` tinyint(1) NOT NULL DEFAULT 0,
  `is_default_option` tinyint(1) NOT NULL DEFAULT 0,
  `field_order` bigint(20) NOT NULL DEFAULT 0,
  `option_order` bigint(20) NOT NULL DEFAULT 0,
  `order_by` varchar(15) COLLATE utf8mb4_unicode_ci NOT NULL DEFAULT '',
  `can_delete` tinyint(1) NOT NULL DEFAULT 1,
  PRIMARY KEY (`id`),
  KEY `group_id` (`group_id`),
  KEY `parent_id` (`parent_id`),
  KEY `field_order` (`field_order`),
  KEY `can_delete` (`can_delete`),
  KEY `is_required` (`is_required`)
) ENGINE=MyISAM AUTO_INCREMENT=93 DEFAULT CHARSET=utf8mb4 COLLATE=utf8mb4_unicode_ci;

--
-- Dumping data for table `wp_bp_xprofile_fields`
--

INSERT INTO `wp_bp_xprofile_fields` VALUES (1,1,0,'textbox','Name','',1,0,0,0,'',0),(12,1,0,'textbox','e-mail address','',1,0,2,0,'',1),(17,1,0,'selectbox','Sign up as a student or an instructor','how you want to sign up',1,0,7,0,'custom',1),(18,1,17,'option','student','',0,1,0,1,'',1),(19,1,17,'option','instructor','',0,0,0,2,'',1),(13,1,0,'datebox','Date OF Birth','',1,0,3,0,'',1),(15,1,0,'textbox','Address','full address',1,0,4,0,'',1),(16,1,0,'telephone','Mobile','',1,0,5,0,'',1),(63,1,0,'textbox','Location','Student Location',0,0,0,0,'',1),(73,1,0,'textbox','Location','Student Location',0,0,0,0,'',1),(74,1,0,'textarea','Bio','About Student',0,0,0,0,'',1),(75,15,0,'textbox','Speciality','Instructor Speciality',0,0,0,0,'',1),(76,14,0,'url','Facebook','Facebook profile link',0,0,0,0,'',1),(77,14,0,'url','Twitter','Twitter profile link',0,0,0,0,'',1),(78,1,0,'textbox','Location','Student Location',0,0,0,0,'',1),(79,1,0,'textarea','Bio','About Student',0,0,0,0,'',1),(80,15,0,'textbox','Speciality','Instructor Speciality',0,0,0,0,'',1),(81,14,0,'url','Facebook','Facebook profile link',0,0,0,0,'',1),(82,14,0,'url','Twitter','Twitter profile link',0,0,0,0,'',1),(83,1,0,'textbox','Location','Student Location',0,0,0,0,'',1),(84,1,0,'textarea','Bio','About Student',0,0,0,0,'',1),(85,17,0,'textbox','Speciality','Instructor Speciality',0,0,0,0,'',1),(86,16,0,'url','Facebook','Facebook profile link',0,0,0,0,'',1),(87,16,0,'url','Twitter','Twitter profile link',0,0,0,0,'',1),(88,1,0,'textbox','Location','Student Location',0,0,0,0,'',1),(89,1,0,'textarea','Bio','About Student',0,0,0,0,'',1),(90,17,0,'textbox','Speciality','Instructor Speciality',0,0,0,0,'',1),(91,16,0,'url','Facebook','Facebook profile link',0,0,0,0,'',1),(92,16,0,'url','Twitter','Twitter profile link',0,0,0,0,'',1);

--
-- Table structure for table `wp_bp_xprofile_groups`
--

CREATE TABLE `wp_bp_xprofile_groups` (
  `id` bigint(20) unsigned NOT NULL AUTO_INCREMENT,
  `name` varchar(150) COLLATE utf8mb4_unicode_ci NOT NULL,
  `description` mediumtext COLLATE utf8mb4_unicode_ci NOT NULL,
  `group_order` bigint(20) NOT NULL DEFAULT 0,
  `can_delete` tinyint(1) NOT NULL,
  PRIMARY KEY (`id`),
  KEY `can_delete` (`can_delete`)
) ENGINE=MyISAM AUTO_INCREMENT=18 DEFAULT CHARSET=utf8mb4 COLLATE=utf8mb4_unicode_ci;

--
-- Dumping data for table `wp_bp_xprofile_groups`
--

INSERT INTO `wp_bp_xprofile_groups` VALUES (1,'Base','',0,0),(14,'Social Profiles','Links to social profiles',0,1),(15,'Instructor','Instructor only field group',0,1),(16,'Social Profiles','Links to social profiles',0,1),(17,'Instructor','Instructor only field group',0,1);

--
-- Table structure for table `wp_bp_xprofile_meta`
--

CREATE TABLE `wp_bp_xprofile_meta` (
  `id` bigint(20) NOT NULL AUTO_INCREMENT,
  `object_id` bigint(20) NOT NULL,
  `object_type` varchar(150) COLLATE utf8mb4_unicode_ci NOT NULL,
  `meta_key` varchar(255) COLLATE utf8mb4_unicode_ci DEFAULT NULL,
  `meta_value` longtext COLLATE utf8mb4_unicode_ci DEFAULT NULL,
  PRIMARY KEY (`id`),
  KEY `object_id` (`object_id`),
  KEY `meta_key` (`meta_key`(191))
) ENGINE=MyISAM AUTO_INCREMENT=42 DEFAULT CHARSET=utf8mb4 COLLATE=utf8mb4_unicode_ci;

--
-- Dumping data for table `wp_bp_xprofile_meta`
--

INSERT INTO `wp_bp_xprofile_meta` VALUES (1,12,'field','default_visibility','public'),(2,12,'field','allow_custom_visibility','disabled'),(3,12,'field','do_autolink','off'),(33,40,'field','allow_custom_visibility','allowed'),(32,40,'field','default_visibility','public'),(10,13,'field','default_visibility','public'),(11,13,'field','allow_custom_visibility','disabled'),(12,13,'field','do_autolink','on'),(13,13,'field','date_format','d/m/Y'),(14,13,'field','date_format_custom',''),(15,13,'field','range_type','absolute'),(16,13,'field','range_absolute_start','1970'),(17,13,'field','range_absolute_end','2000'),(18,13,'field','range_relative_start','-10'),(19,13,'field','range_relative_end','20'),(30,17,'field','allow_custom_visibility','allowed'),(29,17,'field','default_visibility','public'),(23,15,'field','default_visibility','public'),(24,15,'field','allow_custom_visibility','disabled'),(25,15,'field','do_autolink','off'),(26,16,'field','default_visibility','public'),(27,16,'field','allow_custom_visibility','disabled'),(28,16,'field','do_autolink','off'),(31,17,'field','do_autolink','on'),(34,40,'field','do_autolink','off'),(35,41,'field','default_visibility','adminsonly'),(36,41,'field','allow_custom_visibility','disabled'),(37,41,'field','do_autolink','off'),(41,1,'field','allow_custom_visibility','disabled');

--
-- Table structure for table `wp_commentmeta`
--

CREATE TABLE `wp_commentmeta` (
  `meta_id` bigint(20) unsigned NOT NULL AUTO_INCREMENT,
  `comment_id` bigint(20) unsigned NOT NULL DEFAULT 0,
  `meta_key` varchar(255) COLLATE utf8mb4_unicode_ci DEFAULT NULL,
  `meta_value` longtext COLLATE utf8mb4_unicode_ci DEFAULT NULL,
  PRIMARY KEY (`meta_id`),
  KEY `comment_id` (`comment_id`),
  KEY `meta_key` (`meta_key`(191))
) ENGINE=MyISAM AUTO_INCREMENT=1344 DEFAULT CHARSET=utf8mb4 COLLATE=utf8mb4_unicode_ci;

--
-- Dumping data for table `wp_commentmeta`
--

INSERT INTO `wp_commentmeta` VALUES (1329,770,'quiz_id','3469'),(1330,771,'quiz_id','3469'),(1331,772,'quiz_id','3469'),(1332,773,'quiz_id','3469'),(1333,774,'quiz_id','3469'),(1334,775,'quiz_id','3469'),(1335,776,'quiz_id','3469'),(1336,777,'quiz_id','3469'),(1337,778,'quiz_id','3469'),(1338,779,'quiz_id','3469'),(1339,781,'quiz_id','3469'),(1340,782,'quiz_id','3469'),(1341,783,'quiz_id','3469'),(1342,784,'quiz_id','3469'),(1343,785,'quiz_id','3469');

--
-- Table structure for table `wp_comments`
--

CREATE TABLE `wp_comments` (
  `comment_ID` bigint(20) unsigned NOT NULL AUTO_INCREMENT,
  `comment_post_ID` bigint(20) unsigned NOT NULL DEFAULT 0,
  `comment_author` tinytext COLLATE utf8mb4_unicode_ci NOT NULL,
  `comment_author_email` varchar(100) COLLATE utf8mb4_unicode_ci NOT NULL DEFAULT '',
  `comment_author_url` varchar(200) COLLATE utf8mb4_unicode_ci NOT NULL DEFAULT '',
  `comment_author_IP` varchar(100) COLLATE utf8mb4_unicode_ci NOT NULL DEFAULT '',
  `comment_date` datetime NOT NULL DEFAULT '0000-00-00 00:00:00',
  `comment_date_gmt` datetime NOT NULL DEFAULT '0000-00-00 00:00:00',
  `comment_content` text COLLATE utf8mb4_unicode_ci NOT NULL,
  `comment_karma` int(11) NOT NULL DEFAULT 0,
  `comment_approved` varchar(20) COLLATE utf8mb4_unicode_ci NOT NULL DEFAULT '1',
  `comment_agent` varchar(255) COLLATE utf8mb4_unicode_ci NOT NULL DEFAULT '',
  `comment_type` varchar(20) COLLATE utf8mb4_unicode_ci NOT NULL DEFAULT 'comment',
  `comment_parent` bigint(20) unsigned NOT NULL DEFAULT 0,
  `user_id` bigint(20) unsigned NOT NULL DEFAULT 0,
  PRIMARY KEY (`comment_ID`),
  KEY `comment_post_ID` (`comment_post_ID`),
  KEY `comment_approved_date_gmt` (`comment_approved`,`comment_date_gmt`),
  KEY `comment_date_gmt` (`comment_date_gmt`),
  KEY `comment_parent` (`comment_parent`),
  KEY `comment_author_email` (`comment_author_email`(10)),
  KEY `woo_idx_comment_type` (`comment_type`)
) ENGINE=MyISAM AUTO_INCREMENT=805 DEFAULT CHARSET=utf8mb4 COLLATE=utf8mb4_unicode_ci;

--
-- Dumping data for table `wp_comments`
--

INSERT INTO `wp_comments` VALUES (760,2941,'WooCommerce','woocommerce@tesoll.com','','','2020-11-24 10:05:47','2020-11-24 15:05:47','Order status changed from Pending payment to Processing.',0,'1','WooCommerce','order_note',0,0),(761,2941,'TESOL GROUP','admin@tesoll.com','','','2020-11-24 10:10:15','2020-11-24 15:10:15','Order status changed by bulk edit: Order status changed from Processing to Completed.',0,'1','WooCommerce','order_note',0,0),(762,2943,'WooCommerce','woocommerce@tesoll.com','','','2020-11-24 10:11:21','2020-11-24 15:11:21','Order status changed from Pending payment to Processing.',0,'1','WooCommerce','order_note',0,0),(763,2943,'TESOL GROUP','admin@tesoll.com','','','2020-11-24 10:22:33','2020-11-24 15:22:33','Order status changed by bulk edit: Order status changed from Processing to Completed.',0,'1','WooCommerce','order_note',0,0),(764,3104,'WooCommerce','woocommerce@tesoll.com','','','2020-11-27 00:56:18','2020-11-27 05:56:18','Order status changed from Pending payment to Processing.',0,'1','WooCommerce','order_note',0,0),(765,3104,'TESOL GROUP','admin@tesoll.com','','','2020-11-27 01:11:49','2020-11-27 06:11:49','Order status changed by bulk edit: Order status changed from Processing to Completed.',0,'1','WooCommerce','order_note',0,0),(766,3120,'WooCommerce','woocommerce@tesoll.com','','','2020-11-28 18:34:28','2020-11-28 23:34:28','Order status changed from Pending payment to Completed.',0,'1','WooCommerce','order_note',0,0),(767,3443,'WooCommerce','woocommerce@tesoll.com','','','2020-12-18 22:50:29','2020-12-19 03:50:29','Order status changed from Pending payment to Processing.',0,'1','WooCommerce','order_note',0,0),(768,3521,'WooCommerce','woocommerce@tesoll.com','','','2020-12-29 17:50:12','2020-12-29 22:50:12','Order status changed from Pending payment to Processing.',0,'1','WooCommerce','order_note',0,0),(769,3521,'WooCommerce','woocommerce@tesoll.com','','','2020-12-29 17:50:12','2020-12-29 22:50:12','TESOL (#303) stock reduced from 800 to 799.',0,'1','WooCommerce','order_note',0,0),(770,3487,'','','','','2020-12-31 05:40:07','2020-12-31 10:40:07','Firstly , as a teacher I\\\'m obliged to appreciate every and each student ; specially those hardworking student like Nancy , starting from this point , I would make sure to appreciate her wide knowledge and the hard work she made through out the course  . Then I would encourage her to speak and elaborate her opinion as much as she want but  without taking the time and chance of other students .I would say that Nancy and all students knows that interrupting others is misleading behavior , the enthusiasm of Nancy is very strong which made her very comitative student , which a thing that I strongly appreciate and I encourage every student to become like you Nancy , but let\\\'s give your classmates a chance to tell there point of view about the question I asked , then I will give you the chance to comment on his/her point of view  to agree or disagree . then I will address the question again to the Student , this time Nancy would not interrupt and she may feel a little shy of her previous act .When the student answers my question I would not comment on his answer rather than ask student to comment on his/her answer . When I make sure that every student who have a comment has took his/her chance , I will ask Nancy in particular to comment on his/her answer and I would appreciate all answers equally .',0,'1','','comment',0,204),(771,3490,'','','','','2020-12-31 05:40:07','2020-12-31 10:40:07','First of all I would change the students seats and separate them from each other , then I would state again the class policy and elaborate more that chatting during the class is prohibited without taking the teachers permission ; and I would make clear that these kind of behaviors would affect there evaluation\\\'s marks . I would say : I know that sometimes classes are a little boring especially the lecturing classes , but that is not a valid excuse for student to start chatting with each others because this would not effect them only rather than effecting the whole class because noise is a huge interruption in class . Then I would ask the whole class whether the lecture is getting boring or not . depending to there answers may dismiss the class , convert the class from lecturing into an interaction class , or continue lecturing . By doing this , I will give the class a break from lecturing and change the class mode , then I will ask the two chatting students to continue there chatting out side the class and return to it when there are done in case they were chatting about an important subject to them , or if they were chatting about an important subject that has something to do with the curriculum , they can share it with the rest of the class , I will give them these options in order to show them that I do not hold anything personal toward them ',0,'1','','comment',0,204),(772,3492,'','','','','2020-12-31 05:40:07','2020-12-31 10:40:07','In this case , I will state clearly that giving notes to other students will effect both sides , the one who receives and the one who gives . Then I will start  changing the way I teach this class in particular . I would give different assignments to each and every students to prevent the retired police officer to copy other students assignments . and I will state clearly that exams would depend on students understanding of the class and the class exams question\\\'s would not be multiple choice but essays which strongly depend on the student\\\'s understanding of the course . Then I will focus more on the retired police officer and made him contribute more in the class and gives him the impression of which he does not need to take notes from other students . I would appreciate him every time he contributes in the class discussion and I would ask him frequently to comment on his classmates answers and appreciate his comments , this way he would be more confident in both himself and his understanding of the course , and that would stope him from borrowing notes or coping answers , because now he is more confident on his own answers and his own understanding of the course and he does not need to borrow notes anymore .',0,'1','','comment',0,204),(773,3494,'','','','','2020-12-31 05:40:07','2020-12-31 10:40:07','Firstly , I would state to him clearly that being a son of a rich father does not mean that he could be treated better than other students , then I would tell him that I will ask the whole class to delay the exam appointment , but if anyone of the class refused ; the exam would be held in its currant time and date . The other option is to understand what the real cause which made the student ask for the delaying of the exam , and if it was a valid reason I would consider to do him a makeup exam ; but I would make clear that the make up exam would be at the same level of the previous exam . If the student did not give me a valid excuse for not attending the exam I will tell him / her that if he messed the exam he / her is going to have a zero . In the case of that the student refused all the option I gave to him /her , I will ask him / her to check with the head of the department and explain the situation and the head of the department will choose weather to accept his reason of not attending the exam or not . ',0,'1','','comment',0,204),(774,3496,'','','','','2020-12-31 05:40:08','2020-12-31 10:40:08','I always make sure at the first class of every semester to acquaint my students of me , and for me this is a very good situation where I can talk about myself . Firstly I will tell them my name , the certificates that I hold which enabled me to teach them this class and what I expect from my students . Then I would began to answer the question which I was asked  starting by saying that the age is not one of the requirements of teaching in any class and that what is important in the teaching process is a strong personality and a good education . Age has never been a factor in the qualification process of a teacher and there are many young teachers who are a very successful teachers for instance Wemerson da Silva Nogueira is a very well known teachers and he is only 29 years old . Also the younger the teacher the better he/her understands the students , we all know that in the current days there are a huge gap between generations , and the younger the teacher means smaller the gap ; and as consequence a better teaching process . Plus the new generation that I belong to understands the value of using technology in class and outside the class and knows exactly how to employ technology in the teaching process .',0,'1','','comment',0,204),(775,3487,'','','','','2020-12-31 12:02:18','2020-12-31 17:02:18','There are several  ways to do this:\n1- By Changing standard discussion technique and asking the students to write their short answers down before discussing the question. Then call on with one person at a time.  And .when your problem student violates that process, ask him/her to stop EACH time. by using comments such as “Please remember I want you to wait to be called on”,\n \n2. Tell the class that you want them to discuss the question, but “Nancy” is going to review the discussion at the end & let us know if we’ve missed any points. It gives that person a chance to “show off” but still puts you in control of the discussion.\n\n3-  AkE Nancy to facilitate the discussion. \n\n4-Create a contest  where partipants have to hit a buzzer (or simulate a buzzer) to be the first to answer.\n\n5-Create a round between students where each person takes a turn to answer first.\n6- Don’t hesitate to say “Nancy, please don’t answer the question until the others have given their answers.” ',0,'1','','comment',0,222),(776,3490,'','','','','2020-12-31 12:02:19','2020-12-31 17:02:19','1- Give the Chatty Cathy verbal jobs in the classroom.  Let them know you see that they have a gift and you have faith that they will use it in constructive ways during classtime.  It could be their job to introduce new students, make announcements, and to draw out students who don\\\'t talk very often.\n2- Set up a signal with the student.  You might agree to pull on your ear or put your hand on your heart when they are talking so much that it is interfering with the needs of the situation.  This is effective only when the students agrees in advance that a signal will be helpful to them.\n3-If you notice the student talking at an inappropriate time, wait, and watch before jumping in.  Students will often stop yakking when they notice you are waiting patiently.  It is even more effective if you explain to the class in advance that you intend to stop lessons until all students\\\' attention is focused.\n4-  Initiate a discussion saying Chatty Cathy and Carl that i am noticed at both expermente and math that day you had not heard the instructions you gave.  Ask what, why and how questions to help them recognize the way their talking interferes with their ability to follow along with the class.   \\\"What happens when you miss instructions?  What causes this to happen? How does it affect the teacher and other students?  What ideas do you have for solutions?\\\"  This shifts responsibility for this behavior to them.\n5- Emotional honesty helps.  Remember to use the \\\"I feel _____when________  and I wish___________\\\" formula.  In the case of a talkative student it might sound like this;  \\\"I feel frustrated when I repeat directions several times and I wish that I only had to give them once.\\\" (Notice that this example does not include a \\\"you\\\" statement.)  Keep the focus on your needs and observations and not in how to change or control the student\\\'s behavior',0,'1','','comment',0,222),(777,3492,'','','','','2020-12-31 12:02:19','2020-12-31 17:02:19','THE DO\\\'s:\n \n\nStop the bullying immediately.\nStand between the bullied student and the bully(ies), blocking eye contact. Don\\\'t send any bystanders away. To avoid escalating the tension, wait until later to sort out the facts. Talk to the parties involved separately once they are calm.\n\nRefer to school rules regarding bullying.\nSpeak in a matter-of-fact tone of voice to describe what you heard or saw. Let all students know bullying is always unacceptable.\n\nSupport the bullied child.\nDo this in a way that allows him or her dignity and to feel safe from retaliation. Make a point to see the child later in private if he or she is upset. Increase supervision to assure bullying is not repeated.\n\nOffer guidance to bystanders.\nLet them know how they might appropriately intervene or get help next time. Tell them you noticed their inaction or that you\\\'re pleased with the way they tried to help.\n\nImpose immediate consequences.\nWait until all parties have calmed down. Do not require that students apologize or make amends that may be insincere. The consequences should be logical and connected to the offense. A first step could be taking away social privileges i.e. recess or lunch in the cafeteria.\n\nNotify colleagues and parents.\nLet the bully know he or she is being watched.',0,'1','','comment',0,222),(778,3494,'','','','','2020-12-31 12:02:19','2020-12-31 17:02:19','will explain to him that he must be present in the exam with colleagues, and I tell him I will talk to the head of the board of trustees at your university and address the problem, and you must abide by the laws and instructions of the university and the exam\n\nanother choice Involve Parents\nIn another option, I will involve his parents in the issue and contact them to discuss with him a solution to the issue',0,'1','','comment',0,222),(779,3496,'','','','','2020-12-31 12:02:20','2020-12-31 17:02:20','  I will try to be calm, understand why this behavior has been shown, try to accept the student and to talk to her after the class and if the attitude was unacceptable, \n\n i will Use humor to diffuse the situation– . By asking him smartly, \\\"If you are a smart student, you will know through my teaching method.\\\"\nor\nKill them with kindness\nI am going to say , “…The experience has nothing to do with the quality of education and you will know this as you grow up as a teacher or work elsewhere\n\ni take it easy , and i will answer him scientifically for give him a lesson that he should respect the other \n\n I might give a silly answer to thisquestion. In general I don\\\'t try all that hard to keep too much of My teaching experience (it\\\'s really not interesting enough), but I don\\\'t want to be the center of attention. My students are there to learn the material, not to learn if my old enough to teach this class?My teaching experience. If sharing a little information with them helps develop rapport and establish a positive classroom atmosphere, then I\\\'m happy to do it. Beyond that, we really need to get back to the material.',0,'1','','comment',0,222),(780,3678,'WooCommerce','woocommerce@tesoll.com','','','2021-01-01 08:54:12','2021-01-01 13:54:12','Order status changed from Pending payment to Processing.',0,'1','WooCommerce','order_note',0,0),(781,3487,'','','','','2021-01-02 09:09:54','2021-01-02 14:09:54','I was a grade schooler at the time, but if I could, I would have put her  in time-out so the rest of us could join in the conversation.\nBut behavior like this isn’t just rude at Thanksgiving. It’s always rude. And it’s also always rude in the classroom.\nIf there are students in your classroom who talk when they’re supposed to be listening or working, academic progress will suffer. Talking without permission wastes time, interrupts the learning of others, and leads to more serious disruptive behavior.\nAllowing students to freely talk without permission is like driving an old jalopy; progress only comes in fits and starts, and you’ll never reach top speed.\nBesides being a classroom management nightmare and slamming the brakes on learning, talking without permission is remarkably rude. It’s akin to cutting in front of the line at a sold-out movie.\n \nAfter all, the teacher is in charge, not the students.\nThe most effective way to handle talking is to enforce a consequence. If hand-raising isn’t a classroom rule, I recommend including it.\nand my students will love me for it because it reassures them that they are equal members of my classroom, free to join in the learning process.\nIt also provides a model for how to behave when working together in groups without a teacher present.\nIt’s important that my students understand why hand-raising is important. So be direct. Tell them that calling out and side-talking is rude and disrespectful to the class, and that it is my job to protect their right to learn without interference.\nTeach my students how to take turns talking and include hand-raising as part of my classroom management plan. And if you want my classroom to run like a finely tuned Italian sports car, then enforce a consequence every time a student breaks a rule.\n',0,'1','','comment',0,217),(782,3490,'','','','','2021-01-02 09:09:54','2021-01-02 14:09:54','If my classroom has become too chatty, I\\\'ll start by figuring out if the talk is productive or not. Sometimes talking is actually a good thing. If students are talking about the task at hand, i may want to encourage them to continue (just at a quieter volume!). But if students are off task and chatty, this requires a different approach.\nIf students come into a chatty classroom, they\\\'re more likely to continue (and possibly increase) the noise. But if they enter a calm and quiet classroom, they\\\'ll be encouraged to keep the same noise level throughout the class, so i’ll start the class by informing them the basic rule is to be quiet. \nand then engage students in active listening, they\\\'ll be more likely to let one person talk at a time. \nAnother thing i can do is to give my students a chance to talk is a great way to cut down on chatting when i don’t want it. Build opportunities for group discussions and think-pair-share into my lessons. If they are allowed to talk for a few minutes, my students are less likely to chat while I\\\'m delivering the rest of the lesson.\nIf they keep talking I will change the seating arrangements and follow the “ horseshoe” set up; to reduce the chatting, I love the horseshoe setup because students can still turn and talk to the person next to them, but there aren’t too many others nearby. Sometimes rows are necessary to completely stop talking, like during a test. \nMy last try would be to punish them either by discount from their points or by sending them to the principal office. \n \n \n \n \n \n',0,'1','','comment',0,217),(783,3492,'','','','','2021-01-02 09:09:55','2021-01-02 14:09:55','Regardless of the age of students i  teach, bullying finds its way into the classroom and for many students, whether the bullying is directed at them or one of their friends, the classroom can suddenly feel like an unsafe place. It causes emotional distress and can make it physically impossible for students to learn. As a result, when i have a bully in the classroom i often need to take deliberate steps to regain control of the space and create a safe classroom environment again \nThe first step is to go back to what I did in the first days of school and reestablish classroom expectations in regards to respect and responsibility. In terms of respect, this means first and foremost modeling for my students how I expect them to speak to themselves and one another. A good way to start this is through simple role playing.\nSecond, it does very little to stop the adult’s bullying behavior.\nSo when I see the bullying behavior, I try to engage him in a private conversation about the situation. Address the behavior, but try to keep my tone and choice of words as positive as possible, listen and let him tell his side of a story. In bullying situations, there are often many other issues going on with him. i have to be a good listener if i want him to engage in the conversation and truly change the behaviors. \nThis means trying to avoid putting on our stern teacher voices. Don\\\'t lecture, but rather probe him with questions such as \\\'How would you feel if someone did that to you or someone you care about?\\\' \nNext, I will find opportunities to reward positive behaviors in all of your students. \n \n \n \n \n \n \n \n',0,'1','','comment',0,217),(784,3494,'','','','','2021-01-02 09:09:56','2021-01-02 14:09:56','Entitled students often are not used to having boundaries set for their behavior, so it is essential to be clear and consistent in myclassroom. Develop rules that everyone must follow ( such as the test should be taken at the decided time) , and scme up with these as a class and require everyone to agree to them. Create consequences and enforce them—no exceptions,and explain that this is a community in which all are equals, so no one is above the rules.\nThen I will ask him to reschedule his appointment with his father for  another time; because he should take the test with all other students unless he has a really emergency situation, and will not show him any interest in his family situation. \n \nIf he insists on moving forward with his test for a few weeks, I will ask to involve his parents to solve the situation, by getting them on board to told them how important is to teach their kids to respect the rules and how they can help to let their kid have the test on it’s time or he will failed in the test, and if they refuse to collaboration i will follow the rules and will not give up my stand. \n \n \n \n \n \n \n',0,'1','','comment',0,217),(785,3496,'','','','','2021-01-02 09:09:57','2021-01-02 14:09:57','When a student is disrespectful to me, I have to be willing to lose the battle. In other words, I must resist the urge to admonish, scold, lecture, get even, or otherwise attempt to put him in his place.\ni will Stay calm and Take a deep breath to quell any angry feelings rising up inside me . Remind myself that I will be much more effective, and the situation will go much smoother, if i  maintain emotional control, In the immediate moments following the incident, I will not say a word,  Simply maintain eye contact with the student and wait. Let his words hang in the air for several seconds, leaving no doubt about what was said, how it was said, and who is responsible for saying it.\nThen I will clarify to him that he acts in a rude way and breaks one of the class roles by doing that. \nAfter that I would tell the class the certification I had that would make me a good teacher even if I am in a young age, and how this is better for them because I can understand them in a better way. \nAt the end I will start the class regularly like nothing had happened. \n \n \n \n \n \n \n \n \n',0,'1','','comment',0,217),(786,3679,'WooCommerce','woocommerce@tesoll.com','','','2021-01-04 03:43:52','2021-01-04 08:43:52','Order status changed from Pending payment to Processing.',0,'1','WooCommerce','order_note',0,0),(787,3465,'','','','5.45.132.152','2021-01-04 10:42:12','2021-01-04 15:42:12','Am confused either by making my lesson about working in peers or groups of 4 (# of learners is 16), the idea is to measure the effectiviness of my lesson by a 2 minute presentation from each group/Peer since we are limited by time, what would be more efficient groups or peers ( eliminating  the time frame and considering a homogenous group with 40%  of them being A SOLO 5 level learners) PS: SOLO 5 reference here is essential as we are supposed to be well prepared for this lesson) how can I make sure that rest of the learners achieve the learning outcome',0,'1','Mozilla/5.0 (Windows NT 10.0; Win64; x64) AppleWebKit/537.36 (KHTML, like Gecko) Chrome/87.0.4280.88 Safari/537.36','public',0,206),(788,3680,'WooCommerce','woocommerce@tesoll.com','','','2021-01-05 03:36:39','2021-01-05 08:36:39','Order status changed from Pending payment to Processing.',0,'1','WooCommerce','order_note',0,0),(789,3680,'WooCommerce','woocommerce@tesoll.com','','','2021-01-05 03:36:39','2021-01-05 08:36:39','TESOL (#303) stock reduced from 799 to 798.',0,'1','WooCommerce','order_note',0,0),(790,3681,'WooCommerce','woocommerce@tesoll.com','','','2021-01-06 04:46:37','2021-01-06 09:46:37','Order status changed from Pending payment to Processing.',0,'1','WooCommerce','order_note',0,0),(791,3458,'','','','176.29.39.248','2021-01-06 06:32:50','2021-01-06 11:32:50','where can I find Read pp. 24-33 of Teaching for Quality Learning at University (Attachment 3)',0,'1','Mozilla/5.0 (Windows NT 10.0; Win64; x64) AppleWebKit/537.36 (KHTML, like Gecko) Chrome/87.0.4280.88 Safari/537.36','public',0,250),(792,3681,'TESOL GROUP','admin@tesoll.com','','','2021-01-07 19:08:28','2021-01-08 00:08:28','Order status changed by bulk edit: Order status changed from Processing to Completed.',0,'1','WooCommerce','order_note',0,0),(793,3680,'TESOL GROUP','admin@tesoll.com','','','2021-01-07 19:08:28','2021-01-08 00:08:28','Order status changed by bulk edit: Order status changed from Processing to Completed.',0,'1','WooCommerce','order_note',0,0),(794,3679,'TESOL GROUP','admin@tesoll.com','','','2021-01-07 19:08:28','2021-01-08 00:08:28','Order status changed by bulk edit: Order status changed from Processing to Completed.',0,'1','WooCommerce','order_note',0,0),(795,3678,'TESOL GROUP','admin@tesoll.com','','','2021-01-07 19:08:29','2021-01-08 00:08:29','Order status changed by bulk edit: Order status changed from Processing to Completed.',0,'1','WooCommerce','order_note',0,0),(796,3521,'TESOL GROUP','admin@tesoll.com','','','2021-01-07 19:08:29','2021-01-08 00:08:29','Order status changed by bulk edit: Order status changed from Processing to Completed.',0,'1','WooCommerce','order_note',0,0),(797,3443,'TESOL GROUP','admin@tesoll.com','','','2021-01-07 19:08:29','2021-01-08 00:08:29','Order status changed by bulk edit: Order status changed from Processing to Completed.',0,'1','WooCommerce','order_note',0,0),(798,3694,'WooCommerce','woocommerce@tesoll.com','','','2021-01-07 23:47:32','2021-01-08 04:47:32','Order status changed from Pending payment to Processing.',0,'1','WooCommerce','order_note',0,0),(799,3694,'WooCommerce','woocommerce@tesoll.com','','','2021-01-07 23:47:32','2021-01-08 04:47:32','Professional Certification in Education (PCE) (#3165) stock reduced from 1000 to 999.',0,'1','WooCommerce','order_note',0,0),(800,3458,'','','','5.45.132.20','2021-01-08 03:44:18','2021-01-08 08:44:18','The first resource page does not open the second resource and some articles do not have free access in the second list of resources.\nWhat is attachment 3?',0,'1','Mozilla/5.0 (X11; Linux x86_64) AppleWebKit/537.36 (KHTML, like Gecko) Chrome/87.0.4280.141 Safari/537.36','public',0,256),(801,3458,'','','','5.45.132.20','2021-01-08 03:44:52','2021-01-08 08:44:52','Where do we turn in the assignment?',0,'1','Mozilla/5.0 (X11; Linux x86_64) AppleWebKit/537.36 (KHTML, like Gecko) Chrome/87.0.4280.141 Safari/537.36','public',0,256),(802,3695,'WooCommerce','woocommerce@tesoll.com','','','2021-01-08 14:37:25','2021-01-08 19:37:25','Order status changed from Pending payment to Processing.',0,'1','WooCommerce','order_note',0,0),(803,3695,'WooCommerce','woocommerce@tesoll.com','','','2021-01-08 14:37:26','2021-01-08 19:37:26','Professional Certification in Education (PCE) (#3165) stock reduced from 999 to 998.',0,'1','WooCommerce','order_note',0,0),(804,3696,'WooCommerce','woocommerce@tesoll.com','','','2021-01-08 14:45:20','2021-01-08 19:45:20','Order status changed from Pending payment to Processing.',0,'1','WooCommerce','order_note',0,0);

--
-- Table structure for table `wp_failed_jobs`
--

CREATE TABLE `wp_failed_jobs` (
  `id` bigint(20) NOT NULL AUTO_INCREMENT,
  `job` text COLLATE utf8mb4_unicode_ci NOT NULL,
  `failed_at` datetime NOT NULL,
  PRIMARY KEY (`id`)
) ENGINE=MyISAM DEFAULT CHARSET=utf8mb4 COLLATE=utf8mb4_unicode_ci;

--
-- Dumping data for table `wp_failed_jobs`
--


--
-- Table structure for table `wp_layerslider`
--

CREATE TABLE `wp_layerslider` (
  `id` int(10) NOT NULL AUTO_INCREMENT,
  `author` int(10) NOT NULL DEFAULT 0,
  `name` varchar(100) COLLATE utf8mb4_unicode_ci DEFAULT '',
  `slug` varchar(100) COLLATE utf8mb4_unicode_ci DEFAULT '',
  `data` mediumtext COLLATE utf8mb4_unicode_ci NOT NULL,
  `date_c` int(10) NOT NULL,
  `date_m` int(10) NOT NULL,
  `schedule_start` int(10) NOT NULL DEFAULT 0,
  `schedule_end` int(10) NOT NULL DEFAULT 0,
  `flag_hidden` tinyint(1) NOT NULL DEFAULT 0,
  `flag_deleted` tinyint(1) NOT NULL DEFAULT 0,
  `flag_popup` tinyint(1) NOT NULL DEFAULT 0,
  PRIMARY KEY (`id`)
) ENGINE=MyISAM AUTO_INCREMENT=3 DEFAULT CHARSET=utf8mb4 COLLATE=utf8mb4_unicode_ci;

--
-- Dumping data for table `wp_layerslider`
--

INSERT INTO `wp_layerslider` VALUES (1,0,'Aboutslider','','{\"properties\":{\"post_taxonomy\":\"0\",\"post_orderby\":\"date\",\"post_order\":\"DESC\",\"post_offset\":\"-1\",\"title\":\"Aboutslider\",\"width\":\"1080\",\"height\":\"300\",\"responsive\":\"on\",\"maxwidth\":\"1080\",\"responsiveunder\":\"1080\",\"sublayercontainer\":\"1080\",\"autostart\":\"on\",\"pauseonhover\":\"on\",\"firstlayer\":\"1\",\"animatefirstlayer\":\"on\",\"keybnav\":\"on\",\"touchnav\":\"on\",\"loops\":\"0\",\"forceloopnum\":\"on\",\"skin\":\"v5\",\"backgroundcolor\":\"\",\"backgroundimage\":\"\",\"sliderstyle\":\"margin-bottom: 0px;\",\"navprevnext\":\"on\",\"navstartstop\":\"on\",\"navbuttons\":\"on\",\"hoverprevnext\":\"on\",\"circletimer\":\"on\",\"thumb_nav\":\"hover\",\"thumb_container_width\":\"60%\",\"thumb_width\":\"100\",\"thumb_height\":\"60\",\"thumb_active_opacity\":\"35\",\"thumb_inactive_opacity\":\"100\",\"autoplayvideos\":\"on\",\"autopauseslideshow\":\"auto\",\"youtubepreview\":\"maxresdefault.jpg\",\"imgpreload\":\"on\",\"lazyload\":\"on\",\"yourlogoId\":\"\",\"yourlogo\":\"\",\"yourlogostyle\":\"left: -10px; top: -10px;\",\"yourlogolink\":\"\",\"yourlogotarget\":\"_self\",\"cbinit\":\"function(element) {\\r\\n\\r\\n}\",\"cbstart\":\"function(data) {\\r\\n\\r\\n}\",\"cbstop\":\"function(data) {\\r\\n\\r\\n}\",\"cbpause\":\"function(data) {\\r\\n\\r\\n}\",\"cbanimstart\":\"function(data) {\\r\\n\\r\\n}\",\"cbanimstop\":\"function(data) {\\r\\n\\r\\n}\",\"cbprev\":\"function(data) {\\r\\n\\r\\n}\",\"cbnext\":\"function(data) {\\r\\n\\r\\n}\"},\"layers\":[{\"properties\":{\"post_offset\":\"-1\",\"3d_transitions\":\"\",\"2d_transitions\":\"\",\"custom_3d_transitions\":\"\",\"custom_2d_transitions\":\"\",\"backgroundId\":\"1439\",\"background\":\"https:\\/\\/tesoll.com\\/wp-content\\/themes\\/wplms\\/setup\\/data\\/uploads\\/abtbg.jpg\",\"thumbnailId\":\"\",\"thumbnail\":\"\",\"slidedelay\":\"4000\",\"timeshift\":\"0\",\"layer_link\":\"\",\"layer_link_target\":\"_self\",\"id\":\"\",\"deeplink\":\"\"},\"sublayers\":[{\"subtitle\":\"Layer #1\",\"media\":\"text\",\"type\":\"h3\",\"imageId\":\"\",\"image\":\"\",\"html\":\"Learn from Industry Leaders\",\"post_text_length\":\"\",\"transition\":\"{\\\\\\\"offsetxin\\\\\\\":\\\\\\\"80\\\\\\\",\\\\\\\"offsetyin\\\\\\\":\\\\\\\"0\\\\\\\",\\\\\\\"durationin\\\\\\\":\\\\\\\"1000\\\\\\\",\\\\\\\"delayin\\\\\\\":\\\\\\\"0\\\\\\\",\\\\\\\"easingin\\\\\\\":\\\\\\\"easeInSine\\\\\\\",\\\\\\\"fadein\\\\\\\":true,\\\\\\\"rotatein\\\\\\\":\\\\\\\"0\\\\\\\",\\\\\\\"rotatexin\\\\\\\":\\\\\\\"0\\\\\\\",\\\\\\\"rotateyin\\\\\\\":\\\\\\\"0\\\\\\\",\\\\\\\"transformoriginin\\\\\\\":\\\\\\\"50% 50% 0\\\\\\\",\\\\\\\"skewxin\\\\\\\":\\\\\\\"0\\\\\\\",\\\\\\\"skewyin\\\\\\\":\\\\\\\"0\\\\\\\",\\\\\\\"scalexin\\\\\\\":\\\\\\\"1\\\\\\\",\\\\\\\"scaleyin\\\\\\\":\\\\\\\"1\\\\\\\",\\\\\\\"offsetxout\\\\\\\":\\\\\\\"-80\\\\\\\",\\\\\\\"offsetyout\\\\\\\":\\\\\\\"0\\\\\\\",\\\\\\\"durationout\\\\\\\":\\\\\\\"400\\\\\\\",\\\\\\\"showuntil\\\\\\\":\\\\\\\"0\\\\\\\",\\\\\\\"easingout\\\\\\\":\\\\\\\"easeInOutQuint\\\\\\\",\\\\\\\"fadeout\\\\\\\":true,\\\\\\\"rotateout\\\\\\\":\\\\\\\"0\\\\\\\",\\\\\\\"rotatexout\\\\\\\":\\\\\\\"0\\\\\\\",\\\\\\\"rotateyout\\\\\\\":\\\\\\\"0\\\\\\\",\\\\\\\"transformoriginout\\\\\\\":\\\\\\\"50% 50% 0\\\\\\\",\\\\\\\"skewxout\\\\\\\":\\\\\\\"0\\\\\\\",\\\\\\\"skewyout\\\\\\\":\\\\\\\"0\\\\\\\",\\\\\\\"scalexout\\\\\\\":\\\\\\\"1\\\\\\\",\\\\\\\"scaleyout\\\\\\\":\\\\\\\"1\\\\\\\",\\\\\\\"parallaxlevel\\\\\\\":\\\\\\\"0\\\\\\\"}\",\"url\":\"\",\"target\":\"_self\",\"styles\":\"{\\\\\\\"padding-top\\\\\\\":\\\\\\\"10\\\\\\\",\\\\\\\"padding-right\\\\\\\":\\\\\\\"25\\\\\\\",\\\\\\\"padding-bottom\\\\\\\":\\\\\\\"10\\\\\\\",\\\\\\\"padding-left\\\\\\\":\\\\\\\"25\\\\\\\",\\\\\\\"font-family\\\\\\\":\\\\\\\"Oswald\\\\\\\",\\\\\\\"font-size\\\\\\\":\\\\\\\"32px\\\\\\\",\\\\\\\"color\\\\\\\":\\\\\\\"#ffffff\\\\\\\",\\\\\\\"background\\\\\\\":\\\\\\\"rgba(196, 45, 15, 0.81)\\\\\\\"}\",\"top\":\"50px\",\"left\":\"86px\",\"style\":\"font-weight:400;border-radius:2px;text-transform:uppercase;letter-spacing:2px;\",\"id\":\"\",\"class\":\"\",\"title\":\"\",\"alt\":\"\",\"rel\":\"\"},{\"subtitle\":\"Layer #2\",\"media\":\"text\",\"type\":\"p\",\"imageId\":\"\",\"image\":\"\",\"html\":\"Take Courses, Quizes online earn badges and certificates\",\"post_text_length\":\"\",\"transition\":\"{\\\\\\\"offsetxin\\\\\\\":\\\\\\\"80\\\\\\\",\\\\\\\"offsetyin\\\\\\\":\\\\\\\"0\\\\\\\",\\\\\\\"durationin\\\\\\\":\\\\\\\"1000\\\\\\\",\\\\\\\"delayin\\\\\\\":\\\\\\\"500\\\\\\\",\\\\\\\"easingin\\\\\\\":\\\\\\\"easeInSine\\\\\\\",\\\\\\\"fadein\\\\\\\":true,\\\\\\\"rotatein\\\\\\\":\\\\\\\"0\\\\\\\",\\\\\\\"rotatexin\\\\\\\":\\\\\\\"0\\\\\\\",\\\\\\\"rotateyin\\\\\\\":\\\\\\\"0\\\\\\\",\\\\\\\"transformoriginin\\\\\\\":\\\\\\\"50% 50% 0\\\\\\\",\\\\\\\"skewxin\\\\\\\":\\\\\\\"0\\\\\\\",\\\\\\\"skewyin\\\\\\\":\\\\\\\"0\\\\\\\",\\\\\\\"scalexin\\\\\\\":\\\\\\\"1\\\\\\\",\\\\\\\"scaleyin\\\\\\\":\\\\\\\"1\\\\\\\",\\\\\\\"offsetxout\\\\\\\":\\\\\\\"-80\\\\\\\",\\\\\\\"offsetyout\\\\\\\":\\\\\\\"0\\\\\\\",\\\\\\\"durationout\\\\\\\":\\\\\\\"400\\\\\\\",\\\\\\\"showuntil\\\\\\\":\\\\\\\"0\\\\\\\",\\\\\\\"easingout\\\\\\\":\\\\\\\"easeInOutQuint\\\\\\\",\\\\\\\"fadeout\\\\\\\":true,\\\\\\\"rotateout\\\\\\\":\\\\\\\"0\\\\\\\",\\\\\\\"rotatexout\\\\\\\":\\\\\\\"0\\\\\\\",\\\\\\\"rotateyout\\\\\\\":\\\\\\\"0\\\\\\\",\\\\\\\"transformoriginout\\\\\\\":\\\\\\\"50% 50% 0\\\\\\\",\\\\\\\"skewxout\\\\\\\":\\\\\\\"0\\\\\\\",\\\\\\\"skewyout\\\\\\\":\\\\\\\"0\\\\\\\",\\\\\\\"scalexout\\\\\\\":\\\\\\\"1\\\\\\\",\\\\\\\"scaleyout\\\\\\\":\\\\\\\"1\\\\\\\",\\\\\\\"parallaxlevel\\\\\\\":\\\\\\\"0\\\\\\\"}\",\"url\":\"\",\"target\":\"_self\",\"styles\":\"{\\\\\\\"font-family\\\\\\\":\\\\\\\"Oswald\\\\\\\",\\\\\\\"font-size\\\\\\\":\\\\\\\"16\\\\\\\",\\\\\\\"color\\\\\\\":\\\\\\\"#943712\\\\\\\"}\",\"top\":\"129px\",\"left\":\"93px\",\"style\":\"text-transform:uppercase;\",\"id\":\"\",\"class\":\"\",\"title\":\"\",\"alt\":\"\",\"rel\":\"\"},{\"subtitle\":\"Layer #3\",\"media\":\"img\",\"type\":\"p\",\"imageId\":\"1431\",\"image\":\"http:\\/\\/vibethemes.com\\/envato\\/wplms\\/wp-content\\/uploads\\/2014\\/02\\/3.png\",\"html\":\"\",\"post_text_length\":\"\",\"transition\":\"{\\\\\\\"offsetxin\\\\\\\":\\\\\\\"80\\\\\\\",\\\\\\\"offsetyin\\\\\\\":\\\\\\\"0\\\\\\\",\\\\\\\"durationin\\\\\\\":\\\\\\\"1000\\\\\\\",\\\\\\\"delayin\\\\\\\":\\\\\\\"1000\\\\\\\",\\\\\\\"easingin\\\\\\\":\\\\\\\"easeInCubic\\\\\\\",\\\\\\\"fadein\\\\\\\":true,\\\\\\\"rotatein\\\\\\\":\\\\\\\"0\\\\\\\",\\\\\\\"rotatexin\\\\\\\":\\\\\\\"0\\\\\\\",\\\\\\\"rotateyin\\\\\\\":\\\\\\\"0\\\\\\\",\\\\\\\"transformoriginin\\\\\\\":\\\\\\\"50% 50% 0\\\\\\\",\\\\\\\"skewxin\\\\\\\":\\\\\\\"0\\\\\\\",\\\\\\\"skewyin\\\\\\\":\\\\\\\"0\\\\\\\",\\\\\\\"scalexin\\\\\\\":\\\\\\\"1\\\\\\\",\\\\\\\"scaleyin\\\\\\\":\\\\\\\"1\\\\\\\",\\\\\\\"offsetxout\\\\\\\":\\\\\\\"-80\\\\\\\",\\\\\\\"offsetyout\\\\\\\":\\\\\\\"0\\\\\\\",\\\\\\\"durationout\\\\\\\":\\\\\\\"400\\\\\\\",\\\\\\\"showuntil\\\\\\\":\\\\\\\"0\\\\\\\",\\\\\\\"easingout\\\\\\\":\\\\\\\"easeInOutQuint\\\\\\\",\\\\\\\"fadeout\\\\\\\":true,\\\\\\\"rotateout\\\\\\\":\\\\\\\"0\\\\\\\",\\\\\\\"rotatexout\\\\\\\":\\\\\\\"0\\\\\\\",\\\\\\\"rotateyout\\\\\\\":\\\\\\\"0\\\\\\\",\\\\\\\"transformoriginout\\\\\\\":\\\\\\\"50% 50% 0\\\\\\\",\\\\\\\"skewxout\\\\\\\":\\\\\\\"0\\\\\\\",\\\\\\\"skewyout\\\\\\\":\\\\\\\"0\\\\\\\",\\\\\\\"scalexout\\\\\\\":\\\\\\\"1\\\\\\\",\\\\\\\"scaleyout\\\\\\\":\\\\\\\"1\\\\\\\",\\\\\\\"parallaxlevel\\\\\\\":\\\\\\\"0\\\\\\\"}\",\"url\":\"\",\"target\":\"_self\",\"styles\":\"{}\",\"top\":\"22px\",\"left\":\"715px\",\"style\":\"\",\"id\":\"\",\"class\":\"\",\"title\":\"\",\"alt\":\"\",\"rel\":\"\"},{\"subtitle\":\"Layer #4\",\"media\":\"img\",\"type\":\"p\",\"imageId\":\"1430\",\"image\":\"http:\\/\\/vibethemes.com\\/envato\\/wplms\\/wp-content\\/uploads\\/2014\\/02\\/4.png\",\"html\":\"\",\"post_text_length\":\"\",\"transition\":\"{\\\\\\\"offsetxin\\\\\\\":\\\\\\\"80\\\\\\\",\\\\\\\"offsetyin\\\\\\\":\\\\\\\"0\\\\\\\",\\\\\\\"durationin\\\\\\\":\\\\\\\"1000\\\\\\\",\\\\\\\"delayin\\\\\\\":\\\\\\\"1500\\\\\\\",\\\\\\\"easingin\\\\\\\":\\\\\\\"easeInExpo\\\\\\\",\\\\\\\"fadein\\\\\\\":true,\\\\\\\"rotatein\\\\\\\":\\\\\\\"0\\\\\\\",\\\\\\\"rotatexin\\\\\\\":\\\\\\\"0\\\\\\\",\\\\\\\"rotateyin\\\\\\\":\\\\\\\"0\\\\\\\",\\\\\\\"transformoriginin\\\\\\\":\\\\\\\"50% 50% 0\\\\\\\",\\\\\\\"skewxin\\\\\\\":\\\\\\\"0\\\\\\\",\\\\\\\"skewyin\\\\\\\":\\\\\\\"0\\\\\\\",\\\\\\\"scalexin\\\\\\\":\\\\\\\"1\\\\\\\",\\\\\\\"scaleyin\\\\\\\":\\\\\\\"1\\\\\\\",\\\\\\\"offsetxout\\\\\\\":\\\\\\\"-80\\\\\\\",\\\\\\\"offsetyout\\\\\\\":\\\\\\\"0\\\\\\\",\\\\\\\"durationout\\\\\\\":\\\\\\\"400\\\\\\\",\\\\\\\"showuntil\\\\\\\":\\\\\\\"0\\\\\\\",\\\\\\\"easingout\\\\\\\":\\\\\\\"easeInOutQuint\\\\\\\",\\\\\\\"fadeout\\\\\\\":true,\\\\\\\"rotateout\\\\\\\":\\\\\\\"0\\\\\\\",\\\\\\\"rotatexout\\\\\\\":\\\\\\\"0\\\\\\\",\\\\\\\"rotateyout\\\\\\\":\\\\\\\"0\\\\\\\",\\\\\\\"transformoriginout\\\\\\\":\\\\\\\"50% 50% 0\\\\\\\",\\\\\\\"skewxout\\\\\\\":\\\\\\\"0\\\\\\\",\\\\\\\"skewyout\\\\\\\":\\\\\\\"0\\\\\\\",\\\\\\\"scalexout\\\\\\\":\\\\\\\"1\\\\\\\",\\\\\\\"scaleyout\\\\\\\":\\\\\\\"1\\\\\\\",\\\\\\\"parallaxlevel\\\\\\\":\\\\\\\"0\\\\\\\"}\",\"url\":\"\",\"target\":\"_self\",\"styles\":\"{}\",\"top\":\"21px\",\"left\":\"877px\",\"style\":\"\",\"id\":\"\",\"class\":\"\",\"title\":\"\",\"alt\":\"\",\"rel\":\"\"},{\"subtitle\":\"Layer #5\",\"media\":\"img\",\"type\":\"p\",\"imageId\":\"1428\",\"image\":\"http:\\/\\/vibethemes.com\\/envato\\/wplms\\/wp-content\\/uploads\\/2014\\/02\\/1.png\",\"html\":\"\",\"post_text_length\":\"\",\"transition\":\"{\\\\\\\"offsetxin\\\\\\\":\\\\\\\"80\\\\\\\",\\\\\\\"offsetyin\\\\\\\":\\\\\\\"0\\\\\\\",\\\\\\\"durationin\\\\\\\":\\\\\\\"1000\\\\\\\",\\\\\\\"delayin\\\\\\\":\\\\\\\"2500\\\\\\\",\\\\\\\"easingin\\\\\\\":\\\\\\\"easeInSine\\\\\\\",\\\\\\\"fadein\\\\\\\":true,\\\\\\\"rotatein\\\\\\\":\\\\\\\"0\\\\\\\",\\\\\\\"rotatexin\\\\\\\":\\\\\\\"0\\\\\\\",\\\\\\\"rotateyin\\\\\\\":\\\\\\\"0\\\\\\\",\\\\\\\"transformoriginin\\\\\\\":\\\\\\\"50% 50% 0\\\\\\\",\\\\\\\"skewxin\\\\\\\":\\\\\\\"0\\\\\\\",\\\\\\\"skewyin\\\\\\\":\\\\\\\"0\\\\\\\",\\\\\\\"scalexin\\\\\\\":\\\\\\\"1\\\\\\\",\\\\\\\"scaleyin\\\\\\\":\\\\\\\"1\\\\\\\",\\\\\\\"offsetxout\\\\\\\":\\\\\\\"-80\\\\\\\",\\\\\\\"offsetyout\\\\\\\":\\\\\\\"0\\\\\\\",\\\\\\\"durationout\\\\\\\":\\\\\\\"400\\\\\\\",\\\\\\\"showuntil\\\\\\\":\\\\\\\"0\\\\\\\",\\\\\\\"easingout\\\\\\\":\\\\\\\"easeInOutQuint\\\\\\\",\\\\\\\"fadeout\\\\\\\":true,\\\\\\\"rotateout\\\\\\\":\\\\\\\"0\\\\\\\",\\\\\\\"rotatexout\\\\\\\":\\\\\\\"0\\\\\\\",\\\\\\\"rotateyout\\\\\\\":\\\\\\\"0\\\\\\\",\\\\\\\"transformoriginout\\\\\\\":\\\\\\\"50% 50% 0\\\\\\\",\\\\\\\"skewxout\\\\\\\":\\\\\\\"0\\\\\\\",\\\\\\\"skewyout\\\\\\\":\\\\\\\"0\\\\\\\",\\\\\\\"scalexout\\\\\\\":\\\\\\\"1\\\\\\\",\\\\\\\"scaleyout\\\\\\\":\\\\\\\"1\\\\\\\",\\\\\\\"parallaxlevel\\\\\\\":\\\\\\\"0\\\\\\\"}\",\"url\":\"\",\"target\":\"_self\",\"styles\":\"{}\",\"top\":\"150px\",\"left\":\"799px\",\"style\":\"\",\"id\":\"\",\"class\":\"\",\"title\":\"\",\"alt\":\"\",\"rel\":\"\"}]}]}',1606456330,1606456330,0,0,0,0,0),(2,0,'homepage slider','','{\"properties\":{\"post_type\":[\"popups\"],\"post_categories\":[\"16\"],\"post_tags\":[\"28\"],\"post_taxonomy\":\"0\",\"post_orderby\":\"date\",\"post_order\":\"DESC\",\"post_offset\":\"-1\",\"title\":\"homepage slider\",\"width\":\"100%\",\"height\":\"480\",\"responsive\":\"on\",\"maxwidth\":\"1600\",\"forceresponsive\":\"on\",\"responsiveunder\":\"1170\",\"sublayercontainer\":\"1170\",\"autostart\":\"on\",\"pauseonhover\":\"on\",\"firstlayer\":\"1\",\"animatefirstlayer\":\"on\",\"keybnav\":\"on\",\"touchnav\":\"on\",\"loops\":\"0\",\"forceloopnum\":\"on\",\"skin\":\"v5\",\"backgroundcolor\":\"\",\"backgroundimage\":\"\",\"sliderstyle\":\"margin-bottom: 0px;\",\"navprevnext\":\"on\",\"navstartstop\":\"on\",\"navbuttons\":\"on\",\"hoverprevnext\":\"on\",\"circletimer\":\"on\",\"thumb_nav\":\"hover\",\"thumb_container_width\":\"60%\",\"thumb_width\":\"100\",\"thumb_height\":\"60\",\"thumb_active_opacity\":\"35\",\"thumb_inactive_opacity\":\"100\",\"autoplayvideos\":\"on\",\"autopauseslideshow\":\"auto\",\"youtubepreview\":\"maxresdefault.jpg\",\"imgpreload\":\"on\",\"lazyload\":\"on\",\"yourlogoId\":\"\",\"yourlogo\":\"\",\"yourlogostyle\":\"left: -10px; top: -10px;\",\"yourlogolink\":\"\",\"yourlogotarget\":\"_self\",\"cbinit\":\"function(element) {\\r\\n\\r\\n}\",\"cbstart\":\"function(data) {\\r\\n\\r\\n}\",\"cbstop\":\"function(data) {\\r\\n\\r\\n}\",\"cbpause\":\"function(data) {\\r\\n\\r\\n}\",\"cbanimstart\":\"function(data) {\\r\\n\\r\\n}\",\"cbanimstop\":\"function(data) {\\r\\n\\r\\n}\",\"cbprev\":\"function(data) {\\r\\n\\r\\n}\",\"cbnext\":\"function(data) {\\r\\n\\r\\n}\"},\"layers\":[{\"properties\":{\"post_offset\":\"-1\",\"3d_transitions\":\"\",\"2d_transitions\":\"\",\"custom_3d_transitions\":\"\",\"custom_2d_transitions\":\"\",\"backgroundId\":\"1452\",\"background\":\"https:\\/\\/tesoll.com\\/wp-content\\/themes\\/wplms\\/setup\\/data\\/uploads\\/s3.jpg\",\"thumbnailId\":\"\",\"thumbnail\":\"\",\"slidedelay\":\"6000\",\"timeshift\":\"0\",\"layer_link\":\"\",\"layer_link_target\":\"_self\",\"id\":\"\",\"deeplink\":\"\"},\"sublayers\":[{\"subtitle\":\"Layer #1\",\"media\":\"text\",\"type\":\"h2\",\"imageId\":\"\",\"image\":\"\",\"html\":\"LEARNING MANAGEMENT SYSTEM\",\"post_text_length\":\"\",\"transition\":\"{\\\\\\\"offsetxin\\\\\\\":\\\\\\\"0\\\\\\\",\\\\\\\"offsetyin\\\\\\\":\\\\\\\"0\\\\\\\",\\\\\\\"durationin\\\\\\\":\\\\\\\"1000\\\\\\\",\\\\\\\"delayin\\\\\\\":\\\\\\\"0\\\\\\\",\\\\\\\"easingin\\\\\\\":\\\\\\\"easeOutBack\\\\\\\",\\\\\\\"fadein\\\\\\\":true,\\\\\\\"rotatein\\\\\\\":\\\\\\\"0\\\\\\\",\\\\\\\"rotatexin\\\\\\\":\\\\\\\"-90\\\\\\\",\\\\\\\"rotateyin\\\\\\\":\\\\\\\"0\\\\\\\",\\\\\\\"transformoriginin\\\\\\\":\\\\\\\"50% top 0\\\\\\\",\\\\\\\"skewxin\\\\\\\":\\\\\\\"0\\\\\\\",\\\\\\\"skewyin\\\\\\\":\\\\\\\"0\\\\\\\",\\\\\\\"scalexin\\\\\\\":\\\\\\\"1\\\\\\\",\\\\\\\"scaleyin\\\\\\\":\\\\\\\"1\\\\\\\",\\\\\\\"offsetxout\\\\\\\":\\\\\\\"0\\\\\\\",\\\\\\\"offsetyout\\\\\\\":\\\\\\\"0\\\\\\\",\\\\\\\"durationout\\\\\\\":\\\\\\\"400\\\\\\\",\\\\\\\"showuntil\\\\\\\":\\\\\\\"0\\\\\\\",\\\\\\\"easingout\\\\\\\":\\\\\\\"easeInOutQuint\\\\\\\",\\\\\\\"fadeout\\\\\\\":true,\\\\\\\"rotateout\\\\\\\":\\\\\\\"0\\\\\\\",\\\\\\\"rotatexout\\\\\\\":\\\\\\\"0\\\\\\\",\\\\\\\"rotateyout\\\\\\\":\\\\\\\"0\\\\\\\",\\\\\\\"transformoriginout\\\\\\\":\\\\\\\"50% 50% 0\\\\\\\",\\\\\\\"skewxout\\\\\\\":\\\\\\\"0\\\\\\\",\\\\\\\"skewyout\\\\\\\":\\\\\\\"0\\\\\\\",\\\\\\\"scalexout\\\\\\\":\\\\\\\"1\\\\\\\",\\\\\\\"scaleyout\\\\\\\":\\\\\\\"1\\\\\\\",\\\\\\\"parallaxlevel\\\\\\\":\\\\\\\"0\\\\\\\"}\",\"url\":\"\",\"target\":\"_self\",\"styles\":\"{\\\\\\\"padding-top\\\\\\\":\\\\\\\"10\\\\\\\",\\\\\\\"padding-right\\\\\\\":\\\\\\\"20\\\\\\\",\\\\\\\"padding-bottom\\\\\\\":\\\\\\\"10\\\\\\\",\\\\\\\"padding-left\\\\\\\":\\\\\\\"20\\\\\\\",\\\\\\\"font-size\\\\\\\":\\\\\\\"32\\\\\\\",\\\\\\\"color\\\\\\\":\\\\\\\"#FFFfff\\\\\\\",\\\\\\\"background\\\\\\\":\\\\\\\"rgba(35, 44, 46, 0.75)\\\\\\\",\\\\\\\"border-radius\\\\\\\":\\\\\\\"2px\\\\\\\"}\",\"top\":\"112px\",\"left\":\"477px\",\"style\":\"font-weight:700; letter-spacing:2px;\",\"id\":\"\",\"class\":\"\",\"title\":\"\",\"alt\":\"\",\"rel\":\"\"},{\"subtitle\":\"Layer #2 copy\",\"media\":\"text\",\"type\":\"p\",\"imageId\":\"\",\"image\":\"\",\"html\":\"For WordPress\\r\\n\",\"post_text_length\":\"\",\"transition\":\"{\\\\\\\"offsetxin\\\\\\\":\\\\\\\"0\\\\\\\",\\\\\\\"offsetyin\\\\\\\":\\\\\\\"0\\\\\\\",\\\\\\\"durationin\\\\\\\":\\\\\\\"1000\\\\\\\",\\\\\\\"delayin\\\\\\\":\\\\\\\"1000\\\\\\\",\\\\\\\"easingin\\\\\\\":\\\\\\\"easeInOutQuint\\\\\\\",\\\\\\\"fadein\\\\\\\":true,\\\\\\\"rotatein\\\\\\\":\\\\\\\"0\\\\\\\",\\\\\\\"rotatexin\\\\\\\":\\\\\\\"\\\\\\\",\\\\\\\"rotateyin\\\\\\\":\\\\\\\"0\\\\\\\",\\\\\\\"transformoriginin\\\\\\\":\\\\\\\"50% bottom 0\\\\\\\",\\\\\\\"skewxin\\\\\\\":\\\\\\\"0\\\\\\\",\\\\\\\"skewyin\\\\\\\":\\\\\\\"0\\\\\\\",\\\\\\\"scalexin\\\\\\\":\\\\\\\"1\\\\\\\",\\\\\\\"scaleyin\\\\\\\":\\\\\\\"1\\\\\\\",\\\\\\\"offsetxout\\\\\\\":\\\\\\\"0\\\\\\\",\\\\\\\"offsetyout\\\\\\\":\\\\\\\"0\\\\\\\",\\\\\\\"durationout\\\\\\\":\\\\\\\"400\\\\\\\",\\\\\\\"showuntil\\\\\\\":\\\\\\\"0\\\\\\\",\\\\\\\"easingout\\\\\\\":\\\\\\\"easeInOutQuint\\\\\\\",\\\\\\\"fadeout\\\\\\\":true,\\\\\\\"rotateout\\\\\\\":\\\\\\\"0\\\\\\\",\\\\\\\"rotatexout\\\\\\\":\\\\\\\"0\\\\\\\",\\\\\\\"rotateyout\\\\\\\":\\\\\\\"0\\\\\\\",\\\\\\\"transformoriginout\\\\\\\":\\\\\\\"50% 50% 0\\\\\\\",\\\\\\\"skewxout\\\\\\\":\\\\\\\"0\\\\\\\",\\\\\\\"skewyout\\\\\\\":\\\\\\\"0\\\\\\\",\\\\\\\"scalexout\\\\\\\":\\\\\\\"1\\\\\\\",\\\\\\\"scaleyout\\\\\\\":\\\\\\\"1\\\\\\\",\\\\\\\"parallaxlevel\\\\\\\":\\\\\\\"0\\\\\\\"}\",\"url\":\"\",\"target\":\"_self\",\"styles\":\"{\\\\\\\"padding-top\\\\\\\":\\\\\\\"20\\\\\\\",\\\\\\\"padding-right\\\\\\\":\\\\\\\"30\\\\\\\",\\\\\\\"padding-bottom\\\\\\\":\\\\\\\"20\\\\\\\",\\\\\\\"padding-left\\\\\\\":\\\\\\\"30\\\\\\\",\\\\\\\"font-size\\\\\\\":\\\\\\\"20\\\\\\\",\\\\\\\"color\\\\\\\":\\\\\\\"#FFF\\\\\\\"}\",\"top\":\"64px\",\"left\":\"447px\",\"style\":\"font-weight:800;letter-spacing:1px;text-transform:uppercase;\",\"id\":\"\",\"class\":\"\",\"title\":\"\",\"alt\":\"\",\"rel\":\"\"},{\"subtitle\":\"Layer #2\",\"media\":\"text\",\"type\":\"p\",\"imageId\":\"\",\"image\":\"\",\"html\":\"Create your own Courses and sell online.<br \\/>\\r\\nIt IS Not just a WordPress Theme.\",\"post_text_length\":\"\",\"transition\":\"{\\\\\\\"offsetxin\\\\\\\":\\\\\\\"0\\\\\\\",\\\\\\\"offsetyin\\\\\\\":\\\\\\\"0\\\\\\\",\\\\\\\"durationin\\\\\\\":\\\\\\\"1000\\\\\\\",\\\\\\\"delayin\\\\\\\":\\\\\\\"2000\\\\\\\",\\\\\\\"easingin\\\\\\\":\\\\\\\"easeInOutQuint\\\\\\\",\\\\\\\"fadein\\\\\\\":true,\\\\\\\"rotatein\\\\\\\":\\\\\\\"0\\\\\\\",\\\\\\\"rotatexin\\\\\\\":\\\\\\\"-90\\\\\\\",\\\\\\\"rotateyin\\\\\\\":\\\\\\\"0\\\\\\\",\\\\\\\"transformoriginin\\\\\\\":\\\\\\\"50% top 0\\\\\\\",\\\\\\\"skewxin\\\\\\\":\\\\\\\"0\\\\\\\",\\\\\\\"skewyin\\\\\\\":\\\\\\\"0\\\\\\\",\\\\\\\"scalexin\\\\\\\":\\\\\\\"1\\\\\\\",\\\\\\\"scaleyin\\\\\\\":\\\\\\\"1\\\\\\\",\\\\\\\"offsetxout\\\\\\\":\\\\\\\"0\\\\\\\",\\\\\\\"offsetyout\\\\\\\":\\\\\\\"0\\\\\\\",\\\\\\\"durationout\\\\\\\":\\\\\\\"400\\\\\\\",\\\\\\\"showuntil\\\\\\\":\\\\\\\"0\\\\\\\",\\\\\\\"easingout\\\\\\\":\\\\\\\"easeInOutQuint\\\\\\\",\\\\\\\"fadeout\\\\\\\":true,\\\\\\\"rotateout\\\\\\\":\\\\\\\"0\\\\\\\",\\\\\\\"rotatexout\\\\\\\":\\\\\\\"0\\\\\\\",\\\\\\\"rotateyout\\\\\\\":\\\\\\\"0\\\\\\\",\\\\\\\"transformoriginout\\\\\\\":\\\\\\\"50% 50% 0\\\\\\\",\\\\\\\"skewxout\\\\\\\":\\\\\\\"0\\\\\\\",\\\\\\\"skewyout\\\\\\\":\\\\\\\"0\\\\\\\",\\\\\\\"scalexout\\\\\\\":\\\\\\\"1\\\\\\\",\\\\\\\"scaleyout\\\\\\\":\\\\\\\"1\\\\\\\",\\\\\\\"parallaxlevel\\\\\\\":\\\\\\\"0\\\\\\\"}\",\"url\":\"\",\"target\":\"_self\",\"styles\":\"{\\\\\\\"padding-top\\\\\\\":\\\\\\\"20\\\\\\\",\\\\\\\"padding-right\\\\\\\":\\\\\\\"30\\\\\\\",\\\\\\\"padding-bottom\\\\\\\":\\\\\\\"20\\\\\\\",\\\\\\\"padding-left\\\\\\\":\\\\\\\"30\\\\\\\",\\\\\\\"font-size\\\\\\\":\\\\\\\"18\\\\\\\",\\\\\\\"color\\\\\\\":\\\\\\\"#FFF\\\\\\\"}\",\"top\":\"170px\",\"left\":\"446px\",\"style\":\"font-weight:600;text-transform:uppercase;\",\"id\":\"\",\"class\":\"\",\"title\":\"\",\"alt\":\"\",\"rel\":\"\"},{\"subtitle\":\"Layer #3\",\"media\":\"text\",\"type\":\"p\",\"imageId\":\"\",\"image\":\"\",\"html\":\"Know More\",\"post_text_length\":\"\",\"transition\":\"{\\\\\\\"offsetxin\\\\\\\":\\\\\\\"-80\\\\\\\",\\\\\\\"offsetyin\\\\\\\":\\\\\\\"0\\\\\\\",\\\\\\\"durationin\\\\\\\":\\\\\\\"1000\\\\\\\",\\\\\\\"delayin\\\\\\\":\\\\\\\"3000\\\\\\\",\\\\\\\"easingin\\\\\\\":\\\\\\\"easeInOutQuint\\\\\\\",\\\\\\\"fadein\\\\\\\":true,\\\\\\\"rotatein\\\\\\\":\\\\\\\"0\\\\\\\",\\\\\\\"rotatexin\\\\\\\":\\\\\\\"0\\\\\\\",\\\\\\\"rotateyin\\\\\\\":\\\\\\\"0\\\\\\\",\\\\\\\"transformoriginin\\\\\\\":\\\\\\\"50% 50% 0\\\\\\\",\\\\\\\"skewxin\\\\\\\":\\\\\\\"0\\\\\\\",\\\\\\\"skewyin\\\\\\\":\\\\\\\"0\\\\\\\",\\\\\\\"scalexin\\\\\\\":\\\\\\\"1\\\\\\\",\\\\\\\"scaleyin\\\\\\\":\\\\\\\"1\\\\\\\",\\\\\\\"offsetxout\\\\\\\":\\\\\\\"80\\\\\\\",\\\\\\\"offsetyout\\\\\\\":\\\\\\\"0\\\\\\\",\\\\\\\"durationout\\\\\\\":\\\\\\\"400\\\\\\\",\\\\\\\"showuntil\\\\\\\":\\\\\\\"0\\\\\\\",\\\\\\\"easingout\\\\\\\":\\\\\\\"easeInOutQuint\\\\\\\",\\\\\\\"fadeout\\\\\\\":true,\\\\\\\"rotateout\\\\\\\":\\\\\\\"0\\\\\\\",\\\\\\\"rotatexout\\\\\\\":\\\\\\\"0\\\\\\\",\\\\\\\"rotateyout\\\\\\\":\\\\\\\"0\\\\\\\",\\\\\\\"transformoriginout\\\\\\\":\\\\\\\"50% 50% 0\\\\\\\",\\\\\\\"skewxout\\\\\\\":\\\\\\\"0\\\\\\\",\\\\\\\"skewyout\\\\\\\":\\\\\\\"0\\\\\\\",\\\\\\\"scalexout\\\\\\\":\\\\\\\"1\\\\\\\",\\\\\\\"scaleyout\\\\\\\":\\\\\\\"1\\\\\\\",\\\\\\\"parallaxlevel\\\\\\\":\\\\\\\"0\\\\\\\"}\",\"url\":\"\",\"target\":\"_self\",\"styles\":\"{\\\\\\\"padding-top\\\\\\\":\\\\\\\"8\\\\\\\",\\\\\\\"padding-right\\\\\\\":\\\\\\\"15\\\\\\\",\\\\\\\"padding-bottom\\\\\\\":\\\\\\\"8\\\\\\\",\\\\\\\"padding-left\\\\\\\":\\\\\\\"15\\\\\\\",\\\\\\\"font-size\\\\\\\":\\\\\\\"14\\\\\\\",\\\\\\\"color\\\\\\\":\\\\\\\"#FFF\\\\\\\",\\\\\\\"background\\\\\\\":\\\\\\\"#000000\\\\\\\",\\\\\\\"border-radius\\\\\\\":\\\\\\\"2px\\\\\\\"}\",\"top\":\"267px\",\"left\":\"472px\",\"style\":\"text-transform:uppercase;font-weight:600;\",\"id\":\"\",\"class\":\"\",\"title\":\"\",\"alt\":\"\",\"rel\":\"\"},{\"subtitle\":\"Layer #4\",\"media\":\"text\",\"type\":\"p\",\"imageId\":\"\",\"image\":\"\",\"html\":\"Get started now\",\"post_text_length\":\"\",\"transition\":\"{\\\\\\\"offsetxin\\\\\\\":\\\\\\\"80\\\\\\\",\\\\\\\"offsetyin\\\\\\\":\\\\\\\"0\\\\\\\",\\\\\\\"durationin\\\\\\\":\\\\\\\"1000\\\\\\\",\\\\\\\"delayin\\\\\\\":\\\\\\\"4000\\\\\\\",\\\\\\\"easingin\\\\\\\":\\\\\\\"easeInOutQuint\\\\\\\",\\\\\\\"fadein\\\\\\\":true,\\\\\\\"rotatein\\\\\\\":\\\\\\\"0\\\\\\\",\\\\\\\"rotatexin\\\\\\\":\\\\\\\"0\\\\\\\",\\\\\\\"rotateyin\\\\\\\":\\\\\\\"0\\\\\\\",\\\\\\\"transformoriginin\\\\\\\":\\\\\\\"50% 50% 0\\\\\\\",\\\\\\\"skewxin\\\\\\\":\\\\\\\"0\\\\\\\",\\\\\\\"skewyin\\\\\\\":\\\\\\\"0\\\\\\\",\\\\\\\"scalexin\\\\\\\":\\\\\\\"1\\\\\\\",\\\\\\\"scaleyin\\\\\\\":\\\\\\\"1\\\\\\\",\\\\\\\"offsetxout\\\\\\\":\\\\\\\"-80\\\\\\\",\\\\\\\"offsetyout\\\\\\\":\\\\\\\"0\\\\\\\",\\\\\\\"durationout\\\\\\\":\\\\\\\"400\\\\\\\",\\\\\\\"showuntil\\\\\\\":\\\\\\\"0\\\\\\\",\\\\\\\"easingout\\\\\\\":\\\\\\\"easeInOutQuint\\\\\\\",\\\\\\\"fadeout\\\\\\\":true,\\\\\\\"rotateout\\\\\\\":\\\\\\\"0\\\\\\\",\\\\\\\"rotatexout\\\\\\\":\\\\\\\"0\\\\\\\",\\\\\\\"rotateyout\\\\\\\":\\\\\\\"0\\\\\\\",\\\\\\\"transformoriginout\\\\\\\":\\\\\\\"50% 50% 0\\\\\\\",\\\\\\\"skewxout\\\\\\\":\\\\\\\"0\\\\\\\",\\\\\\\"skewyout\\\\\\\":\\\\\\\"0\\\\\\\",\\\\\\\"scalexout\\\\\\\":\\\\\\\"1\\\\\\\",\\\\\\\"scaleyout\\\\\\\":\\\\\\\"1\\\\\\\",\\\\\\\"parallaxlevel\\\\\\\":\\\\\\\"0\\\\\\\"}\",\"url\":\"\",\"target\":\"_self\",\"styles\":\"{\\\\\\\"padding-top\\\\\\\":\\\\\\\"8\\\\\\\",\\\\\\\"padding-right\\\\\\\":\\\\\\\"15\\\\\\\",\\\\\\\"padding-bottom\\\\\\\":\\\\\\\"8\\\\\\\",\\\\\\\"padding-left\\\\\\\":\\\\\\\"15\\\\\\\",\\\\\\\"font-size\\\\\\\":\\\\\\\"14\\\\\\\",\\\\\\\"color\\\\\\\":\\\\\\\"#000\\\\\\\",\\\\\\\"background\\\\\\\":\\\\\\\"#fff\\\\\\\",\\\\\\\"border-radius\\\\\\\":\\\\\\\"2\\\\\\\"}\",\"top\":\"268px\",\"left\":\"604px\",\"style\":\"text-transform:uppercase;font-weight:600;\",\"id\":\"\",\"class\":\"\",\"title\":\"\",\"alt\":\"\",\"rel\":\"\"}]},{\"properties\":{\"post_offset\":\"-1\",\"3d_transitions\":\"\",\"2d_transitions\":\"\",\"custom_3d_transitions\":\"\",\"custom_2d_transitions\":\"\",\"backgroundId\":\"1450\",\"background\":\"https:\\/\\/tesoll.com\\/wp-content\\/themes\\/wplms\\/setup\\/data\\/uploads\\/s2.jpg\",\"thumbnailId\":\"\",\"thumbnail\":\"\",\"slidedelay\":\"6000\",\"timeshift\":\"0\",\"layer_link\":\"\",\"layer_link_target\":\"_self\",\"id\":\"\",\"deeplink\":\"\"},\"sublayers\":[{\"subtitle\":\"Layer #1\",\"media\":\"text\",\"type\":\"h3\",\"imageId\":\"\",\"image\":\"\",\"html\":\"Create Courses, Modules, Units, Quizzes, Questions\",\"post_text_length\":\"\",\"transition\":\"{\\\\\\\"offsetxin\\\\\\\":\\\\\\\"0\\\\\\\",\\\\\\\"offsetyin\\\\\\\":\\\\\\\"0\\\\\\\",\\\\\\\"durationin\\\\\\\":\\\\\\\"1000\\\\\\\",\\\\\\\"delayin\\\\\\\":\\\\\\\"0\\\\\\\",\\\\\\\"easingin\\\\\\\":\\\\\\\"easeInOutElastic\\\\\\\",\\\\\\\"fadein\\\\\\\":true,\\\\\\\"rotatein\\\\\\\":\\\\\\\"0\\\\\\\",\\\\\\\"rotatexin\\\\\\\":\\\\\\\"-90\\\\\\\",\\\\\\\"rotateyin\\\\\\\":\\\\\\\"0\\\\\\\",\\\\\\\"transformoriginin\\\\\\\":\\\\\\\"50% top 0\\\\\\\",\\\\\\\"skewxin\\\\\\\":\\\\\\\"0\\\\\\\",\\\\\\\"skewyin\\\\\\\":\\\\\\\"0\\\\\\\",\\\\\\\"scalexin\\\\\\\":\\\\\\\"1\\\\\\\",\\\\\\\"scaleyin\\\\\\\":\\\\\\\"1\\\\\\\",\\\\\\\"offsetxout\\\\\\\":\\\\\\\"0\\\\\\\",\\\\\\\"offsetyout\\\\\\\":\\\\\\\"0\\\\\\\",\\\\\\\"durationout\\\\\\\":\\\\\\\"400\\\\\\\",\\\\\\\"showuntil\\\\\\\":\\\\\\\"0\\\\\\\",\\\\\\\"easingout\\\\\\\":\\\\\\\"easeInOutQuint\\\\\\\",\\\\\\\"fadeout\\\\\\\":true,\\\\\\\"rotateout\\\\\\\":\\\\\\\"0\\\\\\\",\\\\\\\"rotatexout\\\\\\\":\\\\\\\"0\\\\\\\",\\\\\\\"rotateyout\\\\\\\":\\\\\\\"0\\\\\\\",\\\\\\\"transformoriginout\\\\\\\":\\\\\\\"50% 50% 0\\\\\\\",\\\\\\\"skewxout\\\\\\\":\\\\\\\"0\\\\\\\",\\\\\\\"skewyout\\\\\\\":\\\\\\\"0\\\\\\\",\\\\\\\"scalexout\\\\\\\":\\\\\\\"1\\\\\\\",\\\\\\\"scaleyout\\\\\\\":\\\\\\\"1\\\\\\\",\\\\\\\"parallaxlevel\\\\\\\":\\\\\\\"0\\\\\\\"}\",\"url\":\"\",\"target\":\"_self\",\"styles\":\"{\\\\\\\"padding-top\\\\\\\":\\\\\\\"12\\\\\\\",\\\\\\\"padding-right\\\\\\\":\\\\\\\"24\\\\\\\",\\\\\\\"padding-bottom\\\\\\\":\\\\\\\"12\\\\\\\",\\\\\\\"padding-left\\\\\\\":\\\\\\\"24\\\\\\\",\\\\\\\"font-size\\\\\\\":\\\\\\\"16\\\\\\\",\\\\\\\"color\\\\\\\":\\\\\\\"#FFF\\\\\\\",\\\\\\\"background\\\\\\\":\\\\\\\"rgba(49, 59, 61, 0.80)\\\\\\\",\\\\\\\"border-radius\\\\\\\":\\\\\\\"2\\\\\\\"}\",\"top\":\"77px\",\"left\":\"68px\",\"style\":\"font-weight:600;\",\"id\":\"\",\"class\":\"\",\"title\":\"\",\"alt\":\"\",\"rel\":\"\"},{\"subtitle\":\"Layer #2\",\"media\":\"text\",\"type\":\"h3\",\"imageId\":\"\",\"image\":\"\",\"html\":\"Set Timers, Auto Or Manually Evaluate Quizzes\",\"post_text_length\":\"\",\"transition\":\"{\\\\\\\"offsetxin\\\\\\\":\\\\\\\"0\\\\\\\",\\\\\\\"offsetyin\\\\\\\":\\\\\\\"0\\\\\\\",\\\\\\\"durationin\\\\\\\":\\\\\\\"1000\\\\\\\",\\\\\\\"delayin\\\\\\\":\\\\\\\"1000\\\\\\\",\\\\\\\"easingin\\\\\\\":\\\\\\\"easeInOutElastic\\\\\\\",\\\\\\\"fadein\\\\\\\":true,\\\\\\\"rotatein\\\\\\\":\\\\\\\"0\\\\\\\",\\\\\\\"rotatexin\\\\\\\":\\\\\\\"-90\\\\\\\",\\\\\\\"rotateyin\\\\\\\":\\\\\\\"0\\\\\\\",\\\\\\\"transformoriginin\\\\\\\":\\\\\\\"50% top 0\\\\\\\",\\\\\\\"skewxin\\\\\\\":\\\\\\\"0\\\\\\\",\\\\\\\"skewyin\\\\\\\":\\\\\\\"0\\\\\\\",\\\\\\\"scalexin\\\\\\\":\\\\\\\"1\\\\\\\",\\\\\\\"scaleyin\\\\\\\":\\\\\\\"1\\\\\\\",\\\\\\\"offsetxout\\\\\\\":\\\\\\\"0\\\\\\\",\\\\\\\"offsetyout\\\\\\\":\\\\\\\"0\\\\\\\",\\\\\\\"durationout\\\\\\\":\\\\\\\"400\\\\\\\",\\\\\\\"showuntil\\\\\\\":\\\\\\\"0\\\\\\\",\\\\\\\"easingout\\\\\\\":\\\\\\\"easeInOutQuint\\\\\\\",\\\\\\\"fadeout\\\\\\\":true,\\\\\\\"rotateout\\\\\\\":\\\\\\\"0\\\\\\\",\\\\\\\"rotatexout\\\\\\\":\\\\\\\"0\\\\\\\",\\\\\\\"rotateyout\\\\\\\":\\\\\\\"0\\\\\\\",\\\\\\\"transformoriginout\\\\\\\":\\\\\\\"50% 50% 0\\\\\\\",\\\\\\\"skewxout\\\\\\\":\\\\\\\"0\\\\\\\",\\\\\\\"skewyout\\\\\\\":\\\\\\\"0\\\\\\\",\\\\\\\"scalexout\\\\\\\":\\\\\\\"1\\\\\\\",\\\\\\\"scaleyout\\\\\\\":\\\\\\\"1\\\\\\\",\\\\\\\"parallaxlevel\\\\\\\":\\\\\\\"0\\\\\\\"}\",\"url\":\"\",\"target\":\"_self\",\"styles\":\"{\\\\\\\"padding-top\\\\\\\":\\\\\\\"12\\\\\\\",\\\\\\\"padding-right\\\\\\\":\\\\\\\"24\\\\\\\",\\\\\\\"padding-bottom\\\\\\\":\\\\\\\"12\\\\\\\",\\\\\\\"padding-left\\\\\\\":\\\\\\\"24\\\\\\\",\\\\\\\"font-size\\\\\\\":\\\\\\\"16\\\\\\\",\\\\\\\"color\\\\\\\":\\\\\\\"#FFF\\\\\\\",\\\\\\\"background\\\\\\\":\\\\\\\"rgba(49, 59, 61, 0.80)\\\\\\\",\\\\\\\"border-radius\\\\\\\":\\\\\\\"2\\\\\\\"}\",\"top\":\"134px\",\"left\":\"68px\",\"style\":\"font-weight:600;\",\"id\":\"\",\"class\":\"\",\"title\":\"\",\"alt\":\"\",\"rel\":\"\"},{\"subtitle\":\"Layer #3\",\"media\":\"text\",\"type\":\"h3\",\"imageId\":\"\",\"image\":\"\",\"html\":\"Check Results, Notifications , Messages\",\"post_text_length\":\"\",\"transition\":\"{\\\\\\\"offsetxin\\\\\\\":\\\\\\\"0\\\\\\\",\\\\\\\"offsetyin\\\\\\\":\\\\\\\"0\\\\\\\",\\\\\\\"durationin\\\\\\\":\\\\\\\"1000\\\\\\\",\\\\\\\"delayin\\\\\\\":\\\\\\\"2000\\\\\\\",\\\\\\\"easingin\\\\\\\":\\\\\\\"easeInOutElastic\\\\\\\",\\\\\\\"fadein\\\\\\\":true,\\\\\\\"rotatein\\\\\\\":\\\\\\\"0\\\\\\\",\\\\\\\"rotatexin\\\\\\\":\\\\\\\"-90\\\\\\\",\\\\\\\"rotateyin\\\\\\\":\\\\\\\"0\\\\\\\",\\\\\\\"transformoriginin\\\\\\\":\\\\\\\"50% top 0\\\\\\\",\\\\\\\"skewxin\\\\\\\":\\\\\\\"0\\\\\\\",\\\\\\\"skewyin\\\\\\\":\\\\\\\"0\\\\\\\",\\\\\\\"scalexin\\\\\\\":\\\\\\\"1\\\\\\\",\\\\\\\"scaleyin\\\\\\\":\\\\\\\"1\\\\\\\",\\\\\\\"offsetxout\\\\\\\":\\\\\\\"0\\\\\\\",\\\\\\\"offsetyout\\\\\\\":\\\\\\\"0\\\\\\\",\\\\\\\"durationout\\\\\\\":\\\\\\\"400\\\\\\\",\\\\\\\"showuntil\\\\\\\":\\\\\\\"0\\\\\\\",\\\\\\\"easingout\\\\\\\":\\\\\\\"easeInOutQuint\\\\\\\",\\\\\\\"fadeout\\\\\\\":true,\\\\\\\"rotateout\\\\\\\":\\\\\\\"0\\\\\\\",\\\\\\\"rotatexout\\\\\\\":\\\\\\\"0\\\\\\\",\\\\\\\"rotateyout\\\\\\\":\\\\\\\"0\\\\\\\",\\\\\\\"transformoriginout\\\\\\\":\\\\\\\"50% 50% 0\\\\\\\",\\\\\\\"skewxout\\\\\\\":\\\\\\\"0\\\\\\\",\\\\\\\"skewyout\\\\\\\":\\\\\\\"0\\\\\\\",\\\\\\\"scalexout\\\\\\\":\\\\\\\"1\\\\\\\",\\\\\\\"scaleyout\\\\\\\":\\\\\\\"1\\\\\\\",\\\\\\\"parallaxlevel\\\\\\\":\\\\\\\"0\\\\\\\"}\",\"url\":\"\",\"target\":\"_self\",\"styles\":\"{\\\\\\\"padding-top\\\\\\\":\\\\\\\"12\\\\\\\",\\\\\\\"padding-right\\\\\\\":\\\\\\\"24\\\\\\\",\\\\\\\"padding-bottom\\\\\\\":\\\\\\\"12\\\\\\\",\\\\\\\"padding-left\\\\\\\":\\\\\\\"24\\\\\\\",\\\\\\\"font-size\\\\\\\":\\\\\\\"16\\\\\\\",\\\\\\\"color\\\\\\\":\\\\\\\"#FFF\\\\\\\",\\\\\\\"background\\\\\\\":\\\\\\\"rgba(49, 59, 61, 0.80)\\\\\\\",\\\\\\\"border-radius\\\\\\\":\\\\\\\"2\\\\\\\"}\",\"top\":\"189px\",\"left\":\"67px\",\"style\":\"font-weight:600;\",\"id\":\"\",\"class\":\"\",\"title\":\"\",\"alt\":\"\",\"rel\":\"\"},{\"subtitle\":\"Layer #4\",\"media\":\"text\",\"type\":\"h3\",\"imageId\":\"\",\"image\":\"\",\"html\":\"Set Badges, Certificates for Courses\",\"post_text_length\":\"\",\"transition\":\"{\\\\\\\"offsetxin\\\\\\\":\\\\\\\"0\\\\\\\",\\\\\\\"offsetyin\\\\\\\":\\\\\\\"0\\\\\\\",\\\\\\\"durationin\\\\\\\":\\\\\\\"1000\\\\\\\",\\\\\\\"delayin\\\\\\\":\\\\\\\"3000\\\\\\\",\\\\\\\"easingin\\\\\\\":\\\\\\\"easeInOutElastic\\\\\\\",\\\\\\\"fadein\\\\\\\":true,\\\\\\\"rotatein\\\\\\\":\\\\\\\"0\\\\\\\",\\\\\\\"rotatexin\\\\\\\":\\\\\\\"-90\\\\\\\",\\\\\\\"rotateyin\\\\\\\":\\\\\\\"0\\\\\\\",\\\\\\\"transformoriginin\\\\\\\":\\\\\\\"50% top 0\\\\\\\",\\\\\\\"skewxin\\\\\\\":\\\\\\\"0\\\\\\\",\\\\\\\"skewyin\\\\\\\":\\\\\\\"0\\\\\\\",\\\\\\\"scalexin\\\\\\\":\\\\\\\"1\\\\\\\",\\\\\\\"scaleyin\\\\\\\":\\\\\\\"1\\\\\\\",\\\\\\\"offsetxout\\\\\\\":\\\\\\\"0\\\\\\\",\\\\\\\"offsetyout\\\\\\\":\\\\\\\"0\\\\\\\",\\\\\\\"durationout\\\\\\\":\\\\\\\"400\\\\\\\",\\\\\\\"showuntil\\\\\\\":\\\\\\\"0\\\\\\\",\\\\\\\"easingout\\\\\\\":\\\\\\\"easeInOutQuint\\\\\\\",\\\\\\\"fadeout\\\\\\\":true,\\\\\\\"rotateout\\\\\\\":\\\\\\\"0\\\\\\\",\\\\\\\"rotatexout\\\\\\\":\\\\\\\"0\\\\\\\",\\\\\\\"rotateyout\\\\\\\":\\\\\\\"0\\\\\\\",\\\\\\\"transformoriginout\\\\\\\":\\\\\\\"50% 50% 0\\\\\\\",\\\\\\\"skewxout\\\\\\\":\\\\\\\"0\\\\\\\",\\\\\\\"skewyout\\\\\\\":\\\\\\\"0\\\\\\\",\\\\\\\"scalexout\\\\\\\":\\\\\\\"1\\\\\\\",\\\\\\\"scaleyout\\\\\\\":\\\\\\\"1\\\\\\\",\\\\\\\"parallaxlevel\\\\\\\":\\\\\\\"0\\\\\\\"}\",\"url\":\"\",\"target\":\"_self\",\"styles\":\"{\\\\\\\"padding-top\\\\\\\":\\\\\\\"12\\\\\\\",\\\\\\\"padding-right\\\\\\\":\\\\\\\"24\\\\\\\",\\\\\\\"padding-bottom\\\\\\\":\\\\\\\"12\\\\\\\",\\\\\\\"padding-left\\\\\\\":\\\\\\\"24\\\\\\\",\\\\\\\"font-size\\\\\\\":\\\\\\\"16\\\\\\\",\\\\\\\"color\\\\\\\":\\\\\\\"#FFF\\\\\\\",\\\\\\\"background\\\\\\\":\\\\\\\"rgba(49, 59, 61, 0.80)\\\\\\\",\\\\\\\"border-radius\\\\\\\":\\\\\\\"2\\\\\\\"}\",\"top\":\"245px\",\"left\":\"66px\",\"style\":\"font-weight:600;\",\"id\":\"\",\"class\":\"\",\"title\":\"\",\"alt\":\"\",\"rel\":\"\"},{\"subtitle\":\"Layer #5\",\"media\":\"text\",\"type\":\"p\",\"imageId\":\"\",\"image\":\"\",\"html\":\"Sell course as Single, Group and Subscription\",\"post_text_length\":\"\",\"transition\":\"{\\\\\\\"offsetxin\\\\\\\":\\\\\\\"0\\\\\\\",\\\\\\\"offsetyin\\\\\\\":\\\\\\\"0\\\\\\\",\\\\\\\"durationin\\\\\\\":\\\\\\\"1000\\\\\\\",\\\\\\\"delayin\\\\\\\":\\\\\\\"4000\\\\\\\",\\\\\\\"easingin\\\\\\\":\\\\\\\"easeInOutElastic\\\\\\\",\\\\\\\"fadein\\\\\\\":true,\\\\\\\"rotatein\\\\\\\":\\\\\\\"0\\\\\\\",\\\\\\\"rotatexin\\\\\\\":\\\\\\\"-90\\\\\\\",\\\\\\\"rotateyin\\\\\\\":\\\\\\\"0\\\\\\\",\\\\\\\"transformoriginin\\\\\\\":\\\\\\\"50% top 0\\\\\\\",\\\\\\\"skewxin\\\\\\\":\\\\\\\"0\\\\\\\",\\\\\\\"skewyin\\\\\\\":\\\\\\\"0\\\\\\\",\\\\\\\"scalexin\\\\\\\":\\\\\\\"1\\\\\\\",\\\\\\\"scaleyin\\\\\\\":\\\\\\\"1\\\\\\\",\\\\\\\"offsetxout\\\\\\\":\\\\\\\"0\\\\\\\",\\\\\\\"offsetyout\\\\\\\":\\\\\\\"0\\\\\\\",\\\\\\\"durationout\\\\\\\":\\\\\\\"400\\\\\\\",\\\\\\\"showuntil\\\\\\\":\\\\\\\"0\\\\\\\",\\\\\\\"easingout\\\\\\\":\\\\\\\"easeInOutQuint\\\\\\\",\\\\\\\"fadeout\\\\\\\":true,\\\\\\\"rotateout\\\\\\\":\\\\\\\"0\\\\\\\",\\\\\\\"rotatexout\\\\\\\":\\\\\\\"0\\\\\\\",\\\\\\\"rotateyout\\\\\\\":\\\\\\\"0\\\\\\\",\\\\\\\"transformoriginout\\\\\\\":\\\\\\\"50% 50% 0\\\\\\\",\\\\\\\"skewxout\\\\\\\":\\\\\\\"0\\\\\\\",\\\\\\\"skewyout\\\\\\\":\\\\\\\"0\\\\\\\",\\\\\\\"scalexout\\\\\\\":\\\\\\\"1\\\\\\\",\\\\\\\"scaleyout\\\\\\\":\\\\\\\"1\\\\\\\",\\\\\\\"parallaxlevel\\\\\\\":\\\\\\\"0\\\\\\\"}\",\"url\":\"\",\"target\":\"_self\",\"styles\":\"{\\\\\\\"padding-top\\\\\\\":\\\\\\\"12\\\\\\\",\\\\\\\"padding-right\\\\\\\":\\\\\\\"24\\\\\\\",\\\\\\\"padding-bottom\\\\\\\":\\\\\\\"12\\\\\\\",\\\\\\\"padding-left\\\\\\\":\\\\\\\"24\\\\\\\",\\\\\\\"font-size\\\\\\\":\\\\\\\"16\\\\\\\",\\\\\\\"color\\\\\\\":\\\\\\\"#FFF\\\\\\\",\\\\\\\"background\\\\\\\":\\\\\\\"rgba(49, 59, 61, 0.80)\\\\\\\",\\\\\\\"border-radius\\\\\\\":\\\\\\\"2\\\\\\\"}\",\"top\":\"303px\",\"left\":\"67px\",\"style\":\"font-weight:600;\",\"id\":\"\",\"class\":\"\",\"title\":\"\",\"alt\":\"\",\"rel\":\"\"}]},{\"properties\":{\"post_offset\":\"-1\",\"3d_transitions\":\"\",\"2d_transitions\":\"\",\"custom_3d_transitions\":\"\",\"custom_2d_transitions\":\"\",\"backgroundId\":\"1451\",\"background\":\"https:\\/\\/tesoll.com\\/wp-content\\/themes\\/wplms\\/setup\\/data\\/uploads\\/s1.jpg\",\"thumbnailId\":\"\",\"thumbnail\":\"\",\"slidedelay\":\"6500\",\"timeshift\":\"0\",\"layer_link\":\"\",\"layer_link_target\":\"_self\",\"id\":\"\",\"deeplink\":\"\"},\"sublayers\":[{\"subtitle\":\"Layer #1\",\"media\":\"text\",\"type\":\"h2\",\"imageId\":\"\",\"image\":\"\",\"html\":\"Power of top Plugins under one Theme\",\"post_text_length\":\"\",\"transition\":\"{\\\\\\\"offsetxin\\\\\\\":\\\\\\\"0\\\\\\\",\\\\\\\"offsetyin\\\\\\\":\\\\\\\"0\\\\\\\",\\\\\\\"durationin\\\\\\\":\\\\\\\"1000\\\\\\\",\\\\\\\"delayin\\\\\\\":\\\\\\\"0\\\\\\\",\\\\\\\"easingin\\\\\\\":\\\\\\\"easeOutBounce\\\\\\\",\\\\\\\"fadein\\\\\\\":true,\\\\\\\"rotatein\\\\\\\":\\\\\\\"0\\\\\\\",\\\\\\\"rotatexin\\\\\\\":\\\\\\\"-90\\\\\\\",\\\\\\\"rotateyin\\\\\\\":\\\\\\\"0\\\\\\\",\\\\\\\"transformoriginin\\\\\\\":\\\\\\\"50% top 0\\\\\\\",\\\\\\\"skewxin\\\\\\\":\\\\\\\"0\\\\\\\",\\\\\\\"skewyin\\\\\\\":\\\\\\\"0\\\\\\\",\\\\\\\"scalexin\\\\\\\":\\\\\\\"1\\\\\\\",\\\\\\\"scaleyin\\\\\\\":\\\\\\\"1\\\\\\\",\\\\\\\"offsetxout\\\\\\\":\\\\\\\"0\\\\\\\",\\\\\\\"offsetyout\\\\\\\":\\\\\\\"0\\\\\\\",\\\\\\\"durationout\\\\\\\":\\\\\\\"400\\\\\\\",\\\\\\\"showuntil\\\\\\\":\\\\\\\"0\\\\\\\",\\\\\\\"easingout\\\\\\\":\\\\\\\"easeInOutQuint\\\\\\\",\\\\\\\"fadeout\\\\\\\":true,\\\\\\\"rotateout\\\\\\\":\\\\\\\"0\\\\\\\",\\\\\\\"rotatexout\\\\\\\":\\\\\\\"0\\\\\\\",\\\\\\\"rotateyout\\\\\\\":\\\\\\\"0\\\\\\\",\\\\\\\"transformoriginout\\\\\\\":\\\\\\\"50% 50% 0\\\\\\\",\\\\\\\"skewxout\\\\\\\":\\\\\\\"0\\\\\\\",\\\\\\\"skewyout\\\\\\\":\\\\\\\"0\\\\\\\",\\\\\\\"scalexout\\\\\\\":\\\\\\\"1\\\\\\\",\\\\\\\"scaleyout\\\\\\\":\\\\\\\"1\\\\\\\",\\\\\\\"parallaxlevel\\\\\\\":\\\\\\\"0\\\\\\\"}\",\"url\":\"\",\"target\":\"_self\",\"styles\":\"{\\\\\\\"padding-top\\\\\\\":\\\\\\\"12\\\\\\\",\\\\\\\"padding-right\\\\\\\":\\\\\\\"24\\\\\\\",\\\\\\\"padding-bottom\\\\\\\":\\\\\\\"12\\\\\\\",\\\\\\\"padding-left\\\\\\\":\\\\\\\"24\\\\\\\",\\\\\\\"font-size\\\\\\\":\\\\\\\"24\\\\\\\",\\\\\\\"color\\\\\\\":\\\\\\\"#000\\\\\\\",\\\\\\\"background\\\\\\\":\\\\\\\"rgba(255, 255, 255, 0.60)\\\\\\\",\\\\\\\"border-radius\\\\\\\":\\\\\\\"2\\\\\\\"}\",\"top\":\"117px\",\"left\":\"287px\",\"style\":\"font-weight:800;text-transform:uppercase;\",\"id\":\"\",\"class\":\"\",\"title\":\"\",\"alt\":\"\",\"rel\":\"\"},{\"subtitle\":\"Layer #2\",\"media\":\"img\",\"type\":\"p\",\"imageId\":\"1557\",\"image\":\"http:\\/\\/vibethemes.com\\/envato\\/wplms\\/wp-content\\/uploads\\/2014\\/02\\/buddy.png\",\"html\":\"\",\"post_text_length\":\"\",\"transition\":\"{\\\\\\\"offsetxin\\\\\\\":\\\\\\\"00\\\\\\\",\\\\\\\"offsetyin\\\\\\\":\\\\\\\"80\\\\\\\",\\\\\\\"durationin\\\\\\\":\\\\\\\"1000\\\\\\\",\\\\\\\"delayin\\\\\\\":\\\\\\\"1000\\\\\\\",\\\\\\\"easingin\\\\\\\":\\\\\\\"easeOutBack\\\\\\\",\\\\\\\"fadein\\\\\\\":true,\\\\\\\"rotatein\\\\\\\":\\\\\\\"0\\\\\\\",\\\\\\\"rotatexin\\\\\\\":\\\\\\\"-90\\\\\\\",\\\\\\\"rotateyin\\\\\\\":\\\\\\\"0\\\\\\\",\\\\\\\"transformoriginin\\\\\\\":\\\\\\\"50% top 0\\\\\\\",\\\\\\\"skewxin\\\\\\\":\\\\\\\"0\\\\\\\",\\\\\\\"skewyin\\\\\\\":\\\\\\\"0\\\\\\\",\\\\\\\"scalexin\\\\\\\":\\\\\\\"1\\\\\\\",\\\\\\\"scaleyin\\\\\\\":\\\\\\\"1\\\\\\\",\\\\\\\"offsetxout\\\\\\\":\\\\\\\"0\\\\\\\",\\\\\\\"offsetyout\\\\\\\":\\\\\\\"-80\\\\\\\",\\\\\\\"durationout\\\\\\\":\\\\\\\"400\\\\\\\",\\\\\\\"showuntil\\\\\\\":\\\\\\\"0\\\\\\\",\\\\\\\"easingout\\\\\\\":\\\\\\\"easeInOutQuint\\\\\\\",\\\\\\\"fadeout\\\\\\\":true,\\\\\\\"rotateout\\\\\\\":\\\\\\\"0\\\\\\\",\\\\\\\"rotatexout\\\\\\\":\\\\\\\"0\\\\\\\",\\\\\\\"rotateyout\\\\\\\":\\\\\\\"0\\\\\\\",\\\\\\\"transformoriginout\\\\\\\":\\\\\\\"50% 50% 0\\\\\\\",\\\\\\\"skewxout\\\\\\\":\\\\\\\"0\\\\\\\",\\\\\\\"skewyout\\\\\\\":\\\\\\\"0\\\\\\\",\\\\\\\"scalexout\\\\\\\":\\\\\\\"1\\\\\\\",\\\\\\\"scaleyout\\\\\\\":\\\\\\\"1\\\\\\\",\\\\\\\"parallaxlevel\\\\\\\":\\\\\\\"0\\\\\\\"}\",\"url\":\"\",\"target\":\"_self\",\"styles\":\"{}\",\"top\":\"194px\",\"left\":\"190px\",\"style\":\"opacity:0.8;\",\"id\":\"\",\"class\":\"\",\"title\":\"\",\"alt\":\"\",\"rel\":\"\"},{\"subtitle\":\"Layer #3\",\"media\":\"img\",\"type\":\"p\",\"imageId\":\"1558\",\"image\":\"http:\\/\\/vibethemes.com\\/envato\\/wplms\\/wp-content\\/uploads\\/2014\\/02\\/bbpress.png\",\"html\":\"\",\"post_text_length\":\"\",\"transition\":\"{\\\\\\\"offsetxin\\\\\\\":\\\\\\\"0\\\\\\\",\\\\\\\"offsetyin\\\\\\\":\\\\\\\"80\\\\\\\",\\\\\\\"durationin\\\\\\\":\\\\\\\"1000\\\\\\\",\\\\\\\"delayin\\\\\\\":\\\\\\\"2000\\\\\\\",\\\\\\\"easingin\\\\\\\":\\\\\\\"easeOutBack\\\\\\\",\\\\\\\"fadein\\\\\\\":true,\\\\\\\"rotatein\\\\\\\":\\\\\\\"0\\\\\\\",\\\\\\\"rotatexin\\\\\\\":\\\\\\\"-90\\\\\\\",\\\\\\\"rotateyin\\\\\\\":\\\\\\\"0\\\\\\\",\\\\\\\"transformoriginin\\\\\\\":\\\\\\\"50% top 0\\\\\\\",\\\\\\\"skewxin\\\\\\\":\\\\\\\"0\\\\\\\",\\\\\\\"skewyin\\\\\\\":\\\\\\\"0\\\\\\\",\\\\\\\"scalexin\\\\\\\":\\\\\\\"1\\\\\\\",\\\\\\\"scaleyin\\\\\\\":\\\\\\\"1\\\\\\\",\\\\\\\"offsetxout\\\\\\\":\\\\\\\"0\\\\\\\",\\\\\\\"offsetyout\\\\\\\":\\\\\\\"80\\\\\\\",\\\\\\\"durationout\\\\\\\":\\\\\\\"400\\\\\\\",\\\\\\\"showuntil\\\\\\\":\\\\\\\"0\\\\\\\",\\\\\\\"easingout\\\\\\\":\\\\\\\"easeInOutQuint\\\\\\\",\\\\\\\"fadeout\\\\\\\":true,\\\\\\\"rotateout\\\\\\\":\\\\\\\"0\\\\\\\",\\\\\\\"rotatexout\\\\\\\":\\\\\\\"0\\\\\\\",\\\\\\\"rotateyout\\\\\\\":\\\\\\\"0\\\\\\\",\\\\\\\"transformoriginout\\\\\\\":\\\\\\\"50% 50% 0\\\\\\\",\\\\\\\"skewxout\\\\\\\":\\\\\\\"0\\\\\\\",\\\\\\\"skewyout\\\\\\\":\\\\\\\"0\\\\\\\",\\\\\\\"scalexout\\\\\\\":\\\\\\\"1\\\\\\\",\\\\\\\"scaleyout\\\\\\\":\\\\\\\"1\\\\\\\",\\\\\\\"parallaxlevel\\\\\\\":\\\\\\\"0\\\\\\\"}\",\"url\":\"\",\"target\":\"_self\",\"styles\":\"{}\",\"top\":\"195px\",\"left\":\"381px\",\"style\":\"opacity:0.8;\",\"id\":\"\",\"class\":\"\",\"title\":\"\",\"alt\":\"\",\"rel\":\"\"},{\"subtitle\":\"Layer #4\",\"media\":\"img\",\"type\":\"p\",\"imageId\":\"1559\",\"image\":\"http:\\/\\/vibethemes.com\\/envato\\/wplms\\/wp-content\\/uploads\\/2014\\/02\\/woo.png\",\"html\":\"\",\"post_text_length\":\"\",\"transition\":\"{\\\\\\\"offsetxin\\\\\\\":\\\\\\\"0\\\\\\\",\\\\\\\"offsetyin\\\\\\\":\\\\\\\"80\\\\\\\",\\\\\\\"durationin\\\\\\\":\\\\\\\"1000\\\\\\\",\\\\\\\"delayin\\\\\\\":\\\\\\\"3000\\\\\\\",\\\\\\\"easingin\\\\\\\":\\\\\\\"easeOutBack\\\\\\\",\\\\\\\"fadein\\\\\\\":true,\\\\\\\"rotatein\\\\\\\":\\\\\\\"0\\\\\\\",\\\\\\\"rotatexin\\\\\\\":\\\\\\\"-90\\\\\\\",\\\\\\\"rotateyin\\\\\\\":\\\\\\\"0\\\\\\\",\\\\\\\"transformoriginin\\\\\\\":\\\\\\\"50% top 0\\\\\\\",\\\\\\\"skewxin\\\\\\\":\\\\\\\"0\\\\\\\",\\\\\\\"skewyin\\\\\\\":\\\\\\\"0\\\\\\\",\\\\\\\"scalexin\\\\\\\":\\\\\\\"1\\\\\\\",\\\\\\\"scaleyin\\\\\\\":\\\\\\\"1\\\\\\\",\\\\\\\"offsetxout\\\\\\\":\\\\\\\"0\\\\\\\",\\\\\\\"offsetyout\\\\\\\":\\\\\\\"-80\\\\\\\",\\\\\\\"durationout\\\\\\\":\\\\\\\"400\\\\\\\",\\\\\\\"showuntil\\\\\\\":\\\\\\\"0\\\\\\\",\\\\\\\"easingout\\\\\\\":\\\\\\\"easeInOutQuint\\\\\\\",\\\\\\\"fadeout\\\\\\\":true,\\\\\\\"rotateout\\\\\\\":\\\\\\\"0\\\\\\\",\\\\\\\"rotatexout\\\\\\\":\\\\\\\"0\\\\\\\",\\\\\\\"rotateyout\\\\\\\":\\\\\\\"0\\\\\\\",\\\\\\\"transformoriginout\\\\\\\":\\\\\\\"50% 50% 0\\\\\\\",\\\\\\\"skewxout\\\\\\\":\\\\\\\"0\\\\\\\",\\\\\\\"skewyout\\\\\\\":\\\\\\\"0\\\\\\\",\\\\\\\"scalexout\\\\\\\":\\\\\\\"1\\\\\\\",\\\\\\\"scaleyout\\\\\\\":\\\\\\\"1\\\\\\\",\\\\\\\"parallaxlevel\\\\\\\":\\\\\\\"0\\\\\\\"}\",\"url\":\"\",\"target\":\"_self\",\"styles\":\"{}\",\"top\":\"197px\",\"left\":\"606px\",\"style\":\"opacity:0.8;\",\"id\":\"\",\"class\":\"\",\"title\":\"\",\"alt\":\"\",\"rel\":\"\"},{\"subtitle\":\"Layer #5\",\"media\":\"img\",\"type\":\"p\",\"imageId\":\"1556\",\"image\":\"http:\\/\\/vibethemes.com\\/envato\\/wplms\\/wp-content\\/uploads\\/2014\\/02\\/vibecourse.png\",\"html\":\"\",\"post_text_length\":\"\",\"transition\":\"{\\\\\\\"offsetxin\\\\\\\":\\\\\\\"0\\\\\\\",\\\\\\\"offsetyin\\\\\\\":\\\\\\\"80\\\\\\\",\\\\\\\"durationin\\\\\\\":\\\\\\\"1000\\\\\\\",\\\\\\\"delayin\\\\\\\":\\\\\\\"4000\\\\\\\",\\\\\\\"easingin\\\\\\\":\\\\\\\"easeOutBack\\\\\\\",\\\\\\\"fadein\\\\\\\":true,\\\\\\\"rotatein\\\\\\\":\\\\\\\"0\\\\\\\",\\\\\\\"rotatexin\\\\\\\":\\\\\\\"-90\\\\\\\",\\\\\\\"rotateyin\\\\\\\":\\\\\\\"0\\\\\\\",\\\\\\\"transformoriginin\\\\\\\":\\\\\\\"50% top 0\\\\\\\",\\\\\\\"skewxin\\\\\\\":\\\\\\\"0\\\\\\\",\\\\\\\"skewyin\\\\\\\":\\\\\\\"0\\\\\\\",\\\\\\\"scalexin\\\\\\\":\\\\\\\"1\\\\\\\",\\\\\\\"scaleyin\\\\\\\":\\\\\\\"1\\\\\\\",\\\\\\\"offsetxout\\\\\\\":\\\\\\\"0\\\\\\\",\\\\\\\"offsetyout\\\\\\\":\\\\\\\"-80\\\\\\\",\\\\\\\"durationout\\\\\\\":\\\\\\\"400\\\\\\\",\\\\\\\"showuntil\\\\\\\":\\\\\\\"0\\\\\\\",\\\\\\\"easingout\\\\\\\":\\\\\\\"easeInOutQuint\\\\\\\",\\\\\\\"fadeout\\\\\\\":true,\\\\\\\"rotateout\\\\\\\":\\\\\\\"0\\\\\\\",\\\\\\\"rotatexout\\\\\\\":\\\\\\\"0\\\\\\\",\\\\\\\"rotateyout\\\\\\\":\\\\\\\"0\\\\\\\",\\\\\\\"transformoriginout\\\\\\\":\\\\\\\"50% 50% 0\\\\\\\",\\\\\\\"skewxout\\\\\\\":\\\\\\\"0\\\\\\\",\\\\\\\"skewyout\\\\\\\":\\\\\\\"0\\\\\\\",\\\\\\\"scalexout\\\\\\\":\\\\\\\"1\\\\\\\",\\\\\\\"scaleyout\\\\\\\":\\\\\\\"1\\\\\\\",\\\\\\\"parallaxlevel\\\\\\\":\\\\\\\"0\\\\\\\"}\",\"url\":\"\",\"target\":\"_self\",\"styles\":\"{}\",\"top\":\"193px\",\"left\":\"802px\",\"style\":\"opacity:0.8;\",\"id\":\"\",\"class\":\"\",\"title\":\"\",\"alt\":\"\",\"rel\":\"\"},{\"subtitle\":\"Layer #6\",\"media\":\"text\",\"type\":\"p\",\"imageId\":\"\",\"image\":\"\",\"html\":\"Get Started Now\",\"post_text_length\":\"\",\"transition\":\"{\\\\\\\"offsetxin\\\\\\\":\\\\\\\"0\\\\\\\",\\\\\\\"offsetyin\\\\\\\":\\\\\\\"80\\\\\\\",\\\\\\\"durationin\\\\\\\":\\\\\\\"1000\\\\\\\",\\\\\\\"delayin\\\\\\\":\\\\\\\"5500\\\\\\\",\\\\\\\"easingin\\\\\\\":\\\\\\\"easeOutBack\\\\\\\",\\\\\\\"fadein\\\\\\\":true,\\\\\\\"rotatein\\\\\\\":\\\\\\\"0\\\\\\\",\\\\\\\"rotatexin\\\\\\\":\\\\\\\"0\\\\\\\",\\\\\\\"rotateyin\\\\\\\":\\\\\\\"0\\\\\\\",\\\\\\\"transformoriginin\\\\\\\":\\\\\\\"50% 50% 0\\\\\\\",\\\\\\\"skewxin\\\\\\\":\\\\\\\"0\\\\\\\",\\\\\\\"skewyin\\\\\\\":\\\\\\\"0\\\\\\\",\\\\\\\"scalexin\\\\\\\":\\\\\\\"1\\\\\\\",\\\\\\\"scaleyin\\\\\\\":\\\\\\\"1\\\\\\\",\\\\\\\"offsetxout\\\\\\\":\\\\\\\"0\\\\\\\",\\\\\\\"offsetyout\\\\\\\":\\\\\\\"-80\\\\\\\",\\\\\\\"durationout\\\\\\\":\\\\\\\"400\\\\\\\",\\\\\\\"showuntil\\\\\\\":\\\\\\\"0\\\\\\\",\\\\\\\"easingout\\\\\\\":\\\\\\\"easeInOutQuint\\\\\\\",\\\\\\\"fadeout\\\\\\\":true,\\\\\\\"rotateout\\\\\\\":\\\\\\\"0\\\\\\\",\\\\\\\"rotatexout\\\\\\\":\\\\\\\"0\\\\\\\",\\\\\\\"rotateyout\\\\\\\":\\\\\\\"0\\\\\\\",\\\\\\\"transformoriginout\\\\\\\":\\\\\\\"50% 50% 0\\\\\\\",\\\\\\\"skewxout\\\\\\\":\\\\\\\"0\\\\\\\",\\\\\\\"skewyout\\\\\\\":\\\\\\\"0\\\\\\\",\\\\\\\"scalexout\\\\\\\":\\\\\\\"1\\\\\\\",\\\\\\\"scaleyout\\\\\\\":\\\\\\\"1\\\\\\\",\\\\\\\"parallaxlevel\\\\\\\":\\\\\\\"0\\\\\\\"}\",\"url\":\"\",\"target\":\"_self\",\"styles\":\"{\\\\\\\"padding-top\\\\\\\":\\\\\\\"12\\\\\\\",\\\\\\\"padding-right\\\\\\\":\\\\\\\"24\\\\\\\",\\\\\\\"padding-bottom\\\\\\\":\\\\\\\"12\\\\\\\",\\\\\\\"padding-left\\\\\\\":\\\\\\\"24\\\\\\\",\\\\\\\"font-size\\\\\\\":\\\\\\\"14\\\\\\\",\\\\\\\"color\\\\\\\":\\\\\\\"000\\\\\\\",\\\\\\\"background\\\\\\\":\\\\\\\"#FFF\\\\\\\",\\\\\\\"border-radius\\\\\\\":\\\\\\\"2\\\\\\\"}\",\"top\":\"370px\",\"left\":\"487px\",\"style\":\"font-weight:600;text-transform:uppercase;\",\"id\":\"\",\"class\":\"\",\"title\":\"\",\"alt\":\"\",\"rel\":\"\"}]}]}',1606456330,1606456330,0,0,0,0,0);

--
-- Table structure for table `wp_layerslider_revisions`
--

CREATE TABLE `wp_layerslider_revisions` (
  `id` int(10) NOT NULL AUTO_INCREMENT,
  `slider_id` int(10) NOT NULL,
  `author` int(10) NOT NULL DEFAULT 0,
  `data` mediumtext COLLATE utf8mb4_unicode_ci NOT NULL,
  `date_c` int(10) NOT NULL,
  PRIMARY KEY (`id`)
) ENGINE=MyISAM DEFAULT CHARSET=utf8mb4 COLLATE=utf8mb4_unicode_ci;

--
-- Dumping data for table `wp_layerslider_revisions`
--


--
-- Table structure for table `wp_learnpress_order_itemmeta`
--

CREATE TABLE `wp_learnpress_order_itemmeta` (
  `meta_id` bigint(20) unsigned NOT NULL AUTO_INCREMENT,
  `learnpress_order_item_id` bigint(20) unsigned NOT NULL DEFAULT 0,
  `meta_key` varchar(45) COLLATE utf8mb4_unicode_ci NOT NULL DEFAULT '',
  `meta_value` longtext COLLATE utf8mb4_unicode_ci NOT NULL,
  PRIMARY KEY (`meta_id`)
) ENGINE=MyISAM DEFAULT CHARSET=utf8mb4 COLLATE=utf8mb4_unicode_ci;

--
-- Dumping data for table `wp_learnpress_order_itemmeta`
--


--
-- Table structure for table `wp_learnpress_order_items`
--

CREATE TABLE `wp_learnpress_order_items` (
  `order_item_id` bigint(20) unsigned NOT NULL AUTO_INCREMENT,
  `order_item_name` longtext COLLATE utf8mb4_unicode_ci NOT NULL,
  `order_id` bigint(20) unsigned NOT NULL DEFAULT 0,
  PRIMARY KEY (`order_item_id`)
) ENGINE=MyISAM DEFAULT CHARSET=utf8mb4 COLLATE=utf8mb4_unicode_ci;

--
-- Dumping data for table `wp_learnpress_order_items`
--


--
-- Table structure for table `wp_learnpress_question_answermeta`
--

CREATE TABLE `wp_learnpress_question_answermeta` (
  `meta_id` bigint(20) unsigned NOT NULL AUTO_INCREMENT,
  `learnpress_question_answer_id` bigint(20) unsigned NOT NULL,
  `meta_key` varchar(45) COLLATE utf8mb4_unicode_ci NOT NULL DEFAULT '',
  `meta_value` text COLLATE utf8mb4_unicode_ci NOT NULL,
  PRIMARY KEY (`meta_id`)
) ENGINE=MyISAM DEFAULT CHARSET=utf8mb4 COLLATE=utf8mb4_unicode_ci;

--
-- Dumping data for table `wp_learnpress_question_answermeta`
--


--
-- Table structure for table `wp_learnpress_question_answers`
--

CREATE TABLE `wp_learnpress_question_answers` (
  `question_answer_id` bigint(20) unsigned NOT NULL AUTO_INCREMENT,
  `question_id` bigint(20) unsigned NOT NULL DEFAULT 0,
  `answer_data` text COLLATE utf8mb4_unicode_ci NOT NULL,
  `answer_order` bigint(20) unsigned NOT NULL DEFAULT 0,
  PRIMARY KEY (`question_answer_id`)
) ENGINE=MyISAM AUTO_INCREMENT=315 DEFAULT CHARSET=utf8mb4 COLLATE=utf8mb4_unicode_ci;

--
-- Dumping data for table `wp_learnpress_question_answers`
--

INSERT INTO `wp_learnpress_question_answers` VALUES (1,981,'a:3:{s:4:\"text\";s:126:\"Perveniant praeteritorum est alienum dexteram sponte prioris relinqueret splendidior terras eligant praestantia dicitis [TRUE]\";s:5:\"value\";s:32:\"830e9ab53d417795ec58dba1875044fa\";s:7:\"is_true\";s:3:\"yes\";}',0),(2,981,'a:3:{s:4:\"text\";s:120:\"Euripidesconcludam citius vident habet mirum modestiam postulo fidenter fecisset galloni fiant reliquisti instituendarum\";s:5:\"value\";s:32:\"0fcb565dfe15869b78265e6de2dc4448\";s:7:\"is_true\";s:2:\"no\";}',0),(3,982,'a:3:{s:4:\"text\";s:101:\"Gravissimum corpore dicuntur statuat natura vartutis turpe scilicet pertinere descensio ductus [TRUE]\";s:5:\"value\";s:32:\"da5839ead157962ab991183f137ca564\";s:7:\"is_true\";s:3:\"yes\";}',0),(4,982,'a:3:{s:4:\"text\";s:94:\"Seseque pro niteat amicitiam docuit dasne agimus oblita insanos quibusnam inde delectant teneo\";s:5:\"value\";s:32:\"183b5b6568daf9aeb9717483adb0af7f\";s:7:\"is_true\";s:2:\"no\";}',0),(5,982,'a:3:{s:4:\"text\";s:102:\"Posui oblectationem discendi eademne regis obscurius postulet aristotele per putet acerrimus attendere\";s:5:\"value\";s:32:\"ca0e765dd0d2d5c52dd2238c852d7ce3\";s:7:\"is_true\";s:2:\"no\";}',0),(6,983,'a:3:{s:4:\"text\";s:73:\"Totas elementa vere pellit illuc erit impudens vincunt teste fuisse summo\";s:5:\"value\";s:32:\"14e46a7582ac64895bd49e3ca9f0e5c5\";s:7:\"is_true\";s:2:\"no\";}',0),(7,983,'a:3:{s:4:\"text\";s:103:\"Translatum tria praecipue doctrina commovere sensim necesse scaevolam quoad confitentem vacuitas rursus\";s:5:\"value\";s:32:\"4792fbdd6a3b4eddee4e38b88ee9b9f6\";s:7:\"is_true\";s:2:\"no\";}',0),(8,983,'a:3:{s:4:\"text\";s:114:\"Male investigatio eaque putabit audire cuius age libidinosam flagitiose sapiens causa quis ludus videretur ceperit\";s:5:\"value\";s:32:\"283d554cbe3714806da952eaf839cb67\";s:7:\"is_true\";s:2:\"no\";}',0),(9,983,'a:3:{s:4:\"text\";s:121:\"Prope ipsae perpetua vitia potero voluptates vulgo disseramus nequiter diligimus respondeas cari reliquo praesidii [TRUE]\";s:5:\"value\";s:32:\"b2c529b4fc3a4be32c1bf83f3dce770a\";s:7:\"is_true\";s:3:\"yes\";}',0),(10,983,'a:3:{s:4:\"text\";s:132:\"Parvo splendida quisquam audacius tubulo civitas reprehensione audiamus senescit convincunturque addidisti torquate socium perspicis\";s:5:\"value\";s:32:\"dd74bb10cfe0afdd48e999102b66648f\";s:7:\"is_true\";s:2:\"no\";}',0),(11,984,'a:3:{s:4:\"text\";s:94:\"Offendit contrario putet macello promerem caeleste multarum experiamur liquidius comprobatione\";s:5:\"value\";s:32:\"d660c29b6578b1a191ccb9a7c1b9b245\";s:7:\"is_true\";s:2:\"no\";}',0),(12,984,'a:3:{s:4:\"text\";s:106:\"Tenebris inquis anulus sint partem tale similia negotium splendidior sic concinant praestantia tibi [TRUE]\";s:5:\"value\";s:32:\"aa88e18fa46ad9ac33b329f9a701fc4b\";s:7:\"is_true\";s:3:\"yes\";}',0),(13,985,'a:3:{s:4:\"text\";s:101:\"Mallet primisque male don retineat corporis locuples affectiones difficultate autem tuus voluptatibus\";s:5:\"value\";s:32:\"35911445a901812596eac27d39868489\";s:7:\"is_true\";s:2:\"no\";}',0),(14,985,'a:3:{s:4:\"text\";s:105:\"Desiderat eos oppidum ipsam fecit habendus beatissimum hominibus omnium ego percipiet disputatum relictae\";s:5:\"value\";s:32:\"470fb8cd86919e15d53a7b6e03127b4d\";s:7:\"is_true\";s:2:\"no\";}',0),(15,985,'a:3:{s:4:\"text\";s:98:\"Meo cognitionem contemni patrocinium peti peripatetici mala statui reprehendi proficiscitur [TRUE]\";s:5:\"value\";s:32:\"3ef7d196323b05191ac0a89fd568a67a\";s:7:\"is_true\";s:3:\"yes\";}',0),(16,985,'a:3:{s:4:\"text\";s:108:\"Ausus facere cognitum videris aristoteli dominorum accepimus stante iocabor proclivi graeco ortus concedamus\";s:5:\"value\";s:32:\"5c8d8aea982fb7cc7cf1ee0fc8e4feb0\";s:7:\"is_true\";s:2:\"no\";}',0),(17,985,'a:3:{s:4:\"text\";s:112:\"Sapientem dissensio caducum reliquo elementa futtiles habemus ambiguo seiuncta sine fugiam locus honestum [TRUE]\";s:5:\"value\";s:32:\"49252300fe10d80458af091962634e2a\";s:7:\"is_true\";s:3:\"yes\";}',0),(18,986,'a:3:{s:4:\"text\";s:67:\"Agendum testata ceteri vivi discere memoria ponat t lebat detractus\";s:5:\"value\";s:32:\"ce61f8d894ff11b3d69bea3d198acc68\";s:7:\"is_true\";s:2:\"no\";}',0),(19,986,'a:3:{s:4:\"text\";s:74:\"Nobisne quippe subito tuetur hac diligenter invidus menses quasi principia\";s:5:\"value\";s:32:\"9695d8acb78b79cef814e6fa1de80ea6\";s:7:\"is_true\";s:2:\"no\";}',0),(20,986,'a:3:{s:4:\"text\";s:107:\"Tiberina aliquando abducas caecitas illud acti praeteritis aristo supremum exorsus superiori eaque carneade\";s:5:\"value\";s:32:\"c76c5e8d9679ef71c3f08e85c10bd0d6\";s:7:\"is_true\";s:2:\"no\";}',0),(21,986,'a:3:{s:4:\"text\";s:78:\"Vulgo horum magnitudine haberent melius eam delectant quosdam prudenter persem\";s:5:\"value\";s:32:\"d85409ae2af5cd88be5e5b1aa3366f51\";s:7:\"is_true\";s:2:\"no\";}',0),(22,986,'a:3:{s:4:\"text\";s:137:\"Varietates excitaret tractat rursus appellat praeceptum legimus assignatum percipitur prorsus progressionis evolare paradoca omnis [TRUE]\";s:5:\"value\";s:32:\"c1333c89030a68ee47c722dc76bf010d\";s:7:\"is_true\";s:3:\"yes\";}',0),(23,987,'a:3:{s:4:\"text\";s:128:\"Omittamus audissem disputatum hilare ardentem coercendi aliter heri voluit extiterunt comparandis triarium festinanter voluptate\";s:5:\"value\";s:32:\"c2f98b6e5285c7a83c7f1d268808d630\";s:7:\"is_true\";s:2:\"no\";}',0),(24,987,'a:3:{s:4:\"text\";s:114:\"Laudata fallare quoquo cariorem praeterea pleniorem strato tam salvum vacuitatem latina nihilo delectabatur [TRUE]\";s:5:\"value\";s:32:\"dff3cd38bcfe03ed48bcbe552d45cb8f\";s:7:\"is_true\";s:3:\"yes\";}',0),(25,988,'a:3:{s:4:\"text\";s:121:\"Miserum animal callidus scisse paradoca vitium iam facias generis occultissimarum omittam contingit magnitudinis disputat\";s:5:\"value\";s:32:\"405d8b06b9c77348b84cf70e550b5c3a\";s:7:\"is_true\";s:2:\"no\";}',0),(26,988,'a:3:{s:4:\"text\";s:84:\"Nisi laetamur explet status sunt maior mali multitudinis sua omnia cogit suus [TRUE]\";s:5:\"value\";s:32:\"6e986dabb6039a4f8908b6c3766f8197\";s:7:\"is_true\";s:3:\"yes\";}',0),(27,988,'a:3:{s:4:\"text\";s:78:\"Scripta mihi forte degendae adiunxit probarentur luxuriosus laetitia possit cn\";s:5:\"value\";s:32:\"3d597ddd2e536b103ce0939b24ea30f7\";s:7:\"is_true\";s:2:\"no\";}',0),(28,989,'a:3:{s:4:\"text\";s:102:\"Apta quamvis expetendam oblectationem appellabant vivebat ceteri videbis dulce malumus luxuriae [TRUE]\";s:5:\"value\";s:32:\"ae9f43c75bd7aaee925cb9c31a1b5096\";s:7:\"is_true\";s:3:\"yes\";}',0),(29,989,'a:3:{s:4:\"text\";s:105:\"Casu contemnunt tarentum praecipue vituperanda disceptari dolorem videndum exquirere paulo mutare alienos\";s:5:\"value\";s:32:\"7d39f451945869cd3311737d227437b9\";s:7:\"is_true\";s:2:\"no\";}',0),(30,990,'a:3:{s:4:\"text\";s:120:\"Pro summo anulum vestra fruitur paginas innumerabilia illinc magos lucius germen cognitione posidonium facillimum [TRUE]\";s:5:\"value\";s:32:\"0667a0a5f0f2e538dfdfe3193b51daa0\";s:7:\"is_true\";s:3:\"yes\";}',0),(31,990,'a:3:{s:4:\"text\";s:112:\"Dissensione audiebant ductus illius dare beatiorem vultum arripuit verecundius natalem estmata consolando multis\";s:5:\"value\";s:32:\"ba6bc6e8eb2cc76c430eb9cbabe3d284\";s:7:\"is_true\";s:2:\"no\";}',0),(32,990,'a:3:{s:4:\"text\";s:93:\"Putes publicarum tollenda humanis consul ipsae dicitis effectrix gloriosa don appellocommunia\";s:5:\"value\";s:32:\"da10ece3ea60ea8c4f569b9f5445d6c0\";s:7:\"is_true\";s:2:\"no\";}',0),(33,990,'a:3:{s:4:\"text\";s:135:\"Inveniri testimonium fugiam coniungi congressus potestis sequantur isti renovata actione quaerunt diligentissime improbo maiorem [TRUE]\";s:5:\"value\";s:32:\"9cd14ec39d5a33951ac592ccf8a836d3\";s:7:\"is_true\";s:3:\"yes\";}',0),(34,991,'a:3:{s:4:\"text\";s:121:\"Vincitur lenius existimare doleas putandum at ipsos cenare probavit intellegunt contemnendis fortepossumus aculeis [TRUE]\";s:5:\"value\";s:32:\"c405fa7b188ec43f6503df33bacf198a\";s:7:\"is_true\";s:3:\"yes\";}',0),(35,991,'a:3:{s:4:\"text\";s:89:\"Exposuit videretur anguiculos re sic frater variari aliena diligens mordicus hi quaeritur\";s:5:\"value\";s:32:\"8080d7c476ad59440cdbae98b843fba5\";s:7:\"is_true\";s:2:\"no\";}',0),(36,991,'a:3:{s:4:\"text\";s:103:\"Inquam sumus iniquus factum laudi pisonem ponat dis tertium postumius iniquum disputat confusio commode\";s:5:\"value\";s:32:\"5966961fd51c72fd7d05f67bc0ff7435\";s:7:\"is_true\";s:2:\"no\";}',0),(37,992,'a:3:{s:4:\"text\";s:123:\"Niteat ante quic illae delectabatur opus philosophiam quamvis polliceretur q quaestio vario sciat appellamus possint [TRUE]\";s:5:\"value\";s:32:\"abefa7c7e8eadd961f86ce2a09a8e4bb\";s:7:\"is_true\";s:3:\"yes\";}',0),(38,992,'a:3:{s:4:\"text\";s:124:\"Reiecta divitiae moderati enam posuisti deducimur facilis perturbationes postea istic sentit veterum maximum cupit rogatione\";s:5:\"value\";s:32:\"e6a58ca20055608107a38b9a990e404f\";s:7:\"is_true\";s:2:\"no\";}',0),(39,993,'a:3:{s:4:\"text\";s:104:\"Opprimenda cor imperio destiterit summi philosophiam occultum lucullo tu ipsis sanctos hereditate [TRUE]\";s:5:\"value\";s:32:\"eacd9b62f012008515b1aff4b3ea56b5\";s:7:\"is_true\";s:3:\"yes\";}',0),(40,993,'a:3:{s:4:\"text\";s:78:\"Pertinere videat more longi dicerem cupiditates nisi consentaneum quae poterat\";s:5:\"value\";s:32:\"599c87653d749b0947fd8a82104c3580\";s:7:\"is_true\";s:2:\"no\";}',0),(41,994,'a:3:{s:4:\"text\";s:110:\"Accusante neutrum amicitiis interest mortem nihilo multitudinis extrinsecus frangi voluptatum acceperit [TRUE]\";s:5:\"value\";s:32:\"bd92300aaca183d0cc7d97c2929bd3fd\";s:7:\"is_true\";s:3:\"yes\";}',0),(42,994,'a:3:{s:4:\"text\";s:77:\"Utrum ad quo illuc effecit aristippi memoriae cognoscenda vestro quo haberent\";s:5:\"value\";s:32:\"03acf3adcf15bb979ac4266600d7f7a5\";s:7:\"is_true\";s:2:\"no\";}',0),(43,995,'a:3:{s:4:\"text\";s:110:\"Arcesilas memini liceat testamento esset puto sim expressa contrariae conservatorem reges dicta audire hominum\";s:5:\"value\";s:32:\"afe8f21956b2b493cd44b4b67b30974d\";s:7:\"is_true\";s:2:\"no\";}',0),(44,995,'a:3:{s:4:\"text\";s:101:\"Expetenda rhetorice extrerno frugaliter aeternum virum auctis nominis metuetur propterea inventoribus\";s:5:\"value\";s:32:\"963bcc1797b1c4fe67c61c22dc207b9d\";s:7:\"is_true\";s:2:\"no\";}',0),(45,995,'a:3:{s:4:\"text\";s:113:\"Videor opinor iucundius arcesilas dempta scripta epicuri atque praeposatum torqueatur suae exorsus commota [TRUE]\";s:5:\"value\";s:32:\"15d5a512c8a26aa3530fc3d2ae788885\";s:7:\"is_true\";s:3:\"yes\";}',0),(46,995,'a:3:{s:4:\"text\";s:106:\"Et deinde repugnet deseruit callido eligant praesidium dividit negant virtutes putamus constituendo [TRUE]\";s:5:\"value\";s:32:\"5cf6d2a78910134e5073eeacad9a4424\";s:7:\"is_true\";s:3:\"yes\";}',0),(47,995,'a:3:{s:4:\"text\";s:126:\"Appellas ageremus nostram potestate caret egens suavis laudari aetatem similiora adversum postulet velim porro universa [TRUE]\";s:5:\"value\";s:32:\"f13722b305b2bb51dc3c7f8747ae71eb\";s:7:\"is_true\";s:3:\"yes\";}',0),(48,1009,'a:3:{s:4:\"text\";s:114:\"Disputatum videtis diligentissime putamus copiose principia docuit cariorem habet partam unaque insipientium tamen\";s:5:\"value\";s:32:\"66b9939f5ace665cfe01bebc898d1d9c\";s:7:\"is_true\";s:2:\"no\";}',0),(49,1009,'a:3:{s:4:\"text\";s:111:\"Postumius kakaw libros usitate multarum restinguet parens cari ultimum innumerabilia qualem nos plurimum manere\";s:5:\"value\";s:32:\"67ad48658254306d267c98935b55e940\";s:7:\"is_true\";s:2:\"no\";}',0),(50,1009,'a:3:{s:4:\"text\";s:125:\"Loco audientis praeter sententiam animo aberramus similitudines drusum sequantur destiterit quintus sententia sua pervidendum\";s:5:\"value\";s:32:\"387ee64cbef07036f4d6ddc764c8cc52\";s:7:\"is_true\";s:2:\"no\";}',0),(51,1009,'a:3:{s:4:\"text\";s:118:\"Suam beato elegantiam posuisti ingenio uberiora studiose consequentia gaudere cenent satietate adhuc negat comparandis\";s:5:\"value\";s:32:\"ec741680251b118393cc13e9b9683a22\";s:7:\"is_true\";s:2:\"no\";}',0),(52,1009,'a:3:{s:4:\"text\";s:115:\"Lyco videbimus certum quali tamen collatio ipsum difficultate volueramus comparandis sempiternam phaedro sic [TRUE]\";s:5:\"value\";s:32:\"9ff29e4bd03651d0aa82d3dc965c5b96\";s:7:\"is_true\";s:3:\"yes\";}',0),(53,1010,'a:3:{s:4:\"text\";s:103:\"Vacuitas anulus nosti haesitaret valitudo refers inponebat manliana minor conferta leges dicitur [TRUE]\";s:5:\"value\";s:32:\"f35b9659cfe3737f57e69682ea1575f0\";s:7:\"is_true\";s:3:\"yes\";}',0),(54,1010,'a:3:{s:4:\"text\";s:103:\"Vivendi possit primo praesertim vitarum paria rem sumus post munus potius accessio ponatur contemnendis\";s:5:\"value\";s:32:\"bf21877341b792dcd15dd48e4c7647d6\";s:7:\"is_true\";s:2:\"no\";}',0),(55,1010,'a:3:{s:4:\"text\";s:90:\"Videsne fortitudinis habemus arbitrantur academia paucis videntur affectum genere capienda\";s:5:\"value\";s:32:\"660c3dcfb987174556ed6b13e3cb2314\";s:7:\"is_true\";s:2:\"no\";}',0),(56,1011,'a:3:{s:4:\"text\";s:150:\"Plane paulumque delectabatur perpetiuntur humano ostendit dividit oportunitatis iucunde moderati videntes desiderat constituto quoquo semovenda [TRUE]\";s:5:\"value\";s:32:\"20712e8fcf2753d373d6fb274dc9dc20\";s:7:\"is_true\";s:3:\"yes\";}',0),(57,1011,'a:3:{s:4:\"text\";s:95:\"Iocabor dicuntur paulumque per sumus malumus comparandis absolvere meliusque levem ea disputari\";s:5:\"value\";s:32:\"e1c2d49f5eeb00e4946392161a90c627\";s:7:\"is_true\";s:2:\"no\";}',0),(58,1011,'a:3:{s:4:\"text\";s:110:\"Labores dacere necessariae virtutem poterit clariora probarem loquar exigit renovata laelius praetermittentium\";s:5:\"value\";s:32:\"856af28900df288f05cd6bd0ae2507b7\";s:7:\"is_true\";s:2:\"no\";}',0),(59,1012,'a:3:{s:4:\"text\";s:89:\"Avarus addo uterque dominante conatum interemit gravissimo usitate sitis sitne sustinebit\";s:5:\"value\";s:32:\"617020b4578f3555522eb32557c7e4dd\";s:7:\"is_true\";s:2:\"no\";}',0),(60,1012,'a:3:{s:4:\"text\";s:105:\"Sitienti reliquam laboret utinam pueri laboro senatu minor cenabat malumus ista pretiosissimis his beatam\";s:5:\"value\";s:32:\"1b2e77930e7d40285e127caa5132ec76\";s:7:\"is_true\";s:2:\"no\";}',0),(61,1012,'a:3:{s:4:\"text\";s:88:\"Addidisti sapientia mali iudicant dicunt carneade commissis graece more dixerim spem hic\";s:5:\"value\";s:32:\"636a20abe5235064f2e86e8fd788cfdf\";s:7:\"is_true\";s:2:\"no\";}',0),(62,1012,'a:3:{s:4:\"text\";s:105:\"Dicere facilius autem molliorque negare animantium inponebat praesertim coluit concedatur diligens [TRUE]\";s:5:\"value\";s:32:\"61401b2df93079947c4b71b457f92540\";s:7:\"is_true\";s:3:\"yes\";}',0),(63,1012,'a:3:{s:4:\"text\";s:87:\"Secundae potestate felicem placet tantam utrumque liceat dignissimum ancillae pleniorem\";s:5:\"value\";s:32:\"1c67432e4a2cf8088bdc25b69eaaee48\";s:7:\"is_true\";s:2:\"no\";}',0),(64,1013,'a:3:{s:4:\"text\";s:133:\"Praecordiis oris sententias doceant solum postulet dignum reprehenderim animalibus decimano et accepit usitate suavitatem nare [TRUE]\";s:5:\"value\";s:32:\"51a729630b4933d25cf5a0ba08b48fa4\";s:7:\"is_true\";s:3:\"yes\";}',0),(65,1013,'a:3:{s:4:\"text\";s:114:\"Aequas optimi optimo difficilius impedit murenam cn pertimuit graecum concessis libero scientia aliud vocant aliis\";s:5:\"value\";s:32:\"36e61f928a533d9514736b9ed21150f7\";s:7:\"is_true\";s:2:\"no\";}',0),(66,1013,'a:3:{s:4:\"text\";s:107:\"Debuerunt comitetur isto diligens tractandos dissensione clariora declinavi laetitia nominare potuit recuso\";s:5:\"value\";s:32:\"d4d442ecea5d60709596c38c1b02e8d5\";s:7:\"is_true\";s:2:\"no\";}',0),(67,1013,'a:3:{s:4:\"text\";s:120:\"Dicentibus satisne torquentur deferret ambulet suavis revertendum offensione gumias defendere copiose verberibus scissem\";s:5:\"value\";s:32:\"165f5848c86e23907eb2a2bcc50ebe92\";s:7:\"is_true\";s:2:\"no\";}',0),(68,1014,'a:3:{s:4:\"text\";s:118:\"Ancillae oculorum valet hae signa solere reliquorum labores heredem regulum exul is congressu moderati poterunt [TRUE]\";s:5:\"value\";s:32:\"7a262b303641b7b0d75f8ada11a60387\";s:7:\"is_true\";s:3:\"yes\";}',0),(69,1014,'a:3:{s:4:\"text\";s:125:\"Stadia consideret contra esto cognitionem non futtiles nondum theophrastus vocantur comprehenditur constructio uti plus docet\";s:5:\"value\";s:32:\"13ecd2609b1bc8fa817c96340493afae\";s:7:\"is_true\";s:2:\"no\";}',0),(70,1015,'a:3:{s:4:\"text\";s:77:\"Magnifice vere persequi sentire adiit d extrerno censes laetamur anxio [TRUE]\";s:5:\"value\";s:32:\"719bf20a173dedd0dc056518faa8fd2e\";s:7:\"is_true\";s:3:\"yes\";}',0),(71,1015,'a:3:{s:4:\"text\";s:85:\"Mallem comparandam optimis voluptatibus historia magnam utram coercendi quaeri citius\";s:5:\"value\";s:32:\"c560e34451cadd134d8b570be8add5a7\";s:7:\"is_true\";s:2:\"no\";}',0),(72,1016,'a:3:{s:4:\"text\";s:113:\"Istam latinum quin contingit sine negat graecis doceant luci sequens caeleste adesse imperatores erechthei [TRUE]\";s:5:\"value\";s:32:\"8eae88ad211d504d74fbb1d69ebc74f0\";s:7:\"is_true\";s:3:\"yes\";}',0),(73,1016,'a:3:{s:4:\"text\";s:99:\"Annum subicias officio sextilius sciret fingas loco eadem hinc statueris finxerit veteris aetatibus\";s:5:\"value\";s:32:\"31f2f7cf8a0ab02f2706a0070dae9fc4\";s:7:\"is_true\";s:2:\"no\";}',0),(74,1016,'a:3:{s:4:\"text\";s:85:\"Auctoritas poterat vocas liberos aditus easque conclusum pugnem mavis probavit [TRUE]\";s:5:\"value\";s:32:\"07ef3e9635add49f0eff9ac280087b4e\";s:7:\"is_true\";s:3:\"yes\";}',0),(75,1017,'a:3:{s:4:\"text\";s:92:\"Redeamus inveniri corpus propterea actio commota additis atque innumerabilia speculis [TRUE]\";s:5:\"value\";s:32:\"48c8fdc14ea29e56c61be0240b056d66\";s:7:\"is_true\";s:3:\"yes\";}',0),(76,1017,'a:3:{s:4:\"text\";s:89:\"Tubulus probarem nominis copiosiorem aliquantum comminiscebatur rem surrexit vestro licet\";s:5:\"value\";s:32:\"a7dcf569f13a02b47c7d29a5994a5a2c\";s:7:\"is_true\";s:2:\"no\";}',0),(77,1018,'a:3:{s:4:\"text\";s:106:\"Hos parte graecorum arcana barbarorum dolorem contrario die quaerebam isto nullus eamque mene longa [TRUE]\";s:5:\"value\";s:32:\"27dfef22481a9e293b80c11c54fa9afa\";s:7:\"is_true\";s:3:\"yes\";}',0),(78,1018,'a:3:{s:4:\"text\";s:115:\"Disputari pravitatis non sapientiam assignatum contenti tuae secundae iacere videremus spelunca formam artis [TRUE]\";s:5:\"value\";s:32:\"21eac2555d036dcb34e8c67974c76b20\";s:7:\"is_true\";s:3:\"yes\";}',0),(79,1018,'a:3:{s:4:\"text\";s:98:\"Serviremus scribebamus actionemque exquirere cyrenaicos vacabit formosum coniunxisset sit clariora\";s:5:\"value\";s:32:\"2ef88a5260af990c2ec86ab7befa6a17\";s:7:\"is_true\";s:2:\"no\";}',0),(80,1019,'a:3:{s:4:\"text\";s:107:\"Negaret intercludat orationis versum prohiberet dic comparandam imperio aditus egone perdiscere unde [TRUE]\";s:5:\"value\";s:32:\"a504569c7ae4005e19a61054e89e103e\";s:7:\"is_true\";s:3:\"yes\";}',0),(81,1019,'a:3:{s:4:\"text\";s:116:\"Audissem videantur cognosci porro postulet auribus etiamsi patria progressionem tamen diviserunt exquisita scribimus\";s:5:\"value\";s:32:\"4a756251bd42aff053cea948e8374ef9\";s:7:\"is_true\";s:2:\"no\";}',0),(82,1019,'a:3:{s:4:\"text\";s:100:\"Disserendi consequentibus qui praetermissa aeque dignissimum testata quod levem necessariae augendae\";s:5:\"value\";s:32:\"085b0009e07f9584ca6b2e894d6b238e\";s:7:\"is_true\";s:2:\"no\";}',0),(83,1020,'a:3:{s:4:\"text\";s:90:\"Scripta puerum condemnata experiamur illo dirigentes dicente falsone probat dolendi quarum\";s:5:\"value\";s:32:\"3f1be8e87d3ad3748d5431a4e1bd01ab\";s:7:\"is_true\";s:2:\"no\";}',0),(84,1020,'a:3:{s:4:\"text\";s:128:\"Litigiosam videt debemus adolescentulus orbus desciscendi ageretur quia minuis corpusne obrui adduceret ullo controversia [TRUE]\";s:5:\"value\";s:32:\"558394e0c9395447f3b5af48f227966e\";s:7:\"is_true\";s:3:\"yes\";}',0),(85,1021,'a:3:{s:4:\"text\";s:80:\"Videlicet scissem summi hic etsi eum amarum acerrimus ratio reliquam gravitasque\";s:5:\"value\";s:32:\"4d7825363ea61b3ae75d0dbc4286d322\";s:7:\"is_true\";s:2:\"no\";}',0),(86,1021,'a:3:{s:4:\"text\";s:122:\"Illo malitiae orbus dacere amentem turpis meminerimus saepius tenent ridens hostes philodemum absolvere cupiditates [TRUE]\";s:5:\"value\";s:32:\"8748b485668f63492458b2153609e202\";s:7:\"is_true\";s:3:\"yes\";}',0),(87,1021,'a:3:{s:4:\"text\";s:118:\"Beata intellegimus redargueret quo defenderem levantur illis pater rapior valet illuc dubitabit aperitur maria facilis\";s:5:\"value\";s:32:\"e245f745fea62e79a6de73c609136d50\";s:7:\"is_true\";s:2:\"no\";}',0),(88,1022,'a:3:{s:4:\"text\";s:109:\"Nemo praeclarae acies hunc pertimuit tam scripta eam convenit nimium satisfacit arbitrantur populum acciderat\";s:5:\"value\";s:32:\"2ce414d7d6a64e218e5d02e6965425b1\";s:7:\"is_true\";s:2:\"no\";}',0),(89,1022,'a:3:{s:4:\"text\";s:117:\"Neutrum suffragio malane potestate pendere luxuriam relicta beatissimum ardentis origo pythagora oboediens expetendum\";s:5:\"value\";s:32:\"379d153b9b577fc2f226474276d7cf65\";s:7:\"is_true\";s:2:\"no\";}',0),(90,1022,'a:3:{s:4:\"text\";s:120:\"Homines quaeri vidisse amicitiis aequius videri oportunitatis intellegunt saepe iucundi mutandi contemnere habeat [TRUE]\";s:5:\"value\";s:32:\"ceef9cbbda55ceefdbeb3ec54550509a\";s:7:\"is_true\";s:3:\"yes\";}',0),(91,1022,'a:3:{s:4:\"text\";s:110:\"Finem aristoteles consequentibus ignorat tot faciam dissentit dubitet illos omnisque efficitur explicandum rem\";s:5:\"value\";s:32:\"0d809229beccbd77253919050681d15c\";s:7:\"is_true\";s:2:\"no\";}',0),(92,1022,'a:3:{s:4:\"text\";s:110:\"Flagitiosa verbi commoda iniquus nesciam verum attinet illa advesperascit illuc exquisita postulo ornatu ducas\";s:5:\"value\";s:32:\"91e4ea2fe2602e1f233fb96a3b183cc0\";s:7:\"is_true\";s:2:\"no\";}',0),(93,1023,'a:3:{s:4:\"text\";s:118:\"Rursus stoicus iocans peccetur codrum thorius paria habentur melius hortandus sapientium molliorque maenae bene [TRUE]\";s:5:\"value\";s:32:\"cde311eb0094a3f2b950509a0adf5237\";s:7:\"is_true\";s:3:\"yes\";}',0),(94,1023,'a:3:{s:4:\"text\";s:106:\"Verborumne inveniri vitabis indicant contingit sironem corrigere acies pudebit possumus obscuris varietate\";s:5:\"value\";s:32:\"8163ab105d04c97a5a16acfdc64281c0\";s:7:\"is_true\";s:2:\"no\";}',0),(95,1023,'a:3:{s:4:\"text\";s:91:\"Quaque invidus philosophos immo confestim plures nobiscum praeponunt ponat quaerenda [TRUE]\";s:5:\"value\";s:32:\"f9ffda9b8259fa4c8df69fe578ae0d1a\";s:7:\"is_true\";s:3:\"yes\";}',0),(96,1039,'a:3:{s:4:\"text\";s:113:\"Pedes nobiscum utilitatem autem vivi dissentiunt remittunt obsequor comparari revertendum disserendo puerum illis\";s:5:\"value\";s:32:\"c583113935a2c4cb6d1c928069e45ce3\";s:7:\"is_true\";s:2:\"no\";}',0),(97,1039,'a:3:{s:4:\"text\";s:134:\"Civitatis filias invidus temperantiam visus pectus consentaneum insipiensquo laus nollet cuiusquam hereditate utebare incideret [TRUE]\";s:5:\"value\";s:32:\"fa4253752bb28a1a7194fe5eea580551\";s:7:\"is_true\";s:3:\"yes\";}',0),(98,1040,'a:3:{s:4:\"text\";s:81:\"Tollere defendere probas aestimabat lorem p versutum mox errat obsequor expectare\";s:5:\"value\";s:32:\"3cee1a0875bfd9f1317026b21f8863da\";s:7:\"is_true\";s:2:\"no\";}',0),(99,1040,'a:3:{s:4:\"text\";s:77:\"Originem partam sapientiae unum est dilucide inprudens oppidum libris quoniam\";s:5:\"value\";s:32:\"fa2b00872060060e3993f1e22b3cdf77\";s:7:\"is_true\";s:2:\"no\";}',0),(100,1040,'a:3:{s:4:\"text\";s:113:\"Admirationis sirenum confligendum declarat asoti video conare doctissimi terram hactenus generis accepimus [TRUE]\";s:5:\"value\";s:32:\"44f7f571cccd4f1965edaccf5e9f3c34\";s:7:\"is_true\";s:3:\"yes\";}',0),(101,1040,'a:3:{s:4:\"text\";s:123:\"Diligit auctis tamen barbarorum similitudines brevem aristidem multa positum scias summa latina sequantur destiterit [TRUE]\";s:5:\"value\";s:32:\"cf26846f2aca9cea5c38296c10962128\";s:7:\"is_true\";s:3:\"yes\";}',0),(102,1041,'a:3:{s:4:\"text\";s:104:\"Fit habemus nesciebat hortandus supremum capite praeterita neglegatur quasi usitata facit amicos possint\";s:5:\"value\";s:32:\"03436e08ccde2908f24fb34fa9fa642f\";s:7:\"is_true\";s:2:\"no\";}',0),(103,1041,'a:3:{s:4:\"text\";s:93:\"Ancillae scaevola nobilitata peragratas tanti reperiemus pertinacior excitaret avarus statuat\";s:5:\"value\";s:32:\"8db5e9e53f54e5c4643bc8c6b16fe2d4\";s:7:\"is_true\";s:2:\"no\";}',0),(104,1041,'a:3:{s:4:\"text\";s:98:\"Dissensione vitae sentias philosophos pythagora zenone suo debuit sumus tertium licebit appellamus\";s:5:\"value\";s:32:\"c206a791fec2c31dcd212217a843904a\";s:7:\"is_true\";s:2:\"no\";}',0),(105,1041,'a:3:{s:4:\"text\";s:99:\"Te contempsisse ipsam utuntur complectitur probitate plerumque optime malis posuisti decreta [TRUE]\";s:5:\"value\";s:32:\"72f0148a4ab31ba6facade288ddeb756\";s:7:\"is_true\";s:3:\"yes\";}',0),(106,1042,'a:3:{s:4:\"text\";s:130:\"Conspectus ponere proverbium eiuro capite contingit habent orationis libentius teste consequens nobis terra locuples malane [TRUE]\";s:5:\"value\";s:32:\"78205388bb15a7fb1af0f79b3926965d\";s:7:\"is_true\";s:3:\"yes\";}',0),(107,1042,'a:3:{s:4:\"text\";s:102:\"Appellet huius contrariis loquar indicia maximam multum appellat postulet mundum flagitiose voluptates\";s:5:\"value\";s:32:\"8501ee2af7824d441a8dd0237fbf65ab\";s:7:\"is_true\";s:2:\"no\";}',0),(108,1042,'a:3:{s:4:\"text\";s:76:\"Expectoque si nequiter laus amici disputare eaedem legibus virtuti sequantur\";s:5:\"value\";s:32:\"0ba84c870f2342f04af50c8cba1ac120\";s:7:\"is_true\";s:2:\"no\";}',0),(109,1042,'a:3:{s:4:\"text\";s:121:\"Democritus existimoad dilucide p sequantur dissimile liber gignit caperet accipio consuli ipsa labores habemus reliquique\";s:5:\"value\";s:32:\"6680838277c4c19c86a147234fe7e34e\";s:7:\"is_true\";s:2:\"no\";}',0),(110,1043,'a:3:{s:4:\"text\";s:79:\"Eius visa eae contraque quaeritur sentire infelix causam quisque habitus [TRUE]\";s:5:\"value\";s:32:\"4897dc0883115be63bd0f51e48433679\";s:7:\"is_true\";s:3:\"yes\";}',0),(111,1043,'a:3:{s:4:\"text\";s:90:\"Postea ultimo autem videmus absurdum percipiet cuiusque litteram laudata flagitiose [TRUE]\";s:5:\"value\";s:32:\"05def96cd438585c65dd277903b3e8e0\";s:7:\"is_true\";s:3:\"yes\";}',0),(112,1043,'a:3:{s:4:\"text\";s:117:\"Callidus propterea sublatis consolando praecipue secundum donan occurreret sitienti times exquisita recordamur [TRUE]\";s:5:\"value\";s:32:\"ded055c0388f6a59c5ca766033080f85\";s:7:\"is_true\";s:3:\"yes\";}',0),(113,1044,'a:3:{s:4:\"text\";s:125:\"Duabus hanc pulchritudo notam velim decimano concedimus depravata opponitur publicae virtus motu aequius aristidem consuetudo\";s:5:\"value\";s:32:\"7ddcfaccda60aeed99aacc352f935967\";s:7:\"is_true\";s:2:\"no\";}',0),(114,1044,'a:3:{s:4:\"text\";s:103:\"Poteris media libero ponatur misera aliquod malis responsuros reliquique dixissent amor concedis [TRUE]\";s:5:\"value\";s:32:\"12fa335465d8177126627e1322ee7bd3\";s:7:\"is_true\";s:3:\"yes\";}',0),(115,1045,'a:3:{s:4:\"text\";s:119:\"Propterea plebem adipiscing artifex lucius interficit speculis commota tubulo moderati et sequi utrisque easque quiddam\";s:5:\"value\";s:32:\"346c81cec21d08c5afd4dbd72bce52c6\";s:7:\"is_true\";s:2:\"no\";}',0),(116,1045,'a:3:{s:4:\"text\";s:126:\"Dogmata magna praeposatum praetermittentium servire desperationem posidonium epaminondas usus expressa sentit ipsius accepimus\";s:5:\"value\";s:32:\"9012ac198020fdd1a28176c0eeb6877d\";s:7:\"is_true\";s:2:\"no\";}',0),(117,1045,'a:3:{s:4:\"text\";s:93:\"Indoctum nostros iocari arcana adhibendam faceres sextilius testamento docet videremus [TRUE]\";s:5:\"value\";s:32:\"5029f0fa2909d5d72f239ed4cf068053\";s:7:\"is_true\";s:3:\"yes\";}',0),(118,1046,'a:3:{s:4:\"text\";s:96:\"Mundum bonane liberalis reliquam gloriose pendere persequi illorum appellant irridebat vanos que\";s:5:\"value\";s:32:\"ea98647ec3588e27ca4df49f9291c9e6\";s:7:\"is_true\";s:2:\"no\";}',0),(119,1046,'a:3:{s:4:\"text\";s:118:\"Agendum everti quaeret dixerunt vis efficit rem redderet levare cohaerere institutionis animalibus audax quicum [TRUE]\";s:5:\"value\";s:32:\"ef8ff1d0a6a195024d975ca39ac2d205\";s:7:\"is_true\";s:3:\"yes\";}',0),(120,1047,'a:3:{s:4:\"text\";s:110:\"Utamur architectari verbi alterum moveor tempus verso boves reliquorum litigiosam oblivionis respondere [TRUE]\";s:5:\"value\";s:32:\"572c6ee1d887e9a718f88fa9735cbe5c\";s:7:\"is_true\";s:3:\"yes\";}',0),(121,1047,'a:3:{s:4:\"text\";s:88:\"Nare turpi conquiescere volumus copiosiorem semovenda apparet illae libenter institisset\";s:5:\"value\";s:32:\"d7638d8d4580803c846ccf16d135c44a\";s:7:\"is_true\";s:2:\"no\";}',0),(122,1048,'a:3:{s:4:\"text\";s:97:\"Exemplis faciendi hae omni hominem sim possumus plus partem exponere ambobus scilicet constructio\";s:5:\"value\";s:32:\"c0d0670e17183d5426acd687e5bccda9\";s:7:\"is_true\";s:2:\"no\";}',0),(123,1048,'a:3:{s:4:\"text\";s:96:\"Amici perfectio incessum debeat impedit amicitiam cupiditas dilucide ptolomaeum curta voluptatum\";s:5:\"value\";s:32:\"326632db000de1ea4063ecf388ddca38\";s:7:\"is_true\";s:2:\"no\";}',0),(124,1048,'a:3:{s:4:\"text\";s:107:\"Divisione socrates mitigari solebat vincitur pertectam oderit quem ridens haec praeterea etiamsi comparatio\";s:5:\"value\";s:32:\"d33b9c2a7fc4bfd435bded5fc9afba66\";s:7:\"is_true\";s:2:\"no\";}',0),(125,1048,'a:3:{s:4:\"text\";s:107:\"Prope sententiae periculum senatu laudatur omnis displicuit repugnat via compellans sequor paupertas [TRUE]\";s:5:\"value\";s:32:\"c6a37f8e6dcc8554e668b7553bff25d2\";s:7:\"is_true\";s:3:\"yes\";}',0),(126,1048,'a:3:{s:4:\"text\";s:128:\"Depravatae roges turpitudinem latina delectari doloribus absolutam doctorum pulchritudinem dubitant torquate diviserunt extremum\";s:5:\"value\";s:32:\"83f6e460b2ff51a674b3a70de9771d6a\";s:7:\"is_true\";s:2:\"no\";}',0),(127,1062,'a:3:{s:4:\"text\";s:102:\"Suave aestimabat pisone nostrum abiecti effectrix animalibus partam defecerit singula obrui uti [TRUE]\";s:5:\"value\";s:32:\"1f15f8193688d7ad52e637e6ebddd2bd\";s:7:\"is_true\";s:3:\"yes\";}',0),(128,1062,'a:3:{s:4:\"text\";s:101:\"Putat exordium democriteum panaetium statui omnisque vult licebit veterum egone consequentibus [TRUE]\";s:5:\"value\";s:32:\"dcc727add0d7621d4dbbc4f6092c2dd4\";s:7:\"is_true\";s:3:\"yes\";}',0),(129,1062,'a:3:{s:4:\"text\";s:107:\"Conveniunt usus exclusis nomine stirpis consequens redeamus deterritum declarat repugnet erunt teneo habere\";s:5:\"value\";s:32:\"5a903b3ecb3f17f7667a8877db864fb4\";s:7:\"is_true\";s:2:\"no\";}',0),(130,1062,'a:3:{s:4:\"text\";s:90:\"Iuvat tiberina patefactio animal integra licebit inpure consulat prosunt interficit fortis\";s:5:\"value\";s:32:\"bc7d45b1301a834e9cb1faafa7edcf2d\";s:7:\"is_true\";s:2:\"no\";}',0),(131,1062,'a:3:{s:4:\"text\";s:111:\"Bona sententiis mediocriterne auctoritatem amicitiis hoc confecimus boves hinc leves pulsi ennius multum [TRUE]\";s:5:\"value\";s:32:\"1bfbca520cb43a5c7086e42f26678d09\";s:7:\"is_true\";s:3:\"yes\";}',0),(132,1063,'a:3:{s:4:\"text\";s:152:\"Epicuri meminerimus multitudinis desperationem habebat praeter tyrannus rationis contenti potuerit profectus quaedam perveniant videmus quibusnam [TRUE]\";s:5:\"value\";s:32:\"268d51ef6521653f986d947a0ffc8429\";s:7:\"is_true\";s:3:\"yes\";}',0),(133,1063,'a:3:{s:4:\"text\";s:110:\"Sequebatur consul simplicia veniam longissimus philodemum disserendi intellegatur varietate inflammat appellat\";s:5:\"value\";s:32:\"3c606eef8521c220168334a84d5405f7\";s:7:\"is_true\";s:2:\"no\";}',0),(134,1064,'a:3:{s:4:\"text\";s:113:\"Sequantur vocatur fortior valde principes dubitant vincunt relictae irridebat testimonium unde ortus casu his lex\";s:5:\"value\";s:32:\"3ea471ae4a4cbfaba489889752010972\";s:7:\"is_true\";s:2:\"no\";}',0),(135,1064,'a:3:{s:4:\"text\";s:114:\"Ait contrario percipiet mundum sextilio obrui effecit restinctionis sullae filias aperitur sentire adiungit malane\";s:5:\"value\";s:32:\"e3004d8edbd4b231af6dfbe3832c0a77\";s:7:\"is_true\";s:2:\"no\";}',0),(136,1064,'a:3:{s:4:\"text\";s:105:\"Iucunde ioca amicos clamores pyrrho sustinebit senescit consulat studebat tabulae vellem occurreret parvo\";s:5:\"value\";s:32:\"5387a8030954e7471228cc28ed1ca2b9\";s:7:\"is_true\";s:2:\"no\";}',0),(137,1064,'a:3:{s:4:\"text\";s:106:\"Recta cognitionem dictum desciscendi dant utrisque serpere abducam paulo regem umquam poni probarem [TRUE]\";s:5:\"value\";s:32:\"07bf58a4f1848c2102e0f63345c7d323\";s:7:\"is_true\";s:3:\"yes\";}',0),(138,1065,'a:3:{s:4:\"text\";s:84:\"Ineleganter fructu ceperit facilior qualem videtis publicarum frater alium res erunt\";s:5:\"value\";s:32:\"76e03d0ad09a1c1b8306b08e3e367d8a\";s:7:\"is_true\";s:2:\"no\";}',0),(139,1065,'a:3:{s:4:\"text\";s:132:\"Cupiditas iudicia secutus confecimus gubernando aliquantum expectoque repugno requirere consulatum iacet melius antiquorum tuum laus\";s:5:\"value\";s:32:\"a68061336793195a2e47cd474342e3ca\";s:7:\"is_true\";s:2:\"no\";}',0),(140,1065,'a:3:{s:4:\"text\";s:131:\"Vitiorum instructus iacent stoicos renovata varietates longus omni contemplandis sententiis reliquorum intellego erechthei leonidas\";s:5:\"value\";s:32:\"01ed076ceb1776cd6dea627e67fde17e\";s:7:\"is_true\";s:2:\"no\";}',0),(141,1065,'a:3:{s:4:\"text\";s:91:\"Scientia recuso aliquod sententiae epulis eas mortuum vivere animalibus theophrastus [TRUE]\";s:5:\"value\";s:32:\"500591dd78ad9ce340b5aa6fe69b1360\";s:7:\"is_true\";s:3:\"yes\";}',0),(142,1066,'a:3:{s:4:\"text\";s:109:\"Cernimus quaero aptius stoicorum galloni clamores istud primisque stulti et gratia praeclarae extremum [TRUE]\";s:5:\"value\";s:32:\"a858a87953ca50dd91811fc41e4dded2\";s:7:\"is_true\";s:3:\"yes\";}',0),(143,1066,'a:3:{s:4:\"text\";s:130:\"Quicumque gloriose eamque probitate nimium nostris eandem laboro effectum existimare corporis aegyptum imperatoriae vivunt propria\";s:5:\"value\";s:32:\"947d6033a13e964802603c7f6d1dae01\";s:7:\"is_true\";s:2:\"no\";}',0),(144,1066,'a:3:{s:4:\"text\";s:123:\"Aristippi extrahenda fruentem auctoritas ego visus eaque adhibendam comparandam comminiscebatur appellatum vestigium [TRUE]\";s:5:\"value\";s:32:\"ebb4cc96d6d4a22c7aba3ce854303ad9\";s:7:\"is_true\";s:3:\"yes\";}',0),(145,1067,'a:3:{s:4:\"text\";s:116:\"Dolendi claudii quamvis videro profecti publicae abiecerat singulis rotundum optimus oportere ponimus malis multoque\";s:5:\"value\";s:32:\"8a8b7b9b3b16acad1addc7ca67d87cf7\";s:7:\"is_true\";s:2:\"no\";}',0),(146,1067,'a:3:{s:4:\"text\";s:107:\"Amotio alius labores diligunt miseriarum uterque negabat tamquam proverbium ferendum contempsisse sequantur\";s:5:\"value\";s:32:\"9a3a4c7bcc5c77ba5227045458497ffa\";s:7:\"is_true\";s:2:\"no\";}',0),(147,1067,'a:3:{s:4:\"text\";s:89:\"Maximum repugnat per aditus philosophi incidunt confecimus pertinacior quaerenda potestne\";s:5:\"value\";s:32:\"6c66e89e2d7f42540c077d7619696d7e\";s:7:\"is_true\";s:2:\"no\";}',0),(148,1067,'a:3:{s:4:\"text\";s:91:\"Delectet vivebat consuetudinem palatum video philodemum loquor gaudere scire dicendi [TRUE]\";s:5:\"value\";s:32:\"912652fcdb330954dd8cef2fafef9bc6\";s:7:\"is_true\";s:3:\"yes\";}',0),(149,1067,'a:3:{s:4:\"text\";s:87:\"Originem nosse villa ignorat aristidem secundae miserum debeat communiter actus sapiens\";s:5:\"value\";s:32:\"508a238e0be893d24609d2c546b83403\";s:7:\"is_true\";s:2:\"no\";}',0),(150,1068,'a:3:{s:4:\"text\";s:108:\"Natalem contenti quampiam similem depravatae pretiosissimis sitis humano fortitudinis dubitet varietate aiat\";s:5:\"value\";s:32:\"49ca7d2f3e34973b7c67c123bcc463a5\";s:7:\"is_true\";s:2:\"no\";}',0),(151,1068,'a:3:{s:4:\"text\";s:85:\"Quam tarentum effecta dicendi selectio reliquarum tertium paupertas dialectice factum\";s:5:\"value\";s:32:\"a2ea8851b4350770435f4500a1edf563\";s:7:\"is_true\";s:2:\"no\";}',0),(152,1068,'a:3:{s:4:\"text\";s:139:\"Eae industriae contemnendam vehementer iracundia quale quaestio dicas pertinacior sensibus controversiam cupiditate ornatu primisque [TRUE]\";s:5:\"value\";s:32:\"bc9ab51ecc1340f48040ad9a4797db4b\";s:7:\"is_true\";s:3:\"yes\";}',0),(153,1068,'a:3:{s:4:\"text\";s:108:\"Molestia posset praeclarae quarum meo nulla legem dixerimus paria perversius utram gaudebit gravissimum noli\";s:5:\"value\";s:32:\"997ef018dd40ecdbb9ed8f0a89a0f40b\";s:7:\"is_true\";s:2:\"no\";}',0),(154,1068,'a:3:{s:4:\"text\";s:113:\"Libentius ornatu utram tubulus stultost sententiam cuiusquam quem occulta egone accipio inponebat proclivi docuit\";s:5:\"value\";s:32:\"9825df35b00cdd812557c4e115f7c12e\";s:7:\"is_true\";s:2:\"no\";}',0),(155,1069,'a:3:{s:4:\"text\";s:117:\"Explicavisset deinde semper disserendum vult aliam vim deferret aestimabat comparandis considerata venissemus dicente\";s:5:\"value\";s:32:\"bbd9f927f7eacb0e0ed5c26d1014cee5\";s:7:\"is_true\";s:2:\"no\";}',0),(156,1069,'a:3:{s:4:\"text\";s:112:\"Eriperes probarentur tolluntur scis faciliorem opprimenda virtuti fortasse sequi promerem lorem celebrari [TRUE]\";s:5:\"value\";s:32:\"3f7457153cba2955d49eec7fcd5dbba1\";s:7:\"is_true\";s:3:\"yes\";}',0),(157,1070,'a:3:{s:4:\"text\";s:128:\"Vel modo bestiarum vehementer cenasti magnus dolori locos meminerimus locupletat omnia fortasse popularia animalibus angustiarum\";s:5:\"value\";s:32:\"a99959e80b400b918a9e1c4215a782c6\";s:7:\"is_true\";s:2:\"no\";}',0),(158,1070,'a:3:{s:4:\"text\";s:121:\"Perspicua urgent torquatus habemus nominare video confidit debuerunt vellem sordidos congressus venissemus fugimus [TRUE]\";s:5:\"value\";s:32:\"4006f63335b53a6c24d8326d4ad9b00f\";s:7:\"is_true\";s:3:\"yes\";}',0),(159,1071,'a:3:{s:4:\"text\";s:108:\"Ausus errat pueri socrates hominum dividit ciceronem intrandum natura reliquis negabat semel die illo [TRUE]\";s:5:\"value\";s:32:\"783bca0f7e7d940797afb0cfd2a562dd\";s:7:\"is_true\";s:3:\"yes\";}',0),(160,1071,'a:3:{s:4:\"text\";s:87:\"Codrum ambobus probat parum attinet quare vere versum optabiliorem videres coniunxisset\";s:5:\"value\";s:32:\"bd7c82d66ace14235988f0e372b8b6af\";s:7:\"is_true\";s:2:\"no\";}',0),(161,1071,'a:3:{s:4:\"text\";s:120:\"Morbo aetatibus dubitant iacere sententiae pertinacem consulat declaret pareat esto doctissimi avum maximam media nimium\";s:5:\"value\";s:32:\"2eee398eb12c46dea97bf2aa33d10e9b\";s:7:\"is_true\";s:2:\"no\";}',0),(162,1087,'a:3:{s:4:\"text\";s:134:\"Turpius utilitatis sirenum partem erechthei patrocinium praeteritorum istorum conferemus egregio amemus abundaret mnesarchum persecuti\";s:5:\"value\";s:32:\"2eb8ccc3cd5b1346d2791490748625c9\";s:7:\"is_true\";s:2:\"no\";}',0),(163,1087,'a:3:{s:4:\"text\";s:119:\"Delectant aperitur singula necessariae progressionem educatio multus demptis iucundissime censet liberalis suavis dasne\";s:5:\"value\";s:32:\"593eab85bd508c5a0c7b30d740916637\";s:7:\"is_true\";s:2:\"no\";}',0),(164,1087,'a:3:{s:4:\"text\";s:83:\"Ponunt moriare levem perpetiuntur similes decimano ei scribebamus optimus cn [TRUE]\";s:5:\"value\";s:32:\"df78359cf2a66afdb774ba9298b32ac0\";s:7:\"is_true\";s:3:\"yes\";}',0),(165,1087,'a:3:{s:4:\"text\";s:89:\"Intellegam metus eiciendum sempiternam doleas negas meministi sanabat haberent crimen sui\";s:5:\"value\";s:32:\"4b89270e994e3c44894db3874d6c7318\";s:7:\"is_true\";s:2:\"no\";}',0),(166,1088,'a:3:{s:4:\"text\";s:106:\"Victu peripateticus quis teste sextus oris est reliquarum sustinebit appellat confuse suum iucundum [TRUE]\";s:5:\"value\";s:32:\"47023c2854c5b965d7f57558ae2ec179\";s:7:\"is_true\";s:3:\"yes\";}',0),(167,1088,'a:3:{s:4:\"text\";s:106:\"Actionemque pervidendum vita eaque maiorem rapiunt disceptari ipse scissem dant respondeas futuri declaret\";s:5:\"value\";s:32:\"9b49f014920357e314f975597e2c094f\";s:7:\"is_true\";s:2:\"no\";}',0),(168,1088,'a:3:{s:4:\"text\";s:85:\"Pythagora expetuntur quaesita inesse architectari scio diligi eademne laudatum amicum\";s:5:\"value\";s:32:\"7e7c574047751026a55a1de135464d74\";s:7:\"is_true\";s:2:\"no\";}',0),(169,1088,'a:3:{s:4:\"text\";s:123:\"Dogmata suo sordidos maius alumni reprehendo via pyrrhonem dissentiens optimi videris quintus sextilio aequum easque [TRUE]\";s:5:\"value\";s:32:\"10d63e7b17038c6f57424d5d9b54b08a\";s:7:\"is_true\";s:3:\"yes\";}',0),(170,1089,'a:3:{s:4:\"text\";s:88:\"Destitero sanabat isdem vir alienum potuit eodem solebam inpune tempus ipsa fellx [TRUE]\";s:5:\"value\";s:32:\"db125ae97146ee907ec46ce79f691eea\";s:7:\"is_true\";s:3:\"yes\";}',0),(171,1089,'a:3:{s:4:\"text\";s:80:\"Dissimile conferta dissimile proclivi qualis cor instrumento oculorum tu erillus\";s:5:\"value\";s:32:\"d9222cabfc6bd86ef29a42fc2af781f7\";s:7:\"is_true\";s:2:\"no\";}',0),(172,1090,'a:3:{s:4:\"text\";s:112:\"Undique mos summa ipsum poterat explicari oritur nullum subito libris facit occurreret pleraque aristidem [TRUE]\";s:5:\"value\";s:32:\"35238387bf7e2696a6abb02d0cdbe8e8\";s:7:\"is_true\";s:3:\"yes\";}',0),(173,1090,'a:3:{s:4:\"text\";s:123:\"Eaque aiat instrumento verbis ductus permulcet requiras nimium quaeret loqui suavitatem callidus vicimus longissimus [TRUE]\";s:5:\"value\";s:32:\"1803b72ceb536566a7e15e7907e499d2\";s:7:\"is_true\";s:3:\"yes\";}',0),(174,1090,'a:3:{s:4:\"text\";s:97:\"Vitam lyco opprimenda genuit veteris civitas valitudo existimare tanta in m labor suum facillimum\";s:5:\"value\";s:32:\"3fbf751c900985a83694fc4c2739dd36\";s:7:\"is_true\";s:2:\"no\";}',0),(175,1091,'a:3:{s:4:\"text\";s:98:\"Commendas quibusdam viros praeceptum moveatur similes iis latine quaeram loqui intellegimus [TRUE]\";s:5:\"value\";s:32:\"32cb58a37b3463176d4d5235d18e950a\";s:7:\"is_true\";s:3:\"yes\";}',0),(176,1091,'a:3:{s:4:\"text\";s:104:\"Ante quaeso poterit praestantissimum themistocles appellavit utilitatem diligens appellat puerum narrare\";s:5:\"value\";s:32:\"d14240fcb008b4ff5045420934e0389b\";s:7:\"is_true\";s:2:\"no\";}',0),(177,1092,'a:3:{s:4:\"text\";s:113:\"Diuturnitas inde misera vetustate comprehensum facillimum doloris aequabilesque iucunda piso parvis brevem homini\";s:5:\"value\";s:32:\"dc53f77d368980acd51b6fa20cbd5fff\";s:7:\"is_true\";s:2:\"no\";}',0),(178,1092,'a:3:{s:4:\"text\";s:99:\"Vetere dicis ratio tantas virtuti ridens dicitur improbos honesto arcesilas mnesarchum dicta [TRUE]\";s:5:\"value\";s:32:\"43e4980b0d4e842bd437ffe5e3ce1105\";s:7:\"is_true\";s:3:\"yes\";}',0),(179,1092,'a:3:{s:4:\"text\";s:86:\"Honeste maiores bonane donan seiuncta essentne laudatum iudicabis appellant chrysippum\";s:5:\"value\";s:32:\"f703f9577abcb854dc63898e099ba1b7\";s:7:\"is_true\";s:2:\"no\";}',0),(180,1093,'a:3:{s:4:\"text\";s:117:\"Illi comminiscebatur bonis abiecti efficitur manliana tuique vester contemnere sepulcrum invidiosum praeceptum quaeri\";s:5:\"value\";s:32:\"949b6363262c5a8fcde8200bbc13ce99\";s:7:\"is_true\";s:2:\"no\";}',0),(181,1093,'a:3:{s:4:\"text\";s:97:\"Venissem nihilne dictum enam tuae exponere paupertas virtutis inpure hilare kakan dilucide [TRUE]\";s:5:\"value\";s:32:\"fbe57245284a7122eddace80fde04162\";s:7:\"is_true\";s:3:\"yes\";}',0),(182,1093,'a:3:{s:4:\"text\";s:100:\"Primum in eorum patefactio existimas actionemque aeternum debilitas cuiusque tacet strato ardentiore\";s:5:\"value\";s:32:\"c84a047cf71f5056edd1938a77fd3faf\";s:7:\"is_true\";s:2:\"no\";}',0),(183,1093,'a:3:{s:4:\"text\";s:134:\"Poterit absolvere appello hoc beatissimum longissimus putabit supremum noluerunt sequitur publicae pertinacia ambiguo debilitari carum\";s:5:\"value\";s:32:\"92f58ffce14f2839b0bc9be13d9fcbd5\";s:7:\"is_true\";s:2:\"no\";}',0),(184,1094,'a:3:{s:4:\"text\";s:131:\"Expetitur vitae commodaita excelsiores aristonem contraria veniunt consentaneum appello esset cognoscimus summi ceteros cognitioque\";s:5:\"value\";s:32:\"f32d6fb6e4f0b486e530b0347f62c4f7\";s:7:\"is_true\";s:2:\"no\";}',0),(185,1094,'a:3:{s:4:\"text\";s:131:\"De inflammat consul varietates revocat victu necessariae philosopho torqueatur par acerrimus additis regem antiochum ducitur [TRUE]\";s:5:\"value\";s:32:\"290bf41ed00a54c16f919a3517abe87a\";s:7:\"is_true\";s:3:\"yes\";}',0),(186,1095,'a:3:{s:4:\"text\";s:109:\"Graeci galloni cogitari perspicuum multos inveniri fugiunt sedeat luxuriosus possint vidisse contritum [TRUE]\";s:5:\"value\";s:32:\"0f828034648032deef03428d4b9b01e0\";s:7:\"is_true\";s:3:\"yes\";}',0),(187,1095,'a:3:{s:4:\"text\";s:111:\"Dimicabit similia probabantur audacius vultus quandam obsequor inchoavit honesta amicos luxuriosus contempsisse\";s:5:\"value\";s:32:\"eed733edd1ebf719b656ebc466bf22f5\";s:7:\"is_true\";s:2:\"no\";}',0),(188,1095,'a:3:{s:4:\"text\";s:120:\"Severitatem communia praesidii amicum comprehensum legem homini dicuntur pueri putas haberem pythagora doctissimi [TRUE]\";s:5:\"value\";s:32:\"e045ff2c46a34ff24c32e1c7b70636ad\";s:7:\"is_true\";s:3:\"yes\";}',0),(189,1096,'a:3:{s:4:\"text\";s:112:\"Venio imperes errat pravitatis consulatum nummus maior scisse venio rebus sapienti ineleganter pomponius falsone\";s:5:\"value\";s:32:\"6c6646b0637f6b2bbff772e884eb8bde\";s:7:\"is_true\";s:2:\"no\";}',0),(190,1096,'a:3:{s:4:\"text\";s:93:\"Congruentis singulos tractatos dominorum pisonem firmum voluptasne caecus discendi nemo maior\";s:5:\"value\";s:32:\"daf82b4cf2afe7972148933bdf9ddfdd\";s:7:\"is_true\";s:2:\"no\";}',0),(191,1096,'a:3:{s:4:\"text\";s:118:\"Ipsis respondeas apud parens pudoris cognitione aequo turpitudinem mavis reiecta philosophiae levares earum dialectice\";s:5:\"value\";s:32:\"f732736ebab6d2f12964a2f14f313d50\";s:7:\"is_true\";s:2:\"no\";}',0),(192,1096,'a:3:{s:4:\"text\";s:111:\"Debeas audis concinant disputatum mox laboramus vitium partus speculis divitiarum liberum alia timiditas [TRUE]\";s:5:\"value\";s:32:\"2cc7bdc9a12df30a73f180a8d7f77024\";s:7:\"is_true\";s:3:\"yes\";}',0),(193,1096,'a:3:{s:4:\"text\";s:97:\"Actione collatio odium vellet dices revertendum diodorus turpis artem sola percipiendas medicinae\";s:5:\"value\";s:32:\"948df79606532f8eb1257023232403aa\";s:7:\"is_true\";s:2:\"no\";}',0),(194,1097,'a:3:{s:4:\"text\";s:120:\"Dici familiarem viros memoria potest conveniat sanabat democrito afferat agendum parvis refers duae eiusdem lorem [TRUE]\";s:5:\"value\";s:32:\"09736c4543adf5fa15dc39ad74d72f9d\";s:7:\"is_true\";s:3:\"yes\";}',0),(195,1097,'a:3:{s:4:\"text\";s:111:\"Vocas nequiter institisset vitae videat dixisti dices pericli attendere oratione quasi vestro diogenem perpauca\";s:5:\"value\";s:32:\"768b741138b4aa783face57bd3e49494\";s:7:\"is_true\";s:2:\"no\";}',0),(196,1097,'a:3:{s:4:\"text\";s:94:\"Actum relinquet praestat accederem stuprata moderati scientia decimano reliquo latino virtutem\";s:5:\"value\";s:32:\"fcd8fe969fb468389220a7a85078dce0\";s:7:\"is_true\";s:2:\"no\";}',0),(197,1098,'a:3:{s:4:\"text\";s:97:\"Pericli illorum splendida amicitias caecus amentem murenam que protervam cognitionem edere [TRUE]\";s:5:\"value\";s:32:\"b9a58dc810bb5486b8314eccc521a04a\";s:7:\"is_true\";s:3:\"yes\";}',0),(198,1098,'a:3:{s:4:\"text\";s:88:\"Negotii macello nullo felicem virtute protervam antiquis summus praeter quamvis concedis\";s:5:\"value\";s:32:\"5423a1f5ec5a297516f7d773861f5b12\";s:7:\"is_true\";s:2:\"no\";}',0),(199,1111,'a:3:{s:4:\"text\";s:114:\"Cur longa nisi divitiae vivatur mox versuta coniunxisset asoti copulationesque alia nominis istorum avarus natalis\";s:5:\"value\";s:32:\"33fde20acf907da474106683d1880dbc\";s:7:\"is_true\";s:2:\"no\";}',0),(200,1111,'a:3:{s:4:\"text\";s:119:\"Rationem multos officium intellegimus adhuc reguli persem solitum quonam putaverunt parte animantium verborumne saneque\";s:5:\"value\";s:32:\"24feb6faa3df3a310f4593fc9f582afc\";s:7:\"is_true\";s:2:\"no\";}',0),(201,1111,'a:3:{s:4:\"text\";s:99:\"Dolor educatio copiose verba principes nihili sensus risu malitiam insipientium percipiendas [TRUE]\";s:5:\"value\";s:32:\"951dd8e699e78fdae021e8942b1ecaf9\";s:7:\"is_true\";s:3:\"yes\";}',0),(202,1112,'a:3:{s:4:\"text\";s:109:\"Sedulo soles argumenta festinanter nimis egone eiciendum sofaw dicente laudabile loquar delectatus appellatum\";s:5:\"value\";s:32:\"8bfc3dc0da6ed3493c6d840f15cbd638\";s:7:\"is_true\";s:2:\"no\";}',0),(203,1112,'a:3:{s:4:\"text\";s:105:\"Cupiditates reperire anquam extrahenda splendidior suadeas praesertim sensum philosophi praeterita [TRUE]\";s:5:\"value\";s:32:\"7acfdf6b9b37217bfc7025e306551ddf\";s:7:\"is_true\";s:3:\"yes\";}',0),(204,1113,'a:3:{s:4:\"text\";s:115:\"Mecum huic mali sextilio tenebris dici gaudere vestrum praeponatur refellatur maximarum cuiusquam verso inter adiit\";s:5:\"value\";s:32:\"4f20f161a92303fddefd804fb639c618\";s:7:\"is_true\";s:2:\"no\";}',0),(205,1113,'a:3:{s:4:\"text\";s:93:\"Ait graece accepimus rursus didicerim comprehensum reliquo laetitia est arcesilas modi [TRUE]\";s:5:\"value\";s:32:\"7983f7d03b67cb9c10b96ee80790205a\";s:7:\"is_true\";s:3:\"yes\";}',0),(206,1113,'a:3:{s:4:\"text\";s:103:\"Cupido dominorum loquar duarum aliqua nostros innumerabilia par loquare comparatur inportuna disputatum\";s:5:\"value\";s:32:\"b4be6042ff68eee5d4a42b170861ea5c\";s:7:\"is_true\";s:2:\"no\";}',0),(207,1114,'a:3:{s:4:\"text\";s:122:\"Nascitur expetunt statuat graecum respondeas offendit fluere superiori an venio contenta hominibus quot velint epaminondas\";s:5:\"value\";s:32:\"93a300551a337cbfb6e5547aff98b223\";s:7:\"is_true\";s:2:\"no\";}',0),(208,1114,'a:3:{s:4:\"text\";s:135:\"Praetore via adhibuit futuri convenit perspecta salvum vitiose liberos delectat doleas quaerenda distinctio omittamus varietates [TRUE]\";s:5:\"value\";s:32:\"6b9fb33af524cf79901651b034eaab81\";s:7:\"is_true\";s:3:\"yes\";}',0),(209,1115,'a:3:{s:4:\"text\";s:110:\"Me affectus exilem vehementer graviter moriare sapientiae cuipiam apertissimis acupenserem erant gaudio [TRUE]\";s:5:\"value\";s:32:\"f49637b44b05f8fd38113ee64a1b0d88\";s:7:\"is_true\";s:3:\"yes\";}',0),(210,1115,'a:3:{s:4:\"text\";s:105:\"Te singulis fac cenabat occurrent abducas auctis polliceretur verum aeternitate vite concinant conveniunt\";s:5:\"value\";s:32:\"6197af4aa5ac4d2f6a9b6abe18e2cc99\";s:7:\"is_true\";s:2:\"no\";}',0),(211,1116,'a:3:{s:4:\"text\";s:119:\"Fallare percipiet vero quodcumque es maximas gravior disciplina gaudio dicitur scientiam praetermissa reliquisti [TRUE]\";s:5:\"value\";s:32:\"343cabedfb7122ddc8859ec1244cea2d\";s:7:\"is_true\";s:3:\"yes\";}',0),(212,1116,'a:3:{s:4:\"text\";s:121:\"Conveniunt pythagoras flentes quam divinum solent munus aestimaretis acupensere spe censes heri delectatus quosdam [TRUE]\";s:5:\"value\";s:32:\"4835cbd6746d0d3feca0783abe653a7c\";s:7:\"is_true\";s:3:\"yes\";}',0),(213,1116,'a:3:{s:4:\"text\";s:96:\"Etenim haerebitis aristonem re dicerentur depravatae reprehendo laudat peripateticis unde [TRUE]\";s:5:\"value\";s:32:\"2a0f6db20a10c6b2d5d095c914e55b33\";s:7:\"is_true\";s:3:\"yes\";}',0),(214,1117,'a:3:{s:4:\"text\";s:94:\"Censore villa interesset amaverunt spelunca opprimenda aristo cari rhetorice iudicare m nummus\";s:5:\"value\";s:32:\"9cb3645e51f3fa3f5a7ff8de8b5f88a1\";s:7:\"is_true\";s:2:\"no\";}',0),(215,1117,'a:3:{s:4:\"text\";s:121:\"Restinctionis nolo parabiles concedere estmata labet die vulnera defendebant commodaita plebem rem flentes honesta [TRUE]\";s:5:\"value\";s:32:\"bea680ce10add4750b6b029d7d57b220\";s:7:\"is_true\";s:3:\"yes\";}',0),(216,1117,'a:3:{s:4:\"text\";s:116:\"Positam illinc triarium intellegis paulum pylades laudatur tenent secundae stante dubitabit sententiae nostra aliquo\";s:5:\"value\";s:32:\"b530a3345795ff26e1aef4049c119888\";s:7:\"is_true\";s:2:\"no\";}',0),(217,1118,'a:3:{s:4:\"text\";s:113:\"Patrocinium maxima putaverunt reperire triarium diximus honestius officii posuisti ei bene affectus dolori dolori\";s:5:\"value\";s:32:\"78bdb2ce573a32688d2df9aaf98fe7ee\";s:7:\"is_true\";s:2:\"no\";}',0),(218,1118,'a:3:{s:4:\"text\";s:119:\"Hunc aestimaretis omnis vellet apti quanto progressionem sepulcrum altera summas usum intervenire causamque eas dicamus\";s:5:\"value\";s:32:\"139f38c1297ac7b7925cbe775345a1f8\";s:7:\"is_true\";s:2:\"no\";}',0),(219,1118,'a:3:{s:4:\"text\";s:114:\"Similitudo pendere optimos diligunt audacius timide gravior satisfacit petendam locos timore stoicorum congruentis\";s:5:\"value\";s:32:\"4ef2931b4ea5814960ce9cb93956c8a2\";s:7:\"is_true\";s:2:\"no\";}',0),(220,1118,'a:3:{s:4:\"text\";s:128:\"Moribus gerendus doctissimi oculis simus deterreantur divitiae officium remittunt loqueretur macello diu platoni vere tot [TRUE]\";s:5:\"value\";s:32:\"08451c886414b517bdbcfc89e24232ab\";s:7:\"is_true\";s:3:\"yes\";}',0),(221,1118,'a:3:{s:4:\"text\";s:93:\"Vocant suavius malitiam hostes vetustate laelius aufert is pueris duae valeat optimi loquitur\";s:5:\"value\";s:32:\"00264183a6f417b18728898fa7e44f72\";s:7:\"is_true\";s:2:\"no\";}',0),(222,1119,'a:3:{s:4:\"text\";s:131:\"Tuique lex plebem scientia instituendarum facillimum magnitudinis indicant iucundi ibi senescit dixisse futuri voluit omnium [TRUE]\";s:5:\"value\";s:32:\"cb93931aa9d3f0072781463691729baa\";s:7:\"is_true\";s:3:\"yes\";}',0),(223,1119,'a:3:{s:4:\"text\";s:127:\"Oculorum qui respondeas possim complectarsunt stoicorum addo mox sequamur utebare incontentae solere crede natalis urbis [TRUE]\";s:5:\"value\";s:32:\"d35f69ff2dc3b3d73b78e97badc03c26\";s:7:\"is_true\";s:3:\"yes\";}',0),(224,1119,'a:3:{s:4:\"text\";s:117:\"Vendibiliora inventoribus apparet conservatorem discedere laudat anteponere virtutem tuique viri quintus negas [TRUE]\";s:5:\"value\";s:32:\"e494f9be92a8f1951a99f5155cb6bdba\";s:7:\"is_true\";s:3:\"yes\";}',0),(225,1120,'a:3:{s:4:\"text\";s:119:\"Artem rhetoribus crede maximum p virtutem curatione diceret fecit auribus praeposatum stulti periculo intellegere longa\";s:5:\"value\";s:32:\"143cfdb4644548f44e5755d753b17f77\";s:7:\"is_true\";s:2:\"no\";}',0),(226,1120,'a:3:{s:4:\"text\";s:97:\"Aristippi medicinae miserrimus stabilem uno contritum animi licere disceptari zenone ipsae [TRUE]\";s:5:\"value\";s:32:\"538960b9aa022988cbc31ac0ad381498\";s:7:\"is_true\";s:3:\"yes\";}',0),(227,1120,'a:3:{s:4:\"text\";s:99:\"Beatiorem nosse tot manliana veni integra genuit tribunus iure paene commodaita tu torquatus [TRUE]\";s:5:\"value\";s:32:\"bac790bd6f71802fa17d3a88f4ec9263\";s:7:\"is_true\";s:3:\"yes\";}',0),(228,1120,'a:3:{s:4:\"text\";s:134:\"Sententiis locos admirabilia didicerim platoni suam delicatior occulta adesse oportunitatis dicas aristoteles fuerat compellans [TRUE]\";s:5:\"value\";s:32:\"1784ddb8109a2b88cc0cd64cdbe267ab\";s:7:\"is_true\";s:3:\"yes\";}',0),(229,1120,'a:3:{s:4:\"text\";s:95:\"Generis dissimilis prave afflueret iucundissime relinquet probitate ardentem intellegunt semper\";s:5:\"value\";s:32:\"44bfe04ba58439cbb9903bc9fac6a402\";s:7:\"is_true\";s:2:\"no\";}',0),(230,1121,'a:3:{s:4:\"text\";s:106:\"Pertinacior licere erillus honesto videris audissem quicumque duae discedere unde praeteritorum iocari vir\";s:5:\"value\";s:32:\"fd185b57dccb35c8348b6efed4ffef0a\";s:7:\"is_true\";s:2:\"no\";}',0),(231,1121,'a:3:{s:4:\"text\";s:109:\"Copiosiorem difficultate appellat legibus civis nihil dubitas velle eae panaetium vultus probas deinde [TRUE]\";s:5:\"value\";s:32:\"7400e54da4d55dfe307e63a0a96ac0fe\";s:7:\"is_true\";s:3:\"yes\";}',0),(232,1122,'a:3:{s:4:\"text\";s:95:\"Aiat disseramus ortus quanta coniunctio que iniquum ceteris gignit audire doctorum consentaneum\";s:5:\"value\";s:32:\"9c2be64fa6f9bf1326de32c34bd079aa\";s:7:\"is_true\";s:2:\"no\";}',0),(233,1122,'a:3:{s:4:\"text\";s:118:\"Afflueret defensa scripta prosunt maior perturbationes egens expletum video conferam dolores vitiorum videretur [TRUE]\";s:5:\"value\";s:32:\"3a844b325f79e3a6b94c95903e13a1e9\";s:7:\"is_true\";s:3:\"yes\";}',0),(234,1137,'a:3:{s:4:\"text\";s:97:\"Suae anteponere dissimile morbo invidiam quicum deesse apud eiciendum dolore aestimabat eo [TRUE]\";s:5:\"value\";s:32:\"73e6b7f0cc138fc19236364b0419af31\";s:7:\"is_true\";s:3:\"yes\";}',0),(235,1137,'a:3:{s:4:\"text\";s:133:\"Laboramus amotio ridens magnopere initiis cleanthes finem comprehensum pertinacia homines restinctionis etiamne cognitum fieri [TRUE]\";s:5:\"value\";s:32:\"09af2c9005fad49e5b3e37b320dd3f0f\";s:7:\"is_true\";s:3:\"yes\";}',0),(236,1137,'a:3:{s:4:\"text\";s:129:\"Vultus subito inportuna audiunt usus nostram terras quivere comprobatione debilitates rhetoribus nesciebam manliana vetere [TRUE]\";s:5:\"value\";s:32:\"bd11c61fc94ea1e998f7b30ed8702e85\";s:7:\"is_true\";s:3:\"yes\";}',0),(237,1137,'a:3:{s:4:\"text\";s:80:\"Pleraque times amicitiis videmusne ciceronem corporis se liceat contemnendis vos\";s:5:\"value\";s:32:\"a972dd13dbd4e8e5bdeb227bde6030db\";s:7:\"is_true\";s:2:\"no\";}',0),(238,1137,'a:3:{s:4:\"text\";s:112:\"Opponitur gratia sapientes dederis fortior acciderat relaxat audeo consuetudinem infantes iucunditatem hominibus\";s:5:\"value\";s:32:\"9a3000c3887bd1a2b775cc0401dd89c7\";s:7:\"is_true\";s:2:\"no\";}',0),(239,1138,'a:3:{s:4:\"text\";s:89:\"Dubitabit suavitatem turpe exiguam tabulae domina intellegunt similem doctorum hoc [TRUE]\";s:5:\"value\";s:32:\"a2c96c92e59baecc6252e963c00903d8\";s:7:\"is_true\";s:3:\"yes\";}',0),(240,1138,'a:3:{s:4:\"text\";s:117:\"Adhibuit platone prioris facere inscite dicerentur suavis signa quoque requirere philosophari heredem tutiorem manere\";s:5:\"value\";s:32:\"0bc6ea85e82eee73a01b5a481f7f5530\";s:7:\"is_true\";s:2:\"no\";}',0),(241,1139,'a:3:{s:4:\"text\";s:93:\"Ptolomaeum sequatur deferret persequi omnino ceperit moveor litteris utebare dissensio [TRUE]\";s:5:\"value\";s:32:\"3136a99d8e8f72feea9da22ad6b340c2\";s:7:\"is_true\";s:3:\"yes\";}',0),(242,1139,'a:3:{s:4:\"text\";s:94:\"Oportebit ei vero est appello gravissimo carneadeam erigimur sequantur effecit poterant natura\";s:5:\"value\";s:32:\"3cd09d4dbdb35304f7005225446e741e\";s:7:\"is_true\";s:2:\"no\";}',0),(243,1139,'a:3:{s:4:\"text\";s:97:\"Tute miser haberent additis visa difficultate voles addo legem physicum flumine terra animadverti\";s:5:\"value\";s:32:\"a69560bc04302ccb4dfdff6ba8c87505\";s:7:\"is_true\";s:2:\"no\";}',0),(244,1140,'a:3:{s:4:\"text\";s:94:\"Vir suavis optabiliorem zenone ante isdem docet victoria rogatione confirmandus videtis [TRUE]\";s:5:\"value\";s:32:\"1572ea6588e2516589119313ffd76ab3\";s:7:\"is_true\";s:3:\"yes\";}',0),(245,1140,'a:3:{s:4:\"text\";s:98:\"Laudabile defecerit praeter anquam integritas improbo divisione verecundius sola profectae exiguam\";s:5:\"value\";s:32:\"8ea407921a502a56aec9c93a48150d4b\";s:7:\"is_true\";s:2:\"no\";}',0),(246,1141,'a:3:{s:4:\"text\";s:118:\"Ceteris augeri doloris dubitabit civis videt festo quaeri sullae exquisita cari germen praesidii concordiae deo [TRUE]\";s:5:\"value\";s:32:\"8a795afbe320615fb094fcba47c74f90\";s:7:\"is_true\";s:3:\"yes\";}',0),(247,1141,'a:3:{s:4:\"text\";s:96:\"Querela futtiles moriare consequatur pollicetur redeamus iustam pythagora duas perfici iudicabis\";s:5:\"value\";s:32:\"8d9e6587ca7922e5d477697f4e6aa409\";s:7:\"is_true\";s:2:\"no\";}',0),(248,1142,'a:3:{s:4:\"text\";s:118:\"Inchoavit externum reperire cato et cuique proposito aufert obsecro uratur elaboratum vellentne vellentne verius certe\";s:5:\"value\";s:32:\"c9abf603404307e5c6bf2e986d183fad\";s:7:\"is_true\";s:2:\"no\";}',0),(249,1142,'a:3:{s:4:\"text\";s:128:\"Doloris oderit profuso nullum liquidius loquar vidisse concedatur quodsi intellegimus consuli dubia vivunt optimo negabat [TRUE]\";s:5:\"value\";s:32:\"fcf45e9ec4e5cc816493fa69d9564b5d\";s:7:\"is_true\";s:3:\"yes\";}',0),(250,1142,'a:3:{s:4:\"text\";s:133:\"Auctoritatem bonum consulat singulis studiose dulce perpetuam usitata similiora estquod orationis acupenseri didicerim singula [TRUE]\";s:5:\"value\";s:32:\"08e0d111e6a493fdcdef918342714444\";s:7:\"is_true\";s:3:\"yes\";}',0),(251,1142,'a:3:{s:4:\"text\";s:89:\"Laboramus dixit optimos solet putabit pendere audis itaque cenabat educatio refert [TRUE]\";s:5:\"value\";s:32:\"032abdb0fbea49f644d2604d0eb9cf46\";s:7:\"is_true\";s:3:\"yes\";}',0),(252,1142,'a:3:{s:4:\"text\";s:83:\"Parens quaerunt crucem tollerem statim superiores curem sensibus amor censeo [TRUE]\";s:5:\"value\";s:32:\"28f6568f4914b499778469a40c3b77e6\";s:7:\"is_true\";s:3:\"yes\";}',0),(253,1143,'a:3:{s:4:\"text\";s:108:\"Velle animoque iste obscurius audistine comprehenditur dicantur agendum dederis praeterita pressius sextilio\";s:5:\"value\";s:32:\"a1207a04bbe6db8c30b48bc6322417c9\";s:7:\"is_true\";s:2:\"no\";}',0),(254,1143,'a:3:{s:4:\"text\";s:85:\"Genuit ageremus inter dubitet dicat redarguitur notam rapiunt hinc ciceronem e [TRUE]\";s:5:\"value\";s:32:\"380042d6b4da65b538af3a9b6a8ce635\";s:7:\"is_true\";s:3:\"yes\";}',0),(255,1144,'a:3:{s:4:\"text\";s:86:\"Futuri ortus ducitur abundaret causa stoici agere earum sex existimoad contenta [TRUE]\";s:5:\"value\";s:32:\"17cd03a815058581a7802d6238c4fc1c\";s:7:\"is_true\";s:3:\"yes\";}',0),(256,1144,'a:3:{s:4:\"text\";s:120:\"Posidonium dialectice nostra scribebamus integritas avaritias inde natae commodaita graeco prave tanta lucretia sequatur\";s:5:\"value\";s:32:\"2c9f5e432b87733870596f9cc90eea41\";s:7:\"is_true\";s:2:\"no\";}',0),(257,1144,'a:3:{s:4:\"text\";s:78:\"Tria depravata aequum acies dipylo perspicuis huic ciceronem rogavi his negant\";s:5:\"value\";s:32:\"507686382b173a8f1f0ddd0ca8d0f636\";s:7:\"is_true\";s:2:\"no\";}',0),(258,1144,'a:3:{s:4:\"text\";s:102:\"Sapienti iracundia semel intercludat vivendum similiter tuetur degendae illa quippe hi comprehensionem\";s:5:\"value\";s:32:\"1bb680803aa826192cc6cc4a46a88843\";s:7:\"is_true\";s:2:\"no\";}',0),(259,1144,'a:3:{s:4:\"text\";s:77:\"Dissentit corporis vidit intervenire positum dixerunt illuc a quaerere tempus\";s:5:\"value\";s:32:\"ca5760c08c4942576bf328632190933a\";s:7:\"is_true\";s:2:\"no\";}',0),(260,1145,'a:3:{s:4:\"text\";s:121:\"Quali periculo epulis vitium nosse tarentum vincla difficilius homerus vacua honesta gymnasio conveniat faceret torquatum\";s:5:\"value\";s:32:\"dee8164930b528bcf5d0b24928b5dbfc\";s:7:\"is_true\";s:2:\"no\";}',0),(261,1145,'a:3:{s:4:\"text\";s:120:\"Eiusdem c dirigentes dolore oratores sequamur verbi aequo secrevit gloriosum iucunde satisfacit relaxat protervam [TRUE]\";s:5:\"value\";s:32:\"6420454ffcccaf1054cee18a53eca652\";s:7:\"is_true\";s:3:\"yes\";}',0),(262,1146,'a:3:{s:4:\"text\";s:108:\"Futuri imperatores fluere orationis hieronymi parvo vir dico concessis iudicium hoc praesidium respondissent\";s:5:\"value\";s:32:\"f004191b015b9706c9c0a7f6ec5f55bb\";s:7:\"is_true\";s:2:\"no\";}',0),(263,1146,'a:3:{s:4:\"text\";s:98:\"Adulter complectitur mutandi abducas galloni acupenseri dicente praesertim spectare naturam [TRUE]\";s:5:\"value\";s:32:\"efda62fa57748de6cc914b7d9fa92dd3\";s:7:\"is_true\";s:3:\"yes\";}',0),(264,1146,'a:3:{s:4:\"text\";s:81:\"Miser hic gloriosa tamquam voluit mihi conantur cornibus potestne memoriae [TRUE]\";s:5:\"value\";s:32:\"df91712c8bbd83339433376b9a728414\";s:7:\"is_true\";s:3:\"yes\";}',0),(265,1146,'a:3:{s:4:\"text\";s:92:\"Vides commode stuprata maenae decimum vilissimis locupletat pueri nosse nosti fugiam sirenum\";s:5:\"value\";s:32:\"2c5f496e1046a539220671ffbe75cb72\";s:7:\"is_true\";s:2:\"no\";}',0),(266,1146,'a:3:{s:4:\"text\";s:130:\"Oboediens dicendi turpius oboediens conferemus uratur convenienter rhetorice agemusque solere dixissent pueri aptius negare [TRUE]\";s:5:\"value\";s:32:\"c42dae93b8e14626b3d8931dd4b45bbb\";s:7:\"is_true\";s:3:\"yes\";}',0),(267,1147,'a:3:{s:4:\"text\";s:96:\"Partam iustam haeret callida dant beatiorem commendas epicuri donan quaerenda stante quod [TRUE]\";s:5:\"value\";s:32:\"7e6db3229159e89469c87f218c833970\";s:7:\"is_true\";s:3:\"yes\";}',0),(268,1147,'a:3:{s:4:\"text\";s:128:\"Chryippo nominati quarum pertinacior pervenit aristippi iniquus consentit assignatum video fratre epicuri capite gaudere erillus\";s:5:\"value\";s:32:\"eaada25a2b5311c247df086b98a6713a\";s:7:\"is_true\";s:2:\"no\";}',0),(269,1147,'a:3:{s:4:\"text\";s:105:\"Quoque tubulus integritas debeatis proverbium vulgo cantibus expedita laudatur dixti levare poenam [TRUE]\";s:5:\"value\";s:32:\"930b7649921a37742f1d638aad600b87\";s:7:\"is_true\";s:3:\"yes\";}',0),(270,1148,'a:3:{s:4:\"text\";s:100:\"Utendum oratio illinc adduceret varietates rationis sine sanguine eiciendum locos noli quaeri [TRUE]\";s:5:\"value\";s:32:\"75e57face5116fd57a2554f20b70349f\";s:7:\"is_true\";s:3:\"yes\";}',0),(271,1148,'a:3:{s:4:\"text\";s:115:\"Diogenem concinant tantam triarius solitudo litteram teste caeleste metuere converte ipsi democriteum ruinas [TRUE]\";s:5:\"value\";s:32:\"70e40b44ddac954674d39f43c8c04b49\";s:7:\"is_true\";s:3:\"yes\";}',0),(272,1148,'a:3:{s:4:\"text\";s:122:\"Modo praestantia vitia quintus respondent amicos quacumque malane deinde valitudo nullam odit aegyptum respondent pervenit\";s:5:\"value\";s:32:\"c9d5eedc6a9d13646aab1b3bfce0914b\";s:7:\"is_true\";s:2:\"no\";}',0),(273,1148,'a:3:{s:4:\"text\";s:124:\"Redargueret male maxima sententiis efficiens aestimabat putaverunt officio explanatum decimum oportere pervertere sententiae\";s:5:\"value\";s:32:\"a24a2882599c4bacd2fcda0171d0010a\";s:7:\"is_true\";s:2:\"no\";}',0),(274,1148,'a:3:{s:4:\"text\";s:85:\"Improbo dicemus in secutus clariora vultum audire integritas facto graeco tale [TRUE]\";s:5:\"value\";s:32:\"9cc35d98c288b168d899abf8f0559815\";s:7:\"is_true\";s:3:\"yes\";}',0),(275,1149,'a:3:{s:4:\"text\";s:121:\"Iustus perfectio velut confirmandus illuc lectulis lyco dolores necne cenent separantur dederis mordicus posuisse laelius\";s:5:\"value\";s:32:\"4898fc8284b87c9385a00e055bfcb895\";s:7:\"is_true\";s:2:\"no\";}',0),(276,1149,'a:3:{s:4:\"text\";s:83:\"Responsuros ortus merninisti deo paulo tabulae videris discipulum videntes d [TRUE]\";s:5:\"value\";s:32:\"8d217944c61209bba569eb0139d2046f\";s:7:\"is_true\";s:3:\"yes\";}',0),(277,1149,'a:3:{s:4:\"text\";s:138:\"Scribimus amentem ornatu repugnet expetuntur offensione contingit ex confligendum squalidius residamus verius falli incredibile sapientium\";s:5:\"value\";s:32:\"557e35a92013ee0a44a1d530db1e8269\";s:7:\"is_true\";s:2:\"no\";}',0),(278,1149,'a:3:{s:4:\"text\";s:107:\"Prave curem nostram consuli nunc voluptate corporis bene extrerno magno poterunt omnibusque relinquet pater\";s:5:\"value\";s:32:\"281ce2584c1da14f37981a4ed4fca780\";s:7:\"is_true\";s:2:\"no\";}',0),(279,1161,'a:3:{s:4:\"text\";s:124:\"Torquatum prohiberet tutiorem tuum descensio haberent tria familiares opifices depingere nobisne videres magno roga officium\";s:5:\"value\";s:32:\"5b14574a11686ada7352c52d10d227e8\";s:7:\"is_true\";s:2:\"no\";}',0),(280,1161,'a:3:{s:4:\"text\";s:110:\"Imperatores actus phaedro vestra illo consul codrum quaesivit domus modestiam divinius sapiens age luci [TRUE]\";s:5:\"value\";s:32:\"15c3b7b78c1454f1871342fcde155e5b\";s:7:\"is_true\";s:3:\"yes\";}',0),(281,1162,'a:3:{s:4:\"text\";s:126:\"Faciliorem diligunt an bestiarum doctorum petitur viderentur narrare peccetur ridens siti indoctum chrysippo videris moderatio\";s:5:\"value\";s:32:\"2b0b1e3641586ed9e9ef2d7d2c9444aa\";s:7:\"is_true\";s:2:\"no\";}',0),(282,1162,'a:3:{s:4:\"text\";s:125:\"Actione ipsam haesitaret ardentem nimium pericli possit efficitur placet utendum summi plebiscito cenare uberrimam don [TRUE]\";s:5:\"value\";s:32:\"fd5697ee351b8db6bf9ff5986870f55f\";s:7:\"is_true\";s:3:\"yes\";}',0),(283,1162,'a:3:{s:4:\"text\";s:91:\"Molestus leve geometria reguli ludis ames spem alienos longam avarus dant coniunxisset dare\";s:5:\"value\";s:32:\"6d917c7cdf066cd8e571ba2c79044060\";s:7:\"is_true\";s:2:\"no\";}',0),(284,1162,'a:3:{s:4:\"text\";s:99:\"Sensum dicendi conare comminiscebatur posset audire cupiditatem pythagoras epicuri lapathi discimus\";s:5:\"value\";s:32:\"71090e8b72e680665cf6295a0f64743b\";s:7:\"is_true\";s:2:\"no\";}',0),(285,1162,'a:3:{s:4:\"text\";s:119:\"Relaxat apparere primisque tarentum omittamus principes certum poni sitienti reliquit aliquid labores expetuntur [TRUE]\";s:5:\"value\";s:32:\"7efbd4aafc92c9c2f61181c3ea678b48\";s:7:\"is_true\";s:3:\"yes\";}',0),(286,1163,'a:3:{s:4:\"text\";s:105:\"Gaudere explanatum facere loquitur voluptatis turpe quo metellum terram regem tuetur rationem pendere tam\";s:5:\"value\";s:32:\"d428069845e757ad121e30cc005da915\";s:7:\"is_true\";s:2:\"no\";}',0),(287,1163,'a:3:{s:4:\"text\";s:76:\"Obiit debuit laelius videmus valde defenderem diligunt malumus studio amemus\";s:5:\"value\";s:32:\"61f484f8dc5aa6e91f26cfc0ed815304\";s:7:\"is_true\";s:2:\"no\";}',0),(288,1163,'a:3:{s:4:\"text\";s:114:\"Cupiditatum paulo referas oderit sin epicurus gerendus profecti gaudeo nocent apparet omnes essentne continuo alio\";s:5:\"value\";s:32:\"b27941d026cb5c6eaa906857c1e5fb83\";s:7:\"is_true\";s:2:\"no\";}',0),(289,1163,'a:3:{s:4:\"text\";s:113:\"Velit fallare malis croesi dissimillimas dignum audax apertissimis maximam audis aequabilesque anteponebat [TRUE]\";s:5:\"value\";s:32:\"bb1f3a0dc2c8500e2ac2887b5e9d1c5c\";s:7:\"is_true\";s:3:\"yes\";}',0),(290,1164,'a:3:{s:4:\"text\";s:117:\"Pecudis huic maiorem theophrasti comparatio civitas abiecerat cognitioque saneque eas etsi timide mori propter [TRUE]\";s:5:\"value\";s:32:\"4150fc332530db0294df0b4040fa61a2\";s:7:\"is_true\";s:3:\"yes\";}',0),(291,1164,'a:3:{s:4:\"text\";s:105:\"Per posuisse dominorum ceteros dissensio liquidius usitata fuisse iste necopinato zenone exquirere [TRUE]\";s:5:\"value\";s:32:\"0d0026eab91a888978031a149a6a1bae\";s:7:\"is_true\";s:3:\"yes\";}',0),(292,1164,'a:3:{s:4:\"text\";s:115:\"Deprimet ceteri torquatus philodemum sequantur rationem per iudicari vitam mavis beatum efficitur dissimilis [TRUE]\";s:5:\"value\";s:32:\"dec85f8958cf4c3c1507bb59afad0139\";s:7:\"is_true\";s:3:\"yes\";}',0),(293,1165,'a:3:{s:4:\"text\";s:92:\"Zenoni laetus utinam sapientium cyrenaici tardeve catone turpe sciant urgent epicurei [TRUE]\";s:5:\"value\";s:32:\"dd360dee8aa145925d03b29b33994822\";s:7:\"is_true\";s:3:\"yes\";}',0),(294,1165,'a:3:{s:4:\"text\";s:108:\"Partus bonane iocans ut academiae isdem aeque abiecti pectus amicitias pollicetur curta pressius defendebant\";s:5:\"value\";s:32:\"dd0fd542051f3febafb1acfb4b3094e4\";s:7:\"is_true\";s:2:\"no\";}',0),(295,1166,'a:3:{s:4:\"text\";s:127:\"Arbitratu iacent hilaretur dissentit avaritiamne collige proverbium illinc alienum certe beate quibusnam ratione incidant eodem\";s:5:\"value\";s:32:\"0240daa1717675b3267c521b14a31fee\";s:7:\"is_true\";s:2:\"no\";}',0),(296,1166,'a:3:{s:4:\"text\";s:90:\"Consuetudo relinquo recordatione insipientium ipsa ipsius boni libentius fidesic hi voluit\";s:5:\"value\";s:32:\"fb0a35d54e0efebeb7158d1b56b7149c\";s:7:\"is_true\";s:2:\"no\";}',0),(297,1166,'a:3:{s:4:\"text\";s:85:\"Dissensio numquam habere senatu profectus divisit loqueretur recusant optime manilium\";s:5:\"value\";s:32:\"fa01c749473eaa0e36af212daac617ee\";s:7:\"is_true\";s:2:\"no\";}',0),(298,1166,'a:3:{s:4:\"text\";s:114:\"Defendere molestia sapientiam terram pertinacia alienos peti currit dolores studebat disputari peccetur vir [TRUE]\";s:5:\"value\";s:32:\"450fcb12d83e4eedab40971a23aff6f4\";s:7:\"is_true\";s:3:\"yes\";}',0),(299,1167,'a:3:{s:4:\"text\";s:97:\"Perpetua horum expetendam laudi generis me affers sapienti habendus sumus summoque refert ponimus\";s:5:\"value\";s:32:\"5a2e08551c027ecb043d816c8e79debf\";s:7:\"is_true\";s:2:\"no\";}',0),(300,1167,'a:3:{s:4:\"text\";s:120:\"Sequantur tuo frangi certum extrahenda fortuna vocatur beato afferat vetere pugnem contendimus audistine gloriosa [TRUE]\";s:5:\"value\";s:32:\"b33cab48801f545ef599dccd09475263\";s:7:\"is_true\";s:3:\"yes\";}',0),(301,1168,'a:3:{s:4:\"text\";s:122:\"Tantam atque prohiberet dissentiens quiddam transfer nulla facile autem duae parum sequetur posset multimodis eaque [TRUE]\";s:5:\"value\";s:32:\"fb738a355e75baf8525fea12ccdbae68\";s:7:\"is_true\";s:3:\"yes\";}',0),(302,1168,'a:3:{s:4:\"text\";s:101:\"Conveniant quod partibus eaedem viderentur vultum ambulet longi sensum ridens corporis consequentibus\";s:5:\"value\";s:32:\"047a50ecb75f62fa2a6ab3fbf3e7f8b0\";s:7:\"is_true\";s:2:\"no\";}',0),(303,1169,'a:3:{s:4:\"text\";s:120:\"Dant potero disciplina vilissimis relinqueret sapienti difficilius animantium pertinacior heri plurimis sitienti honeste\";s:5:\"value\";s:32:\"1963270ac49f9886324e2d5a1d33689b\";s:7:\"is_true\";s:2:\"no\";}',0),(304,1169,'a:3:{s:4:\"text\";s:120:\"Intellegerem summam consideret sermone gaudere omnino statu deseruit polemoni magnitudine nam huic tale acceperit [TRUE]\";s:5:\"value\";s:32:\"c7bed3141c046e549ad2c74b6b03abc7\";s:7:\"is_true\";s:3:\"yes\";}',0),(305,1169,'a:3:{s:4:\"text\";s:102:\"Minus celebrari octavio gravior consequentia adiunxit antiocho coronam p affectiones torquentur tenent\";s:5:\"value\";s:32:\"e714a20c33e6505f0f96449719d95dfb\";s:7:\"is_true\";s:2:\"no\";}',0),(306,1169,'a:3:{s:4:\"text\";s:138:\"Ambiguo rerum delectamur discere retineat praestantia possent efficiuntur turpiter habet invidiam coniunxisset contrario attende dederetur\";s:5:\"value\";s:32:\"6516be3f5532fbbd97a1ef4d81820cb3\";s:7:\"is_true\";s:2:\"no\";}',0),(307,1169,'a:3:{s:4:\"text\";s:83:\"Dubitabit dederetur dixerim opponitur triarius ipsis omnino hic videantur praecepta\";s:5:\"value\";s:32:\"eed2d724192eaa04097aef4d4a784970\";s:7:\"is_true\";s:2:\"no\";}',0),(308,1170,'a:3:{s:4:\"text\";s:121:\"Zenonis amores nostis dicit deceat fama lanx nocent divinius simus instituendarum angustiarum populari facillimum dicendi\";s:5:\"value\";s:32:\"413d595568514270c917fb9aef98758c\";s:7:\"is_true\";s:2:\"no\";}',0),(309,1170,'a:3:{s:4:\"text\";s:89:\"Consulatum labor quas philosophi neminem scilicet video nemo perceptfum institutis [TRUE]\";s:5:\"value\";s:32:\"808b32712db6fa971e4163a2928990a9\";s:7:\"is_true\";s:3:\"yes\";}',0),(310,1170,'a:3:{s:4:\"text\";s:117:\"Cn pulchritudo ratio investigatio effectrix ponis evolare maenae scaevola deteriora magister opinor responderi [TRUE]\";s:5:\"value\";s:32:\"c8946de7f4fb8f71aa9499b80b4b15fb\";s:7:\"is_true\";s:3:\"yes\";}',0),(311,1170,'a:3:{s:4:\"text\";s:130:\"Interitum socium restinctionis stoicus detractis asotorum utuntur pertinacia quadam vetustate tres finis dici dicuntur tibi [TRUE]\";s:5:\"value\";s:32:\"abea35ad61f3c0b6144a1309f5d2ef68\";s:7:\"is_true\";s:3:\"yes\";}',0),(312,1170,'a:3:{s:4:\"text\";s:85:\"Imperatoriae dubitet ipsae longius latina cotidie opportune ob quaeram dico academiae\";s:5:\"value\";s:32:\"555c068cc19e60d17fecb5a287793590\";s:7:\"is_true\";s:2:\"no\";}',0),(313,1171,'a:3:{s:4:\"text\";s:101:\"Que duas parvis habere quas superabat evolare tantum primum tubulus sextilio piso molestus diviserunt\";s:5:\"value\";s:32:\"7a8162019302926f8f94003bc985f584\";s:7:\"is_true\";s:2:\"no\";}',0),(314,1171,'a:3:{s:4:\"text\";s:136:\"Diodorus cyrenaicos debilitates respondere torquatus sextilius tacet caret egens despiciendis cupit vitabis vobis poterit videtis [TRUE]\";s:5:\"value\";s:32:\"ff9ee0e22443e3a260d3a2d62806ac18\";s:7:\"is_true\";s:3:\"yes\";}',0);

--
-- Table structure for table `wp_learnpress_quiz_questions`
--

CREATE TABLE `wp_learnpress_quiz_questions` (
  `quiz_question_id` bigint(20) unsigned NOT NULL AUTO_INCREMENT,
  `quiz_id` bigint(20) unsigned NOT NULL DEFAULT 0,
  `question_id` bigint(20) unsigned NOT NULL DEFAULT 0,
  `question_order` bigint(20) unsigned NOT NULL DEFAULT 1,
  `params` longtext COLLATE utf8mb4_unicode_ci DEFAULT NULL,
  PRIMARY KEY (`quiz_question_id`)
) ENGINE=MyISAM AUTO_INCREMENT=99 DEFAULT CHARSET=utf8mb4 COLLATE=utf8mb4_unicode_ci;

--
-- Dumping data for table `wp_learnpress_quiz_questions`
--

INSERT INTO `wp_learnpress_quiz_questions` VALUES (1,980,981,1,NULL),(2,980,982,1,NULL),(3,980,983,1,NULL),(4,980,984,1,NULL),(5,980,985,1,NULL),(6,980,986,1,NULL),(7,980,987,1,NULL),(8,980,988,1,NULL),(9,980,989,1,NULL),(10,980,990,1,NULL),(11,980,991,1,NULL),(12,980,992,1,NULL),(13,980,993,1,NULL),(14,980,994,1,NULL),(15,980,995,1,NULL),(16,1008,1009,1,NULL),(17,1008,1010,1,NULL),(18,1008,1011,1,NULL),(19,1008,1012,1,NULL),(20,1008,1013,1,NULL),(21,1008,1014,1,NULL),(22,1008,1015,1,NULL),(23,1008,1016,1,NULL),(24,1008,1017,1,NULL),(25,1008,1018,1,NULL),(26,1008,1019,1,NULL),(27,1008,1020,1,NULL),(28,1008,1021,1,NULL),(29,1008,1022,1,NULL),(30,1008,1023,1,NULL),(31,1038,1039,1,NULL),(32,1038,1040,1,NULL),(33,1038,1041,1,NULL),(34,1038,1042,1,NULL),(35,1038,1043,1,NULL),(36,1038,1044,1,NULL),(37,1038,1045,1,NULL),(38,1038,1046,1,NULL),(39,1038,1047,1,NULL),(40,1038,1048,1,NULL),(41,1061,1062,1,NULL),(42,1061,1063,1,NULL),(43,1061,1064,1,NULL),(44,1061,1065,1,NULL),(45,1061,1066,1,NULL),(46,1061,1067,1,NULL),(47,1061,1068,1,NULL),(48,1061,1069,1,NULL),(49,1061,1070,1,NULL),(50,1061,1071,1,NULL),(51,1086,1087,1,NULL),(52,1086,1088,1,NULL),(53,1086,1089,1,NULL),(54,1086,1090,1,NULL),(55,1086,1091,1,NULL),(56,1086,1092,1,NULL),(57,1086,1093,1,NULL),(58,1086,1094,1,NULL),(59,1086,1095,1,NULL),(60,1086,1096,1,NULL),(61,1086,1097,1,NULL),(62,1086,1098,1,NULL),(63,1110,1111,1,NULL),(64,1110,1112,1,NULL),(65,1110,1113,1,NULL),(66,1110,1114,1,NULL),(67,1110,1115,1,NULL),(68,1110,1116,1,NULL),(69,1110,1117,1,NULL),(70,1110,1118,1,NULL),(71,1110,1119,1,NULL),(72,1110,1120,1,NULL),(73,1110,1121,1,NULL),(74,1110,1122,1,NULL),(75,1136,1137,1,NULL),(76,1136,1138,1,NULL),(77,1136,1139,1,NULL),(78,1136,1140,1,NULL),(79,1136,1141,1,NULL),(80,1136,1142,1,NULL),(81,1136,1143,1,NULL),(82,1136,1144,1,NULL),(83,1136,1145,1,NULL),(84,1136,1146,1,NULL),(85,1136,1147,1,NULL),(86,1136,1148,1,NULL),(87,1136,1149,1,NULL),(88,1160,1161,1,NULL),(89,1160,1162,1,NULL),(90,1160,1163,1,NULL),(91,1160,1164,1,NULL),(92,1160,1165,1,NULL),(93,1160,1166,1,NULL),(94,1160,1167,1,NULL),(95,1160,1168,1,NULL),(96,1160,1169,1,NULL),(97,1160,1170,1,NULL),(98,1160,1171,1,NULL);

--
-- Table structure for table `wp_learnpress_review_logs`
--

CREATE TABLE `wp_learnpress_review_logs` (
  `review_log_id` bigint(20) unsigned NOT NULL AUTO_INCREMENT,
  `course_id` bigint(20) unsigned NOT NULL DEFAULT 0,
  `user_id` bigint(20) unsigned NOT NULL DEFAULT 0,
  `message` text COLLATE utf8mb4_unicode_ci NOT NULL,
  `date` datetime NOT NULL DEFAULT '0000-00-00 00:00:00',
  `status` varchar(45) COLLATE utf8mb4_unicode_ci NOT NULL DEFAULT '',
  `user_type` varchar(45) COLLATE utf8mb4_unicode_ci NOT NULL DEFAULT '',
  PRIMARY KEY (`review_log_id`)
) ENGINE=MyISAM AUTO_INCREMENT=2 DEFAULT CHARSET=utf8mb4 COLLATE=utf8mb4_unicode_ci;

--
-- Dumping data for table `wp_learnpress_review_logs`
--

INSERT INTO `wp_learnpress_review_logs` VALUES (1,965,1,'Course has been rejected by Reviewer','2019-05-13 22:55:05','trash','reviewer');

--
-- Table structure for table `wp_learnpress_section_items`
--

CREATE TABLE `wp_learnpress_section_items` (
  `section_item_id` bigint(20) unsigned NOT NULL AUTO_INCREMENT,
  `section_id` bigint(20) unsigned NOT NULL DEFAULT 0,
  `item_id` bigint(20) unsigned NOT NULL DEFAULT 0,
  `item_order` bigint(20) unsigned NOT NULL DEFAULT 0,
  `item_type` varchar(45) COLLATE utf8mb4_unicode_ci DEFAULT NULL,
  PRIMARY KEY (`section_item_id`)
) ENGINE=MyISAM AUTO_INCREMENT=109 DEFAULT CHARSET=utf8mb4 COLLATE=utf8mb4_unicode_ci;

--
-- Dumping data for table `wp_learnpress_section_items`
--

INSERT INTO `wp_learnpress_section_items` VALUES (1,1,966,0,'lp_lesson'),(2,1,967,0,'lp_lesson'),(3,1,968,0,'lp_lesson'),(4,1,969,0,'lp_lesson'),(5,1,970,0,'lp_lesson'),(6,1,971,0,'lp_lesson'),(7,1,972,0,'lp_lesson'),(8,1,973,0,'lp_lesson'),(9,1,974,0,'lp_lesson'),(10,1,975,0,'lp_lesson'),(11,1,976,0,'lp_lesson'),(12,1,977,0,'lp_lesson'),(13,1,978,0,'lp_lesson'),(14,1,979,0,'lp_lesson'),(15,1,980,0,'lp_quiz'),(16,2,996,0,'lp_lesson'),(17,2,997,0,'lp_lesson'),(18,2,998,0,'lp_lesson'),(19,2,999,0,'lp_lesson'),(20,2,1000,0,'lp_lesson'),(21,2,1001,0,'lp_lesson'),(22,2,1002,0,'lp_lesson'),(23,2,1003,0,'lp_lesson'),(24,2,1004,0,'lp_lesson'),(25,2,1005,0,'lp_lesson'),(26,2,1006,0,'lp_lesson'),(27,2,1007,0,'lp_lesson'),(28,2,1008,0,'lp_quiz'),(29,3,1024,0,'lp_lesson'),(30,3,1025,0,'lp_lesson'),(31,3,1026,0,'lp_lesson'),(32,3,1027,0,'lp_lesson'),(33,3,1028,0,'lp_lesson'),(34,3,1029,0,'lp_lesson'),(35,3,1030,0,'lp_lesson'),(36,3,1031,0,'lp_lesson'),(37,3,1032,0,'lp_lesson'),(38,3,1033,0,'lp_lesson'),(39,3,1034,0,'lp_lesson'),(40,3,1035,0,'lp_lesson'),(41,3,1036,0,'lp_lesson'),(42,3,1037,0,'lp_lesson'),(43,3,1038,0,'lp_quiz'),(44,4,1049,0,'lp_lesson'),(45,4,1050,0,'lp_lesson'),(46,4,1051,0,'lp_lesson'),(47,4,1052,0,'lp_lesson'),(48,4,1053,0,'lp_lesson'),(49,4,1054,0,'lp_lesson'),(50,4,1055,0,'lp_lesson'),(51,4,1056,0,'lp_lesson'),(52,4,1057,0,'lp_lesson'),(53,4,1058,0,'lp_lesson'),(54,4,1059,0,'lp_lesson'),(55,4,1060,0,'lp_lesson'),(56,4,1061,0,'lp_quiz'),(57,5,1072,0,'lp_lesson'),(58,5,1073,0,'lp_lesson'),(59,5,1074,0,'lp_lesson'),(60,5,1075,0,'lp_lesson'),(61,5,1076,0,'lp_lesson'),(62,5,1077,0,'lp_lesson'),(63,5,1078,0,'lp_lesson'),(64,5,1079,0,'lp_lesson'),(65,5,1080,0,'lp_lesson'),(66,5,1081,0,'lp_lesson'),(67,5,1082,0,'lp_lesson'),(68,5,1083,0,'lp_lesson'),(69,5,1084,0,'lp_lesson'),(70,5,1085,0,'lp_lesson'),(71,5,1086,0,'lp_quiz'),(72,6,1099,0,'lp_lesson'),(73,6,1100,0,'lp_lesson'),(74,6,1101,0,'lp_lesson'),(75,6,1102,0,'lp_lesson'),(76,6,1103,0,'lp_lesson'),(77,6,1104,0,'lp_lesson'),(78,6,1105,0,'lp_lesson'),(79,6,1106,0,'lp_lesson'),(80,6,1107,0,'lp_lesson'),(81,6,1108,0,'lp_lesson'),(82,6,1109,0,'lp_lesson'),(83,6,1110,0,'lp_quiz'),(84,7,1123,0,'lp_lesson'),(85,7,1124,0,'lp_lesson'),(86,7,1125,0,'lp_lesson'),(87,7,1126,0,'lp_lesson'),(88,7,1127,0,'lp_lesson'),(89,7,1128,0,'lp_lesson'),(90,7,1129,0,'lp_lesson'),(91,7,1130,0,'lp_lesson'),(92,7,1131,0,'lp_lesson'),(93,7,1132,0,'lp_lesson'),(94,7,1133,0,'lp_lesson'),(95,7,1134,0,'lp_lesson'),(96,7,1135,0,'lp_lesson'),(97,7,1136,0,'lp_quiz'),(98,8,1150,0,'lp_lesson'),(99,8,1151,0,'lp_lesson'),(100,8,1152,0,'lp_lesson'),(101,8,1153,0,'lp_lesson'),(102,8,1154,0,'lp_lesson'),(103,8,1155,0,'lp_lesson'),(104,8,1156,0,'lp_lesson'),(105,8,1157,0,'lp_lesson'),(106,8,1158,0,'lp_lesson'),(107,8,1159,0,'lp_lesson'),(108,8,1160,0,'lp_quiz');

--
-- Table structure for table `wp_learnpress_sections`
--

CREATE TABLE `wp_learnpress_sections` (
  `section_id` bigint(20) unsigned NOT NULL AUTO_INCREMENT,
  `section_name` varchar(255) COLLATE utf8mb4_unicode_ci NOT NULL DEFAULT '',
  `section_course_id` bigint(20) unsigned NOT NULL DEFAULT 0,
  `section_order` bigint(5) unsigned NOT NULL DEFAULT 0,
  `section_description` longtext COLLATE utf8mb4_unicode_ci NOT NULL,
  PRIMARY KEY (`section_id`)
) ENGINE=MyISAM AUTO_INCREMENT=9 DEFAULT CHARSET=utf8mb4 COLLATE=utf8mb4_unicode_ci;

--
-- Dumping data for table `wp_learnpress_sections`
--

INSERT INTO `wp_learnpress_sections` VALUES (1,'Section 1',965,0,'Dicitur mentio sane vera numerare censeo nobis aliena suavis mediocriterne levare'),(2,'Section 2',965,1,'Conantur statuam vitiosum veniam malum valeat natura ardentem servire reguli suis aristippus'),(3,'Section 3',965,2,'Coniunxisset asotorum avaritiamne opportune agi reddes amaverunt proverbia mentem redarguitur illa'),(4,'Section 4',965,3,'Levem tamquam magno institisset nosse et peteret iocari libidinosam gymnasio die divitiarum'),(5,'Section 5',965,4,'Dantur responsum malitiam occurrentia percipiendas ullo ea pudori stabilem utendum stante'),(6,'Section 6',965,5,'Abiecti integritas praepositum bene tibi inchoavit permulcet turpe vellem possitne undique heredem'),(7,'Section 7',965,6,'Incolumis concedis contemnendis magnificentia teneo instrumento accessit debet cenare pulchritudinem theophrastus'),(8,'Section 8',965,7,'Maioribus commode secundum elici undique multa magnum comparandis contrariis contineo probavit inponebat');

--
-- Table structure for table `wp_learnpress_sessions`
--

CREATE TABLE `wp_learnpress_sessions` (
  `session_id` bigint(20) NOT NULL AUTO_INCREMENT,
  `session_key` char(32) COLLATE utf8mb4_unicode_ci NOT NULL,
  `session_value` longtext COLLATE utf8mb4_unicode_ci NOT NULL,
  `session_expiry` bigint(20) NOT NULL,
  PRIMARY KEY (`session_key`),
  UNIQUE KEY `session_id` (`session_id`)
) ENGINE=MyISAM AUTO_INCREMENT=50495 DEFAULT CHARSET=utf8mb4 COLLATE=utf8mb4_unicode_ci;

--
-- Dumping data for table `wp_learnpress_sessions`
--

INSERT INTO `wp_learnpress_sessions` VALUES (50494,'f0b7a8059cda96bd3fe5c01882f4cf9a','a:2:{s:13:\"guest_user_id\";i:1584357811;s:4:\"cart\";s:6:\"a:0:{}\";}',1584530605),(50493,'4fbacc94f7caf2ae5dfb7c3ade9f51b7','a:3:{s:13:\"guest_user_id\";i:1584356575;s:4:\"cart\";s:6:\"a:0:{}\";s:19:\"user_just_logged_in\";s:3:\"yes\";}',1584529374),(50490,'dbf82d884ef3364e870e89a588e55ad3','a:2:{s:13:\"guest_user_id\";i:1584356467;s:4:\"cart\";s:6:\"a:0:{}\";}',1584529263);

--
-- Table structure for table `wp_learnpress_user_itemmeta`
--

CREATE TABLE `wp_learnpress_user_itemmeta` (
  `meta_id` bigint(20) unsigned NOT NULL AUTO_INCREMENT,
  `learnpress_user_item_id` bigint(20) unsigned NOT NULL,
  `meta_key` varchar(45) COLLATE utf8mb4_unicode_ci NOT NULL DEFAULT '',
  `meta_value` text COLLATE utf8mb4_unicode_ci NOT NULL,
  PRIMARY KEY (`meta_id`)
) ENGINE=MyISAM DEFAULT CHARSET=utf8mb4 COLLATE=utf8mb4_unicode_ci;

--
-- Dumping data for table `wp_learnpress_user_itemmeta`
--


--
-- Table structure for table `wp_learnpress_user_items`
--

CREATE TABLE `wp_learnpress_user_items` (
  `user_item_id` bigint(20) unsigned NOT NULL AUTO_INCREMENT,
  `user_id` bigint(20) unsigned NOT NULL DEFAULT 0,
  `item_id` bigint(20) unsigned NOT NULL DEFAULT 0,
  `start_time` datetime NOT NULL DEFAULT '0000-00-00 00:00:00',
  `start_time_gmt` datetime NOT NULL DEFAULT '0000-00-00 00:00:00',
  `end_time` datetime NOT NULL DEFAULT '0000-00-00 00:00:00',
  `end_time_gmt` datetime NOT NULL DEFAULT '0000-00-00 00:00:00',
  `item_type` varchar(45) COLLATE utf8mb4_unicode_ci NOT NULL DEFAULT '',
  `status` varchar(45) COLLATE utf8mb4_unicode_ci NOT NULL DEFAULT '',
  `ref_id` bigint(20) unsigned NOT NULL DEFAULT 0,
  `ref_type` varchar(45) COLLATE utf8mb4_unicode_ci DEFAULT '',
  `parent_id` bigint(20) unsigned NOT NULL DEFAULT 0,
  PRIMARY KEY (`user_item_id`)
) ENGINE=MyISAM DEFAULT CHARSET=utf8mb4 COLLATE=utf8mb4_unicode_ci;

--
-- Dumping data for table `wp_learnpress_user_items`
--


--
-- Table structure for table `wp_links`
--

CREATE TABLE `wp_links` (
  `link_id` bigint(20) unsigned NOT NULL AUTO_INCREMENT,
  `link_url` varchar(255) COLLATE utf8mb4_unicode_ci NOT NULL DEFAULT '',
  `link_name` varchar(255) COLLATE utf8mb4_unicode_ci NOT NULL DEFAULT '',
  `link_image` varchar(255) COLLATE utf8mb4_unicode_ci NOT NULL DEFAULT '',
  `link_target` varchar(25) COLLATE utf8mb4_unicode_ci NOT NULL DEFAULT '',
  `link_description` varchar(255) COLLATE utf8mb4_unicode_ci NOT NULL DEFAULT '',
  `link_visible` varchar(20) COLLATE utf8mb4_unicode_ci NOT NULL DEFAULT 'Y',
  `link_owner` bigint(20) unsigned NOT NULL DEFAULT 1,
  `link_rating` int(11) NOT NULL DEFAULT 0,
  `link_updated` datetime NOT NULL DEFAULT '0000-00-00 00:00:00',
  `link_rel` varchar(255) COLLATE utf8mb4_unicode_ci NOT NULL DEFAULT '',
  `link_notes` mediumtext COLLATE utf8mb4_unicode_ci NOT NULL,
  `link_rss` varchar(255) COLLATE utf8mb4_unicode_ci NOT NULL DEFAULT '',
  PRIMARY KEY (`link_id`),
  KEY `link_visible` (`link_visible`)
) ENGINE=MyISAM DEFAULT CHARSET=utf8mb4 COLLATE=utf8mb4_unicode_ci;

--
-- Dumping data for table `wp_links`
--


--
-- Table structure for table `wp_mailchimp_carts`
--

CREATE TABLE `wp_mailchimp_carts` (
  `id` varchar(255) COLLATE utf8mb4_unicode_ci NOT NULL,
  `email` varchar(100) COLLATE utf8mb4_unicode_ci NOT NULL,
  `user_id` int(11) DEFAULT NULL,
  `cart` text COLLATE utf8mb4_unicode_ci NOT NULL,
  `created_at` datetime NOT NULL
) ENGINE=MyISAM DEFAULT CHARSET=utf8mb4 COLLATE=utf8mb4_unicode_ci;

--
-- Dumping data for table `wp_mailchimp_carts`
--


--
-- Table structure for table `wp_options`
--

CREATE TABLE `wp_options` (
  `option_id` bigint(20) unsigned NOT NULL AUTO_INCREMENT,
  `option_name` varchar(191) COLLATE utf8mb4_unicode_ci NOT NULL DEFAULT '',
  `option_value` longtext COLLATE utf8mb4_unicode_ci NOT NULL,
  `autoload` varchar(20) COLLATE utf8mb4_unicode_ci NOT NULL DEFAULT 'yes',
  PRIMARY KEY (`option_id`),
  UNIQUE KEY `option_name` (`option_name`),
  KEY `autoload` (`autoload`)
) ENGINE=MyISAM AUTO_INCREMENT=170915 DEFAULT CHARSET=utf8mb4 COLLATE=utf8mb4_unicode_ci;

--
-- Dumping data for table `wp_options`
--


INSERT INTO `wp_options` VALUES (170090,'elementor_remote_info_library','a:3:{s:10:\"types_data\";a:2:{s:5:\"block\";a:1:{s:10:\"categories\";a:22:{i:0;s:8:\"404 page\";i:1;s:5:\"about\";i:2;s:7:\"archive\";i:3;s:14:\"call to action\";i:4;s:7:\"clients\";i:5;s:7:\"contact\";i:6;s:3:\"faq\";i:7;s:8:\"features\";i:8;s:6:\"footer\";i:9;s:6:\"header\";i:10;s:4:\"hero\";i:11;s:9:\"portfolio\";i:12;s:7:\"pricing\";i:13;s:15:\"product archive\";i:14;s:8:\"services\";i:15;s:11:\"single page\";i:16;s:11:\"single post\";i:17;s:14:\"single product\";i:18;s:5:\"stats\";i:19;s:9:\"subscribe\";i:20;s:4:\"team\";i:21;s:12:\"testimonials\";}}s:5:\"popup\";a:1:{s:10:\"categories\";a:6:{i:0;s:10:\"bottom bar\";i:1;s:7:\"classic\";i:2;s:6:\"fly-in\";i:3;s:11:\"full screen\";i:4;s:9:\"hello bar\";i:5;s:8:\"slide-in\";}}}s:10:\"categories\";a:22:{i:0;s:8:\"404 page\";i:1;s:5:\"about\";i:2;s:7:\"archive\";i:3;s:14:\"call to action\";i:4;s:7:\"clients\";i:5;s:7:\"contact\";i:6;s:3:\"faq\";i:7;s:8:\"features\";i:8;s:6:\"footer\";i:9;s:6:\"header\";i:10;s:4:\"hero\";i:11;s:9:\"portfolio\";i:12;s:7:\"pricing\";i:13;s:15:\"product archive\";i:14;s:8:\"services\";i:15;s:11:\"single page\";i:16;s:11:\"single post\";i:17;s:14:\"single product\";i:18;s:5:\"stats\";i:19;s:9:\"subscribe\";i:20;s:4:\"team\";i:21;s:12:\"testimonials\";}s:9:\"templates\";a:821:{i:0;a:14:{s:2:\"id\";i:5525;s:5:\"title\";s:8:\"About 14\";s:9:\"thumbnail\";s:75:\"https://library.elementor.com/wp-content/uploads/2018/03/about_white_10.png\";s:12:\"tmpl_created\";i:1520443532;s:6:\"author\";s:9:\"Elementor\";s:3:\"url\";s:105:\"https://library.elementor.com/blocks/about-14/?utm_source=library&utm_medium=wp-dash&utm_campaign=preview\";s:4:\"type\";s:5:\"block\";s:7:\"subtype\";s:5:\"about\";s:4:\"tags\";s:9:\"[\"About\"]\";s:10:\"menu_order\";i:0;s:16:\"popularity_index\";i:9;s:11:\"trend_index\";i:7;s:6:\"is_pro\";s:1:\"0\";s:17:\"has_page_settings\";s:1:\"0\";}i:1;a:14:{s:2:\"id\";i:10107;s:5:\"title\";s:34:\"Classic | Promotion | Announcement\";s:9:\"thumbnail\";s:72:\"https://library.elementor.com/wp-content/uploads/2019/01/balls_small.png\";s:12:\"tmpl_created\";i:1547851373;s:6:\"author\";s:9:\"Elementor\";s:3:\"url\";s:127:\"https://library.elementor.com/popups/classic-promotion-announcement/?utm_source=library&utm_medium=wp-dash&utm_campaign=preview\";s:4:\"type\";s:5:\"popup\";s:7:\"subtype\";s:7:\"classic\";s:4:\"tags\";s:2:\"[]\";s:10:\"menu_order\";i:0;s:16:\"popularity_index\";i:217;s:11:\"trend_index\";i:195;s:6:\"is_pro\";s:1:\"1\";s:17:\"has_page_settings\";s:1:\"1\";}i:2;a:14:{s:2:\"id\";i:14790;s:5:\"title\";s:33:\"Luxury Real Estate &#8211; Header\";s:9:\"thumbnail\";s:67:\"https://library.elementor.com/wp-content/uploads/2020/07/Header.png\";s:12:\"tmpl_created\";i:1595315760;s:6:\"author\";s:9:\"Elementor\";s:3:\"url\";s:122:\"https://library.elementor.com/blocks/luxury-real-estate-header/?utm_source=library&utm_medium=wp-dash&utm_campaign=preview\";s:4:\"type\";s:5:\"block\";s:7:\"subtype\";s:6:\"header\";s:4:\"tags\";s:37:\"[\"header\",\"real estate\",\"realestate\"]\";s:10:\"menu_order\";i:0;s:16:\"popularity_index\";i:125;s:11:\"trend_index\";i:6;s:6:\"is_pro\";s:1:\"1\";s:17:\"has_page_settings\";s:1:\"0\";}i:3;a:14:{s:2:\"id\";i:5533;s:5:\"title\";s:8:\"About 15\";s:9:\"thumbnail\";s:75:\"https://library.elementor.com/wp-content/uploads/2018/03/about_black_10.png\";s:12:\"tmpl_created\";i:1520443534;s:6:\"author\";s:9:\"Elementor\";s:3:\"url\";s:105:\"https://library.elementor.com/blocks/about-15/?utm_source=library&utm_medium=wp-dash&utm_campaign=preview\";s:4:\"type\";s:5:\"block\";s:7:\"subtype\";s:5:\"about\";s:4:\"tags\";s:9:\"[\"About\"]\";s:10:\"menu_order\";i:0;s:16:\"popularity_index\";i:22;s:11:\"trend_index\";i:16;s:6:\"is_pro\";s:1:\"0\";s:17:\"has_page_settings\";s:1:\"0\";}i:4;a:14:{s:2:\"id\";i:14799;s:5:\"title\";s:38:\"Luxury Real Estate &#8211; single post\";s:9:\"thumbnail\";s:65:\"https://library.elementor.com/wp-content/uploads/2020/07/Post.png\";s:12:\"tmpl_created\";i:1595315792;s:6:\"author\";s:9:\"Elementor\";s:3:\"url\";s:127:\"https://library.elementor.com/blocks/luxury-real-estate-single-post/?utm_source=library&utm_medium=wp-dash&utm_campaign=preview\";s:4:\"type\";s:5:\"block\";s:7:\"subtype\";s:11:\"single post\";s:4:\"tags\";s:28:\"[\"real estate\",\"realestate\"]\";s:10:\"menu_order\";i:0;s:16:\"popularity_index\";i:396;s:11:\"trend_index\";i:82;s:6:\"is_pro\";s:1:\"1\";s:17:\"has_page_settings\";s:1:\"0\";}i:5;a:14:{s:2:\"id\";i:5575;s:5:\"title\";s:5:\"CTA 7\";s:9:\"thumbnail\";s:72:\"https://library.elementor.com/wp-content/uploads/2018/03/cta_white_3.png\";s:12:\"tmpl_created\";i:1520443543;s:6:\"author\";s:9:\"Elementor\";s:3:\"url\";s:102:\"https://library.elementor.com/blocks/cta-7/?utm_source=library&utm_medium=wp-dash&utm_campaign=preview\";s:4:\"type\";s:5:\"block\";s:7:\"subtype\";s:4:\"page\";s:4:\"tags\";s:2:\"[]\";s:10:\"menu_order\";i:0;s:16:\"popularity_index\";i:13;s:11:\"trend_index\";i:8;s:6:\"is_pro\";s:1:\"0\";s:17:\"has_page_settings\";s:1:\"0\";}i:6;a:14:{s:2:\"id\";i:14809;s:5:\"title\";s:45:\"Luxury Real Estate &#8211; Properties Archive\";s:9:\"thumbnail\";s:71:\"https://library.elementor.com/wp-content/uploads/2020/07/Properties.png\";s:12:\"tmpl_created\";i:1595315826;s:6:\"author\";s:9:\"Elementor\";s:3:\"url\";s:134:\"https://library.elementor.com/blocks/luxury-real-estate-properties-archive/?utm_source=library&utm_medium=wp-dash&utm_campaign=preview\";s:4:\"type\";s:5:\"block\";s:7:\"subtype\";s:7:\"archive\";s:4:\"tags\";s:28:\"[\"real estate\",\"realestate\"]\";s:10:\"menu_order\";i:0;s:16:\"popularity_index\";i:440;s:11:\"trend_index\";i:122;s:6:\"is_pro\";s:1:\"1\";s:17:\"has_page_settings\";s:1:\"0\";}i:7;a:14:{s:2:\"id\";i:5615;s:5:\"title\";s:10:\"Features 6\";s:9:\"thumbnail\";s:72:\"https://library.elementor.com/wp-content/uploads/2018/03/cta_white_5.png\";s:12:\"tmpl_created\";i:1520443551;s:6:\"author\";s:9:\"Elementor\";s:3:\"url\";s:107:\"https://library.elementor.com/blocks/features-6/?utm_source=library&utm_medium=wp-dash&utm_campaign=preview\";s:4:\"type\";s:5:\"block\";s:7:\"subtype\";s:8:\"features\";s:4:\"tags\";s:12:\"[\"features\"]\";s:10:\"menu_order\";i:0;s:16:\"popularity_index\";i:36;s:11:\"trend_index\";i:83;s:6:\"is_pro\";s:1:\"0\";s:17:\"has_page_settings\";s:1:\"0\";}i:8;a:14:{s:2:\"id\";i:14816;s:5:\"title\";s:47:\"Luxury Real Estate &#8211; Property single post\";s:9:\"thumbnail\";s:77:\"https://library.elementor.com/wp-content/uploads/2020/07/Single-Property-.png\";s:12:\"tmpl_created\";i:1595315847;s:6:\"author\";s:9:\"Elementor\";s:3:\"url\";s:136:\"https://library.elementor.com/blocks/luxury-real-estate-property-single-post/?utm_source=library&utm_medium=wp-dash&utm_campaign=preview\";s:4:\"type\";s:5:\"block\";s:7:\"subtype\";s:11:\"single post\";s:4:\"tags\";s:28:\"[\"real estate\",\"realestate\"]\";s:10:\"menu_order\";i:0;s:16:\"popularity_index\";i:562;s:11:\"trend_index\";i:286;s:6:\"is_pro\";s:1:\"1\";s:17:\"has_page_settings\";s:1:\"0\";}i:9;a:14:{s:2:\"id\";i:5624;s:5:\"title\";s:10:\"Features 5\";s:9:\"thumbnail\";s:77:\"https://library.elementor.com/wp-content/uploads/2018/03/features_black_1.png\";s:12:\"tmpl_created\";i:1520443553;s:6:\"author\";s:9:\"Elementor\";s:3:\"url\";s:107:\"https://library.elementor.com/blocks/features-5/?utm_source=library&utm_medium=wp-dash&utm_campaign=preview\";s:4:\"type\";s:5:\"block\";s:7:\"subtype\";s:8:\"features\";s:4:\"tags\";s:12:\"[\"features\"]\";s:10:\"menu_order\";i:0;s:16:\"popularity_index\";i:81;s:11:\"trend_index\";i:149;s:6:\"is_pro\";s:1:\"0\";s:17:\"has_page_settings\";s:1:\"0\";}i:10;a:14:{s:2:\"id\";i:14827;s:5:\"title\";s:39:\"Slide-In | Contact | Luxury Real Estate\";s:9:\"thumbnail\";s:66:\"https://library.elementor.com/wp-content/uploads/2020/07/PopUp.png\";s:12:\"tmpl_created\";i:1595323523;s:6:\"author\";s:9:\"Elementor\";s:3:\"url\";s:132:\"https://library.elementor.com/popups/slide-in-contact-luxury-real-estate/?utm_source=library&utm_medium=wp-dash&utm_campaign=preview\";s:4:\"type\";s:5:\"popup\";s:7:\"subtype\";s:8:\"slide-in\";s:4:\"tags\";s:28:\"[\"real estate\",\"realestate\"]\";s:10:\"menu_order\";i:0;s:16:\"popularity_index\";i:597;s:11:\"trend_index\";i:389;s:6:\"is_pro\";s:1:\"1\";s:17:\"has_page_settings\";s:1:\"1\";}i:11;a:14:{s:2:\"id\";i:5684;s:5:\"title\";s:5:\"FAQ 8\";s:9:\"thumbnail\";s:72:\"https://library.elementor.com/wp-content/uploads/2018/03/faq_white_1.png\";s:12:\"tmpl_created\";i:1520443565;s:6:\"author\";s:9:\"Elementor\";s:3:\"url\";s:102:\"https://library.elementor.com/blocks/faq-8/?utm_source=library&utm_medium=wp-dash&utm_campaign=preview\";s:4:\"type\";s:5:\"block\";s:7:\"subtype\";s:3:\"faq\";s:4:\"tags\";s:7:\"[\"faq\"]\";s:10:\"menu_order\";i:0;s:16:\"popularity_index\";i:70;s:11:\"trend_index\";i:67;s:6:\"is_pro\";s:1:\"0\";s:17:\"has_page_settings\";s:1:\"0\";}i:12;a:14:{s:2:\"id\";i:10158;s:5:\"title\";s:17:\"Classic | Contact\";s:9:\"thumbnail\";s:71:\"https://library.elementor.com/wp-content/uploads/2019/01/coco_small.png\";s:12:\"tmpl_created\";i:1547852227;s:6:\"author\";s:9:\"Elementor\";s:3:\"url\";s:112:\"https://library.elementor.com/popups/classic-contact/?utm_source=library&utm_medium=wp-dash&utm_campaign=preview\";s:4:\"type\";s:5:\"popup\";s:7:\"subtype\";s:7:\"classic\";s:4:\"tags\";s:2:\"[]\";s:10:\"menu_order\";i:0;s:16:\"popularity_index\";i:263;s:11:\"trend_index\";i:271;s:6:\"is_pro\";s:1:\"1\";s:17:\"has_page_settings\";s:1:\"1\";}i:13;a:14:{s:2:\"id\";i:15052;s:5:\"title\";s:36:\"Flooring Company &#8211; Single post\";s:9:\"thumbnail\";s:67:\"https://library.elementor.com/wp-content/uploads/2020/08/Single.png\";s:12:\"tmpl_created\";i:1597738858;s:6:\"author\";s:9:\"Elementor\";s:3:\"url\";s:125:\"https://library.elementor.com/blocks/flooring-company-single-post/?utm_source=library&utm_medium=wp-dash&utm_campaign=preview\";s:4:\"type\";s:5:\"block\";s:7:\"subtype\";s:11:\"single post\";s:4:\"tags\";s:39:\"[\"Flooring company\",\"Flooring website\"]\";s:10:\"menu_order\";i:0;s:16:\"popularity_index\";i:478;s:11:\"trend_index\";i:135;s:6:\"is_pro\";s:1:\"1\";s:17:\"has_page_settings\";s:1:\"1\";}i:14;a:14:{s:2:\"id\";i:5693;s:5:\"title\";s:5:\"FAQ 9\";s:9:\"thumbnail\";s:72:\"https://library.elementor.com/wp-content/uploads/2018/03/faq_black_1.png\";s:12:\"tmpl_created\";i:1520443567;s:6:\"author\";s:9:\"Elementor\";s:3:\"url\";s:102:\"https://library.elementor.com/blocks/faq-9/?utm_source=library&utm_medium=wp-dash&utm_campaign=preview\";s:4:\"type\";s:5:\"block\";s:7:\"subtype\";s:3:\"faq\";s:4:\"tags\";s:7:\"[\"faq\"]\";s:10:\"menu_order\";i:0;s:16:\"popularity_index\";i:208;s:11:\"trend_index\";i:338;s:6:\"is_pro\";s:1:\"0\";s:17:\"has_page_settings\";s:1:\"0\";}i:15;a:14:{s:2:\"id\";i:15007;s:5:\"title\";s:31:\"Flooring Company &#8211; Header\";s:9:\"thumbnail\";s:67:\"https://library.elementor.com/wp-content/uploads/2020/08/Header.png\";s:12:\"tmpl_created\";i:1597738896;s:6:\"author\";s:9:\"Elementor\";s:3:\"url\";s:120:\"https://library.elementor.com/blocks/flooring-company-header/?utm_source=library&utm_medium=wp-dash&utm_campaign=preview\";s:4:\"type\";s:5:\"block\";s:7:\"subtype\";s:6:\"header\";s:4:\"tags\";s:48:\"[\"Flooring company\",\"Flooring website\",\"header\"]\";s:10:\"menu_order\";i:0;s:16:\"popularity_index\";i:508;s:11:\"trend_index\";i:118;s:6:\"is_pro\";s:1:\"1\";s:17:\"has_page_settings\";s:1:\"1\";}i:16;a:14:{s:2:\"id\";i:5703;s:5:\"title\";s:6:\"FAQ 13\";s:9:\"thumbnail\";s:72:\"https://library.elementor.com/wp-content/uploads/2018/03/faq_white_2.png\";s:12:\"tmpl_created\";i:1520443569;s:6:\"author\";s:9:\"Elementor\";s:3:\"url\";s:103:\"https://library.elementor.com/blocks/faq-13/?utm_source=library&utm_medium=wp-dash&utm_campaign=preview\";s:4:\"type\";s:5:\"block\";s:7:\"subtype\";s:3:\"faq\";s:4:\"tags\";s:7:\"[\"faq\"]\";s:10:\"menu_order\";i:0;s:16:\"popularity_index\";i:30;s:11:\"trend_index\";i:24;s:6:\"is_pro\";s:1:\"0\";s:17:\"has_page_settings\";s:1:\"0\";}i:17;a:14:{s:2:\"id\";i:15017;s:5:\"title\";s:31:\"Flooring Company &#8211; Footer\";s:9:\"thumbnail\";s:67:\"https://library.elementor.com/wp-content/uploads/2020/08/Footer.png\";s:12:\"tmpl_created\";i:1597738933;s:6:\"author\";s:9:\"Elementor\";s:3:\"url\";s:120:\"https://library.elementor.com/blocks/flooring-company-footer/?utm_source=library&utm_medium=wp-dash&utm_campaign=preview\";s:4:\"type\";s:5:\"block\";s:7:\"subtype\";s:6:\"footer\";s:4:\"tags\";s:48:\"[\"Flooring company\",\"Flooring website\",\"footer\"]\";s:10:\"menu_order\";i:0;s:16:\"popularity_index\";i:372;s:11:\"trend_index\";i:77;s:6:\"is_pro\";s:1:\"1\";s:17:\"has_page_settings\";s:1:\"1\";}i:18;a:14:{s:2:\"id\";i:5711;s:5:\"title\";s:5:\"FAQ 1\";s:9:\"thumbnail\";s:72:\"https://library.elementor.com/wp-content/uploads/2018/03/faq_black_2.png\";s:12:\"tmpl_created\";i:1520443571;s:6:\"author\";s:9:\"Elementor\";s:3:\"url\";s:102:\"https://library.elementor.com/blocks/faq-1/?utm_source=library&utm_medium=wp-dash&utm_campaign=preview\";s:4:\"type\";s:5:\"block\";s:7:\"subtype\";s:3:\"faq\";s:4:\"tags\";s:7:\"[\"faq\"]\";s:10:\"menu_order\";i:0;s:16:\"popularity_index\";i:193;s:11:\"trend_index\";i:228;s:6:\"is_pro\";s:1:\"0\";s:17:\"has_page_settings\";s:1:\"0\";}i:19;a:14:{s:2:\"id\";i:10190;s:5:\"title\";s:30:\"Classic | Register | Subscribe\";s:9:\"thumbnail\";s:73:\"https://library.elementor.com/wp-content/uploads/2019/01/engage_small.png\";s:12:\"tmpl_created\";i:1547885703;s:6:\"author\";s:9:\"Elementor\";s:3:\"url\";s:125:\"https://library.elementor.com/popups/classic-register-subscribe-5/?utm_source=library&utm_medium=wp-dash&utm_campaign=preview\";s:4:\"type\";s:5:\"popup\";s:7:\"subtype\";s:7:\"classic\";s:4:\"tags\";s:2:\"[]\";s:10:\"menu_order\";i:0;s:16:\"popularity_index\";i:222;s:11:\"trend_index\";i:182;s:6:\"is_pro\";s:1:\"1\";s:17:\"has_page_settings\";s:1:\"1\";}i:20;a:14:{s:2:\"id\";i:15042;s:5:\"title\";s:32:\"Flooring Company &#8211; Archive\";s:9:\"thumbnail\";s:65:\"https://library.elementor.com/wp-content/uploads/2020/08/Blog.png\";s:12:\"tmpl_created\";i:1597739084;s:6:\"author\";s:9:\"Elementor\";s:3:\"url\";s:121:\"https://library.elementor.com/blocks/flooring-company-archive/?utm_source=library&utm_medium=wp-dash&utm_campaign=preview\";s:4:\"type\";s:5:\"block\";s:7:\"subtype\";s:7:\"archive\";s:4:\"tags\";s:39:\"[\"Flooring company\",\"Flooring website\"]\";s:10:\"menu_order\";i:0;s:16:\"popularity_index\";i:367;s:11:\"trend_index\";i:62;s:6:\"is_pro\";s:1:\"1\";s:17:\"has_page_settings\";s:1:\"1\";}i:21;a:14:{s:2:\"id\";i:5719;s:5:\"title\";s:5:\"FAQ 4\";s:9:\"thumbnail\";s:72:\"https://library.elementor.com/wp-content/uploads/2018/03/faq_white_3.png\";s:12:\"tmpl_created\";i:1520443573;s:6:\"author\";s:9:\"Elementor\";s:3:\"url\";s:102:\"https://library.elementor.com/blocks/faq-4/?utm_source=library&utm_medium=wp-dash&utm_campaign=preview\";s:4:\"type\";s:5:\"block\";s:7:\"subtype\";s:3:\"faq\";s:4:\"tags\";s:7:\"[\"faq\"]\";s:10:\"menu_order\";i:0;s:16:\"popularity_index\";i:123;s:11:\"trend_index\";i:99;s:6:\"is_pro\";s:1:\"0\";s:17:\"has_page_settings\";s:1:\"0\";}i:22;a:14:{s:2:\"id\";i:15033;s:5:\"title\";s:28:\"Flooring Company &#8211; 404\";s:9:\"thumbnail\";s:64:\"https://library.elementor.com/wp-content/uploads/2020/08/404.png\";s:12:\"tmpl_created\";i:1597739459;s:6:\"author\";s:9:\"Elementor\";s:3:\"url\";s:117:\"https://library.elementor.com/blocks/flooring-company-404/?utm_source=library&utm_medium=wp-dash&utm_campaign=preview\";s:4:\"type\";s:5:\"block\";s:7:\"subtype\";s:8:\"404 page\";s:4:\"tags\";s:45:\"[\"404\",\"Flooring company\",\"Flooring website\"]\";s:10:\"menu_order\";i:0;s:16:\"popularity_index\";i:660;s:11:\"trend_index\";i:406;s:6:\"is_pro\";s:1:\"1\";s:17:\"has_page_settings\";s:1:\"0\";}i:23;a:14:{s:2:\"id\";i:5729;s:5:\"title\";s:5:\"FAQ 5\";s:9:\"thumbnail\";s:72:\"https://library.elementor.com/wp-content/uploads/2018/03/faq_black_3.png\";s:12:\"tmpl_created\";i:1520443575;s:6:\"author\";s:9:\"Elementor\";s:3:\"url\";s:102:\"https://library.elementor.com/blocks/faq-5/?utm_source=library&utm_medium=wp-dash&utm_campaign=preview\";s:4:\"type\";s:5:\"block\";s:7:\"subtype\";s:3:\"faq\";s:4:\"tags\";s:7:\"[\"faq\"]\";s:10:\"menu_order\";i:0;s:16:\"popularity_index\";i:313;s:11:\"trend_index\";i:392;s:6:\"is_pro\";s:1:\"0\";s:17:\"has_page_settings\";s:1:\"0\";}i:24;a:14:{s:2:\"id\";i:15075;s:5:\"title\";s:34:\"Slide-In | Menu | Flooring Company\";s:9:\"thumbnail\";s:68:\"https://library.elementor.com/wp-content/uploads/2020/08/PopUp-1.png\";s:12:\"tmpl_created\";i:1597739605;s:6:\"author\";s:9:\"Elementor\";s:3:\"url\";s:127:\"https://library.elementor.com/popups/slide-in-menu-flooring-company/?utm_source=library&utm_medium=wp-dash&utm_campaign=preview\";s:4:\"type\";s:5:\"popup\";s:7:\"subtype\";s:8:\"slide-in\";s:4:\"tags\";s:39:\"[\"Flooring company\",\"Flooring website\"]\";s:10:\"menu_order\";i:0;s:16:\"popularity_index\";i:497;s:11:\"trend_index\";i:102;s:6:\"is_pro\";s:1:\"1\";s:17:\"has_page_settings\";s:1:\"1\";}i:25;a:14:{s:2:\"id\";i:5737;s:5:\"title\";s:6:\"FAQ 10\";s:9:\"thumbnail\";s:72:\"https://library.elementor.com/wp-content/uploads/2018/03/faq_white_4.png\";s:12:\"tmpl_created\";i:1520443576;s:6:\"author\";s:9:\"Elementor\";s:3:\"url\";s:103:\"https://library.elementor.com/blocks/faq-10/?utm_source=library&utm_medium=wp-dash&utm_campaign=preview\";s:4:\"type\";s:5:\"block\";s:7:\"subtype\";s:3:\"faq\";s:4:\"tags\";s:7:\"[\"faq\"]\";s:10:\"menu_order\";i:0;s:16:\"popularity_index\";i:157;s:11:\"trend_index\";i:128;s:6:\"is_pro\";s:1:\"0\";s:17:\"has_page_settings\";s:1:\"0\";}i:26;a:14:{s:2:\"id\";i:15062;s:5:\"title\";s:35:\"Fly-In | Sign up | Flooring Company\";s:9:\"thumbnail\";s:66:\"https://library.elementor.com/wp-content/uploads/2020/08/PopUp.png\";s:12:\"tmpl_created\";i:1597739629;s:6:\"author\";s:9:\"Elementor\";s:3:\"url\";s:128:\"https://library.elementor.com/popups/fly-in-sign-up-flooring-company/?utm_source=library&utm_medium=wp-dash&utm_campaign=preview\";s:4:\"type\";s:5:\"popup\";s:7:\"subtype\";s:6:\"fly-in\";s:4:\"tags\";s:39:\"[\"Flooring company\",\"Flooring website\"]\";s:10:\"menu_order\";i:0;s:16:\"popularity_index\";i:651;s:11:\"trend_index\";i:514;s:6:\"is_pro\";s:1:\"1\";s:17:\"has_page_settings\";s:1:\"1\";}i:27;a:14:{s:2:\"id\";i:5746;s:5:\"title\";s:6:\"FAQ 11\";s:9:\"thumbnail\";s:72:\"https://library.elementor.com/wp-content/uploads/2018/03/faq_black_4.png\";s:12:\"tmpl_created\";i:1520443578;s:6:\"author\";s:9:\"Elementor\";s:3:\"url\";s:103:\"https://library.elementor.com/blocks/faq-11/?utm_source=library&utm_medium=wp-dash&utm_campaign=preview\";s:4:\"type\";s:5:\"block\";s:7:\"subtype\";s:3:\"faq\";s:4:\"tags\";s:7:\"[\"faq\"]\";s:10:\"menu_order\";i:0;s:16:\"popularity_index\";i:202;s:11:\"trend_index\";i:252;s:6:\"is_pro\";s:1:\"0\";s:17:\"has_page_settings\";s:1:\"0\";}i:28;a:14:{s:2:\"id\";i:5755;s:5:\"title\";s:5:\"FAQ 6\";s:9:\"thumbnail\";s:72:\"https://library.elementor.com/wp-content/uploads/2018/03/faq_white_5.png\";s:12:\"tmpl_created\";i:1520443580;s:6:\"author\";s:9:\"Elementor\";s:3:\"url\";s:102:\"https://library.elementor.com/blocks/faq-6/?utm_source=library&utm_medium=wp-dash&utm_campaign=preview\";s:4:\"type\";s:5:\"block\";s:7:\"subtype\";s:3:\"faq\";s:4:\"tags\";s:7:\"[\"faq\"]\";s:10:\"menu_order\";i:0;s:16:\"popularity_index\";i:105;s:11:\"trend_index\";i:101;s:6:\"is_pro\";s:1:\"0\";s:17:\"has_page_settings\";s:1:\"0\";}i:29;a:14:{s:2:\"id\";i:5764;s:5:\"title\";s:5:\"FAQ 7\";s:9:\"thumbnail\";s:72:\"https://library.elementor.com/wp-content/uploads/2018/03/faq_black_5.png\";s:12:\"tmpl_created\";i:1520443582;s:6:\"author\";s:9:\"Elementor\";s:3:\"url\";s:102:\"https://library.elementor.com/blocks/faq-7/?utm_source=library&utm_medium=wp-dash&utm_campaign=preview\";s:4:\"type\";s:5:\"block\";s:7:\"subtype\";s:3:\"faq\";s:4:\"tags\";s:7:\"[\"faq\"]\";s:10:\"menu_order\";i:0;s:16:\"popularity_index\";i:320;s:11:\"trend_index\";i:405;s:6:\"is_pro\";s:1:\"0\";s:17:\"has_page_settings\";s:1:\"0\";}i:30;a:14:{s:2:\"id\";i:10256;s:5:\"title\";s:20:\"Classic | Sale | Pop\";s:9:\"thumbnail\";s:72:\"https://library.elementor.com/wp-content/uploads/2019/01/fruit_small.png\";s:12:\"tmpl_created\";i:1547888909;s:6:\"author\";s:9:\"Elementor\";s:3:\"url\";s:111:\"https://library.elementor.com/popups/classic-sale-3/?utm_source=library&utm_medium=wp-dash&utm_campaign=preview\";s:4:\"type\";s:5:\"popup\";s:7:\"subtype\";s:7:\"classic\";s:4:\"tags\";s:2:\"[]\";s:10:\"menu_order\";i:0;s:16:\"popularity_index\";i:442;s:11:\"trend_index\";i:560;s:6:\"is_pro\";s:1:\"1\";s:17:\"has_page_settings\";s:1:\"1\";}i:31;a:14:{s:2:\"id\";i:5773;s:5:\"title\";s:7:\"Hero 11\";s:9:\"thumbnail\";s:69:\"https://library.elementor.com/wp-content/uploads/2018/03/header_1.png\";s:12:\"tmpl_created\";i:1520443584;s:6:\"author\";s:9:\"Elementor\";s:3:\"url\";s:104:\"https://library.elementor.com/blocks/hero-11/?utm_source=library&utm_medium=wp-dash&utm_campaign=preview\";s:4:\"type\";s:5:\"block\";s:7:\"subtype\";s:4:\"hero\";s:4:\"tags\";s:2:\"[]\";s:10:\"menu_order\";i:0;s:16:\"popularity_index\";i:35;s:11:\"trend_index\";i:40;s:6:\"is_pro\";s:1:\"0\";s:17:\"has_page_settings\";s:1:\"0\";}i:32;a:14:{s:2:\"id\";i:10267;s:5:\"title\";s:29:\"Classic | Contact | Christmas\";s:9:\"thumbnail\";s:76:\"https://library.elementor.com/wp-content/uploads/2019/01/christmas_small.png\";s:12:\"tmpl_created\";i:1547889047;s:6:\"author\";s:9:\"Elementor\";s:3:\"url\";s:122:\"https://library.elementor.com/popups/classic-contact-christmas/?utm_source=library&utm_medium=wp-dash&utm_campaign=preview\";s:4:\"type\";s:5:\"popup\";s:7:\"subtype\";s:7:\"classic\";s:4:\"tags\";s:2:\"[]\";s:10:\"menu_order\";i:0;s:16:\"popularity_index\";i:288;s:11:\"trend_index\";i:209;s:6:\"is_pro\";s:1:\"1\";s:17:\"has_page_settings\";s:1:\"1\";}i:33;a:14:{s:2:\"id\";i:5783;s:5:\"title\";s:7:\"Hero 10\";s:9:\"thumbnail\";s:69:\"https://library.elementor.com/wp-content/uploads/2018/03/header_2.png\";s:12:\"tmpl_created\";i:1520443586;s:6:\"author\";s:9:\"Elementor\";s:3:\"url\";s:104:\"https://library.elementor.com/blocks/hero-10/?utm_source=library&utm_medium=wp-dash&utm_campaign=preview\";s:4:\"type\";s:5:\"block\";s:7:\"subtype\";s:4:\"hero\";s:4:\"tags\";s:2:\"[]\";s:10:\"menu_order\";i:0;s:16:\"popularity_index\";i:351;s:11:\"trend_index\";i:481;s:6:\"is_pro\";s:1:\"1\";s:17:\"has_page_settings\";s:1:\"0\";}i:34;a:14:{s:2:\"id\";i:5792;s:5:\"title\";s:6:\"Hero 9\";s:9:\"thumbnail\";s:69:\"https://library.elementor.com/wp-content/uploads/2018/03/header_3.png\";s:12:\"tmpl_created\";i:1520443588;s:6:\"author\";s:9:\"Elementor\";s:3:\"url\";s:103:\"https://library.elementor.com/blocks/hero-9/?utm_source=library&utm_medium=wp-dash&utm_campaign=preview\";s:4:\"type\";s:5:\"block\";s:7:\"subtype\";s:4:\"hero\";s:4:\"tags\";s:2:\"[]\";s:10:\"menu_order\";i:0;s:16:\"popularity_index\";i:220;s:11:\"trend_index\";i:222;s:6:\"is_pro\";s:1:\"1\";s:17:\"has_page_settings\";s:1:\"0\";}i:35;a:14:{s:2:\"id\";i:5801;s:5:\"title\";s:6:\"Hero 7\";s:9:\"thumbnail\";s:69:\"https://library.elementor.com/wp-content/uploads/2018/03/header_4.png\";s:12:\"tmpl_created\";i:1520443589;s:6:\"author\";s:9:\"Elementor\";s:3:\"url\";s:103:\"https://library.elementor.com/blocks/hero-7/?utm_source=library&utm_medium=wp-dash&utm_campaign=preview\";s:4:\"type\";s:5:\"block\";s:7:\"subtype\";s:4:\"hero\";s:4:\"tags\";s:8:\"[\"hero\"]\";s:10:\"menu_order\";i:0;s:16:\"popularity_index\";i:15;s:11:\"trend_index\";i:14;s:6:\"is_pro\";s:1:\"0\";s:17:\"has_page_settings\";s:1:\"0\";}i:36;a:14:{s:2:\"id\";i:5811;s:5:\"title\";s:6:\"Hero 8\";s:9:\"thumbnail\";s:69:\"https://library.elementor.com/wp-content/uploads/2018/03/header_5.png\";s:12:\"tmpl_created\";i:1520443591;s:6:\"author\";s:9:\"Elementor\";s:3:\"url\";s:103:\"https://library.elementor.com/blocks/hero-8/?utm_source=library&utm_medium=wp-dash&utm_campaign=preview\";s:4:\"type\";s:5:\"block\";s:7:\"subtype\";s:4:\"hero\";s:4:\"tags\";s:2:\"[]\";s:10:\"menu_order\";i:0;s:16:\"popularity_index\";i:110;s:11:\"trend_index\";i:55;s:6:\"is_pro\";s:1:\"0\";s:17:\"has_page_settings\";s:1:\"0\";}i:37;a:14:{s:2:\"id\";i:10307;s:5:\"title\";s:43:\"Fly In | Promotion | Christmas | Teddy Bear\";s:9:\"thumbnail\";s:72:\"https://library.elementor.com/wp-content/uploads/2019/01/teddy_small.png\";s:12:\"tmpl_created\";i:1547893266;s:6:\"author\";s:9:\"Elementor\";s:3:\"url\";s:123:\"https://library.elementor.com/popups/fly-in-promotion-christmas/?utm_source=library&utm_medium=wp-dash&utm_campaign=preview\";s:4:\"type\";s:5:\"popup\";s:7:\"subtype\";s:6:\"fly-in\";s:4:\"tags\";s:2:\"[]\";s:10:\"menu_order\";i:0;s:16:\"popularity_index\";i:618;s:11:\"trend_index\";i:602;s:6:\"is_pro\";s:1:\"1\";s:17:\"has_page_settings\";s:1:\"1\";}i:38;a:14:{s:2:\"id\";i:5820;s:5:\"title\";s:9:\"Contact 2\";s:9:\"thumbnail\";s:76:\"https://library.elementor.com/wp-content/uploads/2018/03/contact_white_1.png\";s:12:\"tmpl_created\";i:1520443593;s:6:\"author\";s:9:\"Elementor\";s:3:\"url\";s:106:\"https://library.elementor.com/blocks/contact-2/?utm_source=library&utm_medium=wp-dash&utm_campaign=preview\";s:4:\"type\";s:5:\"block\";s:7:\"subtype\";s:7:\"contact\";s:4:\"tags\";s:11:\"[\"contact\"]\";s:10:\"menu_order\";i:0;s:16:\"popularity_index\";i:176;s:11:\"trend_index\";i:144;s:6:\"is_pro\";s:1:\"1\";s:17:\"has_page_settings\";s:1:\"0\";}i:39;a:14:{s:2:\"id\";i:10318;s:5:\"title\";s:27:\"Classic | Contact | Bicycle\";s:9:\"thumbnail\";s:69:\"https://library.elementor.com/wp-content/uploads/2019/01/by_small.png\";s:12:\"tmpl_created\";i:1547893367;s:6:\"author\";s:9:\"Elementor\";s:3:\"url\";s:114:\"https://library.elementor.com/popups/classic-contact-2/?utm_source=library&utm_medium=wp-dash&utm_campaign=preview\";s:4:\"type\";s:5:\"popup\";s:7:\"subtype\";s:7:\"classic\";s:4:\"tags\";s:2:\"[]\";s:10:\"menu_order\";i:0;s:16:\"popularity_index\";i:326;s:11:\"trend_index\";i:319;s:6:\"is_pro\";s:1:\"1\";s:17:\"has_page_settings\";s:1:\"1\";}i:40;a:14:{s:2:\"id\";i:5828;s:5:\"title\";s:9:\"Contact 3\";s:9:\"thumbnail\";s:76:\"https://library.elementor.com/wp-content/uploads/2018/03/contact_black_1.png\";s:12:\"tmpl_created\";i:1520443595;s:6:\"author\";s:9:\"Elementor\";s:3:\"url\";s:106:\"https://library.elementor.com/blocks/contact-3/?utm_source=library&utm_medium=wp-dash&utm_campaign=preview\";s:4:\"type\";s:5:\"block\";s:7:\"subtype\";s:7:\"contact\";s:4:\"tags\";s:11:\"[\"contact\"]\";s:10:\"menu_order\";i:0;s:16:\"popularity_index\";i:306;s:11:\"trend_index\";i:382;s:6:\"is_pro\";s:1:\"1\";s:17:\"has_page_settings\";s:1:\"0\";}i:41;a:14:{s:2:\"id\";i:5836;s:5:\"title\";s:10:\"Contact 10\";s:9:\"thumbnail\";s:76:\"https://library.elementor.com/wp-content/uploads/2018/03/contact_white_2.png\";s:12:\"tmpl_created\";i:1520443597;s:6:\"author\";s:9:\"Elementor\";s:3:\"url\";s:107:\"https://library.elementor.com/blocks/contact-10/?utm_source=library&utm_medium=wp-dash&utm_campaign=preview\";s:4:\"type\";s:5:\"block\";s:7:\"subtype\";s:7:\"contact\";s:4:\"tags\";s:11:\"[\"contact\"]\";s:10:\"menu_order\";i:0;s:16:\"popularity_index\";i:112;s:11:\"trend_index\";i:90;s:6:\"is_pro\";s:1:\"1\";s:17:\"has_page_settings\";s:1:\"0\";}i:42;a:14:{s:2:\"id\";i:10339;s:5:\"title\";s:22:\"Fly In | Contact | Spa\";s:9:\"thumbnail\";s:70:\"https://library.elementor.com/wp-content/uploads/2019/01/spa_small.png\";s:12:\"tmpl_created\";i:1547893603;s:6:\"author\";s:9:\"Elementor\";s:3:\"url\";s:115:\"https://library.elementor.com/popups/fly-in-contact-spa/?utm_source=library&utm_medium=wp-dash&utm_campaign=preview\";s:4:\"type\";s:5:\"popup\";s:7:\"subtype\";s:6:\"fly-in\";s:4:\"tags\";s:2:\"[]\";s:10:\"menu_order\";i:0;s:16:\"popularity_index\";i:389;s:11:\"trend_index\";i:550;s:6:\"is_pro\";s:1:\"1\";s:17:\"has_page_settings\";s:1:\"1\";}i:43;a:14:{s:2:\"id\";i:15204;s:5:\"title\";s:24:\"Psychologist &#8211; 404\";s:9:\"thumbnail\";s:64:\"https://library.elementor.com/wp-content/uploads/2020/09/404.jpg\";s:12:\"tmpl_created\";i:1600161419;s:6:\"author\";s:9:\"Elementor\";s:3:\"url\";s:113:\"https://library.elementor.com/blocks/psychologist-404/?utm_source=library&utm_medium=wp-dash&utm_campaign=preview\";s:4:\"type\";s:5:\"block\";s:7:\"subtype\";s:8:\"404 page\";s:4:\"tags\";s:40:\"[\"404\",\"Psychologist\",\"Psychotherapist\"]\";s:10:\"menu_order\";i:0;s:16:\"popularity_index\";i:586;s:11:\"trend_index\";i:314;s:6:\"is_pro\";s:1:\"1\";s:17:\"has_page_settings\";s:1:\"1\";}i:44;a:14:{s:2:\"id\";i:5844;s:5:\"title\";s:10:\"Contact 11\";s:9:\"thumbnail\";s:76:\"https://library.elementor.com/wp-content/uploads/2018/03/contact_black_2.png\";s:12:\"tmpl_created\";i:1520443599;s:6:\"author\";s:9:\"Elementor\";s:3:\"url\";s:107:\"https://library.elementor.com/blocks/contact-11/?utm_source=library&utm_medium=wp-dash&utm_campaign=preview\";s:4:\"type\";s:5:\"block\";s:7:\"subtype\";s:7:\"contact\";s:4:\"tags\";s:11:\"[\"contact\"]\";s:10:\"menu_order\";i:0;s:16:\"popularity_index\";i:287;s:11:\"trend_index\";i:295;s:6:\"is_pro\";s:1:\"1\";s:17:\"has_page_settings\";s:1:\"0\";}i:45;a:14:{s:2:\"id\";i:10352;s:5:\"title\";s:23:\"Fly In | Contact | Wine\";s:9:\"thumbnail\";s:75:\"https://library.elementor.com/wp-content/uploads/2019/01/fly_wine_small.png\";s:12:\"tmpl_created\";i:1547915335;s:6:\"author\";s:9:\"Elementor\";s:3:\"url\";s:111:\"https://library.elementor.com/popups/fly-in-contact/?utm_source=library&utm_medium=wp-dash&utm_campaign=preview\";s:4:\"type\";s:5:\"popup\";s:7:\"subtype\";s:6:\"fly-in\";s:4:\"tags\";s:2:\"[]\";s:10:\"menu_order\";i:0;s:16:\"popularity_index\";i:438;s:11:\"trend_index\";i:471;s:6:\"is_pro\";s:1:\"1\";s:17:\"has_page_settings\";s:1:\"1\";}i:46;a:14:{s:2:\"id\";i:15212;s:5:\"title\";s:28:\"Psychologist &#8211; Archive\";s:9:\"thumbnail\";s:65:\"https://library.elementor.com/wp-content/uploads/2020/09/Blog.jpg\";s:12:\"tmpl_created\";i:1600162340;s:6:\"author\";s:9:\"Elementor\";s:3:\"url\";s:117:\"https://library.elementor.com/blocks/psychologist-archive/?utm_source=library&utm_medium=wp-dash&utm_campaign=preview\";s:4:\"type\";s:5:\"block\";s:7:\"subtype\";s:7:\"archive\";s:4:\"tags\";s:34:\"[\"Psychologist\",\"Psychotherapist\"]\";s:10:\"menu_order\";i:0;s:16:\"popularity_index\";i:436;s:11:\"trend_index\";i:85;s:6:\"is_pro\";s:1:\"1\";s:17:\"has_page_settings\";s:1:\"1\";}i:47;a:14:{s:2:\"id\";i:5852;s:5:\"title\";s:6:\"CTA 34\";s:9:\"thumbnail\";s:67:\"https://library.elementor.com/wp-content/uploads/2018/03/form_1.png\";s:12:\"tmpl_created\";i:1520443600;s:6:\"author\";s:9:\"Elementor\";s:3:\"url\";s:103:\"https://library.elementor.com/blocks/cta-34/?utm_source=library&utm_medium=wp-dash&utm_campaign=preview\";s:4:\"type\";s:5:\"block\";s:7:\"subtype\";s:4:\"page\";s:4:\"tags\";s:8:\"[\"form\"]\";s:10:\"menu_order\";i:0;s:16:\"popularity_index\";i:534;s:11:\"trend_index\";i:530;s:6:\"is_pro\";s:1:\"1\";s:17:\"has_page_settings\";s:1:\"0\";}i:48;a:14:{s:2:\"id\";i:15219;s:5:\"title\";s:27:\"Psychologist &#8211; Footer\";s:9:\"thumbnail\";s:67:\"https://library.elementor.com/wp-content/uploads/2020/09/Footer.jpg\";s:12:\"tmpl_created\";i:1600163069;s:6:\"author\";s:9:\"Elementor\";s:3:\"url\";s:116:\"https://library.elementor.com/blocks/psychologist-footer/?utm_source=library&utm_medium=wp-dash&utm_campaign=preview\";s:4:\"type\";s:5:\"block\";s:7:\"subtype\";s:6:\"footer\";s:4:\"tags\";s:43:\"[\"footer\",\"Psychologist\",\"Psychotherapist\"]\";s:10:\"menu_order\";i:0;s:16:\"popularity_index\";i:627;s:11:\"trend_index\";i:315;s:6:\"is_pro\";s:1:\"1\";s:17:\"has_page_settings\";s:1:\"1\";}i:49;a:14:{s:2:\"id\";i:5947;s:5:\"title\";s:7:\"Stats 8\";s:9:\"thumbnail\";s:76:\"https://library.elementor.com/wp-content/uploads/2018/03/numbers_white_1.png\";s:12:\"tmpl_created\";i:1520443621;s:6:\"author\";s:9:\"Elementor\";s:3:\"url\";s:104:\"https://library.elementor.com/blocks/stats-8/?utm_source=library&utm_medium=wp-dash&utm_campaign=preview\";s:4:\"type\";s:5:\"block\";s:7:\"subtype\";s:5:\"stats\";s:4:\"tags\";s:9:\"[\"Stats\"]\";s:10:\"menu_order\";i:0;s:16:\"popularity_index\";i:350;s:11:\"trend_index\";i:450;s:6:\"is_pro\";s:1:\"1\";s:17:\"has_page_settings\";s:1:\"0\";}i:50;a:14:{s:2:\"id\";i:10372;s:5:\"title\";s:29:\"Fly In | Register | Subscribe\";s:9:\"thumbnail\";s:72:\"https://library.elementor.com/wp-content/uploads/2019/01/phone_small.png\";s:12:\"tmpl_created\";i:1547915554;s:6:\"author\";s:9:\"Elementor\";s:3:\"url\";s:124:\"https://library.elementor.com/popups/fly-in-register-subscribe-2/?utm_source=library&utm_medium=wp-dash&utm_campaign=preview\";s:4:\"type\";s:5:\"popup\";s:7:\"subtype\";s:6:\"fly-in\";s:4:\"tags\";s:2:\"[]\";s:10:\"menu_order\";i:0;s:16:\"popularity_index\";i:620;s:11:\"trend_index\";i:712;s:6:\"is_pro\";s:1:\"1\";s:17:\"has_page_settings\";s:1:\"1\";}i:51;a:14:{s:2:\"id\";i:15230;s:5:\"title\";s:27:\"Psychologist &#8211; Header\";s:9:\"thumbnail\";s:67:\"https://library.elementor.com/wp-content/uploads/2020/09/Header.png\";s:12:\"tmpl_created\";i:1600163444;s:6:\"author\";s:9:\"Elementor\";s:3:\"url\";s:116:\"https://library.elementor.com/blocks/psychologist-header/?utm_source=library&utm_medium=wp-dash&utm_campaign=preview\";s:4:\"type\";s:5:\"block\";s:7:\"subtype\";s:6:\"header\";s:4:\"tags\";s:43:\"[\"header\",\"Psychologist\",\"Psychotherapist\"]\";s:10:\"menu_order\";i:0;s:16:\"popularity_index\";i:481;s:11:\"trend_index\";i:88;s:6:\"is_pro\";s:1:\"1\";s:17:\"has_page_settings\";s:1:\"0\";}i:52;a:14:{s:2:\"id\";i:5956;s:5:\"title\";s:7:\"Stats 7\";s:9:\"thumbnail\";s:76:\"https://library.elementor.com/wp-content/uploads/2018/03/numbers_black_1.png\";s:12:\"tmpl_created\";i:1520443623;s:6:\"author\";s:9:\"Elementor\";s:3:\"url\";s:104:\"https://library.elementor.com/blocks/stats-7/?utm_source=library&utm_medium=wp-dash&utm_campaign=preview\";s:4:\"type\";s:5:\"block\";s:7:\"subtype\";s:5:\"stats\";s:4:\"tags\";s:9:\"[\"Stats\"]\";s:10:\"menu_order\";i:0;s:16:\"popularity_index\";i:511;s:11:\"trend_index\";i:506;s:6:\"is_pro\";s:1:\"1\";s:17:\"has_page_settings\";s:1:\"0\";}i:53;a:14:{s:2:\"id\";i:10382;s:5:\"title\";s:35:\"Bottom Bar | Announcement | Cookies\";s:9:\"thumbnail\";s:78:\"https://library.elementor.com/wp-content/uploads/2019/01/bottom_pink_small.png\";s:12:\"tmpl_created\";i:1547916616;s:6:\"author\";s:9:\"Elementor\";s:3:\"url\";s:120:\"https://library.elementor.com/popups/bottom-bar-announcement/?utm_source=library&utm_medium=wp-dash&utm_campaign=preview\";s:4:\"type\";s:5:\"popup\";s:7:\"subtype\";s:10:\"bottom bar\";s:4:\"tags\";s:2:\"[]\";s:10:\"menu_order\";i:0;s:16:\"popularity_index\";i:260;s:11:\"trend_index\";i:164;s:6:\"is_pro\";s:1:\"1\";s:17:\"has_page_settings\";s:1:\"1\";}i:54;a:14:{s:2:\"id\";i:15240;s:5:\"title\";s:34:\"Psychologist &#8211; single post 1\";s:9:\"thumbnail\";s:72:\"https://library.elementor.com/wp-content/uploads/2020/09/Single-Post.png\";s:12:\"tmpl_created\";i:1600164087;s:6:\"author\";s:9:\"Elementor\";s:3:\"url\";s:123:\"https://library.elementor.com/blocks/psychologist-single-post-1/?utm_source=library&utm_medium=wp-dash&utm_campaign=preview\";s:4:\"type\";s:5:\"block\";s:7:\"subtype\";s:11:\"single post\";s:4:\"tags\";s:34:\"[\"Psychologist\",\"Psychotherapist\"]\";s:10:\"menu_order\";i:0;s:16:\"popularity_index\";i:594;s:11:\"trend_index\";i:150;s:6:\"is_pro\";s:1:\"1\";s:17:\"has_page_settings\";s:1:\"1\";}i:55;a:14:{s:2:\"id\";i:5963;s:5:\"title\";s:10:\"Features 7\";s:9:\"thumbnail\";s:77:\"https://library.elementor.com/wp-content/uploads/2018/03/features_white_2.png\";s:12:\"tmpl_created\";i:1520443626;s:6:\"author\";s:9:\"Elementor\";s:3:\"url\";s:107:\"https://library.elementor.com/blocks/features-7/?utm_source=library&utm_medium=wp-dash&utm_campaign=preview\";s:4:\"type\";s:5:\"block\";s:7:\"subtype\";s:8:\"features\";s:4:\"tags\";s:12:\"[\"features\"]\";s:10:\"menu_order\";i:0;s:16:\"popularity_index\";i:60;s:11:\"trend_index\";i:75;s:6:\"is_pro\";s:1:\"0\";s:17:\"has_page_settings\";s:1:\"0\";}i:56;a:14:{s:2:\"id\";i:15251;s:5:\"title\";s:34:\"Psychologist &#8211; single post 2\";s:9:\"thumbnail\";s:80:\"https://library.elementor.com/wp-content/uploads/2020/09/Single-Service-Page.png\";s:12:\"tmpl_created\";i:1600165179;s:6:\"author\";s:9:\"Elementor\";s:3:\"url\";s:123:\"https://library.elementor.com/blocks/psychologist-single-post-2/?utm_source=library&utm_medium=wp-dash&utm_campaign=preview\";s:4:\"type\";s:5:\"block\";s:7:\"subtype\";s:11:\"single post\";s:4:\"tags\";s:34:\"[\"Psychologist\",\"Psychotherapist\"]\";s:10:\"menu_order\";i:0;s:16:\"popularity_index\";i:568;s:11:\"trend_index\";i:160;s:6:\"is_pro\";s:1:\"1\";s:17:\"has_page_settings\";s:1:\"1\";}i:57;a:14:{s:2:\"id\";i:5974;s:5:\"title\";s:10:\"Features 4\";s:9:\"thumbnail\";s:77:\"https://library.elementor.com/wp-content/uploads/2018/03/features_white_3.png\";s:12:\"tmpl_created\";i:1520443629;s:6:\"author\";s:9:\"Elementor\";s:3:\"url\";s:107:\"https://library.elementor.com/blocks/features-4/?utm_source=library&utm_medium=wp-dash&utm_campaign=preview\";s:4:\"type\";s:5:\"block\";s:7:\"subtype\";s:8:\"features\";s:4:\"tags\";s:12:\"[\"features\"]\";s:10:\"menu_order\";i:0;s:16:\"popularity_index\";i:64;s:11:\"trend_index\";i:63;s:6:\"is_pro\";s:1:\"0\";s:17:\"has_page_settings\";s:1:\"0\";}i:58;a:14:{s:2:\"id\";i:15259;s:5:\"title\";s:31:\"Hello Bar | Menu | Psychologist\";s:9:\"thumbnail\";s:71:\"https://library.elementor.com/wp-content/uploads/2020/09/Menu-PopUp.png\";s:12:\"tmpl_created\";i:1600170209;s:6:\"author\";s:9:\"Elementor\";s:3:\"url\";s:124:\"https://library.elementor.com/popups/hello-bar-menu-psychologist/?utm_source=library&utm_medium=wp-dash&utm_campaign=preview\";s:4:\"type\";s:5:\"popup\";s:7:\"subtype\";s:9:\"hello bar\";s:4:\"tags\";s:34:\"[\"Psychologist\",\"Psychotherapist\"]\";s:10:\"menu_order\";i:0;s:16:\"popularity_index\";i:749;s:11:\"trend_index\";i:661;s:6:\"is_pro\";s:1:\"1\";s:17:\"has_page_settings\";s:1:\"1\";}i:59;a:14:{s:2:\"id\";i:5983;s:5:\"title\";s:10:\"Features 3\";s:9:\"thumbnail\";s:77:\"https://library.elementor.com/wp-content/uploads/2018/03/features_black_3.png\";s:12:\"tmpl_created\";i:1520443630;s:6:\"author\";s:9:\"Elementor\";s:3:\"url\";s:107:\"https://library.elementor.com/blocks/features-3/?utm_source=library&utm_medium=wp-dash&utm_campaign=preview\";s:4:\"type\";s:5:\"block\";s:7:\"subtype\";s:8:\"features\";s:4:\"tags\";s:11:\"[\"featues\"]\";s:10:\"menu_order\";i:0;s:16:\"popularity_index\";i:224;s:11:\"trend_index\";i:147;s:6:\"is_pro\";s:1:\"0\";s:17:\"has_page_settings\";s:1:\"0\";}i:60;a:14:{s:2:\"id\";i:15272;s:5:\"title\";s:32:\"Classic | Contact | Psychologist\";s:9:\"thumbnail\";s:66:\"https://library.elementor.com/wp-content/uploads/2020/09/PopUp.png\";s:12:\"tmpl_created\";i:1600170487;s:6:\"author\";s:9:\"Elementor\";s:3:\"url\";s:125:\"https://library.elementor.com/popups/classic-contact-psychologist/?utm_source=library&utm_medium=wp-dash&utm_campaign=preview\";s:4:\"type\";s:5:\"popup\";s:7:\"subtype\";s:7:\"classic\";s:4:\"tags\";s:34:\"[\"Psychologist\",\"Psychotherapist\"]\";s:10:\"menu_order\";i:0;s:16:\"popularity_index\";i:628;s:11:\"trend_index\";i:251;s:6:\"is_pro\";s:1:\"1\";s:17:\"has_page_settings\";s:1:\"1\";}i:61;a:14:{s:2:\"id\";i:5991;s:5:\"title\";s:11:\"Features 10\";s:9:\"thumbnail\";s:77:\"https://library.elementor.com/wp-content/uploads/2018/03/features_white_4.png\";s:12:\"tmpl_created\";i:1520443632;s:6:\"author\";s:9:\"Elementor\";s:3:\"url\";s:108:\"https://library.elementor.com/blocks/features-10/?utm_source=library&utm_medium=wp-dash&utm_campaign=preview\";s:4:\"type\";s:5:\"block\";s:7:\"subtype\";s:8:\"features\";s:4:\"tags\";s:12:\"[\"features\"]\";s:10:\"menu_order\";i:0;s:16:\"popularity_index\";i:127;s:11:\"trend_index\";i:190;s:6:\"is_pro\";s:1:\"0\";s:17:\"has_page_settings\";s:1:\"0\";}i:62;a:14:{s:2:\"id\";i:15414;s:5:\"title\";s:32:\"Classic | Contact | Dance Studio\";s:9:\"thumbnail\";s:66:\"https://library.elementor.com/wp-content/uploads/2020/10/PopUp.jpg\";s:12:\"tmpl_created\";i:1603180596;s:6:\"author\";s:9:\"Elementor\";s:3:\"url\";s:125:\"https://library.elementor.com/popups/classic-contact-dance-studio/?utm_source=library&utm_medium=wp-dash&utm_campaign=preview\";s:4:\"type\";s:5:\"popup\";s:7:\"subtype\";s:7:\"classic\";s:4:\"tags\";s:16:\"[\"dance studio\"]\";s:10:\"menu_order\";i:0;s:16:\"popularity_index\";i:765;s:11:\"trend_index\";i:651;s:6:\"is_pro\";s:1:\"1\";s:17:\"has_page_settings\";s:1:\"1\";}i:63;a:14:{s:2:\"id\";i:5999;s:5:\"title\";s:7:\"Team 14\";s:9:\"thumbnail\";s:74:\"https://library.elementor.com/wp-content/uploads/2018/03/team_black_10.png\";s:12:\"tmpl_created\";i:1520443634;s:6:\"author\";s:9:\"Elementor\";s:3:\"url\";s:104:\"https://library.elementor.com/blocks/team-14/?utm_source=library&utm_medium=wp-dash&utm_campaign=preview\";s:4:\"type\";s:5:\"block\";s:7:\"subtype\";s:4:\"team\";s:4:\"tags\";s:8:\"[\"team\"]\";s:10:\"menu_order\";i:0;s:16:\"popularity_index\";i:96;s:11:\"trend_index\";i:179;s:6:\"is_pro\";s:1:\"0\";s:17:\"has_page_settings\";s:1:\"0\";}i:64;a:14:{s:2:\"id\";i:10434;s:5:\"title\";s:27:\"Classic | Sale | Headphones\";s:9:\"thumbnail\";s:71:\"https://library.elementor.com/wp-content/uploads/2019/01/head_small.png\";s:12:\"tmpl_created\";i:1547961950;s:6:\"author\";s:9:\"Elementor\";s:3:\"url\";s:111:\"https://library.elementor.com/popups/classic-sale-6/?utm_source=library&utm_medium=wp-dash&utm_campaign=preview\";s:4:\"type\";s:5:\"popup\";s:7:\"subtype\";s:7:\"classic\";s:4:\"tags\";s:2:\"[]\";s:10:\"menu_order\";i:0;s:16:\"popularity_index\";i:359;s:11:\"trend_index\";i:395;s:6:\"is_pro\";s:1:\"1\";s:17:\"has_page_settings\";s:1:\"1\";}i:65;a:14:{s:2:\"id\";i:6008;s:5:\"title\";s:6:\"Team 6\";s:9:\"thumbnail\";s:74:\"https://library.elementor.com/wp-content/uploads/2018/03/team_white_10.png\";s:12:\"tmpl_created\";i:1520443636;s:6:\"author\";s:9:\"Elementor\";s:3:\"url\";s:103:\"https://library.elementor.com/blocks/team-6/?utm_source=library&utm_medium=wp-dash&utm_campaign=preview\";s:4:\"type\";s:5:\"block\";s:7:\"subtype\";s:4:\"team\";s:4:\"tags\";s:8:\"[\"team\"]\";s:10:\"menu_order\";i:0;s:16:\"popularity_index\";i:69;s:11:\"trend_index\";i:125;s:6:\"is_pro\";s:1:\"0\";s:17:\"has_page_settings\";s:1:\"0\";}i:66;a:14:{s:2:\"id\";i:10444;s:5:\"title\";s:17:\"Classic | Contact\";s:9:\"thumbnail\";s:72:\"https://library.elementor.com/wp-content/uploads/2019/01/plant_small.png\";s:12:\"tmpl_created\";i:1547962029;s:6:\"author\";s:9:\"Elementor\";s:3:\"url\";s:114:\"https://library.elementor.com/popups/classic-contact-3/?utm_source=library&utm_medium=wp-dash&utm_campaign=preview\";s:4:\"type\";s:5:\"popup\";s:7:\"subtype\";s:7:\"classic\";s:4:\"tags\";s:2:\"[]\";s:10:\"menu_order\";i:0;s:16:\"popularity_index\";i:385;s:11:\"trend_index\";i:484;s:6:\"is_pro\";s:1:\"1\";s:17:\"has_page_settings\";s:1:\"1\";}i:67;a:14:{s:2:\"id\";i:6027;s:5:\"title\";s:7:\"About 5\";s:9:\"thumbnail\";s:76:\"https://library.elementor.com/wp-content/uploads/2018/03/about_white_1-1.png\";s:12:\"tmpl_created\";i:1520443639;s:6:\"author\";s:9:\"Elementor\";s:3:\"url\";s:106:\"https://library.elementor.com/blocks/about-5-3/?utm_source=library&utm_medium=wp-dash&utm_campaign=preview\";s:4:\"type\";s:5:\"block\";s:7:\"subtype\";s:5:\"about\";s:4:\"tags\";s:9:\"[\"About\"]\";s:10:\"menu_order\";i:0;s:16:\"popularity_index\";i:41;s:11:\"trend_index\";i:37;s:6:\"is_pro\";s:1:\"0\";s:17:\"has_page_settings\";s:1:\"0\";}i:68;a:14:{s:2:\"id\";i:6036;s:5:\"title\";s:7:\"About 6\";s:9:\"thumbnail\";s:76:\"https://library.elementor.com/wp-content/uploads/2018/03/about_black_1-1.png\";s:12:\"tmpl_created\";i:1520443641;s:6:\"author\";s:9:\"Elementor\";s:3:\"url\";s:106:\"https://library.elementor.com/blocks/about-6-3/?utm_source=library&utm_medium=wp-dash&utm_campaign=preview\";s:4:\"type\";s:5:\"block\";s:7:\"subtype\";s:5:\"about\";s:4:\"tags\";s:9:\"[\"About\"]\";s:10:\"menu_order\";i:0;s:16:\"popularity_index\";i:87;s:11:\"trend_index\";i:134;s:6:\"is_pro\";s:1:\"0\";s:17:\"has_page_settings\";s:1:\"0\";}i:69;a:14:{s:2:\"id\";i:10467;s:5:\"title\";s:27:\"Bottom Bar | Contact | Lego\";s:9:\"thumbnail\";s:70:\"https://library.elementor.com/wp-content/uploads/2019/01/tro_small.png\";s:12:\"tmpl_created\";i:1547962277;s:6:\"author\";s:9:\"Elementor\";s:3:\"url\";s:115:\"https://library.elementor.com/popups/bottom-bar-contact/?utm_source=library&utm_medium=wp-dash&utm_campaign=preview\";s:4:\"type\";s:5:\"popup\";s:7:\"subtype\";s:10:\"bottom bar\";s:4:\"tags\";s:2:\"[]\";s:10:\"menu_order\";i:0;s:16:\"popularity_index\";i:698;s:11:\"trend_index\";i:697;s:6:\"is_pro\";s:1:\"1\";s:17:\"has_page_settings\";s:1:\"1\";}i:70;a:14:{s:2:\"id\";i:6044;s:5:\"title\";s:11:\"Features 11\";s:9:\"thumbnail\";s:77:\"https://library.elementor.com/wp-content/uploads/2018/03/features_white_5.png\";s:12:\"tmpl_created\";i:1520443643;s:6:\"author\";s:9:\"Elementor\";s:3:\"url\";s:108:\"https://library.elementor.com/blocks/features-11/?utm_source=library&utm_medium=wp-dash&utm_campaign=preview\";s:4:\"type\";s:5:\"block\";s:7:\"subtype\";s:8:\"features\";s:4:\"tags\";s:12:\"[\"features\"]\";s:10:\"menu_order\";i:0;s:16:\"popularity_index\";i:66;s:11:\"trend_index\";i:80;s:6:\"is_pro\";s:1:\"0\";s:17:\"has_page_settings\";s:1:\"0\";}i:71;a:14:{s:2:\"id\";i:6053;s:5:\"title\";s:10:\"Features 1\";s:9:\"thumbnail\";s:77:\"https://library.elementor.com/wp-content/uploads/2018/03/features_black_5.png\";s:12:\"tmpl_created\";i:1520443645;s:6:\"author\";s:9:\"Elementor\";s:3:\"url\";s:107:\"https://library.elementor.com/blocks/features-1/?utm_source=library&utm_medium=wp-dash&utm_campaign=preview\";s:4:\"type\";s:5:\"block\";s:7:\"subtype\";s:8:\"features\";s:4:\"tags\";s:12:\"[\"features\"]\";s:10:\"menu_order\";i:0;s:16:\"popularity_index\";i:171;s:11:\"trend_index\";i:242;s:6:\"is_pro\";s:1:\"0\";s:17:\"has_page_settings\";s:1:\"0\";}i:72;a:14:{s:2:\"id\";i:10487;s:5:\"title\";s:18:\"Slide In | Contact\";s:9:\"thumbnail\";s:70:\"https://library.elementor.com/wp-content/uploads/2019/01/acc_small.png\";s:12:\"tmpl_created\";i:1547964527;s:6:\"author\";s:9:\"Elementor\";s:3:\"url\";s:115:\"https://library.elementor.com/popups/slide-in-contact-2/?utm_source=library&utm_medium=wp-dash&utm_campaign=preview\";s:4:\"type\";s:5:\"popup\";s:7:\"subtype\";s:8:\"slide-in\";s:4:\"tags\";s:2:\"[]\";s:10:\"menu_order\";i:0;s:16:\"popularity_index\";i:548;s:11:\"trend_index\";i:604;s:6:\"is_pro\";s:1:\"1\";s:17:\"has_page_settings\";s:1:\"1\";}i:73;a:14:{s:2:\"id\";i:6063;s:5:\"title\";s:7:\"Stats 5\";s:9:\"thumbnail\";s:76:\"https://library.elementor.com/wp-content/uploads/2018/03/numbers_white_2.png\";s:12:\"tmpl_created\";i:1520443647;s:6:\"author\";s:9:\"Elementor\";s:3:\"url\";s:104:\"https://library.elementor.com/blocks/stats-5/?utm_source=library&utm_medium=wp-dash&utm_campaign=preview\";s:4:\"type\";s:5:\"block\";s:7:\"subtype\";s:5:\"stats\";s:4:\"tags\";s:11:\"[\"numbers\"]\";s:10:\"menu_order\";i:0;s:16:\"popularity_index\";i:170;s:11:\"trend_index\";i:276;s:6:\"is_pro\";s:1:\"0\";s:17:\"has_page_settings\";s:1:\"0\";}i:74;a:14:{s:2:\"id\";i:10498;s:5:\"title\";s:14:\"Classic | Sale\";s:9:\"thumbnail\";s:73:\"https://library.elementor.com/wp-content/uploads/2019/01/pink_small-1.png\";s:12:\"tmpl_created\";i:1547964616;s:6:\"author\";s:9:\"Elementor\";s:3:\"url\";s:111:\"https://library.elementor.com/popups/classic-sale-7/?utm_source=library&utm_medium=wp-dash&utm_campaign=preview\";s:4:\"type\";s:5:\"popup\";s:7:\"subtype\";s:7:\"classic\";s:4:\"tags\";s:2:\"[]\";s:10:\"menu_order\";i:0;s:16:\"popularity_index\";i:410;s:11:\"trend_index\";i:340;s:6:\"is_pro\";s:1:\"1\";s:17:\"has_page_settings\";s:1:\"1\";}i:75;a:14:{s:2:\"id\";i:15407;s:5:\"title\";s:24:\"Dance Studio &#8211; 404\";s:9:\"thumbnail\";s:64:\"https://library.elementor.com/wp-content/uploads/2020/10/404.jpg\";s:12:\"tmpl_created\";i:1603181958;s:6:\"author\";s:9:\"Elementor\";s:3:\"url\";s:113:\"https://library.elementor.com/blocks/dance-studio-404/?utm_source=library&utm_medium=wp-dash&utm_campaign=preview\";s:4:\"type\";s:5:\"block\";s:7:\"subtype\";s:8:\"404 page\";s:4:\"tags\";s:22:\"[\"404\",\"dance studio\"]\";s:10:\"menu_order\";i:0;s:16:\"popularity_index\";i:770;s:11:\"trend_index\";i:735;s:6:\"is_pro\";s:1:\"1\";s:17:\"has_page_settings\";s:1:\"1\";}i:76;a:14:{s:2:\"id\";i:6071;s:5:\"title\";s:8:\"Stats 13\";s:9:\"thumbnail\";s:76:\"https://library.elementor.com/wp-content/uploads/2018/03/numbers_white_3.png\";s:12:\"tmpl_created\";i:1520443649;s:6:\"author\";s:9:\"Elementor\";s:3:\"url\";s:105:\"https://library.elementor.com/blocks/stats-13/?utm_source=library&utm_medium=wp-dash&utm_campaign=preview\";s:4:\"type\";s:5:\"block\";s:7:\"subtype\";s:5:\"stats\";s:4:\"tags\";s:11:\"[\"numbers\"]\";s:10:\"menu_order\";i:0;s:16:\"popularity_index\";i:162;s:11:\"trend_index\";i:197;s:6:\"is_pro\";s:1:\"0\";s:17:\"has_page_settings\";s:1:\"0\";}i:77;a:14:{s:2:\"id\";i:15400;s:5:\"title\";s:27:\"Dance Studio &#8211; Footer\";s:9:\"thumbnail\";s:67:\"https://library.elementor.com/wp-content/uploads/2020/10/Footer.jpg\";s:12:\"tmpl_created\";i:1603181989;s:6:\"author\";s:9:\"Elementor\";s:3:\"url\";s:116:\"https://library.elementor.com/blocks/dance-studio-footer/?utm_source=library&utm_medium=wp-dash&utm_campaign=preview\";s:4:\"type\";s:5:\"block\";s:7:\"subtype\";s:6:\"footer\";s:4:\"tags\";s:25:\"[\"dance studio\",\"footer\"]\";s:10:\"menu_order\";i:0;s:16:\"popularity_index\";i:670;s:11:\"trend_index\";i:177;s:6:\"is_pro\";s:1:\"1\";s:17:\"has_page_settings\";s:1:\"0\";}i:78;a:14:{s:2:\"id\";i:6079;s:5:\"title\";s:7:\"Stats 3\";s:9:\"thumbnail\";s:76:\"https://library.elementor.com/wp-content/uploads/2018/03/numbers_white_4.png\";s:12:\"tmpl_created\";i:1520443651;s:6:\"author\";s:9:\"Elementor\";s:3:\"url\";s:104:\"https://library.elementor.com/blocks/stats-3/?utm_source=library&utm_medium=wp-dash&utm_campaign=preview\";s:4:\"type\";s:5:\"block\";s:7:\"subtype\";s:5:\"stats\";s:4:\"tags\";s:11:\"[\"numbers\"]\";s:10:\"menu_order\";i:0;s:16:\"popularity_index\";i:270;s:11:\"trend_index\";i:323;s:6:\"is_pro\";s:1:\"0\";s:17:\"has_page_settings\";s:1:\"0\";}i:79;a:14:{s:2:\"id\";i:10519;s:5:\"title\";s:27:\"Hello Bar | Promotion | App\";s:9:\"thumbnail\";s:72:\"https://library.elementor.com/wp-content/uploads/2019/01/app_small-1.png\";s:12:\"tmpl_created\";i:1547964801;s:6:\"author\";s:9:\"Elementor\";s:3:\"url\";s:122:\"https://library.elementor.com/popups/hello-bar-promotion-app-2/?utm_source=library&utm_medium=wp-dash&utm_campaign=preview\";s:4:\"type\";s:5:\"popup\";s:7:\"subtype\";s:9:\"hello bar\";s:4:\"tags\";s:2:\"[]\";s:10:\"menu_order\";i:0;s:16:\"popularity_index\";i:570;s:11:\"trend_index\";i:540;s:6:\"is_pro\";s:1:\"1\";s:17:\"has_page_settings\";s:1:\"1\";}i:80;a:14:{s:2:\"id\";i:15391;s:5:\"title\";s:27:\"Dance Studio &#8211; Header\";s:9:\"thumbnail\";s:67:\"https://library.elementor.com/wp-content/uploads/2020/10/Header.jpg\";s:12:\"tmpl_created\";i:1603182011;s:6:\"author\";s:9:\"Elementor\";s:3:\"url\";s:116:\"https://library.elementor.com/blocks/dance-studio-header/?utm_source=library&utm_medium=wp-dash&utm_campaign=preview\";s:4:\"type\";s:5:\"block\";s:7:\"subtype\";s:6:\"header\";s:4:\"tags\";s:25:\"[\"dance studio\",\"header\"]\";s:10:\"menu_order\";i:0;s:16:\"popularity_index\";i:539;s:11:\"trend_index\";i:58;s:6:\"is_pro\";s:1:\"1\";s:17:\"has_page_settings\";s:1:\"0\";}i:81;a:14:{s:2:\"id\";i:6089;s:5:\"title\";s:7:\"Stats 4\";s:9:\"thumbnail\";s:76:\"https://library.elementor.com/wp-content/uploads/2018/03/numbers_white_5.png\";s:12:\"tmpl_created\";i:1520443653;s:6:\"author\";s:9:\"Elementor\";s:3:\"url\";s:104:\"https://library.elementor.com/blocks/stats-4/?utm_source=library&utm_medium=wp-dash&utm_campaign=preview\";s:4:\"type\";s:5:\"block\";s:7:\"subtype\";s:5:\"stats\";s:4:\"tags\";s:9:\"[\"Stats\"]\";s:10:\"menu_order\";i:0;s:16:\"popularity_index\";i:192;s:11:\"trend_index\";i:379;s:6:\"is_pro\";s:1:\"0\";s:17:\"has_page_settings\";s:1:\"0\";}i:82;a:14:{s:2:\"id\";i:15580;s:5:\"title\";s:31:\"Fullscreen | Menu | Travel Blog\";s:9:\"thumbnail\";s:71:\"https://library.elementor.com/wp-content/uploads/2020/11/PopUp-Menu.jpg\";s:12:\"tmpl_created\";i:1606215358;s:6:\"author\";s:9:\"Elementor\";s:3:\"url\";s:124:\"https://library.elementor.com/popups/fullscreen-menu-travel-blog/?utm_source=library&utm_medium=wp-dash&utm_campaign=preview\";s:4:\"type\";s:5:\"popup\";s:7:\"subtype\";s:11:\"full screen\";s:4:\"tags\";s:17:\"[\"Blog\",\"Travel\"]\";s:10:\"menu_order\";i:0;s:16:\"popularity_index\";i:748;s:11:\"trend_index\";i:372;s:6:\"is_pro\";s:1:\"1\";s:17:\"has_page_settings\";s:1:\"1\";}i:83;a:14:{s:2:\"id\";i:6097;s:5:\"title\";s:7:\"Stats 6\";s:9:\"thumbnail\";s:76:\"https://library.elementor.com/wp-content/uploads/2018/03/numbers_black_2.png\";s:12:\"tmpl_created\";i:1520443655;s:6:\"author\";s:9:\"Elementor\";s:3:\"url\";s:104:\"https://library.elementor.com/blocks/stats-6/?utm_source=library&utm_medium=wp-dash&utm_campaign=preview\";s:4:\"type\";s:5:\"block\";s:7:\"subtype\";s:5:\"stats\";s:4:\"tags\";s:11:\"[\"numbers\"]\";s:10:\"menu_order\";i:0;s:16:\"popularity_index\";i:257;s:11:\"trend_index\";i:334;s:6:\"is_pro\";s:1:\"0\";s:17:\"has_page_settings\";s:1:\"0\";}i:84;a:14:{s:2:\"id\";i:15570;s:5:\"title\";s:33:\"Classic | Subscribe | Travel Blog\";s:9:\"thumbnail\";s:66:\"https://library.elementor.com/wp-content/uploads/2020/11/PopUp.jpg\";s:12:\"tmpl_created\";i:1606215555;s:6:\"author\";s:9:\"Elementor\";s:3:\"url\";s:126:\"https://library.elementor.com/popups/classic-subscribe-travel-blog/?utm_source=library&utm_medium=wp-dash&utm_campaign=preview\";s:4:\"type\";s:5:\"popup\";s:7:\"subtype\";s:7:\"classic\";s:4:\"tags\";s:17:\"[\"Blog\",\"Travel\"]\";s:10:\"menu_order\";i:0;s:16:\"popularity_index\";i:764;s:11:\"trend_index\";i:429;s:6:\"is_pro\";s:1:\"1\";s:17:\"has_page_settings\";s:1:\"1\";}i:85;a:14:{s:2:\"id\";i:6106;s:5:\"title\";s:7:\"Stats 2\";s:9:\"thumbnail\";s:76:\"https://library.elementor.com/wp-content/uploads/2018/03/numbers_white_6.png\";s:12:\"tmpl_created\";i:1520443657;s:6:\"author\";s:9:\"Elementor\";s:3:\"url\";s:104:\"https://library.elementor.com/blocks/stats-2/?utm_source=library&utm_medium=wp-dash&utm_campaign=preview\";s:4:\"type\";s:5:\"block\";s:7:\"subtype\";s:5:\"stats\";s:4:\"tags\";s:11:\"[\"numbers\"]\";s:10:\"menu_order\";i:0;s:16:\"popularity_index\";i:341;s:11:\"trend_index\";i:445;s:6:\"is_pro\";s:1:\"0\";s:17:\"has_page_settings\";s:1:\"0\";}i:86;a:14:{s:2:\"id\";i:15556;s:5:\"title\";s:33:\"Travel Blog &#8211; Single Post 2\";s:9:\"thumbnail\";s:73:\"https://library.elementor.com/wp-content/uploads/2020/11/Single-2-350.jpg\";s:12:\"tmpl_created\";i:1606215613;s:6:\"author\";s:9:\"Elementor\";s:3:\"url\";s:122:\"https://library.elementor.com/blocks/travel-blog-single-post-2/?utm_source=library&utm_medium=wp-dash&utm_campaign=preview\";s:4:\"type\";s:5:\"block\";s:7:\"subtype\";s:11:\"single post\";s:4:\"tags\";s:17:\"[\"Blog\",\"Travel\"]\";s:10:\"menu_order\";i:0;s:16:\"popularity_index\";i:706;s:11:\"trend_index\";i:289;s:6:\"is_pro\";s:1:\"1\";s:17:\"has_page_settings\";s:1:\"1\";}i:87;a:14:{s:2:\"id\";i:6114;s:5:\"title\";s:7:\"Stats 1\";s:9:\"thumbnail\";s:76:\"https://library.elementor.com/wp-content/uploads/2018/03/numbers_black_6.png\";s:12:\"tmpl_created\";i:1520443659;s:6:\"author\";s:9:\"Elementor\";s:3:\"url\";s:104:\"https://library.elementor.com/blocks/stats-1/?utm_source=library&utm_medium=wp-dash&utm_campaign=preview\";s:4:\"type\";s:5:\"block\";s:7:\"subtype\";s:5:\"stats\";s:4:\"tags\";s:11:\"[\"numbers\"]\";s:10:\"menu_order\";i:0;s:16:\"popularity_index\";i:398;s:11:\"trend_index\";i:487;s:6:\"is_pro\";s:1:\"0\";s:17:\"has_page_settings\";s:1:\"0\";}i:88;a:14:{s:2:\"id\";i:15536;s:5:\"title\";s:26:\"Travel Blog &#8211; Header\";s:9:\"thumbnail\";s:67:\"https://library.elementor.com/wp-content/uploads/2020/11/Header.jpg\";s:12:\"tmpl_created\";i:1606215625;s:6:\"author\";s:9:\"Elementor\";s:3:\"url\";s:115:\"https://library.elementor.com/blocks/travel-blog-header/?utm_source=library&utm_medium=wp-dash&utm_campaign=preview\";s:4:\"type\";s:5:\"block\";s:7:\"subtype\";s:6:\"header\";s:4:\"tags\";s:26:\"[\"Blog\",\"Header\",\"Travel\"]\";s:10:\"menu_order\";i:0;s:16:\"popularity_index\";i:697;s:11:\"trend_index\";i:151;s:6:\"is_pro\";s:1:\"1\";s:17:\"has_page_settings\";s:1:\"0\";}i:89;a:14:{s:2:\"id\";i:6122;s:5:\"title\";s:7:\"About 8\";s:9:\"thumbnail\";s:76:\"https://library.elementor.com/wp-content/uploads/2018/03/about_white_2-1.png\";s:12:\"tmpl_created\";i:1520443661;s:6:\"author\";s:9:\"Elementor\";s:3:\"url\";s:104:\"https://library.elementor.com/blocks/about-8/?utm_source=library&utm_medium=wp-dash&utm_campaign=preview\";s:4:\"type\";s:5:\"block\";s:7:\"subtype\";s:5:\"about\";s:4:\"tags\";s:9:\"[\"About\"]\";s:10:\"menu_order\";i:0;s:16:\"popularity_index\";i:37;s:11:\"trend_index\";i:59;s:6:\"is_pro\";s:1:\"0\";s:17:\"has_page_settings\";s:1:\"0\";}i:90;a:14:{s:2:\"id\";i:10569;s:5:\"title\";s:15:\"Slide In | Sale\";s:9:\"thumbnail\";s:70:\"https://library.elementor.com/wp-content/uploads/2019/01/off_small.png\";s:12:\"tmpl_created\";i:1547967812;s:6:\"author\";s:9:\"Elementor\";s:3:\"url\";s:110:\"https://library.elementor.com/popups/slide-in-sale/?utm_source=library&utm_medium=wp-dash&utm_campaign=preview\";s:4:\"type\";s:5:\"popup\";s:7:\"subtype\";s:8:\"slide-in\";s:4:\"tags\";s:2:\"[]\";s:10:\"menu_order\";i:0;s:16:\"popularity_index\";i:516;s:11:\"trend_index\";i:644;s:6:\"is_pro\";s:1:\"1\";s:17:\"has_page_settings\";s:1:\"1\";}i:91;a:14:{s:2:\"id\";i:15498;s:5:\"title\";s:23:\"Travel Blog &#8211; 404\";s:9:\"thumbnail\";s:64:\"https://library.elementor.com/wp-content/uploads/2020/11/404.jpg\";s:12:\"tmpl_created\";i:1606215636;s:6:\"author\";s:9:\"Elementor\";s:3:\"url\";s:112:\"https://library.elementor.com/blocks/travel-blog-404/?utm_source=library&utm_medium=wp-dash&utm_campaign=preview\";s:4:\"type\";s:5:\"block\";s:7:\"subtype\";s:8:\"404 page\";s:4:\"tags\";s:23:\"[\"404\",\"Blog\",\"Travel\"]\";s:10:\"menu_order\";i:0;s:16:\"popularity_index\";i:766;s:11:\"trend_index\";i:480;s:6:\"is_pro\";s:1:\"1\";s:17:\"has_page_settings\";s:1:\"1\";}i:92;a:14:{s:2:\"id\";i:6135;s:5:\"title\";s:8:\"About 10\";s:9:\"thumbnail\";s:74:\"https://library.elementor.com/wp-content/uploads/2018/03/about_black_2.png\";s:12:\"tmpl_created\";i:1520443663;s:6:\"author\";s:9:\"Elementor\";s:3:\"url\";s:105:\"https://library.elementor.com/blocks/about-10/?utm_source=library&utm_medium=wp-dash&utm_campaign=preview\";s:4:\"type\";s:5:\"block\";s:7:\"subtype\";s:5:\"about\";s:4:\"tags\";s:9:\"[\"About\"]\";s:10:\"menu_order\";i:0;s:16:\"popularity_index\";i:84;s:11:\"trend_index\";i:117;s:6:\"is_pro\";s:1:\"0\";s:17:\"has_page_settings\";s:1:\"0\";}i:93;a:14:{s:2:\"id\";i:15508;s:5:\"title\";s:29:\"Travel Blog &#8211; Archive 1\";s:9:\"thumbnail\";s:74:\"https://library.elementor.com/wp-content/uploads/2020/11/Archive-1-350.jpg\";s:12:\"tmpl_created\";i:1606215649;s:6:\"author\";s:9:\"Elementor\";s:3:\"url\";s:118:\"https://library.elementor.com/blocks/travel-blog-archive-1/?utm_source=library&utm_medium=wp-dash&utm_campaign=preview\";s:4:\"type\";s:5:\"block\";s:7:\"subtype\";s:7:\"archive\";s:4:\"tags\";s:17:\"[\"Blog\",\"Travel\"]\";s:10:\"menu_order\";i:0;s:16:\"popularity_index\";i:723;s:11:\"trend_index\";i:176;s:6:\"is_pro\";s:1:\"1\";s:17:\"has_page_settings\";s:1:\"1\";}i:94;a:14:{s:2:\"id\";i:6144;s:5:\"title\";s:7:\"Team 17\";s:9:\"thumbnail\";s:74:\"https://library.elementor.com/wp-content/uploads/2018/03/team_white_11.png\";s:12:\"tmpl_created\";i:1520443664;s:6:\"author\";s:9:\"Elementor\";s:3:\"url\";s:104:\"https://library.elementor.com/blocks/team-17/?utm_source=library&utm_medium=wp-dash&utm_campaign=preview\";s:4:\"type\";s:5:\"block\";s:7:\"subtype\";s:4:\"team\";s:4:\"tags\";s:8:\"[\"team\"]\";s:10:\"menu_order\";i:0;s:16:\"popularity_index\";i:160;s:11:\"trend_index\";i:206;s:6:\"is_pro\";s:1:\"0\";s:17:\"has_page_settings\";s:1:\"0\";}i:95;a:14:{s:2:\"id\";i:10590;s:5:\"title\";s:19:\"Full Screen | Login\";s:9:\"thumbnail\";s:72:\"https://library.elementor.com/wp-content/uploads/2019/01/pass1_small.png\";s:12:\"tmpl_created\";i:1547967978;s:6:\"author\";s:9:\"Elementor\";s:3:\"url\";s:112:\"https://library.elementor.com/popups/classic-login-6/?utm_source=library&utm_medium=wp-dash&utm_campaign=preview\";s:4:\"type\";s:5:\"popup\";s:7:\"subtype\";s:11:\"full screen\";s:4:\"tags\";s:2:\"[]\";s:10:\"menu_order\";i:0;s:16:\"popularity_index\";i:467;s:11:\"trend_index\";i:500;s:6:\"is_pro\";s:1:\"1\";s:17:\"has_page_settings\";s:1:\"1\";}i:96;a:14:{s:2:\"id\";i:15518;s:5:\"title\";s:29:\"Travel Blog &#8211; Archive 2\";s:9:\"thumbnail\";s:79:\"https://library.elementor.com/wp-content/uploads/2020/11/Archive-2-350-Copy.jpg\";s:12:\"tmpl_created\";i:1606215663;s:6:\"author\";s:9:\"Elementor\";s:3:\"url\";s:118:\"https://library.elementor.com/blocks/travel-blog-archive-2/?utm_source=library&utm_medium=wp-dash&utm_campaign=preview\";s:4:\"type\";s:5:\"block\";s:7:\"subtype\";s:7:\"archive\";s:4:\"tags\";s:17:\"[\"Blog\",\"Travel\"]\";s:10:\"menu_order\";i:0;s:16:\"popularity_index\";i:734;s:11:\"trend_index\";i:285;s:6:\"is_pro\";s:1:\"1\";s:17:\"has_page_settings\";s:1:\"1\";}i:97;a:14:{s:2:\"id\";i:6152;s:5:\"title\";s:7:\"Stats 9\";s:9:\"thumbnail\";s:77:\"https://library.elementor.com/wp-content/uploads/2018/03/progress_black_1.png\";s:12:\"tmpl_created\";i:1520443666;s:6:\"author\";s:9:\"Elementor\";s:3:\"url\";s:104:\"https://library.elementor.com/blocks/stats-9/?utm_source=library&utm_medium=wp-dash&utm_campaign=preview\";s:4:\"type\";s:5:\"block\";s:7:\"subtype\";s:5:\"stats\";s:4:\"tags\";s:9:\"[\"Stats\"]\";s:10:\"menu_order\";i:0;s:16:\"popularity_index\";i:250;s:11:\"trend_index\";i:501;s:6:\"is_pro\";s:1:\"0\";s:17:\"has_page_settings\";s:1:\"0\";}i:98;a:14:{s:2:\"id\";i:10600;s:5:\"title\";s:18:\"Slide In | Contact\";s:9:\"thumbnail\";s:73:\"https://library.elementor.com/wp-content/uploads/2019/01/orange_small.png\";s:12:\"tmpl_created\";i:1547968080;s:6:\"author\";s:9:\"Elementor\";s:3:\"url\";s:115:\"https://library.elementor.com/popups/slide-in-contact-3/?utm_source=library&utm_medium=wp-dash&utm_campaign=preview\";s:4:\"type\";s:5:\"popup\";s:7:\"subtype\";s:8:\"slide-in\";s:4:\"tags\";s:2:\"[]\";s:10:\"menu_order\";i:0;s:16:\"popularity_index\";i:470;s:11:\"trend_index\";i:420;s:6:\"is_pro\";s:1:\"1\";s:17:\"has_page_settings\";s:1:\"1\";}i:99;a:14:{s:2:\"id\";i:15528;s:5:\"title\";s:26:\"Travel Blog &#8211; Footer\";s:9:\"thumbnail\";s:67:\"https://library.elementor.com/wp-content/uploads/2020/11/Footer.jpg\";s:12:\"tmpl_created\";i:1606215673;s:6:\"author\";s:9:\"Elementor\";s:3:\"url\";s:115:\"https://library.elementor.com/blocks/travel-blog-footer/?utm_source=library&utm_medium=wp-dash&utm_campaign=preview\";s:4:\"type\";s:5:\"block\";s:7:\"subtype\";s:6:\"footer\";s:4:\"tags\";s:26:\"[\"Blog\",\"Footer\",\"Travel\"]\";s:10:\"menu_order\";i:0;s:16:\"popularity_index\";i:717;s:11:\"trend_index\";i:278;s:6:\"is_pro\";s:1:\"1\";s:17:\"has_page_settings\";s:1:\"0\";}i:100;a:14:{s:2:\"id\";i:6162;s:5:\"title\";s:11:\"Services 31\";s:9:\"thumbnail\";s:77:\"https://library.elementor.com/wp-content/uploads/2018/03/progress_white_1.png\";s:12:\"tmpl_created\";i:1520443668;s:6:\"author\";s:9:\"Elementor\";s:3:\"url\";s:108:\"https://library.elementor.com/blocks/services-31/?utm_source=library&utm_medium=wp-dash&utm_campaign=preview\";s:4:\"type\";s:5:\"block\";s:7:\"subtype\";s:5:\"stats\";s:4:\"tags\";s:9:\"[\"Stats\"]\";s:10:\"menu_order\";i:0;s:16:\"popularity_index\";i:352;s:11:\"trend_index\";i:555;s:6:\"is_pro\";s:1:\"0\";s:17:\"has_page_settings\";s:1:\"0\";}i:101;a:14:{s:2:\"id\";i:15545;s:5:\"title\";s:33:\"Travel Blog &#8211; Single Post 1\";s:9:\"thumbnail\";s:73:\"https://library.elementor.com/wp-content/uploads/2020/11/Single-1-350.jpg\";s:12:\"tmpl_created\";i:1606215684;s:6:\"author\";s:9:\"Elementor\";s:3:\"url\";s:122:\"https://library.elementor.com/blocks/travel-blog-single-post-1/?utm_source=library&utm_medium=wp-dash&utm_campaign=preview\";s:4:\"type\";s:5:\"block\";s:7:\"subtype\";s:11:\"single post\";s:4:\"tags\";s:17:\"[\"Blog\",\"Travel\"]\";s:10:\"menu_order\";i:0;s:16:\"popularity_index\";i:719;s:11:\"trend_index\";i:249;s:6:\"is_pro\";s:1:\"1\";s:17:\"has_page_settings\";s:1:\"1\";}i:102;a:14:{s:2:\"id\";i:6170;s:5:\"title\";s:8:\"Stats 11\";s:9:\"thumbnail\";s:77:\"https://library.elementor.com/wp-content/uploads/2018/03/progress_black_2.png\";s:12:\"tmpl_created\";i:1520443670;s:6:\"author\";s:9:\"Elementor\";s:3:\"url\";s:105:\"https://library.elementor.com/blocks/stats-11/?utm_source=library&utm_medium=wp-dash&utm_campaign=preview\";s:4:\"type\";s:5:\"block\";s:7:\"subtype\";s:5:\"stats\";s:4:\"tags\";s:9:\"[\"Stats\"]\";s:10:\"menu_order\";i:0;s:16:\"popularity_index\";i:342;s:11:\"trend_index\";i:370;s:6:\"is_pro\";s:1:\"0\";s:17:\"has_page_settings\";s:1:\"0\";}i:103;a:14:{s:2:\"id\";i:10622;s:5:\"title\";s:34:\"Full Screen | Contact | Headphones\";s:9:\"thumbnail\";s:76:\"https://library.elementor.com/wp-content/uploads/2019/01/full_hear_small.png\";s:12:\"tmpl_created\";i:1547969678;s:6:\"author\";s:9:\"Elementor\";s:3:\"url\";s:118:\"https://library.elementor.com/popups/full-screen-contact-2/?utm_source=library&utm_medium=wp-dash&utm_campaign=preview\";s:4:\"type\";s:5:\"popup\";s:7:\"subtype\";s:11:\"full screen\";s:4:\"tags\";s:2:\"[]\";s:10:\"menu_order\";i:0;s:16:\"popularity_index\";i:547;s:11:\"trend_index\";i:595;s:6:\"is_pro\";s:1:\"1\";s:17:\"has_page_settings\";s:1:\"1\";}i:104;a:14:{s:2:\"id\";i:6178;s:5:\"title\";s:8:\"Stats 10\";s:9:\"thumbnail\";s:77:\"https://library.elementor.com/wp-content/uploads/2018/03/progress_white_2.png\";s:12:\"tmpl_created\";i:1520443676;s:6:\"author\";s:9:\"Elementor\";s:3:\"url\";s:105:\"https://library.elementor.com/blocks/stats-10/?utm_source=library&utm_medium=wp-dash&utm_campaign=preview\";s:4:\"type\";s:5:\"block\";s:7:\"subtype\";s:5:\"stats\";s:4:\"tags\";s:9:\"[\"Stats\"]\";s:10:\"menu_order\";i:0;s:16:\"popularity_index\";i:401;s:11:\"trend_index\";i:570;s:6:\"is_pro\";s:1:\"0\";s:17:\"has_page_settings\";s:1:\"0\";}i:105;a:14:{s:2:\"id\";i:10633;s:5:\"title\";s:23:\"Slide In | Login | Lego\";s:9:\"thumbnail\";s:72:\"https://library.elementor.com/wp-content/uploads/2019/01/tro_small-1.png\";s:12:\"tmpl_created\";i:1547969858;s:6:\"author\";s:9:\"Elementor\";s:3:\"url\";s:111:\"https://library.elementor.com/popups/slide-in-login/?utm_source=library&utm_medium=wp-dash&utm_campaign=preview\";s:4:\"type\";s:5:\"popup\";s:7:\"subtype\";s:8:\"slide-in\";s:4:\"tags\";s:2:\"[]\";s:10:\"menu_order\";i:0;s:16:\"popularity_index\";i:653;s:11:\"trend_index\";i:699;s:6:\"is_pro\";s:1:\"1\";s:17:\"has_page_settings\";s:1:\"1\";}i:106;a:14:{s:2:\"id\";i:6186;s:5:\"title\";s:8:\"Stats 12\";s:9:\"thumbnail\";s:77:\"https://library.elementor.com/wp-content/uploads/2018/03/progress_white_3.png\";s:12:\"tmpl_created\";i:1520443678;s:6:\"author\";s:9:\"Elementor\";s:3:\"url\";s:105:\"https://library.elementor.com/blocks/stats-12/?utm_source=library&utm_medium=wp-dash&utm_campaign=preview\";s:4:\"type\";s:5:\"block\";s:7:\"subtype\";s:5:\"stats\";s:4:\"tags\";s:9:\"[\"Stats\"]\";s:10:\"menu_order\";i:0;s:16:\"popularity_index\";i:529;s:11:\"trend_index\";i:581;s:6:\"is_pro\";s:1:\"0\";s:17:\"has_page_settings\";s:1:\"0\";}i:107;a:14:{s:2:\"id\";i:10644;s:5:\"title\";s:26:\"Fly In | Contact | Webinar\";s:9:\"thumbnail\";s:73:\"https://library.elementor.com/wp-content/uploads/2019/01/blue_small-1.png\";s:12:\"tmpl_created\";i:1547970814;s:6:\"author\";s:9:\"Elementor\";s:3:\"url\";s:113:\"https://library.elementor.com/popups/fly-in-contact-2/?utm_source=library&utm_medium=wp-dash&utm_campaign=preview\";s:4:\"type\";s:5:\"popup\";s:7:\"subtype\";s:6:\"fly-in\";s:4:\"tags\";s:2:\"[]\";s:10:\"menu_order\";i:0;s:16:\"popularity_index\";i:469;s:11:\"trend_index\";i:580;s:6:\"is_pro\";s:1:\"1\";s:17:\"has_page_settings\";s:1:\"1\";}i:108;a:14:{s:2:\"id\";i:6196;s:5:\"title\";s:10:\"Features 9\";s:9:\"thumbnail\";s:77:\"https://library.elementor.com/wp-content/uploads/2018/03/features_white_6.png\";s:12:\"tmpl_created\";i:1520443680;s:6:\"author\";s:9:\"Elementor\";s:3:\"url\";s:107:\"https://library.elementor.com/blocks/features-9/?utm_source=library&utm_medium=wp-dash&utm_campaign=preview\";s:4:\"type\";s:5:\"block\";s:7:\"subtype\";s:8:\"features\";s:4:\"tags\";s:12:\"[\"features\"]\";s:10:\"menu_order\";i:0;s:16:\"popularity_index\";i:109;s:11:\"trend_index\";i:173;s:6:\"is_pro\";s:1:\"0\";s:17:\"has_page_settings\";s:1:\"0\";}i:109;a:14:{s:2:\"id\";i:10654;s:5:\"title\";s:31:\"Full Screen | Login | Christmas\";s:9:\"thumbnail\";s:77:\"https://library.elementor.com/wp-content/uploads/2019/01/full_login_small.png\";s:12:\"tmpl_created\";i:1547970917;s:6:\"author\";s:9:\"Elementor\";s:3:\"url\";s:124:\"https://library.elementor.com/popups/full-screen-login-christmas/?utm_source=library&utm_medium=wp-dash&utm_campaign=preview\";s:4:\"type\";s:5:\"popup\";s:7:\"subtype\";s:11:\"full screen\";s:4:\"tags\";s:2:\"[]\";s:10:\"menu_order\";i:0;s:16:\"popularity_index\";i:641;s:11:\"trend_index\";i:586;s:6:\"is_pro\";s:1:\"1\";s:17:\"has_page_settings\";s:1:\"1\";}i:110;a:14:{s:2:\"id\";i:6204;s:5:\"title\";s:10:\"Features 8\";s:9:\"thumbnail\";s:77:\"https://library.elementor.com/wp-content/uploads/2018/03/progress_black_6.png\";s:12:\"tmpl_created\";i:1520443681;s:6:\"author\";s:9:\"Elementor\";s:3:\"url\";s:107:\"https://library.elementor.com/blocks/features-8/?utm_source=library&utm_medium=wp-dash&utm_campaign=preview\";s:4:\"type\";s:5:\"block\";s:7:\"subtype\";s:8:\"features\";s:4:\"tags\";s:12:\"[\"features\"]\";s:10:\"menu_order\";i:0;s:16:\"popularity_index\";i:209;s:11:\"trend_index\";i:241;s:6:\"is_pro\";s:1:\"0\";s:17:\"has_page_settings\";s:1:\"0\";}i:111;a:14:{s:2:\"id\";i:10664;s:5:\"title\";s:34:\"Slide In | Contact | Gym | Fitness\";s:9:\"thumbnail\";s:76:\"https://library.elementor.com/wp-content/uploads/2019/01/slide_gym_small.png\";s:12:\"tmpl_created\";i:1547973928;s:6:\"author\";s:9:\"Elementor\";s:3:\"url\";s:115:\"https://library.elementor.com/popups/slide-in-contact-4/?utm_source=library&utm_medium=wp-dash&utm_campaign=preview\";s:4:\"type\";s:5:\"popup\";s:7:\"subtype\";s:8:\"slide-in\";s:4:\"tags\";s:2:\"[]\";s:10:\"menu_order\";i:0;s:16:\"popularity_index\";i:538;s:11:\"trend_index\";i:593;s:6:\"is_pro\";s:1:\"1\";s:17:\"has_page_settings\";s:1:\"1\";}i:112;a:14:{s:2:\"id\";i:6212;s:5:\"title\";s:11:\"Features 12\";s:9:\"thumbnail\";s:77:\"https://library.elementor.com/wp-content/uploads/2018/03/features_white_7.png\";s:12:\"tmpl_created\";i:1520443684;s:6:\"author\";s:9:\"Elementor\";s:3:\"url\";s:108:\"https://library.elementor.com/blocks/features-12/?utm_source=library&utm_medium=wp-dash&utm_campaign=preview\";s:4:\"type\";s:5:\"block\";s:7:\"subtype\";s:8:\"features\";s:4:\"tags\";s:12:\"[\"features\"]\";s:10:\"menu_order\";i:0;s:16:\"popularity_index\";i:78;s:11:\"trend_index\";i:138;s:6:\"is_pro\";s:1:\"0\";s:17:\"has_page_settings\";s:1:\"0\";}i:113;a:14:{s:2:\"id\";i:10675;s:5:\"title\";s:35:\"Full Screen | Login | Gym | Fitness\";s:9:\"thumbnail\";s:75:\"https://library.elementor.com/wp-content/uploads/2019/01/gym_full_small.png\";s:12:\"tmpl_created\";i:1547974110;s:6:\"author\";s:9:\"Elementor\";s:3:\"url\";s:116:\"https://library.elementor.com/popups/full-screen-login-4/?utm_source=library&utm_medium=wp-dash&utm_campaign=preview\";s:4:\"type\";s:5:\"popup\";s:7:\"subtype\";s:11:\"full screen\";s:4:\"tags\";s:2:\"[]\";s:10:\"menu_order\";i:0;s:16:\"popularity_index\";i:510;s:11:\"trend_index\";i:419;s:6:\"is_pro\";s:1:\"1\";s:17:\"has_page_settings\";s:1:\"1\";}i:114;a:14:{s:2:\"id\";i:6220;s:5:\"title\";s:10:\"Features 2\";s:9:\"thumbnail\";s:77:\"https://library.elementor.com/wp-content/uploads/2018/03/features_white_8.png\";s:12:\"tmpl_created\";i:1520443685;s:6:\"author\";s:9:\"Elementor\";s:3:\"url\";s:107:\"https://library.elementor.com/blocks/features-2/?utm_source=library&utm_medium=wp-dash&utm_campaign=preview\";s:4:\"type\";s:5:\"block\";s:7:\"subtype\";s:8:\"features\";s:4:\"tags\";s:12:\"[\"features\"]\";s:10:\"menu_order\";i:0;s:16:\"popularity_index\";i:86;s:11:\"trend_index\";i:91;s:6:\"is_pro\";s:1:\"0\";s:17:\"has_page_settings\";s:1:\"0\";}i:115;a:14:{s:2:\"id\";i:6230;s:5:\"title\";s:6:\"Hero 6\";s:9:\"thumbnail\";s:74:\"https://library.elementor.com/wp-content/uploads/2018/03/heroo_white_1.png\";s:12:\"tmpl_created\";i:1520443687;s:6:\"author\";s:9:\"Elementor\";s:3:\"url\";s:103:\"https://library.elementor.com/blocks/hero-6/?utm_source=library&utm_medium=wp-dash&utm_campaign=preview\";s:4:\"type\";s:5:\"block\";s:7:\"subtype\";s:4:\"hero\";s:4:\"tags\";s:8:\"[\"hero\"]\";s:10:\"menu_order\";i:0;s:16:\"popularity_index\";i:383;s:11:\"trend_index\";i:424;s:6:\"is_pro\";s:1:\"1\";s:17:\"has_page_settings\";s:1:\"0\";}i:116;a:14:{s:2:\"id\";i:9719;s:5:\"title\";s:30:\"Classic | Subscribe | Register\";s:9:\"thumbnail\";s:75:\"https://library.elementor.com/wp-content/uploads/2019/01/register_small.png\";s:12:\"tmpl_created\";i:1547976107;s:6:\"author\";s:9:\"Elementor\";s:3:\"url\";s:123:\"https://library.elementor.com/popups/classic-subscribe-register/?utm_source=library&utm_medium=wp-dash&utm_campaign=preview\";s:4:\"type\";s:5:\"popup\";s:7:\"subtype\";s:7:\"classic\";s:4:\"tags\";s:2:\"[]\";s:10:\"menu_order\";i:0;s:16:\"popularity_index\";i:397;s:11:\"trend_index\";i:418;s:6:\"is_pro\";s:1:\"1\";s:17:\"has_page_settings\";s:1:\"1\";}i:117;a:14:{s:2:\"id\";i:6239;s:5:\"title\";s:6:\"Hero 3\";s:9:\"thumbnail\";s:74:\"https://library.elementor.com/wp-content/uploads/2018/03/heroo_black_1.png\";s:12:\"tmpl_created\";i:1520443689;s:6:\"author\";s:9:\"Elementor\";s:3:\"url\";s:103:\"https://library.elementor.com/blocks/hero-3/?utm_source=library&utm_medium=wp-dash&utm_campaign=preview\";s:4:\"type\";s:5:\"block\";s:7:\"subtype\";s:4:\"hero\";s:4:\"tags\";s:8:\"[\"hero\"]\";s:10:\"menu_order\";i:0;s:16:\"popularity_index\";i:25;s:11:\"trend_index\";i:31;s:6:\"is_pro\";s:1:\"0\";s:17:\"has_page_settings\";s:1:\"0\";}i:118;a:14:{s:2:\"id\";i:6249;s:5:\"title\";s:6:\"Hero 5\";s:9:\"thumbnail\";s:74:\"https://library.elementor.com/wp-content/uploads/2018/03/heroo_black_2.png\";s:12:\"tmpl_created\";i:1520443691;s:6:\"author\";s:9:\"Elementor\";s:3:\"url\";s:103:\"https://library.elementor.com/blocks/hero-5/?utm_source=library&utm_medium=wp-dash&utm_campaign=preview\";s:4:\"type\";s:5:\"block\";s:7:\"subtype\";s:4:\"hero\";s:4:\"tags\";s:8:\"[\"hero\"]\";s:10:\"menu_order\";i:0;s:16:\"popularity_index\";i:56;s:11:\"trend_index\";i:32;s:6:\"is_pro\";s:1:\"0\";s:17:\"has_page_settings\";s:1:\"0\";}i:119;a:14:{s:2:\"id\";i:6258;s:5:\"title\";s:6:\"Hero 4\";s:9:\"thumbnail\";s:74:\"https://library.elementor.com/wp-content/uploads/2018/03/heroo_black_3.png\";s:12:\"tmpl_created\";i:1520443693;s:6:\"author\";s:9:\"Elementor\";s:3:\"url\";s:103:\"https://library.elementor.com/blocks/hero-4/?utm_source=library&utm_medium=wp-dash&utm_campaign=preview\";s:4:\"type\";s:5:\"block\";s:7:\"subtype\";s:4:\"hero\";s:4:\"tags\";s:8:\"[\"hero\"]\";s:10:\"menu_order\";i:0;s:16:\"popularity_index\";i:454;s:11:\"trend_index\";i:532;s:6:\"is_pro\";s:1:\"1\";s:17:\"has_page_settings\";s:1:\"0\";}i:120;a:14:{s:2:\"id\";i:10137;s:5:\"title\";s:34:\"Full Screen | Contact | Restaurant\";s:9:\"thumbnail\";s:71:\"https://library.elementor.com/wp-content/uploads/2019/01/rest_small.png\";s:12:\"tmpl_created\";i:1547976342;s:6:\"author\";s:9:\"Elementor\";s:3:\"url\";s:116:\"https://library.elementor.com/popups/full-screen-contact/?utm_source=library&utm_medium=wp-dash&utm_campaign=preview\";s:4:\"type\";s:5:\"popup\";s:7:\"subtype\";s:11:\"full screen\";s:4:\"tags\";s:2:\"[]\";s:10:\"menu_order\";i:0;s:16:\"popularity_index\";i:553;s:11:\"trend_index\";i:594;s:6:\"is_pro\";s:1:\"1\";s:17:\"has_page_settings\";s:1:\"1\";}i:121;a:14:{s:2:\"id\";i:6266;s:5:\"title\";s:6:\"Hero 1\";s:9:\"thumbnail\";s:74:\"https://library.elementor.com/wp-content/uploads/2018/03/heroo_black_4.png\";s:12:\"tmpl_created\";i:1520443695;s:6:\"author\";s:9:\"Elementor\";s:3:\"url\";s:103:\"https://library.elementor.com/blocks/hero-1/?utm_source=library&utm_medium=wp-dash&utm_campaign=preview\";s:4:\"type\";s:5:\"block\";s:7:\"subtype\";s:4:\"hero\";s:4:\"tags\";s:8:\"[\"hero\"]\";s:10:\"menu_order\";i:0;s:16:\"popularity_index\";i:51;s:11:\"trend_index\";i:78;s:6:\"is_pro\";s:1:\"0\";s:17:\"has_page_settings\";s:1:\"0\";}i:122;a:14:{s:2:\"id\";i:10244;s:5:\"title\";s:17:\"Bottom Bar | Sale\";s:9:\"thumbnail\";s:70:\"https://library.elementor.com/wp-content/uploads/2019/01/wow_small.png\";s:12:\"tmpl_created\";i:1547976402;s:6:\"author\";s:9:\"Elementor\";s:3:\"url\";s:112:\"https://library.elementor.com/popups/bottom-bar-sale/?utm_source=library&utm_medium=wp-dash&utm_campaign=preview\";s:4:\"type\";s:5:\"popup\";s:7:\"subtype\";s:10:\"bottom bar\";s:4:\"tags\";s:2:\"[]\";s:10:\"menu_order\";i:0;s:16:\"popularity_index\";i:603;s:11:\"trend_index\";i:717;s:6:\"is_pro\";s:1:\"1\";s:17:\"has_page_settings\";s:1:\"1\";}i:123;a:14:{s:2:\"id\";i:6274;s:5:\"title\";s:6:\"Hero 2\";s:9:\"thumbnail\";s:74:\"https://library.elementor.com/wp-content/uploads/2018/03/heroo_black_5.png\";s:12:\"tmpl_created\";i:1520443698;s:6:\"author\";s:9:\"Elementor\";s:3:\"url\";s:103:\"https://library.elementor.com/blocks/hero-2/?utm_source=library&utm_medium=wp-dash&utm_campaign=preview\";s:4:\"type\";s:5:\"block\";s:7:\"subtype\";s:4:\"hero\";s:4:\"tags\";s:8:\"[\"hero\"]\";s:10:\"menu_order\";i:0;s:16:\"popularity_index\";i:91;s:11:\"trend_index\";i:97;s:6:\"is_pro\";s:1:\"1\";s:17:\"has_page_settings\";s:1:\"0\";}i:124;a:14:{s:2:\"id\";i:6017;s:5:\"title\";s:6:\"CTA 14\";s:9:\"thumbnail\";s:73:\"https://library.elementor.com/wp-content/uploads/2018/03/cta_black_14.png\";s:12:\"tmpl_created\";i:1520520331;s:6:\"author\";s:9:\"Elementor\";s:3:\"url\";s:103:\"https://library.elementor.com/blocks/cta-14/?utm_source=library&utm_medium=wp-dash&utm_campaign=preview\";s:4:\"type\";s:5:\"block\";s:7:\"subtype\";s:14:\"call to action\";s:4:\"tags\";s:7:\"[\"cta\"]\";s:10:\"menu_order\";i:0;s:16:\"popularity_index\";i:148;s:11:\"trend_index\";i:261;s:6:\"is_pro\";s:1:\"0\";s:17:\"has_page_settings\";s:1:\"0\";}i:125;a:14:{s:2:\"id\";i:10127;s:5:\"title\";s:35:\"Fly In | Announcement | Maintenance\";s:9:\"thumbnail\";s:72:\"https://library.elementor.com/wp-content/uploads/2019/01/pizza_small.png\";s:12:\"tmpl_created\";i:1547984061;s:6:\"author\";s:9:\"Elementor\";s:3:\"url\";s:118:\"https://library.elementor.com/popups/fly-in-announcement-2/?utm_source=library&utm_medium=wp-dash&utm_campaign=preview\";s:4:\"type\";s:5:\"popup\";s:7:\"subtype\";s:6:\"fly-in\";s:4:\"tags\";s:2:\"[]\";s:10:\"menu_order\";i:0;s:16:\"popularity_index\";i:680;s:11:\"trend_index\";i:728;s:6:\"is_pro\";s:1:\"1\";s:17:\"has_page_settings\";s:1:\"1\";}i:126;a:14:{s:2:\"id\";i:4826;s:5:\"title\";s:14:\"Testimonial 24\";s:9:\"thumbnail\";s:81:\"https://library.elementor.com/wp-content/uploads/2018/03/testimonials_white_1.png\";s:12:\"tmpl_created\";i:1520520544;s:6:\"author\";s:9:\"Elementor\";s:3:\"url\";s:113:\"https://library.elementor.com/blocks/testimonial-24-2/?utm_source=library&utm_medium=wp-dash&utm_campaign=preview\";s:4:\"type\";s:5:\"block\";s:7:\"subtype\";s:12:\"testimonials\";s:4:\"tags\";s:15:\"[\"Testimonial\"]\";s:10:\"menu_order\";i:0;s:16:\"popularity_index\";i:252;s:11:\"trend_index\";i:336;s:6:\"is_pro\";s:1:\"1\";s:17:\"has_page_settings\";s:1:\"0\";}i:127;a:14:{s:2:\"id\";i:4835;s:5:\"title\";s:14:\"Testimonial 16\";s:9:\"thumbnail\";s:81:\"https://library.elementor.com/wp-content/uploads/2018/03/testimonials_black_1.png\";s:12:\"tmpl_created\";i:1520520546;s:6:\"author\";s:9:\"Elementor\";s:3:\"url\";s:111:\"https://library.elementor.com/blocks/testimonial-16/?utm_source=library&utm_medium=wp-dash&utm_campaign=preview\";s:4:\"type\";s:5:\"block\";s:7:\"subtype\";s:12:\"testimonials\";s:4:\"tags\";s:15:\"[\"Testimonial\"]\";s:10:\"menu_order\";i:0;s:16:\"popularity_index\";i:390;s:11:\"trend_index\";i:491;s:6:\"is_pro\";s:1:\"1\";s:17:\"has_page_settings\";s:1:\"0\";}i:128;a:14:{s:2:\"id\";i:4843;s:5:\"title\";s:14:\"Testimonial 18\";s:9:\"thumbnail\";s:81:\"https://library.elementor.com/wp-content/uploads/2018/03/testimonials_white_2.png\";s:12:\"tmpl_created\";i:1520520548;s:6:\"author\";s:9:\"Elementor\";s:3:\"url\";s:111:\"https://library.elementor.com/blocks/testimonial-18/?utm_source=library&utm_medium=wp-dash&utm_campaign=preview\";s:4:\"type\";s:5:\"block\";s:7:\"subtype\";s:12:\"testimonials\";s:4:\"tags\";s:15:\"[\"Testimonial\"]\";s:10:\"menu_order\";i:0;s:16:\"popularity_index\";i:428;s:11:\"trend_index\";i:541;s:6:\"is_pro\";s:1:\"1\";s:17:\"has_page_settings\";s:1:\"0\";}i:129;a:14:{s:2:\"id\";i:4854;s:5:\"title\";s:14:\"Testimonial 13\";s:9:\"thumbnail\";s:81:\"https://library.elementor.com/wp-content/uploads/2018/03/testimonials_black_2.png\";s:12:\"tmpl_created\";i:1520520549;s:6:\"author\";s:9:\"Elementor\";s:3:\"url\";s:111:\"https://library.elementor.com/blocks/testimonial-13/?utm_source=library&utm_medium=wp-dash&utm_campaign=preview\";s:4:\"type\";s:5:\"block\";s:7:\"subtype\";s:12:\"testimonials\";s:4:\"tags\";s:15:\"[\"Testimonial\"]\";s:10:\"menu_order\";i:0;s:16:\"popularity_index\";i:614;s:11:\"trend_index\";i:630;s:6:\"is_pro\";s:1:\"1\";s:17:\"has_page_settings\";s:1:\"0\";}i:130;a:14:{s:2:\"id\";i:4863;s:5:\"title\";s:14:\"Testimonial 19\";s:9:\"thumbnail\";s:81:\"https://library.elementor.com/wp-content/uploads/2018/03/testimonials_white_3.png\";s:12:\"tmpl_created\";i:1520520551;s:6:\"author\";s:9:\"Elementor\";s:3:\"url\";s:111:\"https://library.elementor.com/blocks/testimonial-19/?utm_source=library&utm_medium=wp-dash&utm_campaign=preview\";s:4:\"type\";s:5:\"block\";s:7:\"subtype\";s:12:\"testimonials\";s:4:\"tags\";s:15:\"[\"Testimonial\"]\";s:10:\"menu_order\";i:0;s:16:\"popularity_index\";i:240;s:11:\"trend_index\";i:348;s:6:\"is_pro\";s:1:\"1\";s:17:\"has_page_settings\";s:1:\"0\";}i:131;a:14:{s:2:\"id\";i:10776;s:5:\"title\";s:33:\"Fly In | Contact | Social | Share\";s:9:\"thumbnail\";s:74:\"https://library.elementor.com/wp-content/uploads/2019/01/social1_small.png\";s:12:\"tmpl_created\";i:1548047055;s:6:\"author\";s:9:\"Elementor\";s:3:\"url\";s:124:\"https://library.elementor.com/popups/fly-in-contact-social-share/?utm_source=library&utm_medium=wp-dash&utm_campaign=preview\";s:4:\"type\";s:5:\"popup\";s:7:\"subtype\";s:6:\"fly-in\";s:4:\"tags\";s:2:\"[]\";s:10:\"menu_order\";i:0;s:16:\"popularity_index\";i:679;s:11:\"trend_index\";i:666;s:6:\"is_pro\";s:1:\"1\";s:17:\"has_page_settings\";s:1:\"1\";}i:132;a:14:{s:2:\"id\";i:4871;s:5:\"title\";s:14:\"Testimonial 12\";s:9:\"thumbnail\";s:81:\"https://library.elementor.com/wp-content/uploads/2018/03/testimonials_black_3.png\";s:12:\"tmpl_created\";i:1520520552;s:6:\"author\";s:9:\"Elementor\";s:3:\"url\";s:111:\"https://library.elementor.com/blocks/testimonial-12/?utm_source=library&utm_medium=wp-dash&utm_campaign=preview\";s:4:\"type\";s:5:\"block\";s:7:\"subtype\";s:12:\"testimonials\";s:4:\"tags\";s:15:\"[\"Testimonial\"]\";s:10:\"menu_order\";i:0;s:16:\"popularity_index\";i:245;s:11:\"trend_index\";i:351;s:6:\"is_pro\";s:1:\"0\";s:17:\"has_page_settings\";s:1:\"0\";}i:133;a:14:{s:2:\"id\";i:10785;s:5:\"title\";s:33:\"Fly In | Contact | Social | Share\";s:9:\"thumbnail\";s:74:\"https://library.elementor.com/wp-content/uploads/2019/01/social2_small.png\";s:12:\"tmpl_created\";i:1548047593;s:6:\"author\";s:9:\"Elementor\";s:3:\"url\";s:126:\"https://library.elementor.com/popups/fly-in-contact-social-share-2/?utm_source=library&utm_medium=wp-dash&utm_campaign=preview\";s:4:\"type\";s:5:\"popup\";s:7:\"subtype\";s:6:\"fly-in\";s:4:\"tags\";s:2:\"[]\";s:10:\"menu_order\";i:0;s:16:\"popularity_index\";i:463;s:11:\"trend_index\";i:534;s:6:\"is_pro\";s:1:\"1\";s:17:\"has_page_settings\";s:1:\"1\";}i:134;a:14:{s:2:\"id\";i:4880;s:5:\"title\";s:14:\"Testimonial 20\";s:9:\"thumbnail\";s:72:\"https://library.elementor.com/wp-content/uploads/2018/03/customers-1.jpg\";s:12:\"tmpl_created\";i:1520520554;s:6:\"author\";s:9:\"Elementor\";s:3:\"url\";s:111:\"https://library.elementor.com/blocks/testimonial-20/?utm_source=library&utm_medium=wp-dash&utm_campaign=preview\";s:4:\"type\";s:5:\"block\";s:7:\"subtype\";s:12:\"testimonials\";s:4:\"tags\";s:15:\"[\"Testimonial\"]\";s:10:\"menu_order\";i:0;s:16:\"popularity_index\";i:413;s:11:\"trend_index\";i:512;s:6:\"is_pro\";s:1:\"1\";s:17:\"has_page_settings\";s:1:\"0\";}i:135;a:14:{s:2:\"id\";i:4889;s:5:\"title\";s:14:\"Testimonial 11\";s:9:\"thumbnail\";s:72:\"https://library.elementor.com/wp-content/uploads/2018/03/customers-2.jpg\";s:12:\"tmpl_created\";i:1520520556;s:6:\"author\";s:9:\"Elementor\";s:3:\"url\";s:111:\"https://library.elementor.com/blocks/testimonial-11/?utm_source=library&utm_medium=wp-dash&utm_campaign=preview\";s:4:\"type\";s:5:\"block\";s:7:\"subtype\";s:12:\"testimonials\";s:4:\"tags\";s:15:\"[\"Testimonial\"]\";s:10:\"menu_order\";i:0;s:16:\"popularity_index\";i:544;s:11:\"trend_index\";i:589;s:6:\"is_pro\";s:1:\"1\";s:17:\"has_page_settings\";s:1:\"0\";}i:136;a:14:{s:2:\"id\";i:4897;s:5:\"title\";s:14:\"Testimonial 21\";s:9:\"thumbnail\";s:81:\"https://library.elementor.com/wp-content/uploads/2018/03/testimonials_white_5.png\";s:12:\"tmpl_created\";i:1520520557;s:6:\"author\";s:9:\"Elementor\";s:3:\"url\";s:111:\"https://library.elementor.com/blocks/testimonial-21/?utm_source=library&utm_medium=wp-dash&utm_campaign=preview\";s:4:\"type\";s:5:\"block\";s:7:\"subtype\";s:12:\"testimonials\";s:4:\"tags\";s:15:\"[\"Testimonial\"]\";s:10:\"menu_order\";i:0;s:16:\"popularity_index\";i:74;s:11:\"trend_index\";i:112;s:6:\"is_pro\";s:1:\"0\";s:17:\"has_page_settings\";s:1:\"0\";}i:137;a:14:{s:2:\"id\";i:4905;s:5:\"title\";s:14:\"Testimonial 22\";s:9:\"thumbnail\";s:81:\"https://library.elementor.com/wp-content/uploads/2018/03/testimonials_white_6.png\";s:12:\"tmpl_created\";i:1520520559;s:6:\"author\";s:9:\"Elementor\";s:3:\"url\";s:111:\"https://library.elementor.com/blocks/testimonial-22/?utm_source=library&utm_medium=wp-dash&utm_campaign=preview\";s:4:\"type\";s:5:\"block\";s:7:\"subtype\";s:12:\"testimonials\";s:4:\"tags\";s:15:\"[\"Testimonial\"]\";s:10:\"menu_order\";i:0;s:16:\"popularity_index\";i:115;s:11:\"trend_index\";i:152;s:6:\"is_pro\";s:1:\"0\";s:17:\"has_page_settings\";s:1:\"0\";}i:138;a:14:{s:2:\"id\";i:4913;s:5:\"title\";s:14:\"Testimonial 23\";s:9:\"thumbnail\";s:81:\"https://library.elementor.com/wp-content/uploads/2018/03/testimonials_white_7.png\";s:12:\"tmpl_created\";i:1520520561;s:6:\"author\";s:9:\"Elementor\";s:3:\"url\";s:111:\"https://library.elementor.com/blocks/testimonial-23/?utm_source=library&utm_medium=wp-dash&utm_campaign=preview\";s:4:\"type\";s:5:\"block\";s:7:\"subtype\";s:12:\"testimonials\";s:4:\"tags\";s:15:\"[\"Testimonial\"]\";s:10:\"menu_order\";i:0;s:16:\"popularity_index\";i:239;s:11:\"trend_index\";i:355;s:6:\"is_pro\";s:1:\"0\";s:17:\"has_page_settings\";s:1:\"0\";}i:139;a:14:{s:2:\"id\";i:4921;s:5:\"title\";s:14:\"Testimonial 10\";s:9:\"thumbnail\";s:81:\"https://library.elementor.com/wp-content/uploads/2018/03/testimonials_black_5.png\";s:12:\"tmpl_created\";i:1520520562;s:6:\"author\";s:9:\"Elementor\";s:3:\"url\";s:111:\"https://library.elementor.com/blocks/testimonial-10/?utm_source=library&utm_medium=wp-dash&utm_campaign=preview\";s:4:\"type\";s:5:\"block\";s:7:\"subtype\";s:12:\"testimonials\";s:4:\"tags\";s:15:\"[\"Testimonial\"]\";s:10:\"menu_order\";i:0;s:16:\"popularity_index\";i:218;s:11:\"trend_index\";i:288;s:6:\"is_pro\";s:1:\"0\";s:17:\"has_page_settings\";s:1:\"0\";}i:140;a:14:{s:2:\"id\";i:4929;s:5:\"title\";s:14:\"Testimonial 24\";s:9:\"thumbnail\";s:81:\"https://library.elementor.com/wp-content/uploads/2018/03/testimonials_white_8.png\";s:12:\"tmpl_created\";i:1520520564;s:6:\"author\";s:9:\"Elementor\";s:3:\"url\";s:111:\"https://library.elementor.com/blocks/testimonial-24/?utm_source=library&utm_medium=wp-dash&utm_campaign=preview\";s:4:\"type\";s:5:\"block\";s:7:\"subtype\";s:12:\"testimonials\";s:4:\"tags\";s:15:\"[\"Testimonial\"]\";s:10:\"menu_order\";i:0;s:16:\"popularity_index\";i:47;s:11:\"trend_index\";i:108;s:6:\"is_pro\";s:1:\"0\";s:17:\"has_page_settings\";s:1:\"0\";}i:141;a:14:{s:2:\"id\";i:4939;s:5:\"title\";s:13:\"Testimonial 9\";s:9:\"thumbnail\";s:81:\"https://library.elementor.com/wp-content/uploads/2018/03/testimonials_black_8.png\";s:12:\"tmpl_created\";i:1520520565;s:6:\"author\";s:9:\"Elementor\";s:3:\"url\";s:110:\"https://library.elementor.com/blocks/testimonial-9/?utm_source=library&utm_medium=wp-dash&utm_campaign=preview\";s:4:\"type\";s:5:\"block\";s:7:\"subtype\";s:12:\"testimonials\";s:4:\"tags\";s:15:\"[\"Testimonial\"]\";s:10:\"menu_order\";i:0;s:16:\"popularity_index\";i:95;s:11:\"trend_index\";i:98;s:6:\"is_pro\";s:1:\"0\";s:17:\"has_page_settings\";s:1:\"0\";}i:142;a:14:{s:2:\"id\";i:4947;s:5:\"title\";s:14:\"Testimonial 27\";s:9:\"thumbnail\";s:81:\"https://library.elementor.com/wp-content/uploads/2018/03/testimonials_white_9.png\";s:12:\"tmpl_created\";i:1520520567;s:6:\"author\";s:9:\"Elementor\";s:3:\"url\";s:111:\"https://library.elementor.com/blocks/testimonial-27/?utm_source=library&utm_medium=wp-dash&utm_campaign=preview\";s:4:\"type\";s:5:\"block\";s:7:\"subtype\";s:12:\"testimonials\";s:4:\"tags\";s:15:\"[\"Testimonial\"]\";s:10:\"menu_order\";i:0;s:16:\"popularity_index\";i:206;s:11:\"trend_index\";i:294;s:6:\"is_pro\";s:1:\"0\";s:17:\"has_page_settings\";s:1:\"0\";}i:143;a:14:{s:2:\"id\";i:4955;s:5:\"title\";s:14:\"Testimonial 29\";s:9:\"thumbnail\";s:81:\"https://library.elementor.com/wp-content/uploads/2018/03/testimonials_black_9.png\";s:12:\"tmpl_created\";i:1520520569;s:6:\"author\";s:9:\"Elementor\";s:3:\"url\";s:111:\"https://library.elementor.com/blocks/testimonial-29/?utm_source=library&utm_medium=wp-dash&utm_campaign=preview\";s:4:\"type\";s:5:\"block\";s:7:\"subtype\";s:12:\"testimonials\";s:4:\"tags\";s:15:\"[\"Testimonial\"]\";s:10:\"menu_order\";i:0;s:16:\"popularity_index\";i:356;s:11:\"trend_index\";i:596;s:6:\"is_pro\";s:1:\"0\";s:17:\"has_page_settings\";s:1:\"0\";}i:144;a:14:{s:2:\"id\";i:4963;s:5:\"title\";s:14:\"Testimonial 25\";s:9:\"thumbnail\";s:82:\"https://library.elementor.com/wp-content/uploads/2018/03/testimonials_white_10.png\";s:12:\"tmpl_created\";i:1520520570;s:6:\"author\";s:9:\"Elementor\";s:3:\"url\";s:113:\"https://library.elementor.com/blocks/testimonial-25-2/?utm_source=library&utm_medium=wp-dash&utm_campaign=preview\";s:4:\"type\";s:5:\"block\";s:7:\"subtype\";s:12:\"testimonials\";s:4:\"tags\";s:15:\"[\"Testimonial\"]\";s:10:\"menu_order\";i:0;s:16:\"popularity_index\";i:402;s:11:\"trend_index\";i:493;s:6:\"is_pro\";s:1:\"1\";s:17:\"has_page_settings\";s:1:\"0\";}i:145;a:14:{s:2:\"id\";i:4971;s:5:\"title\";s:14:\"Testimonial 26\";s:9:\"thumbnail\";s:82:\"https://library.elementor.com/wp-content/uploads/2018/03/testimonials_white_11.png\";s:12:\"tmpl_created\";i:1520520572;s:6:\"author\";s:9:\"Elementor\";s:3:\"url\";s:111:\"https://library.elementor.com/blocks/testimonial-26/?utm_source=library&utm_medium=wp-dash&utm_campaign=preview\";s:4:\"type\";s:5:\"block\";s:7:\"subtype\";s:12:\"testimonials\";s:4:\"tags\";s:15:\"[\"Testimonial\"]\";s:10:\"menu_order\";i:0;s:16:\"popularity_index\";i:626;s:11:\"trend_index\";i:692;s:6:\"is_pro\";s:1:\"1\";s:17:\"has_page_settings\";s:1:\"0\";}i:146;a:14:{s:2:\"id\";i:4979;s:5:\"title\";s:14:\"Testimonial 15\";s:9:\"thumbnail\";s:82:\"https://library.elementor.com/wp-content/uploads/2018/03/testimonials_black_10.png\";s:12:\"tmpl_created\";i:1520520573;s:6:\"author\";s:9:\"Elementor\";s:3:\"url\";s:111:\"https://library.elementor.com/blocks/testimonial-15/?utm_source=library&utm_medium=wp-dash&utm_campaign=preview\";s:4:\"type\";s:5:\"block\";s:7:\"subtype\";s:12:\"testimonials\";s:4:\"tags\";s:15:\"[\"Testimonial\"]\";s:10:\"menu_order\";i:0;s:16:\"popularity_index\";i:557;s:11:\"trend_index\";i:686;s:6:\"is_pro\";s:1:\"1\";s:17:\"has_page_settings\";s:1:\"0\";}i:147;a:14:{s:2:\"id\";i:4987;s:5:\"title\";s:14:\"Testimonial 17\";s:9:\"thumbnail\";s:84:\"https://library.elementor.com/wp-content/uploads/2018/03/testimonials_white_12-1.png\";s:12:\"tmpl_created\";i:1520520575;s:6:\"author\";s:9:\"Elementor\";s:3:\"url\";s:111:\"https://library.elementor.com/blocks/testimonial-17/?utm_source=library&utm_medium=wp-dash&utm_campaign=preview\";s:4:\"type\";s:5:\"block\";s:7:\"subtype\";s:12:\"testimonials\";s:4:\"tags\";s:15:\"[\"Testimonial\"]\";s:10:\"menu_order\";i:0;s:16:\"popularity_index\";i:154;s:11:\"trend_index\";i:172;s:6:\"is_pro\";s:1:\"0\";s:17:\"has_page_settings\";s:1:\"0\";}i:148;a:14:{s:2:\"id\";i:4995;s:5:\"title\";s:14:\"Testimonial 14\";s:9:\"thumbnail\";s:82:\"https://library.elementor.com/wp-content/uploads/2018/03/testimonials_black_12.png\";s:12:\"tmpl_created\";i:1520520577;s:6:\"author\";s:9:\"Elementor\";s:3:\"url\";s:111:\"https://library.elementor.com/blocks/testimonial-14/?utm_source=library&utm_medium=wp-dash&utm_campaign=preview\";s:4:\"type\";s:5:\"block\";s:7:\"subtype\";s:12:\"testimonials\";s:4:\"tags\";s:15:\"[\"Testimonial\"]\";s:10:\"menu_order\";i:0;s:16:\"popularity_index\";i:384;s:11:\"trend_index\";i:464;s:6:\"is_pro\";s:1:\"0\";s:17:\"has_page_settings\";s:1:\"0\";}i:149;a:14:{s:2:\"id\";i:5007;s:5:\"title\";s:11:\"Portfolio 7\";s:9:\"thumbnail\";s:78:\"https://library.elementor.com/wp-content/uploads/2018/03/portfolio_white_1.png\";s:12:\"tmpl_created\";i:1520520578;s:6:\"author\";s:9:\"Elementor\";s:3:\"url\";s:108:\"https://library.elementor.com/blocks/portfolio-7/?utm_source=library&utm_medium=wp-dash&utm_campaign=preview\";s:4:\"type\";s:5:\"block\";s:7:\"subtype\";s:9:\"portfolio\";s:4:\"tags\";s:13:\"[\"portfolio\"]\";s:10:\"menu_order\";i:0;s:16:\"popularity_index\";i:42;s:11:\"trend_index\";i:66;s:6:\"is_pro\";s:1:\"0\";s:17:\"has_page_settings\";s:1:\"0\";}i:150;a:14:{s:2:\"id\";i:5019;s:5:\"title\";s:11:\"Portfolio 1\";s:9:\"thumbnail\";s:78:\"https://library.elementor.com/wp-content/uploads/2018/03/portfolio_black_1.png\";s:12:\"tmpl_created\";i:1520520580;s:6:\"author\";s:9:\"Elementor\";s:3:\"url\";s:108:\"https://library.elementor.com/blocks/portfolio-1/?utm_source=library&utm_medium=wp-dash&utm_campaign=preview\";s:4:\"type\";s:5:\"block\";s:7:\"subtype\";s:9:\"portfolio\";s:4:\"tags\";s:13:\"[\"portfolio\"]\";s:10:\"menu_order\";i:0;s:16:\"popularity_index\";i:169;s:11:\"trend_index\";i:155;s:6:\"is_pro\";s:1:\"0\";s:17:\"has_page_settings\";s:1:\"0\";}i:151;a:14:{s:2:\"id\";i:5027;s:5:\"title\";s:12:\"Portfolio 11\";s:9:\"thumbnail\";s:78:\"https://library.elementor.com/wp-content/uploads/2018/03/portfolio_white_2.png\";s:12:\"tmpl_created\";i:1520520581;s:6:\"author\";s:9:\"Elementor\";s:3:\"url\";s:109:\"https://library.elementor.com/blocks/portfolio-11/?utm_source=library&utm_medium=wp-dash&utm_campaign=preview\";s:4:\"type\";s:5:\"block\";s:7:\"subtype\";s:9:\"portfolio\";s:4:\"tags\";s:13:\"[\"portfolio\"]\";s:10:\"menu_order\";i:0;s:16:\"popularity_index\";i:305;s:11:\"trend_index\";i:281;s:6:\"is_pro\";s:1:\"1\";s:17:\"has_page_settings\";s:1:\"0\";}i:152;a:14:{s:2:\"id\";i:10794;s:5:\"title\";s:34:\"Classic | Contact | Social | Share\";s:9:\"thumbnail\";s:68:\"https://library.elementor.com/wp-content/uploads/2019/01/s_small.png\";s:12:\"tmpl_created\";i:1548067619;s:6:\"author\";s:9:\"Elementor\";s:3:\"url\";s:125:\"https://library.elementor.com/popups/classic-contact-social-share/?utm_source=library&utm_medium=wp-dash&utm_campaign=preview\";s:4:\"type\";s:5:\"popup\";s:7:\"subtype\";s:7:\"classic\";s:4:\"tags\";s:2:\"[]\";s:10:\"menu_order\";i:0;s:16:\"popularity_index\";i:429;s:11:\"trend_index\";i:344;s:6:\"is_pro\";s:1:\"1\";s:17:\"has_page_settings\";s:1:\"1\";}i:153;a:14:{s:2:\"id\";i:5037;s:5:\"title\";s:12:\"Portfolio 12\";s:9:\"thumbnail\";s:78:\"https://library.elementor.com/wp-content/uploads/2018/03/portfolio_white_3.png\";s:12:\"tmpl_created\";i:1520520583;s:6:\"author\";s:9:\"Elementor\";s:3:\"url\";s:109:\"https://library.elementor.com/blocks/portfolio-12/?utm_source=library&utm_medium=wp-dash&utm_campaign=preview\";s:4:\"type\";s:5:\"block\";s:7:\"subtype\";s:9:\"portfolio\";s:4:\"tags\";s:13:\"[\"portfolio\"]\";s:10:\"menu_order\";i:0;s:16:\"popularity_index\";i:268;s:11:\"trend_index\";i:346;s:6:\"is_pro\";s:1:\"1\";s:17:\"has_page_settings\";s:1:\"0\";}i:154;a:14:{s:2:\"id\";i:5057;s:5:\"title\";s:12:\"Portfolio 13\";s:9:\"thumbnail\";s:78:\"https://library.elementor.com/wp-content/uploads/2018/03/portfolio_white_4.png\";s:12:\"tmpl_created\";i:1520520586;s:6:\"author\";s:9:\"Elementor\";s:3:\"url\";s:109:\"https://library.elementor.com/blocks/portfolio-13/?utm_source=library&utm_medium=wp-dash&utm_campaign=preview\";s:4:\"type\";s:5:\"block\";s:7:\"subtype\";s:9:\"portfolio\";s:4:\"tags\";s:13:\"[\"portfolio\"]\";s:10:\"menu_order\";i:0;s:16:\"popularity_index\";i:238;s:11:\"trend_index\";i:349;s:6:\"is_pro\";s:1:\"1\";s:17:\"has_page_settings\";s:1:\"0\";}i:155;a:14:{s:2:\"id\";i:5071;s:5:\"title\";s:12:\"Portfolio 14\";s:9:\"thumbnail\";s:78:\"https://library.elementor.com/wp-content/uploads/2018/03/portfolio_white_5.png\";s:12:\"tmpl_created\";i:1520520588;s:6:\"author\";s:9:\"Elementor\";s:3:\"url\";s:109:\"https://library.elementor.com/blocks/portfolio-14/?utm_source=library&utm_medium=wp-dash&utm_campaign=preview\";s:4:\"type\";s:5:\"block\";s:7:\"subtype\";s:9:\"portfolio\";s:4:\"tags\";s:13:\"[\"portfolio\"]\";s:10:\"menu_order\";i:0;s:16:\"popularity_index\";i:274;s:11:\"trend_index\";i:341;s:6:\"is_pro\";s:1:\"1\";s:17:\"has_page_settings\";s:1:\"0\";}i:156;a:14:{s:2:\"id\";i:10871;s:5:\"title\";s:20:\"Bottom Bar | Contact\";s:9:\"thumbnail\";s:68:\"https://library.elementor.com/wp-content/uploads/2019/01/m_small.png\";s:12:\"tmpl_created\";i:1548074396;s:6:\"author\";s:9:\"Elementor\";s:3:\"url\";s:117:\"https://library.elementor.com/popups/bottom-bar-contact-2/?utm_source=library&utm_medium=wp-dash&utm_campaign=preview\";s:4:\"type\";s:5:\"popup\";s:7:\"subtype\";s:10:\"bottom bar\";s:4:\"tags\";s:2:\"[]\";s:10:\"menu_order\";i:0;s:16:\"popularity_index\";i:683;s:11:\"trend_index\";i:738;s:6:\"is_pro\";s:1:\"1\";s:17:\"has_page_settings\";s:1:\"1\";}i:157;a:14:{s:2:\"id\";i:5082;s:5:\"title\";s:11:\"Portfolio 4\";s:9:\"thumbnail\";s:78:\"https://library.elementor.com/wp-content/uploads/2018/03/portfolio_black_4.png\";s:12:\"tmpl_created\";i:1520520589;s:6:\"author\";s:9:\"Elementor\";s:3:\"url\";s:108:\"https://library.elementor.com/blocks/portfolio-4/?utm_source=library&utm_medium=wp-dash&utm_campaign=preview\";s:4:\"type\";s:5:\"block\";s:7:\"subtype\";s:9:\"portfolio\";s:4:\"tags\";s:13:\"[\"portfolio\"]\";s:10:\"menu_order\";i:0;s:16:\"popularity_index\";i:528;s:11:\"trend_index\";i:578;s:6:\"is_pro\";s:1:\"1\";s:17:\"has_page_settings\";s:1:\"0\";}i:158;a:14:{s:2:\"id\";i:10936;s:5:\"title\";s:25:\"Full Screen | Toggle Menu\";s:9:\"thumbnail\";s:71:\"https://library.elementor.com/wp-content/uploads/2019/01/menu_small.png\";s:12:\"tmpl_created\";i:1548874587;s:6:\"author\";s:9:\"Elementor\";s:3:\"url\";s:120:\"https://library.elementor.com/popups/full-screen-toggle-menu/?utm_source=library&utm_medium=wp-dash&utm_campaign=preview\";s:4:\"type\";s:5:\"popup\";s:7:\"subtype\";s:11:\"full screen\";s:4:\"tags\";s:2:\"[]\";s:10:\"menu_order\";i:0;s:16:\"popularity_index\";i:455;s:11:\"trend_index\";i:626;s:6:\"is_pro\";s:1:\"1\";s:17:\"has_page_settings\";s:1:\"1\";}i:159;a:14:{s:2:\"id\";i:5090;s:5:\"title\";s:12:\"Portfolio 15\";s:9:\"thumbnail\";s:78:\"https://library.elementor.com/wp-content/uploads/2018/03/portfolio_white_6.png\";s:12:\"tmpl_created\";i:1520520591;s:6:\"author\";s:9:\"Elementor\";s:3:\"url\";s:109:\"https://library.elementor.com/blocks/portfolio-15/?utm_source=library&utm_medium=wp-dash&utm_campaign=preview\";s:4:\"type\";s:5:\"block\";s:7:\"subtype\";s:9:\"portfolio\";s:4:\"tags\";s:13:\"[\"portfolio\"]\";s:10:\"menu_order\";i:0;s:16:\"popularity_index\";i:181;s:11:\"trend_index\";i:180;s:6:\"is_pro\";s:1:\"0\";s:17:\"has_page_settings\";s:1:\"0\";}i:160;a:14:{s:2:\"id\";i:5098;s:5:\"title\";s:12:\"Portfolio 16\";s:9:\"thumbnail\";s:78:\"https://library.elementor.com/wp-content/uploads/2018/03/portfolio_white_7.png\";s:12:\"tmpl_created\";i:1520520593;s:6:\"author\";s:9:\"Elementor\";s:3:\"url\";s:109:\"https://library.elementor.com/blocks/portfolio-16/?utm_source=library&utm_medium=wp-dash&utm_campaign=preview\";s:4:\"type\";s:5:\"block\";s:7:\"subtype\";s:9:\"portfolio\";s:4:\"tags\";s:13:\"[\"portfolio\"]\";s:10:\"menu_order\";i:0;s:16:\"popularity_index\";i:152;s:11:\"trend_index\";i:169;s:6:\"is_pro\";s:1:\"0\";s:17:\"has_page_settings\";s:1:\"0\";}i:161;a:14:{s:2:\"id\";i:5107;s:5:\"title\";s:11:\"Portfolio 5\";s:9:\"thumbnail\";s:78:\"https://library.elementor.com/wp-content/uploads/2018/03/portfolio_black_7.png\";s:12:\"tmpl_created\";i:1520520594;s:6:\"author\";s:9:\"Elementor\";s:3:\"url\";s:108:\"https://library.elementor.com/blocks/portfolio-5/?utm_source=library&utm_medium=wp-dash&utm_campaign=preview\";s:4:\"type\";s:5:\"block\";s:7:\"subtype\";s:9:\"portfolio\";s:4:\"tags\";s:13:\"[\"portfolio\"]\";s:10:\"menu_order\";i:0;s:16:\"popularity_index\";i:369;s:11:\"trend_index\";i:460;s:6:\"is_pro\";s:1:\"0\";s:17:\"has_page_settings\";s:1:\"0\";}i:162;a:14:{s:2:\"id\";i:10964;s:5:\"title\";s:59:\"Classic | Promotion | Coupon | Love | Valentine&#8217;s Day\";s:9:\"thumbnail\";s:71:\"https://library.elementor.com/wp-content/uploads/2019/02/love_small.png\";s:12:\"tmpl_created\";i:1550039106;s:6:\"author\";s:9:\"Elementor\";s:3:\"url\";s:121:\"https://library.elementor.com/popups/classic-promotion-coupon/?utm_source=library&utm_medium=wp-dash&utm_campaign=preview\";s:4:\"type\";s:5:\"popup\";s:7:\"subtype\";s:7:\"classic\";s:4:\"tags\";s:2:\"[]\";s:10:\"menu_order\";i:0;s:16:\"popularity_index\";i:587;s:11:\"trend_index\";i:577;s:6:\"is_pro\";s:1:\"1\";s:17:\"has_page_settings\";s:1:\"1\";}i:163;a:14:{s:2:\"id\";i:5115;s:5:\"title\";s:12:\"Portfolio 17\";s:9:\"thumbnail\";s:78:\"https://library.elementor.com/wp-content/uploads/2018/03/portfolio_white_8.png\";s:12:\"tmpl_created\";i:1520520596;s:6:\"author\";s:9:\"Elementor\";s:3:\"url\";s:109:\"https://library.elementor.com/blocks/portfolio-17/?utm_source=library&utm_medium=wp-dash&utm_campaign=preview\";s:4:\"type\";s:5:\"block\";s:7:\"subtype\";s:9:\"portfolio\";s:4:\"tags\";s:13:\"[\"portfolio\"]\";s:10:\"menu_order\";i:0;s:16:\"popularity_index\";i:20;s:11:\"trend_index\";i:20;s:6:\"is_pro\";s:1:\"0\";s:17:\"has_page_settings\";s:1:\"0\";}i:164;a:14:{s:2:\"id\";i:10992;s:5:\"title\";s:59:\"Classic | Promotion | Coupon | Love | Valentine&#8217;s Day\";s:9:\"thumbnail\";s:68:\"https://library.elementor.com/wp-content/uploads/2019/02/h_small.png\";s:12:\"tmpl_created\";i:1550072007;s:6:\"author\";s:9:\"Elementor\";s:3:\"url\";s:141:\"https://library.elementor.com/popups/classic-promotion-coupon-love-valentines-day/?utm_source=library&utm_medium=wp-dash&utm_campaign=preview\";s:4:\"type\";s:5:\"popup\";s:7:\"subtype\";s:7:\"classic\";s:4:\"tags\";s:2:\"[]\";s:10:\"menu_order\";i:0;s:16:\"popularity_index\";i:654;s:11:\"trend_index\";i:652;s:6:\"is_pro\";s:1:\"1\";s:17:\"has_page_settings\";s:1:\"1\";}i:165;a:14:{s:2:\"id\";i:5125;s:5:\"title\";s:11:\"Portfolio 6\";s:9:\"thumbnail\";s:78:\"https://library.elementor.com/wp-content/uploads/2018/03/portfolio_black_8.png\";s:12:\"tmpl_created\";i:1520520597;s:6:\"author\";s:9:\"Elementor\";s:3:\"url\";s:108:\"https://library.elementor.com/blocks/portfolio-6/?utm_source=library&utm_medium=wp-dash&utm_campaign=preview\";s:4:\"type\";s:5:\"block\";s:7:\"subtype\";s:9:\"portfolio\";s:4:\"tags\";s:13:\"[\"portfolio\"]\";s:10:\"menu_order\";i:0;s:16:\"popularity_index\";i:228;s:11:\"trend_index\";i:212;s:6:\"is_pro\";s:1:\"0\";s:17:\"has_page_settings\";s:1:\"0\";}i:166;a:14:{s:2:\"id\";i:11005;s:5:\"title\";s:50:\"Classic | Promotion | Love | Valentine&#8217;s Day\";s:9:\"thumbnail\";s:71:\"https://library.elementor.com/wp-content/uploads/2019/02/bear_small.png\";s:12:\"tmpl_created\";i:1550073303;s:6:\"author\";s:9:\"Elementor\";s:3:\"url\";s:134:\"https://library.elementor.com/popups/classic-promotion-love-valentines-day/?utm_source=library&utm_medium=wp-dash&utm_campaign=preview\";s:4:\"type\";s:5:\"popup\";s:7:\"subtype\";s:7:\"classic\";s:4:\"tags\";s:2:\"[]\";s:10:\"menu_order\";i:0;s:16:\"popularity_index\";i:657;s:11:\"trend_index\";i:764;s:6:\"is_pro\";s:1:\"1\";s:17:\"has_page_settings\";s:1:\"1\";}i:167;a:14:{s:2:\"id\";i:5133;s:5:\"title\";s:12:\"Portfolio 18\";s:9:\"thumbnail\";s:78:\"https://library.elementor.com/wp-content/uploads/2018/03/portfolio_white_9.png\";s:12:\"tmpl_created\";i:1520520599;s:6:\"author\";s:9:\"Elementor\";s:3:\"url\";s:109:\"https://library.elementor.com/blocks/portfolio-18/?utm_source=library&utm_medium=wp-dash&utm_campaign=preview\";s:4:\"type\";s:5:\"block\";s:7:\"subtype\";s:9:\"portfolio\";s:4:\"tags\";s:13:\"[\"portfolio\"]\";s:10:\"menu_order\";i:0;s:16:\"popularity_index\";i:175;s:11:\"trend_index\";i:207;s:6:\"is_pro\";s:1:\"0\";s:17:\"has_page_settings\";s:1:\"0\";}i:168;a:14:{s:2:\"id\";i:5141;s:5:\"title\";s:12:\"Portfolio 10\";s:9:\"thumbnail\";s:79:\"https://library.elementor.com/wp-content/uploads/2018/03/portfolio_white_10.png\";s:12:\"tmpl_created\";i:1520520601;s:6:\"author\";s:9:\"Elementor\";s:3:\"url\";s:109:\"https://library.elementor.com/blocks/portfolio-10/?utm_source=library&utm_medium=wp-dash&utm_campaign=preview\";s:4:\"type\";s:5:\"block\";s:7:\"subtype\";s:9:\"portfolio\";s:4:\"tags\";s:13:\"[\"portfolio\"]\";s:10:\"menu_order\";i:0;s:16:\"popularity_index\";i:394;s:11:\"trend_index\";i:515;s:6:\"is_pro\";s:1:\"1\";s:17:\"has_page_settings\";s:1:\"0\";}i:169;a:14:{s:2:\"id\";i:5149;s:5:\"title\";s:11:\"Portfolio 2\";s:9:\"thumbnail\";s:79:\"https://library.elementor.com/wp-content/uploads/2018/03/portfolio_black_10.png\";s:12:\"tmpl_created\";i:1520520602;s:6:\"author\";s:9:\"Elementor\";s:3:\"url\";s:108:\"https://library.elementor.com/blocks/portfolio-2/?utm_source=library&utm_medium=wp-dash&utm_campaign=preview\";s:4:\"type\";s:5:\"block\";s:7:\"subtype\";s:9:\"portfolio\";s:4:\"tags\";s:13:\"[\"portfolio\"]\";s:10:\"menu_order\";i:0;s:16:\"popularity_index\";i:386;s:11:\"trend_index\";i:505;s:6:\"is_pro\";s:1:\"1\";s:17:\"has_page_settings\";s:1:\"0\";}i:170;a:14:{s:2:\"id\";i:5542;s:5:\"title\";s:6:\"CTA 19\";s:9:\"thumbnail\";s:72:\"https://library.elementor.com/wp-content/uploads/2018/03/cta_white_1.png\";s:12:\"tmpl_created\";i:1520520681;s:6:\"author\";s:9:\"Elementor\";s:3:\"url\";s:103:\"https://library.elementor.com/blocks/cta-19/?utm_source=library&utm_medium=wp-dash&utm_campaign=preview\";s:4:\"type\";s:5:\"block\";s:7:\"subtype\";s:14:\"call to action\";s:4:\"tags\";s:7:\"[\"cta\"]\";s:10:\"menu_order\";i:0;s:16:\"popularity_index\";i:161;s:11:\"trend_index\";i:167;s:6:\"is_pro\";s:1:\"0\";s:17:\"has_page_settings\";s:1:\"0\";}i:171;a:14:{s:2:\"id\";i:5550;s:5:\"title\";s:6:\"CTA 33\";s:9:\"thumbnail\";s:72:\"https://library.elementor.com/wp-content/uploads/2018/03/cta_black_1.png\";s:12:\"tmpl_created\";i:1520520682;s:6:\"author\";s:9:\"Elementor\";s:3:\"url\";s:103:\"https://library.elementor.com/blocks/cta-33/?utm_source=library&utm_medium=wp-dash&utm_campaign=preview\";s:4:\"type\";s:5:\"block\";s:7:\"subtype\";s:14:\"call to action\";s:4:\"tags\";s:7:\"[\"cta\"]\";s:10:\"menu_order\";i:0;s:16:\"popularity_index\";i:248;s:11:\"trend_index\";i:220;s:6:\"is_pro\";s:1:\"0\";s:17:\"has_page_settings\";s:1:\"0\";}i:172;a:14:{s:2:\"id\";i:5558;s:5:\"title\";s:5:\"CTA 1\";s:9:\"thumbnail\";s:72:\"https://library.elementor.com/wp-content/uploads/2018/03/cta_white_2.png\";s:12:\"tmpl_created\";i:1520520684;s:6:\"author\";s:9:\"Elementor\";s:3:\"url\";s:102:\"https://library.elementor.com/blocks/cta-1/?utm_source=library&utm_medium=wp-dash&utm_campaign=preview\";s:4:\"type\";s:5:\"block\";s:7:\"subtype\";s:14:\"call to action\";s:4:\"tags\";s:7:\"[\"cta\"]\";s:10:\"menu_order\";i:0;s:16:\"popularity_index\";i:135;s:11:\"trend_index\";i:240;s:6:\"is_pro\";s:1:\"0\";s:17:\"has_page_settings\";s:1:\"0\";}i:173;a:14:{s:2:\"id\";i:5567;s:5:\"title\";s:5:\"CTA 2\";s:9:\"thumbnail\";s:72:\"https://library.elementor.com/wp-content/uploads/2018/03/cta_black_2.png\";s:12:\"tmpl_created\";i:1520520685;s:6:\"author\";s:9:\"Elementor\";s:3:\"url\";s:102:\"https://library.elementor.com/blocks/cta-2/?utm_source=library&utm_medium=wp-dash&utm_campaign=preview\";s:4:\"type\";s:5:\"block\";s:7:\"subtype\";s:14:\"call to action\";s:4:\"tags\";s:7:\"[\"cta\"]\";s:10:\"menu_order\";i:0;s:16:\"popularity_index\";i:143;s:11:\"trend_index\";i:244;s:6:\"is_pro\";s:1:\"0\";s:17:\"has_page_settings\";s:1:\"0\";}i:174;a:14:{s:2:\"id\";i:11231;s:5:\"title\";s:14:\"Digital Agency\";s:9:\"thumbnail\";s:72:\"https://library.elementor.com/wp-content/uploads/2019/07/Post_small1.png\";s:12:\"tmpl_created\";i:1564642380;s:6:\"author\";s:9:\"Elementor\";s:3:\"url\";s:111:\"https://library.elementor.com/blocks/digital-agency/?utm_source=library&utm_medium=wp-dash&utm_campaign=preview\";s:4:\"type\";s:5:\"block\";s:7:\"subtype\";s:11:\"single post\";s:4:\"tags\";s:30:\"[\"Digital Agency\",\"marketing\"]\";s:10:\"menu_order\";i:0;s:16:\"popularity_index\";i:159;s:11:\"trend_index\";i:96;s:6:\"is_pro\";s:1:\"1\";s:17:\"has_page_settings\";s:1:\"0\";}i:175;a:14:{s:2:\"id\";i:5583;s:5:\"title\";s:6:\"CTA 26\";s:9:\"thumbnail\";s:72:\"https://library.elementor.com/wp-content/uploads/2018/03/cta_black_3.png\";s:12:\"tmpl_created\";i:1520520689;s:6:\"author\";s:9:\"Elementor\";s:3:\"url\";s:103:\"https://library.elementor.com/blocks/cta-26/?utm_source=library&utm_medium=wp-dash&utm_campaign=preview\";s:4:\"type\";s:5:\"block\";s:7:\"subtype\";s:14:\"call to action\";s:4:\"tags\";s:7:\"[\"cta\"]\";s:10:\"menu_order\";i:0;s:16:\"popularity_index\";i:120;s:11:\"trend_index\";i:110;s:6:\"is_pro\";s:1:\"0\";s:17:\"has_page_settings\";s:1:\"0\";}i:176;a:14:{s:2:\"id\";i:11220;s:5:\"title\";s:14:\"Digital Agency\";s:9:\"thumbnail\";s:75:\"https://library.elementor.com/wp-content/uploads/2019/08/Archive_small1.png\";s:12:\"tmpl_created\";i:1564642385;s:6:\"author\";s:9:\"Elementor\";s:3:\"url\";s:113:\"https://library.elementor.com/blocks/digital-agency-2/?utm_source=library&utm_medium=wp-dash&utm_campaign=preview\";s:4:\"type\";s:5:\"block\";s:7:\"subtype\";s:7:\"archive\";s:4:\"tags\";s:30:\"[\"Digital Agency\",\"marketing\"]\";s:10:\"menu_order\";i:0;s:16:\"popularity_index\";i:118;s:11:\"trend_index\";i:68;s:6:\"is_pro\";s:1:\"1\";s:17:\"has_page_settings\";s:1:\"0\";}i:177;a:14:{s:2:\"id\";i:5591;s:5:\"title\";s:5:\"CTA 5\";s:9:\"thumbnail\";s:72:\"https://library.elementor.com/wp-content/uploads/2018/03/cta_white_4.png\";s:12:\"tmpl_created\";i:1520520691;s:6:\"author\";s:9:\"Elementor\";s:3:\"url\";s:102:\"https://library.elementor.com/blocks/cta-5/?utm_source=library&utm_medium=wp-dash&utm_campaign=preview\";s:4:\"type\";s:5:\"block\";s:7:\"subtype\";s:14:\"call to action\";s:4:\"tags\";s:7:\"[\"cta\"]\";s:10:\"menu_order\";i:0;s:16:\"popularity_index\";i:131;s:11:\"trend_index\";i:183;s:6:\"is_pro\";s:1:\"0\";s:17:\"has_page_settings\";s:1:\"0\";}i:178;a:14:{s:2:\"id\";i:11204;s:5:\"title\";s:14:\"Digital Agency\";s:9:\"thumbnail\";s:70:\"https://library.elementor.com/wp-content/uploads/2019/07/404_small.jpg\";s:12:\"tmpl_created\";i:1564642389;s:6:\"author\";s:9:\"Elementor\";s:3:\"url\";s:113:\"https://library.elementor.com/blocks/digital-agency-3/?utm_source=library&utm_medium=wp-dash&utm_campaign=preview\";s:4:\"type\";s:5:\"block\";s:7:\"subtype\";s:8:\"404 page\";s:4:\"tags\";s:36:\"[\"404\",\"Digital Agency\",\"marketing\"]\";s:10:\"menu_order\";i:0;s:16:\"popularity_index\";i:310;s:11:\"trend_index\";i:219;s:6:\"is_pro\";s:1:\"1\";s:17:\"has_page_settings\";s:1:\"0\";}i:179;a:14:{s:2:\"id\";i:5599;s:5:\"title\";s:5:\"CTA 6\";s:9:\"thumbnail\";s:72:\"https://library.elementor.com/wp-content/uploads/2018/03/cta_black_4.png\";s:12:\"tmpl_created\";i:1520520693;s:6:\"author\";s:9:\"Elementor\";s:3:\"url\";s:102:\"https://library.elementor.com/blocks/cta-6/?utm_source=library&utm_medium=wp-dash&utm_campaign=preview\";s:4:\"type\";s:5:\"block\";s:7:\"subtype\";s:14:\"call to action\";s:4:\"tags\";s:7:\"[\"cta\"]\";s:10:\"menu_order\";i:0;s:16:\"popularity_index\";i:246;s:11:\"trend_index\";i:332;s:6:\"is_pro\";s:1:\"0\";s:17:\"has_page_settings\";s:1:\"0\";}i:180;a:14:{s:2:\"id\";i:11198;s:5:\"title\";s:14:\"Digital Agency\";s:9:\"thumbnail\";s:92:\"https://library.elementor.com/wp-content/uploads/2020/06/Header-digital-marketing-agency.png\";s:12:\"tmpl_created\";i:1564642395;s:6:\"author\";s:9:\"Elementor\";s:3:\"url\";s:113:\"https://library.elementor.com/blocks/digital-agency-4/?utm_source=library&utm_medium=wp-dash&utm_campaign=preview\";s:4:\"type\";s:5:\"block\";s:7:\"subtype\";s:6:\"header\";s:4:\"tags\";s:39:\"[\"Digital Agency\",\"header\",\"marketing\"]\";s:10:\"menu_order\";i:0;s:16:\"popularity_index\";i:40;s:11:\"trend_index\";i:13;s:6:\"is_pro\";s:1:\"1\";s:17:\"has_page_settings\";s:1:\"0\";}i:181;a:14:{s:2:\"id\";i:16545;s:5:\"title\";s:27:\"Beauty Salon &#8211; Header\";s:9:\"thumbnail\";s:67:\"https://library.elementor.com/wp-content/uploads/2020/12/Header.jpg\";s:12:\"tmpl_created\";i:1608622495;s:6:\"author\";s:9:\"Elementor\";s:3:\"url\";s:116:\"https://library.elementor.com/blocks/beauty-salon-header/?utm_source=library&utm_medium=wp-dash&utm_campaign=preview\";s:4:\"type\";s:5:\"block\";s:7:\"subtype\";s:6:\"header\";s:4:\"tags\";s:32:\"[\"Beauty salon\",\"hair\",\"Header\"]\";s:10:\"menu_order\";i:0;s:16:\"popularity_index\";i:738;s:11:\"trend_index\";i:41;s:6:\"is_pro\";s:1:\"1\";s:17:\"has_page_settings\";s:1:\"0\";}i:182;a:14:{s:2:\"id\";i:5607;s:5:\"title\";s:6:\"CTA 13\";s:9:\"thumbnail\";s:72:\"https://library.elementor.com/wp-content/uploads/2018/03/cta_black_5.png\";s:12:\"tmpl_created\";i:1520520695;s:6:\"author\";s:9:\"Elementor\";s:3:\"url\";s:103:\"https://library.elementor.com/blocks/cta-13/?utm_source=library&utm_medium=wp-dash&utm_campaign=preview\";s:4:\"type\";s:5:\"block\";s:7:\"subtype\";s:14:\"call to action\";s:4:\"tags\";s:7:\"[\"cta\"]\";s:10:\"menu_order\";i:0;s:16:\"popularity_index\";i:45;s:11:\"trend_index\";i:52;s:6:\"is_pro\";s:1:\"0\";s:17:\"has_page_settings\";s:1:\"0\";}i:183;a:14:{s:2:\"id\";i:11192;s:5:\"title\";s:14:\"Digital Agency\";s:9:\"thumbnail\";s:73:\"https://library.elementor.com/wp-content/uploads/2019/07/Footer_small.jpg\";s:12:\"tmpl_created\";i:1564642399;s:6:\"author\";s:9:\"Elementor\";s:3:\"url\";s:113:\"https://library.elementor.com/blocks/digital-agency-5/?utm_source=library&utm_medium=wp-dash&utm_campaign=preview\";s:4:\"type\";s:5:\"block\";s:7:\"subtype\";s:6:\"footer\";s:4:\"tags\";s:39:\"[\"Digital Agency\",\"footer\",\"marketing\"]\";s:10:\"menu_order\";i:0;s:16:\"popularity_index\";i:179;s:11:\"trend_index\";i:145;s:6:\"is_pro\";s:1:\"1\";s:17:\"has_page_settings\";s:1:\"0\";}i:184;a:14:{s:2:\"id\";i:16535;s:5:\"title\";s:27:\"Beauty Salon &#8211; Footer\";s:9:\"thumbnail\";s:67:\"https://library.elementor.com/wp-content/uploads/2020/12/Footer.jpg\";s:12:\"tmpl_created\";i:1608622498;s:6:\"author\";s:9:\"Elementor\";s:3:\"url\";s:116:\"https://library.elementor.com/blocks/beauty-salon-footer/?utm_source=library&utm_medium=wp-dash&utm_campaign=preview\";s:4:\"type\";s:5:\"block\";s:7:\"subtype\";s:6:\"footer\";s:4:\"tags\";s:32:\"[\"Beauty salon\",\"Footer\",\"hair\"]\";s:10:\"menu_order\";i:0;s:16:\"popularity_index\";i:760;s:11:\"trend_index\";i:105;s:6:\"is_pro\";s:1:\"1\";s:17:\"has_page_settings\";s:1:\"0\";}i:185;a:14:{s:2:\"id\";i:5634;s:5:\"title\";s:6:\"CTA 24\";s:9:\"thumbnail\";s:72:\"https://library.elementor.com/wp-content/uploads/2018/03/cta_white_6.png\";s:12:\"tmpl_created\";i:1520520699;s:6:\"author\";s:9:\"Elementor\";s:3:\"url\";s:103:\"https://library.elementor.com/blocks/cta-24/?utm_source=library&utm_medium=wp-dash&utm_campaign=preview\";s:4:\"type\";s:5:\"block\";s:7:\"subtype\";s:14:\"call to action\";s:4:\"tags\";s:7:\"[\"cta\"]\";s:10:\"menu_order\";i:0;s:16:\"popularity_index\";i:184;s:11:\"trend_index\";i:259;s:6:\"is_pro\";s:1:\"0\";s:17:\"has_page_settings\";s:1:\"0\";}i:186;a:14:{s:2:\"id\";i:16527;s:5:\"title\";s:24:\"Beauty Salon &#8211; 404\";s:9:\"thumbnail\";s:64:\"https://library.elementor.com/wp-content/uploads/2020/12/404.jpg\";s:12:\"tmpl_created\";i:1608622517;s:6:\"author\";s:9:\"Elementor\";s:3:\"url\";s:113:\"https://library.elementor.com/blocks/beauty-salon-404/?utm_source=library&utm_medium=wp-dash&utm_campaign=preview\";s:4:\"type\";s:5:\"block\";s:7:\"subtype\";s:8:\"404 page\";s:4:\"tags\";s:29:\"[\"404\",\"Beauty salon\",\"hair\"]\";s:10:\"menu_order\";i:0;s:16:\"popularity_index\";i:772;s:11:\"trend_index\";i:536;s:6:\"is_pro\";s:1:\"1\";s:17:\"has_page_settings\";s:1:\"1\";}i:187;a:14:{s:2:\"id\";i:5642;s:5:\"title\";s:6:\"CTA 25\";s:9:\"thumbnail\";s:72:\"https://library.elementor.com/wp-content/uploads/2018/03/cta_black_6.png\";s:12:\"tmpl_created\";i:1520520701;s:6:\"author\";s:9:\"Elementor\";s:3:\"url\";s:103:\"https://library.elementor.com/blocks/cta-25/?utm_source=library&utm_medium=wp-dash&utm_campaign=preview\";s:4:\"type\";s:5:\"block\";s:7:\"subtype\";s:14:\"call to action\";s:4:\"tags\";s:7:\"[\"cta\"]\";s:10:\"menu_order\";i:0;s:16:\"popularity_index\";i:219;s:11:\"trend_index\";i:305;s:6:\"is_pro\";s:1:\"0\";s:17:\"has_page_settings\";s:1:\"0\";}i:188;a:14:{s:2:\"id\";i:16553;s:5:\"title\";s:31:\"Fly-In | Contact | Beauty Salon\";s:9:\"thumbnail\";s:66:\"https://library.elementor.com/wp-content/uploads/2020/12/PopUp.jpg\";s:12:\"tmpl_created\";i:1608622602;s:6:\"author\";s:9:\"Elementor\";s:3:\"url\";s:124:\"https://library.elementor.com/popups/fly-in-contact-beauty-salon/?utm_source=library&utm_medium=wp-dash&utm_campaign=preview\";s:4:\"type\";s:5:\"popup\";s:7:\"subtype\";s:6:\"fly-in\";s:4:\"tags\";s:23:\"[\"Beauty salon\",\"hair\"]\";s:10:\"menu_order\";i:0;s:16:\"popularity_index\";i:771;s:11:\"trend_index\";i:394;s:6:\"is_pro\";s:1:\"1\";s:17:\"has_page_settings\";s:1:\"1\";}i:189;a:14:{s:2:\"id\";i:5650;s:5:\"title\";s:5:\"CTA 9\";s:9:\"thumbnail\";s:72:\"https://library.elementor.com/wp-content/uploads/2018/03/cta_white_7.png\";s:12:\"tmpl_created\";i:1520520702;s:6:\"author\";s:9:\"Elementor\";s:3:\"url\";s:102:\"https://library.elementor.com/blocks/cta-9/?utm_source=library&utm_medium=wp-dash&utm_campaign=preview\";s:4:\"type\";s:5:\"block\";s:7:\"subtype\";s:14:\"call to action\";s:4:\"tags\";s:7:\"[\"cta\"]\";s:10:\"menu_order\";i:0;s:16:\"popularity_index\";i:90;s:11:\"trend_index\";i:159;s:6:\"is_pro\";s:1:\"0\";s:17:\"has_page_settings\";s:1:\"0\";}i:190;a:14:{s:2:\"id\";i:5658;s:5:\"title\";s:5:\"CTA 8\";s:9:\"thumbnail\";s:72:\"https://library.elementor.com/wp-content/uploads/2018/03/cta_black_7.png\";s:12:\"tmpl_created\";i:1520520704;s:6:\"author\";s:9:\"Elementor\";s:3:\"url\";s:102:\"https://library.elementor.com/blocks/cta-8/?utm_source=library&utm_medium=wp-dash&utm_campaign=preview\";s:4:\"type\";s:5:\"block\";s:7:\"subtype\";s:14:\"call to action\";s:4:\"tags\";s:7:\"[\"cta\"]\";s:10:\"menu_order\";i:0;s:16:\"popularity_index\";i:183;s:11:\"trend_index\";i:230;s:6:\"is_pro\";s:1:\"0\";s:17:\"has_page_settings\";s:1:\"0\";}i:191;a:14:{s:2:\"id\";i:5667;s:5:\"title\";s:5:\"CTA 3\";s:9:\"thumbnail\";s:72:\"https://library.elementor.com/wp-content/uploads/2018/03/cta_white_8.png\";s:12:\"tmpl_created\";i:1520520705;s:6:\"author\";s:9:\"Elementor\";s:3:\"url\";s:102:\"https://library.elementor.com/blocks/cta-3/?utm_source=library&utm_medium=wp-dash&utm_campaign=preview\";s:4:\"type\";s:5:\"block\";s:7:\"subtype\";s:14:\"call to action\";s:4:\"tags\";s:7:\"[\"cta\"]\";s:10:\"menu_order\";i:0;s:16:\"popularity_index\";i:165;s:11:\"trend_index\";i:275;s:6:\"is_pro\";s:1:\"0\";s:17:\"has_page_settings\";s:1:\"0\";}i:192;a:14:{s:2:\"id\";i:5675;s:5:\"title\";s:5:\"CTA 4\";s:9:\"thumbnail\";s:72:\"https://library.elementor.com/wp-content/uploads/2018/03/cta_black_8.png\";s:12:\"tmpl_created\";i:1520520707;s:6:\"author\";s:9:\"Elementor\";s:3:\"url\";s:102:\"https://library.elementor.com/blocks/cta-4/?utm_source=library&utm_medium=wp-dash&utm_campaign=preview\";s:4:\"type\";s:5:\"block\";s:7:\"subtype\";s:14:\"call to action\";s:4:\"tags\";s:7:\"[\"cta\"]\";s:10:\"menu_order\";i:0;s:16:\"popularity_index\";i:376;s:11:\"trend_index\";i:670;s:6:\"is_pro\";s:1:\"0\";s:17:\"has_page_settings\";s:1:\"0\";}i:193;a:14:{s:2:\"id\";i:5860;s:5:\"title\";s:6:\"CTA 17\";s:9:\"thumbnail\";s:72:\"https://library.elementor.com/wp-content/uploads/2018/03/cta_white_9.png\";s:12:\"tmpl_created\";i:1520520746;s:6:\"author\";s:9:\"Elementor\";s:3:\"url\";s:103:\"https://library.elementor.com/blocks/cta-17/?utm_source=library&utm_medium=wp-dash&utm_campaign=preview\";s:4:\"type\";s:5:\"block\";s:7:\"subtype\";s:14:\"call to action\";s:4:\"tags\";s:7:\"[\"cta\"]\";s:10:\"menu_order\";i:0;s:16:\"popularity_index\";i:124;s:11:\"trend_index\";i:142;s:6:\"is_pro\";s:1:\"0\";s:17:\"has_page_settings\";s:1:\"0\";}i:194;a:14:{s:2:\"id\";i:5869;s:5:\"title\";s:6:\"CTA 18\";s:9:\"thumbnail\";s:73:\"https://library.elementor.com/wp-content/uploads/2018/03/cta_white_10.png\";s:12:\"tmpl_created\";i:1520520747;s:6:\"author\";s:9:\"Elementor\";s:3:\"url\";s:103:\"https://library.elementor.com/blocks/cta-18/?utm_source=library&utm_medium=wp-dash&utm_campaign=preview\";s:4:\"type\";s:5:\"block\";s:7:\"subtype\";s:14:\"call to action\";s:4:\"tags\";s:7:\"[\"cta\"]\";s:10:\"menu_order\";i:0;s:16:\"popularity_index\";i:327;s:11:\"trend_index\";i:427;s:6:\"is_pro\";s:1:\"0\";s:17:\"has_page_settings\";s:1:\"0\";}i:195;a:14:{s:2:\"id\";i:5877;s:5:\"title\";s:6:\"CTA 16\";s:9:\"thumbnail\";s:73:\"https://library.elementor.com/wp-content/uploads/2018/03/cta_black_10.png\";s:12:\"tmpl_created\";i:1520520749;s:6:\"author\";s:9:\"Elementor\";s:3:\"url\";s:103:\"https://library.elementor.com/blocks/cta-16/?utm_source=library&utm_medium=wp-dash&utm_campaign=preview\";s:4:\"type\";s:5:\"block\";s:7:\"subtype\";s:14:\"call to action\";s:4:\"tags\";s:7:\"[\"cta\"]\";s:10:\"menu_order\";i:0;s:16:\"popularity_index\";i:542;s:11:\"trend_index\";i:708;s:6:\"is_pro\";s:1:\"0\";s:17:\"has_page_settings\";s:1:\"0\";}i:196;a:14:{s:2:\"id\";i:11468;s:5:\"title\";s:20:\"Classic | Sale | Gym\";s:9:\"thumbnail\";s:72:\"https://library.elementor.com/wp-content/uploads/2019/08/PopUp_Small.png\";s:12:\"tmpl_created\";i:1567393182;s:6:\"author\";s:9:\"Elementor\";s:3:\"url\";s:113:\"https://library.elementor.com/popups/classic-sale-gym/?utm_source=library&utm_medium=wp-dash&utm_campaign=preview\";s:4:\"type\";s:5:\"popup\";s:7:\"subtype\";s:7:\"classic\";s:4:\"tags\";s:2:\"[]\";s:10:\"menu_order\";i:0;s:16:\"popularity_index\";i:677;s:11:\"trend_index\";i:716;s:6:\"is_pro\";s:1:\"1\";s:17:\"has_page_settings\";s:1:\"1\";}i:197;a:14:{s:2:\"id\";i:5885;s:5:\"title\";s:6:\"CTA 15\";s:9:\"thumbnail\";s:73:\"https://library.elementor.com/wp-content/uploads/2018/03/cta_white_11.png\";s:12:\"tmpl_created\";i:1520520751;s:6:\"author\";s:9:\"Elementor\";s:3:\"url\";s:103:\"https://library.elementor.com/blocks/cta-15/?utm_source=library&utm_medium=wp-dash&utm_campaign=preview\";s:4:\"type\";s:5:\"block\";s:7:\"subtype\";s:14:\"call to action\";s:4:\"tags\";s:7:\"[\"cta\"]\";s:10:\"menu_order\";i:0;s:16:\"popularity_index\";i:275;s:11:\"trend_index\";i:375;s:6:\"is_pro\";s:1:\"0\";s:17:\"has_page_settings\";s:1:\"0\";}i:198;a:14:{s:2:\"id\";i:11461;s:5:\"title\";s:3:\"GYM\";s:9:\"thumbnail\";s:83:\"https://library.elementor.com/wp-content/uploads/2020/06/Header-gym-and-fitness.png\";s:12:\"tmpl_created\";i:1567393219;s:6:\"author\";s:9:\"Elementor\";s:3:\"url\";s:100:\"https://library.elementor.com/blocks/gym/?utm_source=library&utm_medium=wp-dash&utm_campaign=preview\";s:4:\"type\";s:5:\"block\";s:7:\"subtype\";s:6:\"header\";s:4:\"tags\";s:16:\"[\"Gym\",\"header\"]\";s:10:\"menu_order\";i:0;s:16:\"popularity_index\";i:207;s:11:\"trend_index\";i:123;s:6:\"is_pro\";s:1:\"1\";s:17:\"has_page_settings\";s:1:\"0\";}i:199;a:14:{s:2:\"id\";i:5893;s:5:\"title\";s:6:\"CTA 21\";s:9:\"thumbnail\";s:73:\"https://library.elementor.com/wp-content/uploads/2018/03/cta_black_12.png\";s:12:\"tmpl_created\";i:1520520752;s:6:\"author\";s:9:\"Elementor\";s:3:\"url\";s:103:\"https://library.elementor.com/blocks/cta-21/?utm_source=library&utm_medium=wp-dash&utm_campaign=preview\";s:4:\"type\";s:5:\"block\";s:7:\"subtype\";s:14:\"call to action\";s:4:\"tags\";s:7:\"[\"cta\"]\";s:10:\"menu_order\";i:0;s:16:\"popularity_index\";i:258;s:11:\"trend_index\";i:328;s:6:\"is_pro\";s:1:\"0\";s:17:\"has_page_settings\";s:1:\"0\";}i:200;a:14:{s:2:\"id\";i:11453;s:5:\"title\";s:3:\"GYM\";s:9:\"thumbnail\";s:73:\"https://library.elementor.com/wp-content/uploads/2019/08/Footer_Small.png\";s:12:\"tmpl_created\";i:1567393224;s:6:\"author\";s:9:\"Elementor\";s:3:\"url\";s:102:\"https://library.elementor.com/blocks/gym-2/?utm_source=library&utm_medium=wp-dash&utm_campaign=preview\";s:4:\"type\";s:5:\"block\";s:7:\"subtype\";s:6:\"footer\";s:4:\"tags\";s:16:\"[\"footer\",\"Gym\"]\";s:10:\"menu_order\";i:0;s:16:\"popularity_index\";i:282;s:11:\"trend_index\";i:204;s:6:\"is_pro\";s:1:\"1\";s:17:\"has_page_settings\";s:1:\"0\";}i:201;a:14:{s:2:\"id\";i:5904;s:5:\"title\";s:6:\"CTA 27\";s:9:\"thumbnail\";s:73:\"https://library.elementor.com/wp-content/uploads/2018/03/cta_white_13.png\";s:12:\"tmpl_created\";i:1520520754;s:6:\"author\";s:9:\"Elementor\";s:3:\"url\";s:103:\"https://library.elementor.com/blocks/cta-27/?utm_source=library&utm_medium=wp-dash&utm_campaign=preview\";s:4:\"type\";s:5:\"block\";s:7:\"subtype\";s:14:\"call to action\";s:4:\"tags\";s:7:\"[\"cta\"]\";s:10:\"menu_order\";i:0;s:16:\"popularity_index\";i:505;s:11:\"trend_index\";i:599;s:6:\"is_pro\";s:1:\"0\";s:17:\"has_page_settings\";s:1:\"0\";}i:202;a:14:{s:2:\"id\";i:11445;s:5:\"title\";s:3:\"GYM\";s:9:\"thumbnail\";s:71:\"https://library.elementor.com/wp-content/uploads/2019/08/Post_Small.png\";s:12:\"tmpl_created\";i:1567393229;s:6:\"author\";s:9:\"Elementor\";s:3:\"url\";s:102:\"https://library.elementor.com/blocks/gym-3/?utm_source=library&utm_medium=wp-dash&utm_campaign=preview\";s:4:\"type\";s:5:\"block\";s:7:\"subtype\";s:11:\"single post\";s:4:\"tags\";s:7:\"[\"Gym\"]\";s:10:\"menu_order\";i:0;s:16:\"popularity_index\";i:441;s:11:\"trend_index\";i:422;s:6:\"is_pro\";s:1:\"1\";s:17:\"has_page_settings\";s:1:\"0\";}i:203;a:14:{s:2:\"id\";i:5912;s:5:\"title\";s:6:\"CTA 28\";s:9:\"thumbnail\";s:73:\"https://library.elementor.com/wp-content/uploads/2018/03/cta_black_11.png\";s:12:\"tmpl_created\";i:1520520755;s:6:\"author\";s:9:\"Elementor\";s:3:\"url\";s:103:\"https://library.elementor.com/blocks/cta-28/?utm_source=library&utm_medium=wp-dash&utm_campaign=preview\";s:4:\"type\";s:5:\"block\";s:7:\"subtype\";s:14:\"call to action\";s:4:\"tags\";s:7:\"[\"cta\"]\";s:10:\"menu_order\";i:0;s:16:\"popularity_index\";i:637;s:11:\"trend_index\";i:679;s:6:\"is_pro\";s:1:\"0\";s:17:\"has_page_settings\";s:1:\"0\";}i:204;a:14:{s:2:\"id\";i:11435;s:5:\"title\";s:3:\"GYM\";s:9:\"thumbnail\";s:73:\"https://library.elementor.com/wp-content/uploads/2019/08/Archiv_Small.png\";s:12:\"tmpl_created\";i:1567393296;s:6:\"author\";s:9:\"Elementor\";s:3:\"url\";s:102:\"https://library.elementor.com/blocks/gym-4/?utm_source=library&utm_medium=wp-dash&utm_campaign=preview\";s:4:\"type\";s:5:\"block\";s:7:\"subtype\";s:7:\"archive\";s:4:\"tags\";s:7:\"[\"Gym\"]\";s:10:\"menu_order\";i:0;s:16:\"popularity_index\";i:417;s:11:\"trend_index\";i:423;s:6:\"is_pro\";s:1:\"1\";s:17:\"has_page_settings\";s:1:\"0\";}i:205;a:14:{s:2:\"id\";i:5921;s:5:\"title\";s:6:\"CTA 12\";s:9:\"thumbnail\";s:73:\"https://library.elementor.com/wp-content/uploads/2018/03/cta_white_14.png\";s:12:\"tmpl_created\";i:1520520757;s:6:\"author\";s:9:\"Elementor\";s:3:\"url\";s:103:\"https://library.elementor.com/blocks/cta-12/?utm_source=library&utm_medium=wp-dash&utm_campaign=preview\";s:4:\"type\";s:5:\"block\";s:7:\"subtype\";s:14:\"call to action\";s:4:\"tags\";s:7:\"[\"cta\"]\";s:10:\"menu_order\";i:0;s:16:\"popularity_index\";i:281;s:11:\"trend_index\";i:461;s:6:\"is_pro\";s:1:\"0\";s:17:\"has_page_settings\";s:1:\"0\";}i:206;a:14:{s:2:\"id\";i:11424;s:5:\"title\";s:3:\"GYM\";s:9:\"thumbnail\";s:70:\"https://library.elementor.com/wp-content/uploads/2019/08/404_Small.png\";s:12:\"tmpl_created\";i:1567393309;s:6:\"author\";s:9:\"Elementor\";s:3:\"url\";s:102:\"https://library.elementor.com/blocks/gym-5/?utm_source=library&utm_medium=wp-dash&utm_campaign=preview\";s:4:\"type\";s:5:\"block\";s:7:\"subtype\";s:8:\"404 page\";s:4:\"tags\";s:13:\"[\"404\",\"Gym\"]\";s:10:\"menu_order\";i:0;s:16:\"popularity_index\";i:656;s:11:\"trend_index\";i:645;s:6:\"is_pro\";s:1:\"1\";s:17:\"has_page_settings\";s:1:\"1\";}i:207;a:14:{s:2:\"id\";i:5930;s:5:\"title\";s:6:\"CTA 11\";s:9:\"thumbnail\";s:73:\"https://library.elementor.com/wp-content/uploads/2018/03/cta_white_15.png\";s:12:\"tmpl_created\";i:1520520758;s:6:\"author\";s:9:\"Elementor\";s:3:\"url\";s:103:\"https://library.elementor.com/blocks/cta-11/?utm_source=library&utm_medium=wp-dash&utm_campaign=preview\";s:4:\"type\";s:5:\"block\";s:7:\"subtype\";s:14:\"call to action\";s:4:\"tags\";s:7:\"[\"cta\"]\";s:10:\"menu_order\";i:0;s:16:\"popularity_index\";i:75;s:11:\"trend_index\";i:95;s:6:\"is_pro\";s:1:\"0\";s:17:\"has_page_settings\";s:1:\"0\";}i:208;a:14:{s:2:\"id\";i:5939;s:5:\"title\";s:6:\"CTA 10\";s:9:\"thumbnail\";s:75:\"https://library.elementor.com/wp-content/uploads/2018/03/cta_black_13-1.png\";s:12:\"tmpl_created\";i:1520520760;s:6:\"author\";s:9:\"Elementor\";s:3:\"url\";s:103:\"https://library.elementor.com/blocks/cta-10/?utm_source=library&utm_medium=wp-dash&utm_campaign=preview\";s:4:\"type\";s:5:\"block\";s:7:\"subtype\";s:14:\"call to action\";s:4:\"tags\";s:7:\"[\"cta\"]\";s:10:\"menu_order\";i:0;s:16:\"popularity_index\";i:188;s:11:\"trend_index\";i:335;s:6:\"is_pro\";s:1:\"0\";s:17:\"has_page_settings\";s:1:\"0\";}i:209;a:14:{s:2:\"id\";i:7596;s:5:\"title\";s:8:\"Header 1\";s:9:\"thumbnail\";s:73:\"https://library.elementor.com/wp-content/uploads/2018/03/header350.12.jpg\";s:12:\"tmpl_created\";i:1521546999;s:6:\"author\";s:9:\"Elementor\";s:3:\"url\";s:105:\"https://library.elementor.com/blocks/header-1/?utm_source=library&utm_medium=wp-dash&utm_campaign=preview\";s:4:\"type\";s:5:\"block\";s:7:\"subtype\";s:6:\"header\";s:4:\"tags\";s:10:\"[\"header\"]\";s:10:\"menu_order\";i:0;s:16:\"popularity_index\";i:32;s:11:\"trend_index\";i:18;s:6:\"is_pro\";s:1:\"1\";s:17:\"has_page_settings\";s:1:\"0\";}i:210;a:14:{s:2:\"id\";i:7615;s:5:\"title\";s:8:\"Header 2\";s:9:\"thumbnail\";s:72:\"https://library.elementor.com/wp-content/uploads/2018/03/header350.1.jpg\";s:12:\"tmpl_created\";i:1521547237;s:6:\"author\";s:9:\"Elementor\";s:3:\"url\";s:105:\"https://library.elementor.com/blocks/header-2/?utm_source=library&utm_medium=wp-dash&utm_campaign=preview\";s:4:\"type\";s:5:\"block\";s:7:\"subtype\";s:6:\"header\";s:4:\"tags\";s:10:\"[\"header\"]\";s:10:\"menu_order\";i:0;s:16:\"popularity_index\";i:31;s:11:\"trend_index\";i:21;s:6:\"is_pro\";s:1:\"1\";s:17:\"has_page_settings\";s:1:\"0\";}i:211;a:14:{s:2:\"id\";i:7627;s:5:\"title\";s:8:\"Footer 8\";s:9:\"thumbnail\";s:74:\"https://library.elementor.com/wp-content/uploads/2018/03/footer_hero_1.png\";s:12:\"tmpl_created\";i:1521547332;s:6:\"author\";s:9:\"Elementor\";s:3:\"url\";s:105:\"https://library.elementor.com/blocks/footer-8/?utm_source=library&utm_medium=wp-dash&utm_campaign=preview\";s:4:\"type\";s:5:\"block\";s:7:\"subtype\";s:6:\"footer\";s:4:\"tags\";s:10:\"[\"footer\"]\";s:10:\"menu_order\";i:0;s:16:\"popularity_index\";i:104;s:11:\"trend_index\";i:71;s:6:\"is_pro\";s:1:\"1\";s:17:\"has_page_settings\";s:1:\"0\";}i:212;a:14:{s:2:\"id\";i:11822;s:5:\"title\";s:30:\"Full Screen | Menu | Portfolio\";s:9:\"thumbnail\";s:72:\"https://library.elementor.com/wp-content/uploads/2019/09/PopUp_small.png\";s:12:\"tmpl_created\";i:1569429896;s:6:\"author\";s:9:\"Elementor\";s:3:\"url\";s:123:\"https://library.elementor.com/popups/full-screen-menu-portfolio/?utm_source=library&utm_medium=wp-dash&utm_campaign=preview\";s:4:\"type\";s:5:\"popup\";s:7:\"subtype\";s:11:\"full screen\";s:4:\"tags\";s:2:\"[]\";s:10:\"menu_order\";i:0;s:16:\"popularity_index\";i:632;s:11:\"trend_index\";i:723;s:6:\"is_pro\";s:1:\"1\";s:17:\"has_page_settings\";s:1:\"1\";}i:213;a:14:{s:2:\"id\";i:7638;s:5:\"title\";s:8:\"Footer 9\";s:9:\"thumbnail\";s:74:\"https://library.elementor.com/wp-content/uploads/2018/03/footer_hero_2.png\";s:12:\"tmpl_created\";i:1521547502;s:6:\"author\";s:9:\"Elementor\";s:3:\"url\";s:105:\"https://library.elementor.com/blocks/footer-9/?utm_source=library&utm_medium=wp-dash&utm_campaign=preview\";s:4:\"type\";s:5:\"block\";s:7:\"subtype\";s:6:\"footer\";s:4:\"tags\";s:10:\"[\"footer\"]\";s:10:\"menu_order\";i:0;s:16:\"popularity_index\";i:121;s:11:\"trend_index\";i:87;s:6:\"is_pro\";s:1:\"1\";s:17:\"has_page_settings\";s:1:\"0\";}i:214;a:14:{s:2:\"id\";i:11877;s:5:\"title\";s:27:\"Portfolio &#8211; Project 3\";s:9:\"thumbnail\";s:75:\"https://library.elementor.com/wp-content/uploads/2019/09/Project3_small.png\";s:12:\"tmpl_created\";i:1569429954;s:6:\"author\";s:9:\"Elementor\";s:3:\"url\";s:116:\"https://library.elementor.com/blocks/portfolio-project-3/?utm_source=library&utm_medium=wp-dash&utm_campaign=preview\";s:4:\"type\";s:5:\"block\";s:7:\"subtype\";s:11:\"single post\";s:4:\"tags\";s:34:\"[\"creative portfolio\",\"portfolio\"]\";s:10:\"menu_order\";i:0;s:16:\"popularity_index\";i:668;s:11:\"trend_index\";i:695;s:6:\"is_pro\";s:1:\"1\";s:17:\"has_page_settings\";s:1:\"0\";}i:215;a:14:{s:2:\"id\";i:7663;s:5:\"title\";s:13:\"Single Post 2\";s:9:\"thumbnail\";s:77:\"https://library.elementor.com/wp-content/uploads/2018/03/single_post_2_v2.jpg\";s:12:\"tmpl_created\";i:1521547761;s:6:\"author\";s:9:\"Elementor\";s:3:\"url\";s:110:\"https://library.elementor.com/blocks/single-post-2/?utm_source=library&utm_medium=wp-dash&utm_campaign=preview\";s:4:\"type\";s:5:\"block\";s:7:\"subtype\";s:11:\"single post\";s:4:\"tags\";s:24:\"[\"Blog\",\"Post\",\"Single\"]\";s:10:\"menu_order\";i:0;s:16:\"popularity_index\";i:49;s:11:\"trend_index\";i:22;s:6:\"is_pro\";s:1:\"1\";s:17:\"has_page_settings\";s:1:\"0\";}i:216;a:14:{s:2:\"id\";i:11870;s:5:\"title\";s:27:\"Portfolio &#8211; Project 2\";s:9:\"thumbnail\";s:75:\"https://library.elementor.com/wp-content/uploads/2019/09/Project2_small.png\";s:12:\"tmpl_created\";i:1569429964;s:6:\"author\";s:9:\"Elementor\";s:3:\"url\";s:116:\"https://library.elementor.com/blocks/portfolio-project-2/?utm_source=library&utm_medium=wp-dash&utm_campaign=preview\";s:4:\"type\";s:5:\"block\";s:7:\"subtype\";s:11:\"single post\";s:4:\"tags\";s:34:\"[\"creative portfolio\",\"portfolio\"]\";s:10:\"menu_order\";i:0;s:16:\"popularity_index\";i:630;s:11:\"trend_index\";i:616;s:6:\"is_pro\";s:1:\"1\";s:17:\"has_page_settings\";s:1:\"0\";}i:217;a:14:{s:2:\"id\";i:7650;s:5:\"title\";s:13:\"Single Post 1\";s:9:\"thumbnail\";s:77:\"https://library.elementor.com/wp-content/uploads/2018/03/single_post_1_v2.jpg\";s:12:\"tmpl_created\";i:1521557736;s:6:\"author\";s:9:\"Elementor\";s:3:\"url\";s:110:\"https://library.elementor.com/blocks/single-post-1/?utm_source=library&utm_medium=wp-dash&utm_campaign=preview\";s:4:\"type\";s:5:\"block\";s:7:\"subtype\";s:11:\"single post\";s:4:\"tags\";s:24:\"[\"Blog\",\"Post\",\"Single\"]\";s:10:\"menu_order\";i:0;s:16:\"popularity_index\";i:111;s:11:\"trend_index\";i:184;s:6:\"is_pro\";s:1:\"1\";s:17:\"has_page_settings\";s:1:\"0\";}i:218;a:14:{s:2:\"id\";i:11861;s:5:\"title\";s:27:\"Portfolio &#8211; Project 1\";s:9:\"thumbnail\";s:75:\"https://library.elementor.com/wp-content/uploads/2019/09/Project1_small.png\";s:12:\"tmpl_created\";i:1569429975;s:6:\"author\";s:9:\"Elementor\";s:3:\"url\";s:116:\"https://library.elementor.com/blocks/portfolio-project-1/?utm_source=library&utm_medium=wp-dash&utm_campaign=preview\";s:4:\"type\";s:5:\"block\";s:7:\"subtype\";s:11:\"single post\";s:4:\"tags\";s:34:\"[\"creative portfolio\",\"portfolio\"]\";s:10:\"menu_order\";i:0;s:16:\"popularity_index\";i:617;s:11:\"trend_index\";i:721;s:6:\"is_pro\";s:1:\"1\";s:17:\"has_page_settings\";s:1:\"1\";}i:219;a:14:{s:2:\"id\";i:7686;s:5:\"title\";s:12:\"Blog Posts 1\";s:9:\"thumbnail\";s:71:\"https://library.elementor.com/wp-content/uploads/2018/03/blog_posts.png\";s:12:\"tmpl_created\";i:1521558047;s:6:\"author\";s:9:\"Elementor\";s:3:\"url\";s:109:\"https://library.elementor.com/blocks/blog-posts-1/?utm_source=library&utm_medium=wp-dash&utm_campaign=preview\";s:4:\"type\";s:5:\"block\";s:7:\"subtype\";s:4:\"page\";s:4:\"tags\";s:26:\"[\"archive\",\"Blog\",\"posts\"]\";s:10:\"menu_order\";i:0;s:16:\"popularity_index\";i:130;s:11:\"trend_index\";i:200;s:6:\"is_pro\";s:1:\"1\";s:17:\"has_page_settings\";s:1:\"0\";}i:220;a:14:{s:2:\"id\";i:11854;s:5:\"title\";s:9:\"Portfolio\";s:9:\"thumbnail\";s:71:\"https://library.elementor.com/wp-content/uploads/2019/09/Post_small.png\";s:12:\"tmpl_created\";i:1569429983;s:6:\"author\";s:9:\"Elementor\";s:3:\"url\";s:106:\"https://library.elementor.com/blocks/portfolio/?utm_source=library&utm_medium=wp-dash&utm_campaign=preview\";s:4:\"type\";s:5:\"block\";s:7:\"subtype\";s:11:\"single post\";s:4:\"tags\";s:34:\"[\"creative portfolio\",\"portfolio\"]\";s:10:\"menu_order\";i:0;s:16:\"popularity_index\";i:476;s:11:\"trend_index\";i:444;s:6:\"is_pro\";s:1:\"1\";s:17:\"has_page_settings\";s:1:\"0\";}i:221;a:14:{s:2:\"id\";i:4676;s:5:\"title\";s:8:\"Footer 7\";s:9:\"thumbnail\";s:69:\"https://library.elementor.com/wp-content/uploads/2018/03/footer_7.png\";s:12:\"tmpl_created\";i:1522014215;s:6:\"author\";s:9:\"Elementor\";s:3:\"url\";s:105:\"https://library.elementor.com/blocks/footer_7/?utm_source=library&utm_medium=wp-dash&utm_campaign=preview\";s:4:\"type\";s:5:\"block\";s:7:\"subtype\";s:6:\"footer\";s:4:\"tags\";s:10:\"[\"footer\"]\";s:10:\"menu_order\";i:0;s:16:\"popularity_index\";i:232;s:11:\"trend_index\";i:239;s:6:\"is_pro\";s:1:\"1\";s:17:\"has_page_settings\";s:1:\"0\";}i:222;a:14:{s:2:\"id\";i:11847;s:5:\"title\";s:9:\"Portfolio\";s:9:\"thumbnail\";s:73:\"https://library.elementor.com/wp-content/uploads/2019/09/Archiv_small.png\";s:12:\"tmpl_created\";i:1569430010;s:6:\"author\";s:9:\"Elementor\";s:3:\"url\";s:108:\"https://library.elementor.com/blocks/portfolio-8/?utm_source=library&utm_medium=wp-dash&utm_campaign=preview\";s:4:\"type\";s:5:\"block\";s:7:\"subtype\";s:7:\"archive\";s:4:\"tags\";s:34:\"[\"creative portfolio\",\"portfolio\"]\";s:10:\"menu_order\";i:0;s:16:\"popularity_index\";i:322;s:11:\"trend_index\";i:397;s:6:\"is_pro\";s:1:\"1\";s:17:\"has_page_settings\";s:1:\"0\";}i:223;a:14:{s:2:\"id\";i:7997;s:5:\"title\";s:10:\"footer 014\";s:9:\"thumbnail\";s:72:\"https://library.elementor.com/wp-content/uploads/2018/03/footer350.1.jpg\";s:12:\"tmpl_created\";i:1524582343;s:6:\"author\";s:9:\"Elementor\";s:3:\"url\";s:107:\"https://library.elementor.com/blocks/footer-014/?utm_source=library&utm_medium=wp-dash&utm_campaign=preview\";s:4:\"type\";s:5:\"block\";s:7:\"subtype\";s:6:\"footer\";s:4:\"tags\";s:2:\"[]\";s:10:\"menu_order\";i:0;s:16:\"popularity_index\";i:71;s:11:\"trend_index\";i:34;s:6:\"is_pro\";s:1:\"1\";s:17:\"has_page_settings\";s:1:\"0\";}i:224;a:14:{s:2:\"id\";i:11839;s:5:\"title\";s:9:\"Portfolio\";s:9:\"thumbnail\";s:73:\"https://library.elementor.com/wp-content/uploads/2019/09/Header_small.png\";s:12:\"tmpl_created\";i:1569430015;s:6:\"author\";s:9:\"Elementor\";s:3:\"url\";s:108:\"https://library.elementor.com/blocks/portfolio-9/?utm_source=library&utm_medium=wp-dash&utm_campaign=preview\";s:4:\"type\";s:5:\"block\";s:7:\"subtype\";s:6:\"header\";s:4:\"tags\";s:43:\"[\"creative portfolio\",\"header\",\"portfolio\"]\";s:10:\"menu_order\";i:0;s:16:\"popularity_index\";i:259;s:11:\"trend_index\";i:247;s:6:\"is_pro\";s:1:\"1\";s:17:\"has_page_settings\";s:1:\"0\";}i:225;a:14:{s:2:\"id\";i:7982;s:5:\"title\";s:10:\"footer 013\";s:9:\"thumbnail\";s:72:\"https://library.elementor.com/wp-content/uploads/2018/03/footer350.2.jpg\";s:12:\"tmpl_created\";i:1524582468;s:6:\"author\";s:9:\"Elementor\";s:3:\"url\";s:107:\"https://library.elementor.com/blocks/footer-013/?utm_source=library&utm_medium=wp-dash&utm_campaign=preview\";s:4:\"type\";s:5:\"block\";s:7:\"subtype\";s:6:\"footer\";s:4:\"tags\";s:2:\"[]\";s:10:\"menu_order\";i:0;s:16:\"popularity_index\";i:211;s:11:\"trend_index\";i:115;s:6:\"is_pro\";s:1:\"1\";s:17:\"has_page_settings\";s:1:\"0\";}i:226;a:14:{s:2:\"id\";i:11832;s:5:\"title\";s:9:\"Portfolio\";s:9:\"thumbnail\";s:73:\"https://library.elementor.com/wp-content/uploads/2019/09/Footer_small.png\";s:12:\"tmpl_created\";i:1569430019;s:6:\"author\";s:9:\"Elementor\";s:3:\"url\";s:109:\"https://library.elementor.com/blocks/portfolio-19/?utm_source=library&utm_medium=wp-dash&utm_campaign=preview\";s:4:\"type\";s:5:\"block\";s:7:\"subtype\";s:6:\"footer\";s:4:\"tags\";s:43:\"[\"creative portfolio\",\"footer\",\"portfolio\"]\";s:10:\"menu_order\";i:0;s:16:\"popularity_index\";i:271;s:11:\"trend_index\";i:181;s:6:\"is_pro\";s:1:\"1\";s:17:\"has_page_settings\";s:1:\"0\";}i:227;a:14:{s:2:\"id\";i:7959;s:5:\"title\";s:10:\"footer 012\";s:9:\"thumbnail\";s:72:\"https://library.elementor.com/wp-content/uploads/2018/03/footer350.3.jpg\";s:12:\"tmpl_created\";i:1524582605;s:6:\"author\";s:9:\"Elementor\";s:3:\"url\";s:107:\"https://library.elementor.com/blocks/footer-012/?utm_source=library&utm_medium=wp-dash&utm_campaign=preview\";s:4:\"type\";s:5:\"block\";s:7:\"subtype\";s:6:\"footer\";s:4:\"tags\";s:2:\"[]\";s:10:\"menu_order\";i:0;s:16:\"popularity_index\";i:185;s:11:\"trend_index\";i:153;s:6:\"is_pro\";s:1:\"1\";s:17:\"has_page_settings\";s:1:\"0\";}i:228;a:14:{s:2:\"id\";i:11807;s:5:\"title\";s:9:\"Portfolio\";s:9:\"thumbnail\";s:70:\"https://library.elementor.com/wp-content/uploads/2019/09/404_small.png\";s:12:\"tmpl_created\";i:1569430070;s:6:\"author\";s:9:\"Elementor\";s:3:\"url\";s:109:\"https://library.elementor.com/blocks/portfolio-20/?utm_source=library&utm_medium=wp-dash&utm_campaign=preview\";s:4:\"type\";s:5:\"block\";s:7:\"subtype\";s:8:\"404 page\";s:4:\"tags\";s:40:\"[\"404\",\"creative portfolio\",\"portfolio\"]\";s:10:\"menu_order\";i:0;s:16:\"popularity_index\";i:486;s:11:\"trend_index\";i:325;s:6:\"is_pro\";s:1:\"1\";s:17:\"has_page_settings\";s:1:\"1\";}i:229;a:14:{s:2:\"id\";i:7950;s:5:\"title\";s:10:\"footer 011\";s:9:\"thumbnail\";s:72:\"https://library.elementor.com/wp-content/uploads/2018/03/footer350.4.jpg\";s:12:\"tmpl_created\";i:1524582631;s:6:\"author\";s:9:\"Elementor\";s:3:\"url\";s:107:\"https://library.elementor.com/blocks/footer-011/?utm_source=library&utm_medium=wp-dash&utm_campaign=preview\";s:4:\"type\";s:5:\"block\";s:7:\"subtype\";s:6:\"footer\";s:4:\"tags\";s:2:\"[]\";s:10:\"menu_order\";i:0;s:16:\"popularity_index\";i:255;s:11:\"trend_index\";i:287;s:6:\"is_pro\";s:1:\"1\";s:17:\"has_page_settings\";s:1:\"0\";}i:230;a:14:{s:2:\"id\";i:7937;s:5:\"title\";s:10:\"footer 010\";s:9:\"thumbnail\";s:72:\"https://library.elementor.com/wp-content/uploads/2018/03/footer350.5.jpg\";s:12:\"tmpl_created\";i:1524582665;s:6:\"author\";s:9:\"Elementor\";s:3:\"url\";s:107:\"https://library.elementor.com/blocks/footer-010/?utm_source=library&utm_medium=wp-dash&utm_campaign=preview\";s:4:\"type\";s:5:\"block\";s:7:\"subtype\";s:6:\"footer\";s:4:\"tags\";s:2:\"[]\";s:10:\"menu_order\";i:0;s:16:\"popularity_index\";i:198;s:11:\"trend_index\";i:129;s:6:\"is_pro\";s:1:\"1\";s:17:\"has_page_settings\";s:1:\"0\";}i:231;a:14:{s:2:\"id\";i:11897;s:5:\"title\";s:27:\"Portfolio &#8211; Project 2\";s:9:\"thumbnail\";s:75:\"https://library.elementor.com/wp-content/uploads/2019/09/Project2_small.png\";s:12:\"tmpl_created\";i:1569494236;s:6:\"author\";s:9:\"Elementor\";s:3:\"url\";s:118:\"https://library.elementor.com/blocks/portfolio-project-2-2/?utm_source=library&utm_medium=wp-dash&utm_campaign=preview\";s:4:\"type\";s:5:\"block\";s:7:\"subtype\";s:11:\"single post\";s:4:\"tags\";s:34:\"[\"creative portfolio\",\"portfolio\"]\";s:10:\"menu_order\";i:0;s:16:\"popularity_index\";i:711;s:11:\"trend_index\";i:737;s:6:\"is_pro\";s:1:\"1\";s:17:\"has_page_settings\";s:1:\"0\";}i:232;a:14:{s:2:\"id\";i:7927;s:5:\"title\";s:9:\"footer 09\";s:9:\"thumbnail\";s:72:\"https://library.elementor.com/wp-content/uploads/2018/03/footer350.6.jpg\";s:12:\"tmpl_created\";i:1524582691;s:6:\"author\";s:9:\"Elementor\";s:3:\"url\";s:106:\"https://library.elementor.com/blocks/footer-09/?utm_source=library&utm_medium=wp-dash&utm_campaign=preview\";s:4:\"type\";s:5:\"block\";s:7:\"subtype\";s:6:\"footer\";s:4:\"tags\";s:2:\"[]\";s:10:\"menu_order\";i:0;s:16:\"popularity_index\";i:177;s:11:\"trend_index\";i:189;s:6:\"is_pro\";s:1:\"1\";s:17:\"has_page_settings\";s:1:\"0\";}i:233;a:14:{s:2:\"id\";i:11890;s:5:\"title\";s:9:\"Portfolio\";s:9:\"thumbnail\";s:84:\"https://library.elementor.com/wp-content/uploads/2020/06/Header-design-portfolio.png\";s:12:\"tmpl_created\";i:1571907344;s:6:\"author\";s:9:\"Elementor\";s:3:\"url\";s:108:\"https://library.elementor.com/blocks/portfolio-9/?utm_source=library&utm_medium=wp-dash&utm_campaign=preview\";s:4:\"type\";s:5:\"block\";s:7:\"subtype\";s:6:\"header\";s:4:\"tags\";s:43:\"[\"creative portfolio\",\"header\",\"portfolio\"]\";s:10:\"menu_order\";i:0;s:16:\"popularity_index\";i:312;s:11:\"trend_index\";i:311;s:6:\"is_pro\";s:1:\"1\";s:17:\"has_page_settings\";s:1:\"0\";}i:234;a:14:{s:2:\"id\";i:7917;s:5:\"title\";s:9:\"footer 08\";s:9:\"thumbnail\";s:72:\"https://library.elementor.com/wp-content/uploads/2018/03/footer350.7.jpg\";s:12:\"tmpl_created\";i:1524582788;s:6:\"author\";s:9:\"Elementor\";s:3:\"url\";s:106:\"https://library.elementor.com/blocks/footer-08/?utm_source=library&utm_medium=wp-dash&utm_campaign=preview\";s:4:\"type\";s:5:\"block\";s:7:\"subtype\";s:6:\"footer\";s:4:\"tags\";s:2:\"[]\";s:10:\"menu_order\";i:0;s:16:\"popularity_index\";i:92;s:11:\"trend_index\";i:76;s:6:\"is_pro\";s:1:\"1\";s:17:\"has_page_settings\";s:1:\"0\";}i:235;a:14:{s:2:\"id\";i:7904;s:5:\"title\";s:9:\"footer 07\";s:9:\"thumbnail\";s:72:\"https://library.elementor.com/wp-content/uploads/2018/03/footer350.8.jpg\";s:12:\"tmpl_created\";i:1524582814;s:6:\"author\";s:9:\"Elementor\";s:3:\"url\";s:106:\"https://library.elementor.com/blocks/footer-07/?utm_source=library&utm_medium=wp-dash&utm_campaign=preview\";s:4:\"type\";s:5:\"block\";s:7:\"subtype\";s:6:\"footer\";s:4:\"tags\";s:2:\"[]\";s:10:\"menu_order\";i:0;s:16:\"popularity_index\";i:203;s:11:\"trend_index\";i:187;s:6:\"is_pro\";s:1:\"1\";s:17:\"has_page_settings\";s:1:\"0\";}i:236;a:14:{s:2:\"id\";i:7837;s:5:\"title\";s:9:\"footer 01\";s:9:\"thumbnail\";s:73:\"https://library.elementor.com/wp-content/uploads/2018/03/footer350.14.jpg\";s:12:\"tmpl_created\";i:1524582852;s:6:\"author\";s:9:\"Elementor\";s:3:\"url\";s:106:\"https://library.elementor.com/blocks/footer-01/?utm_source=library&utm_medium=wp-dash&utm_campaign=preview\";s:4:\"type\";s:5:\"block\";s:7:\"subtype\";s:4:\"page\";s:4:\"tags\";s:2:\"[]\";s:10:\"menu_order\";i:0;s:16:\"popularity_index\";i:475;s:11:\"trend_index\";i:648;s:6:\"is_pro\";s:1:\"1\";s:17:\"has_page_settings\";s:1:\"0\";}i:237;a:14:{s:2:\"id\";i:7852;s:5:\"title\";s:9:\"footer 02\";s:9:\"thumbnail\";s:73:\"https://library.elementor.com/wp-content/uploads/2018/03/footer350.13.jpg\";s:12:\"tmpl_created\";i:1524582875;s:6:\"author\";s:9:\"Elementor\";s:3:\"url\";s:106:\"https://library.elementor.com/blocks/footer-02/?utm_source=library&utm_medium=wp-dash&utm_campaign=preview\";s:4:\"type\";s:5:\"block\";s:7:\"subtype\";s:6:\"footer\";s:4:\"tags\";s:2:\"[]\";s:10:\"menu_order\";i:0;s:16:\"popularity_index\";i:210;s:11:\"trend_index\";i:106;s:6:\"is_pro\";s:1:\"1\";s:17:\"has_page_settings\";s:1:\"0\";}i:238;a:14:{s:2:\"id\";i:7862;s:5:\"title\";s:9:\"footer 03\";s:9:\"thumbnail\";s:73:\"https://library.elementor.com/wp-content/uploads/2018/03/footer350.12.jpg\";s:12:\"tmpl_created\";i:1524582903;s:6:\"author\";s:9:\"Elementor\";s:3:\"url\";s:106:\"https://library.elementor.com/blocks/footer-03/?utm_source=library&utm_medium=wp-dash&utm_campaign=preview\";s:4:\"type\";s:5:\"block\";s:7:\"subtype\";s:6:\"footer\";s:4:\"tags\";s:2:\"[]\";s:10:\"menu_order\";i:0;s:16:\"popularity_index\";i:138;s:11:\"trend_index\";i:141;s:6:\"is_pro\";s:1:\"1\";s:17:\"has_page_settings\";s:1:\"0\";}i:239;a:14:{s:2:\"id\";i:12212;s:5:\"title\";s:28:\"Law Firm &#8211; Single Post\";s:9:\"thumbnail\";s:67:\"https://library.elementor.com/wp-content/uploads/2019/11/single.png\";s:12:\"tmpl_created\";i:1572846914;s:6:\"author\";s:9:\"Elementor\";s:3:\"url\";s:117:\"https://library.elementor.com/blocks/law-firm-single-post/?utm_source=library&utm_medium=wp-dash&utm_campaign=preview\";s:4:\"type\";s:5:\"block\";s:7:\"subtype\";s:11:\"single post\";s:4:\"tags\";s:18:\"[\"Law\",\"Law Firm\"]\";s:10:\"menu_order\";i:0;s:16:\"popularity_index\";i:340;s:11:\"trend_index\";i:401;s:6:\"is_pro\";s:1:\"1\";s:17:\"has_page_settings\";s:1:\"1\";}i:240;a:14:{s:2:\"id\";i:7871;s:5:\"title\";s:9:\"footer 04\";s:9:\"thumbnail\";s:73:\"https://library.elementor.com/wp-content/uploads/2018/03/footer350.11.jpg\";s:12:\"tmpl_created\";i:1524582927;s:6:\"author\";s:9:\"Elementor\";s:3:\"url\";s:106:\"https://library.elementor.com/blocks/footer-04/?utm_source=library&utm_medium=wp-dash&utm_campaign=preview\";s:4:\"type\";s:5:\"block\";s:7:\"subtype\";s:6:\"footer\";s:4:\"tags\";s:2:\"[]\";s:10:\"menu_order\";i:0;s:16:\"popularity_index\";i:102;s:11:\"trend_index\";i:81;s:6:\"is_pro\";s:1:\"1\";s:17:\"has_page_settings\";s:1:\"0\";}i:241;a:14:{s:2:\"id\";i:12203;s:5:\"title\";s:30:\"Law Firm &#8211; Search Archiv\";s:9:\"thumbnail\";s:74:\"https://library.elementor.com/wp-content/uploads/2019/11/search_result.png\";s:12:\"tmpl_created\";i:1572846925;s:6:\"author\";s:9:\"Elementor\";s:3:\"url\";s:119:\"https://library.elementor.com/blocks/law-firm-search-archiv/?utm_source=library&utm_medium=wp-dash&utm_campaign=preview\";s:4:\"type\";s:5:\"block\";s:7:\"subtype\";s:7:\"archive\";s:4:\"tags\";s:18:\"[\"Law\",\"Law Firm\"]\";s:10:\"menu_order\";i:0;s:16:\"popularity_index\";i:501;s:11:\"trend_index\";i:318;s:6:\"is_pro\";s:1:\"1\";s:17:\"has_page_settings\";s:1:\"1\";}i:242;a:14:{s:2:\"id\";i:7884;s:5:\"title\";s:9:\"footer 05\";s:9:\"thumbnail\";s:73:\"https://library.elementor.com/wp-content/uploads/2018/03/footer350.10.jpg\";s:12:\"tmpl_created\";i:1524582944;s:6:\"author\";s:9:\"Elementor\";s:3:\"url\";s:106:\"https://library.elementor.com/blocks/footer-05/?utm_source=library&utm_medium=wp-dash&utm_campaign=preview\";s:4:\"type\";s:5:\"block\";s:7:\"subtype\";s:6:\"footer\";s:4:\"tags\";s:2:\"[]\";s:10:\"menu_order\";i:0;s:16:\"popularity_index\";i:88;s:11:\"trend_index\";i:121;s:6:\"is_pro\";s:1:\"1\";s:17:\"has_page_settings\";s:1:\"0\";}i:243;a:14:{s:2:\"id\";i:12194;s:5:\"title\";s:23:\"Law Firm &#8211; Header\";s:9:\"thumbnail\";s:76:\"https://library.elementor.com/wp-content/uploads/2020/06/Header-law-firm.png\";s:12:\"tmpl_created\";i:1572846935;s:6:\"author\";s:9:\"Elementor\";s:3:\"url\";s:112:\"https://library.elementor.com/blocks/law-firm-header/?utm_source=library&utm_medium=wp-dash&utm_campaign=preview\";s:4:\"type\";s:5:\"block\";s:7:\"subtype\";s:6:\"header\";s:4:\"tags\";s:27:\"[\"header\",\"Law\",\"Law Firm\"]\";s:10:\"menu_order\";i:0;s:16:\"popularity_index\";i:99;s:11:\"trend_index\";i:26;s:6:\"is_pro\";s:1:\"1\";s:17:\"has_page_settings\";s:1:\"0\";}i:244;a:14:{s:2:\"id\";i:7892;s:5:\"title\";s:9:\"footer 06\";s:9:\"thumbnail\";s:72:\"https://library.elementor.com/wp-content/uploads/2018/03/footer350.9.jpg\";s:12:\"tmpl_created\";i:1524583015;s:6:\"author\";s:9:\"Elementor\";s:3:\"url\";s:106:\"https://library.elementor.com/blocks/footer-06/?utm_source=library&utm_medium=wp-dash&utm_campaign=preview\";s:4:\"type\";s:5:\"block\";s:7:\"subtype\";s:6:\"footer\";s:4:\"tags\";s:2:\"[]\";s:10:\"menu_order\";i:0;s:16:\"popularity_index\";i:132;s:11:\"trend_index\";i:199;s:6:\"is_pro\";s:1:\"1\";s:17:\"has_page_settings\";s:1:\"0\";}i:245;a:14:{s:2:\"id\";i:12179;s:5:\"title\";s:23:\"Law Firm &#8211; Footer\";s:9:\"thumbnail\";s:67:\"https://library.elementor.com/wp-content/uploads/2019/11/footer.png\";s:12:\"tmpl_created\";i:1572846958;s:6:\"author\";s:9:\"Elementor\";s:3:\"url\";s:112:\"https://library.elementor.com/blocks/law-firm-footer/?utm_source=library&utm_medium=wp-dash&utm_campaign=preview\";s:4:\"type\";s:5:\"block\";s:7:\"subtype\";s:6:\"footer\";s:4:\"tags\";s:27:\"[\"footer\",\"Law\",\"Law Firm\"]\";s:10:\"menu_order\";i:0;s:16:\"popularity_index\";i:399;s:11:\"trend_index\";i:308;s:6:\"is_pro\";s:1:\"1\";s:17:\"has_page_settings\";s:1:\"0\";}i:246;a:14:{s:2:\"id\";i:4212;s:5:\"title\";s:11:\"Services 23\";s:9:\"thumbnail\";s:76:\"https://library.elementor.com/wp-content/uploads/2018/02/Service_white_1.png\";s:12:\"tmpl_created\";i:1520443248;s:6:\"author\";s:9:\"Elementor\";s:3:\"url\";s:108:\"https://library.elementor.com/blocks/services-23/?utm_source=library&utm_medium=wp-dash&utm_campaign=preview\";s:4:\"type\";s:5:\"block\";s:7:\"subtype\";s:8:\"services\";s:4:\"tags\";s:12:\"[\"services\"]\";s:10:\"menu_order\";i:0;s:16:\"popularity_index\";i:133;s:11:\"trend_index\";i:132;s:6:\"is_pro\";s:1:\"0\";s:17:\"has_page_settings\";s:1:\"0\";}i:247;a:14:{s:2:\"id\";i:7825;s:5:\"title\";s:9:\"header 12\";s:9:\"thumbnail\";s:73:\"https://library.elementor.com/wp-content/uploads/2018/03/header350.11.jpg\";s:12:\"tmpl_created\";i:1524583273;s:6:\"author\";s:9:\"Elementor\";s:3:\"url\";s:106:\"https://library.elementor.com/blocks/header-12/?utm_source=library&utm_medium=wp-dash&utm_campaign=preview\";s:4:\"type\";s:5:\"block\";s:7:\"subtype\";s:6:\"header\";s:4:\"tags\";s:2:\"[]\";s:10:\"menu_order\";i:0;s:16:\"popularity_index\";i:67;s:11:\"trend_index\";i:39;s:6:\"is_pro\";s:1:\"1\";s:17:\"has_page_settings\";s:1:\"0\";}i:248;a:14:{s:2:\"id\";i:12170;s:5:\"title\";s:23:\"Law Firm &#8211; Archiv\";s:9:\"thumbnail\";s:67:\"https://library.elementor.com/wp-content/uploads/2019/11/archiv.png\";s:12:\"tmpl_created\";i:1572846967;s:6:\"author\";s:9:\"Elementor\";s:3:\"url\";s:112:\"https://library.elementor.com/blocks/law-firm-archiv/?utm_source=library&utm_medium=wp-dash&utm_campaign=preview\";s:4:\"type\";s:5:\"block\";s:7:\"subtype\";s:7:\"archive\";s:4:\"tags\";s:18:\"[\"Law\",\"Law Firm\"]\";s:10:\"menu_order\";i:0;s:16:\"popularity_index\";i:426;s:11:\"trend_index\";i:449;s:6:\"is_pro\";s:1:\"1\";s:17:\"has_page_settings\";s:1:\"1\";}i:249;a:14:{s:2:\"id\";i:4227;s:5:\"title\";s:11:\"Services 30\";s:9:\"thumbnail\";s:76:\"https://library.elementor.com/wp-content/uploads/2018/02/Service_black_1.png\";s:12:\"tmpl_created\";i:1520443250;s:6:\"author\";s:9:\"Elementor\";s:3:\"url\";s:108:\"https://library.elementor.com/blocks/services-30/?utm_source=library&utm_medium=wp-dash&utm_campaign=preview\";s:4:\"type\";s:5:\"block\";s:7:\"subtype\";s:8:\"services\";s:4:\"tags\";s:12:\"[\"services\"]\";s:10:\"menu_order\";i:0;s:16:\"popularity_index\";i:335;s:11:\"trend_index\";i:529;s:6:\"is_pro\";s:1:\"0\";s:17:\"has_page_settings\";s:1:\"0\";}i:250;a:14:{s:2:\"id\";i:7812;s:5:\"title\";s:9:\"header 11\";s:9:\"thumbnail\";s:73:\"https://library.elementor.com/wp-content/uploads/2018/03/header350.10.jpg\";s:12:\"tmpl_created\";i:1524583298;s:6:\"author\";s:9:\"Elementor\";s:3:\"url\";s:106:\"https://library.elementor.com/blocks/header-11/?utm_source=library&utm_medium=wp-dash&utm_campaign=preview\";s:4:\"type\";s:5:\"block\";s:7:\"subtype\";s:6:\"header\";s:4:\"tags\";s:2:\"[]\";s:10:\"menu_order\";i:0;s:16:\"popularity_index\";i:103;s:11:\"trend_index\";i:53;s:6:\"is_pro\";s:1:\"1\";s:17:\"has_page_settings\";s:1:\"0\";}i:251;a:14:{s:2:\"id\";i:12164;s:5:\"title\";s:20:\"Law Firm &#8211; 404\";s:9:\"thumbnail\";s:64:\"https://library.elementor.com/wp-content/uploads/2019/11/404.png\";s:12:\"tmpl_created\";i:1572846979;s:6:\"author\";s:9:\"Elementor\";s:3:\"url\";s:109:\"https://library.elementor.com/blocks/law-firm-404/?utm_source=library&utm_medium=wp-dash&utm_campaign=preview\";s:4:\"type\";s:5:\"block\";s:7:\"subtype\";s:8:\"404 page\";s:4:\"tags\";s:24:\"[\"404\",\"Law\",\"Law Firm\"]\";s:10:\"menu_order\";i:0;s:16:\"popularity_index\";i:692;s:11:\"trend_index\";i:669;s:6:\"is_pro\";s:1:\"1\";s:17:\"has_page_settings\";s:1:\"0\";}i:252;a:14:{s:2:\"id\";i:4235;s:5:\"title\";s:11:\"Services 18\";s:9:\"thumbnail\";s:76:\"https://library.elementor.com/wp-content/uploads/2018/02/Service_white_2.png\";s:12:\"tmpl_created\";i:1520443251;s:6:\"author\";s:9:\"Elementor\";s:3:\"url\";s:108:\"https://library.elementor.com/blocks/services-18/?utm_source=library&utm_medium=wp-dash&utm_campaign=preview\";s:4:\"type\";s:5:\"block\";s:7:\"subtype\";s:8:\"services\";s:4:\"tags\";s:12:\"[\"services\"]\";s:10:\"menu_order\";i:0;s:16:\"popularity_index\";i:289;s:11:\"trend_index\";i:425;s:6:\"is_pro\";s:1:\"0\";s:17:\"has_page_settings\";s:1:\"0\";}i:253;a:14:{s:2:\"id\";i:7724;s:5:\"title\";s:8:\"header 4\";s:9:\"thumbnail\";s:72:\"https://library.elementor.com/wp-content/uploads/2018/03/header350.3.jpg\";s:12:\"tmpl_created\";i:1524583367;s:6:\"author\";s:9:\"Elementor\";s:3:\"url\";s:105:\"https://library.elementor.com/blocks/header-4/?utm_source=library&utm_medium=wp-dash&utm_campaign=preview\";s:4:\"type\";s:5:\"block\";s:7:\"subtype\";s:6:\"header\";s:4:\"tags\";s:2:\"[]\";s:10:\"menu_order\";i:0;s:16:\"popularity_index\";i:28;s:11:\"trend_index\";i:11;s:6:\"is_pro\";s:1:\"1\";s:17:\"has_page_settings\";s:1:\"0\";}i:254;a:14:{s:2:\"id\";i:4244;s:5:\"title\";s:11:\"Services 26\";s:9:\"thumbnail\";s:76:\"https://library.elementor.com/wp-content/uploads/2018/02/Service_black_2.png\";s:12:\"tmpl_created\";i:1520443253;s:6:\"author\";s:9:\"Elementor\";s:3:\"url\";s:108:\"https://library.elementor.com/blocks/services-26/?utm_source=library&utm_medium=wp-dash&utm_campaign=preview\";s:4:\"type\";s:5:\"block\";s:7:\"subtype\";s:8:\"services\";s:4:\"tags\";s:12:\"[\"services\"]\";s:10:\"menu_order\";i:0;s:16:\"popularity_index\";i:515;s:11:\"trend_index\";i:632;s:6:\"is_pro\";s:1:\"0\";s:17:\"has_page_settings\";s:1:\"0\";}i:255;a:14:{s:2:\"id\";i:7734;s:5:\"title\";s:8:\"header 5\";s:9:\"thumbnail\";s:72:\"https://library.elementor.com/wp-content/uploads/2018/03/header350.4.jpg\";s:12:\"tmpl_created\";i:1524583436;s:6:\"author\";s:9:\"Elementor\";s:3:\"url\";s:105:\"https://library.elementor.com/blocks/header-5/?utm_source=library&utm_medium=wp-dash&utm_campaign=preview\";s:4:\"type\";s:5:\"block\";s:7:\"subtype\";s:6:\"header\";s:4:\"tags\";s:2:\"[]\";s:10:\"menu_order\";i:0;s:16:\"popularity_index\";i:39;s:11:\"trend_index\";i:28;s:6:\"is_pro\";s:1:\"1\";s:17:\"has_page_settings\";s:1:\"0\";}i:256;a:14:{s:2:\"id\";i:4252;s:5:\"title\";s:10:\"Services 9\";s:9:\"thumbnail\";s:76:\"https://library.elementor.com/wp-content/uploads/2018/02/Service_white_3.png\";s:12:\"tmpl_created\";i:1520443255;s:6:\"author\";s:9:\"Elementor\";s:3:\"url\";s:107:\"https://library.elementor.com/blocks/services-9/?utm_source=library&utm_medium=wp-dash&utm_campaign=preview\";s:4:\"type\";s:5:\"block\";s:7:\"subtype\";s:8:\"services\";s:4:\"tags\";s:12:\"[\"services\"]\";s:10:\"menu_order\";i:0;s:16:\"popularity_index\";i:44;s:11:\"trend_index\";i:74;s:6:\"is_pro\";s:1:\"0\";s:17:\"has_page_settings\";s:1:\"0\";}i:257;a:14:{s:2:\"id\";i:7771;s:5:\"title\";s:8:\"header 8\";s:9:\"thumbnail\";s:72:\"https://library.elementor.com/wp-content/uploads/2018/03/header350.7.jpg\";s:12:\"tmpl_created\";i:1524583540;s:6:\"author\";s:9:\"Elementor\";s:3:\"url\";s:105:\"https://library.elementor.com/blocks/header-8/?utm_source=library&utm_medium=wp-dash&utm_campaign=preview\";s:4:\"type\";s:5:\"block\";s:7:\"subtype\";s:6:\"header\";s:4:\"tags\";s:2:\"[]\";s:10:\"menu_order\";i:0;s:16:\"popularity_index\";i:98;s:11:\"trend_index\";i:92;s:6:\"is_pro\";s:1:\"1\";s:17:\"has_page_settings\";s:1:\"0\";}i:258;a:14:{s:2:\"id\";i:4260;s:5:\"title\";s:11:\"Services 25\";s:9:\"thumbnail\";s:76:\"https://library.elementor.com/wp-content/uploads/2018/02/Service_black_3.png\";s:12:\"tmpl_created\";i:1520443257;s:6:\"author\";s:9:\"Elementor\";s:3:\"url\";s:108:\"https://library.elementor.com/blocks/services-25/?utm_source=library&utm_medium=wp-dash&utm_campaign=preview\";s:4:\"type\";s:5:\"block\";s:7:\"subtype\";s:8:\"services\";s:4:\"tags\";s:12:\"[\"services\"]\";s:10:\"menu_order\";i:0;s:16:\"popularity_index\";i:180;s:11:\"trend_index\";i:175;s:6:\"is_pro\";s:1:\"0\";s:17:\"has_page_settings\";s:1:\"0\";}i:259;a:14:{s:2:\"id\";i:7787;s:5:\"title\";s:8:\"header 9\";s:9:\"thumbnail\";s:72:\"https://library.elementor.com/wp-content/uploads/2018/03/header350.8.jpg\";s:12:\"tmpl_created\";i:1524583598;s:6:\"author\";s:9:\"Elementor\";s:3:\"url\";s:105:\"https://library.elementor.com/blocks/header-9/?utm_source=library&utm_medium=wp-dash&utm_campaign=preview\";s:4:\"type\";s:5:\"block\";s:7:\"subtype\";s:6:\"header\";s:4:\"tags\";s:2:\"[]\";s:10:\"menu_order\";i:0;s:16:\"popularity_index\";i:108;s:11:\"trend_index\";i:111;s:6:\"is_pro\";s:1:\"1\";s:17:\"has_page_settings\";s:1:\"0\";}i:260;a:14:{s:2:\"id\";i:4268;s:5:\"title\";s:10:\"Services 8\";s:9:\"thumbnail\";s:76:\"https://library.elementor.com/wp-content/uploads/2018/02/Service_white_4.png\";s:12:\"tmpl_created\";i:1520443259;s:6:\"author\";s:9:\"Elementor\";s:3:\"url\";s:107:\"https://library.elementor.com/blocks/services-8/?utm_source=library&utm_medium=wp-dash&utm_campaign=preview\";s:4:\"type\";s:5:\"block\";s:7:\"subtype\";s:8:\"services\";s:4:\"tags\";s:12:\"[\"services\"]\";s:10:\"menu_order\";i:0;s:16:\"popularity_index\";i:173;s:11:\"trend_index\";i:218;s:6:\"is_pro\";s:1:\"0\";s:17:\"has_page_settings\";s:1:\"0\";}i:261;a:14:{s:2:\"id\";i:7801;s:5:\"title\";s:9:\"header 10\";s:9:\"thumbnail\";s:72:\"https://library.elementor.com/wp-content/uploads/2018/03/header350.9.jpg\";s:12:\"tmpl_created\";i:1524583659;s:6:\"author\";s:9:\"Elementor\";s:3:\"url\";s:106:\"https://library.elementor.com/blocks/header-10/?utm_source=library&utm_medium=wp-dash&utm_campaign=preview\";s:4:\"type\";s:5:\"block\";s:7:\"subtype\";s:6:\"header\";s:4:\"tags\";s:2:\"[]\";s:10:\"menu_order\";i:0;s:16:\"popularity_index\";i:55;s:11:\"trend_index\";i:56;s:6:\"is_pro\";s:1:\"1\";s:17:\"has_page_settings\";s:1:\"0\";}i:262;a:14:{s:2:\"id\";i:4276;s:5:\"title\";s:11:\"Services 24\";s:9:\"thumbnail\";s:76:\"https://library.elementor.com/wp-content/uploads/2018/02/Service_black_4.png\";s:12:\"tmpl_created\";i:1520443261;s:6:\"author\";s:9:\"Elementor\";s:3:\"url\";s:108:\"https://library.elementor.com/blocks/services-24/?utm_source=library&utm_medium=wp-dash&utm_campaign=preview\";s:4:\"type\";s:5:\"block\";s:7:\"subtype\";s:8:\"services\";s:4:\"tags\";s:12:\"[\"services\"]\";s:10:\"menu_order\";i:0;s:16:\"popularity_index\";i:343;s:11:\"trend_index\";i:416;s:6:\"is_pro\";s:1:\"0\";s:17:\"has_page_settings\";s:1:\"0\";}i:263;a:14:{s:2:\"id\";i:7754;s:5:\"title\";s:8:\"header 7\";s:9:\"thumbnail\";s:72:\"https://library.elementor.com/wp-content/uploads/2018/03/header350.6.jpg\";s:12:\"tmpl_created\";i:1524583712;s:6:\"author\";s:9:\"Elementor\";s:3:\"url\";s:105:\"https://library.elementor.com/blocks/header-7/?utm_source=library&utm_medium=wp-dash&utm_campaign=preview\";s:4:\"type\";s:5:\"block\";s:7:\"subtype\";s:6:\"header\";s:4:\"tags\";s:2:\"[]\";s:10:\"menu_order\";i:0;s:16:\"popularity_index\";i:107;s:11:\"trend_index\";i:143;s:6:\"is_pro\";s:1:\"1\";s:17:\"has_page_settings\";s:1:\"0\";}i:264;a:14:{s:2:\"id\";i:4284;s:5:\"title\";s:10:\"Services 7\";s:9:\"thumbnail\";s:76:\"https://library.elementor.com/wp-content/uploads/2018/02/Service_white_5.png\";s:12:\"tmpl_created\";i:1520443263;s:6:\"author\";s:9:\"Elementor\";s:3:\"url\";s:107:\"https://library.elementor.com/blocks/services-7/?utm_source=library&utm_medium=wp-dash&utm_campaign=preview\";s:4:\"type\";s:5:\"block\";s:7:\"subtype\";s:8:\"services\";s:4:\"tags\";s:12:\"[\"services\"]\";s:10:\"menu_order\";i:0;s:16:\"popularity_index\";i:29;s:11:\"trend_index\";i:15;s:6:\"is_pro\";s:1:\"0\";s:17:\"has_page_settings\";s:1:\"0\";}i:265;a:14:{s:2:\"id\";i:7713;s:5:\"title\";s:8:\"header 3\";s:9:\"thumbnail\";s:72:\"https://library.elementor.com/wp-content/uploads/2018/03/header350.2.jpg\";s:12:\"tmpl_created\";i:1524584780;s:6:\"author\";s:9:\"Elementor\";s:3:\"url\";s:105:\"https://library.elementor.com/blocks/header-3/?utm_source=library&utm_medium=wp-dash&utm_campaign=preview\";s:4:\"type\";s:5:\"block\";s:7:\"subtype\";s:6:\"header\";s:4:\"tags\";s:2:\"[]\";s:10:\"menu_order\";i:0;s:16:\"popularity_index\";i:46;s:11:\"trend_index\";i:17;s:6:\"is_pro\";s:1:\"1\";s:17:\"has_page_settings\";s:1:\"0\";}i:266;a:14:{s:2:\"id\";i:4293;s:5:\"title\";s:10:\"Services 6\";s:9:\"thumbnail\";s:76:\"https://library.elementor.com/wp-content/uploads/2018/02/Service_white_6.png\";s:12:\"tmpl_created\";i:1520443265;s:6:\"author\";s:9:\"Elementor\";s:3:\"url\";s:107:\"https://library.elementor.com/blocks/services-6/?utm_source=library&utm_medium=wp-dash&utm_campaign=preview\";s:4:\"type\";s:5:\"block\";s:7:\"subtype\";s:8:\"services\";s:4:\"tags\";s:12:\"[\"services\"]\";s:10:\"menu_order\";i:0;s:16:\"popularity_index\";i:283;s:11:\"trend_index\";i:352;s:6:\"is_pro\";s:1:\"0\";s:17:\"has_page_settings\";s:1:\"0\";}i:267;a:14:{s:2:\"id\";i:7744;s:5:\"title\";s:8:\"Header 6\";s:9:\"thumbnail\";s:72:\"https://library.elementor.com/wp-content/uploads/2018/03/header350.5.jpg\";s:12:\"tmpl_created\";i:1524584784;s:6:\"author\";s:9:\"Elementor\";s:3:\"url\";s:105:\"https://library.elementor.com/blocks/header-6/?utm_source=library&utm_medium=wp-dash&utm_campaign=preview\";s:4:\"type\";s:5:\"block\";s:7:\"subtype\";s:6:\"header\";s:4:\"tags\";s:2:\"[]\";s:10:\"menu_order\";i:0;s:16:\"popularity_index\";i:63;s:11:\"trend_index\";i:86;s:6:\"is_pro\";s:1:\"1\";s:17:\"has_page_settings\";s:1:\"0\";}i:268;a:14:{s:2:\"id\";i:4302;s:5:\"title\";s:10:\"Services 5\";s:9:\"thumbnail\";s:76:\"https://library.elementor.com/wp-content/uploads/2018/02/Service_white_7.png\";s:12:\"tmpl_created\";i:1520443266;s:6:\"author\";s:9:\"Elementor\";s:3:\"url\";s:107:\"https://library.elementor.com/blocks/services-5/?utm_source=library&utm_medium=wp-dash&utm_campaign=preview\";s:4:\"type\";s:5:\"block\";s:7:\"subtype\";s:8:\"services\";s:4:\"tags\";s:12:\"[\"services\"]\";s:10:\"menu_order\";i:0;s:16:\"popularity_index\";i:57;s:11:\"trend_index\";i:64;s:6:\"is_pro\";s:1:\"0\";s:17:\"has_page_settings\";s:1:\"0\";}i:269;a:14:{s:2:\"id\";i:12229;s:5:\"title\";s:33:\"Slide In | Law Firm | Information\";s:9:\"thumbnail\";s:66:\"https://library.elementor.com/wp-content/uploads/2019/11/popup.png\";s:12:\"tmpl_created\";i:1572847842;s:6:\"author\";s:9:\"Elementor\";s:3:\"url\";s:126:\"https://library.elementor.com/popups/slide-in-law-firm-information/?utm_source=library&utm_medium=wp-dash&utm_campaign=preview\";s:4:\"type\";s:5:\"popup\";s:7:\"subtype\";s:8:\"slide-in\";s:4:\"tags\";s:18:\"[\"Law\",\"Law Firm\"]\";s:10:\"menu_order\";i:0;s:16:\"popularity_index\";i:550;s:11:\"trend_index\";i:507;s:6:\"is_pro\";s:1:\"1\";s:17:\"has_page_settings\";s:1:\"1\";}i:270;a:14:{s:2:\"id\";i:4313;s:5:\"title\";s:11:\"Services 13\";s:9:\"thumbnail\";s:76:\"https://library.elementor.com/wp-content/uploads/2018/02/Service_white_8.png\";s:12:\"tmpl_created\";i:1520443268;s:6:\"author\";s:9:\"Elementor\";s:3:\"url\";s:108:\"https://library.elementor.com/blocks/services-13/?utm_source=library&utm_medium=wp-dash&utm_campaign=preview\";s:4:\"type\";s:5:\"block\";s:7:\"subtype\";s:8:\"services\";s:4:\"tags\";s:12:\"[\"services\"]\";s:10:\"menu_order\";i:0;s:16:\"popularity_index\";i:122;s:11:\"trend_index\";i:119;s:6:\"is_pro\";s:1:\"0\";s:17:\"has_page_settings\";s:1:\"0\";}i:271;a:14:{s:2:\"id\";i:8523;s:5:\"title\";s:11:\"404 page 06\";s:9:\"thumbnail\";s:64:\"https://library.elementor.com/wp-content/uploads/2018/05/006.jpg\";s:12:\"tmpl_created\";i:1526415291;s:6:\"author\";s:9:\"Elementor\";s:3:\"url\";s:108:\"https://library.elementor.com/blocks/404-page-06/?utm_source=library&utm_medium=wp-dash&utm_campaign=preview\";s:4:\"type\";s:5:\"block\";s:7:\"subtype\";s:8:\"404 page\";s:4:\"tags\";s:2:\"[]\";s:10:\"menu_order\";i:0;s:16:\"popularity_index\";i:301;s:11:\"trend_index\";i:302;s:6:\"is_pro\";s:1:\"1\";s:17:\"has_page_settings\";s:1:\"0\";}i:272;a:14:{s:2:\"id\";i:12550;s:5:\"title\";s:32:\"Fly-in | Sale | Travel and Tours\";s:9:\"thumbnail\";s:68:\"https://library.elementor.com/wp-content/uploads/2019/12/PopUp_s.png\";s:12:\"tmpl_created\";i:1575960263;s:6:\"author\";s:9:\"Elementor\";s:3:\"url\";s:124:\"https://library.elementor.com/popups/flyin-sale-travel-and-tours/?utm_source=library&utm_medium=wp-dash&utm_campaign=preview\";s:4:\"type\";s:5:\"popup\";s:7:\"subtype\";s:6:\"fly-in\";s:4:\"tags\";s:18:\"[\"Tours\",\"Travel\"]\";s:10:\"menu_order\";i:0;s:16:\"popularity_index\";i:732;s:11:\"trend_index\";i:0;s:6:\"is_pro\";s:1:\"1\";s:17:\"has_page_settings\";s:1:\"1\";}i:273;a:14:{s:2:\"id\";i:4324;s:5:\"title\";s:11:\"Services 14\";s:9:\"thumbnail\";s:76:\"https://library.elementor.com/wp-content/uploads/2018/02/Service_white_9.png\";s:12:\"tmpl_created\";i:1520443270;s:6:\"author\";s:9:\"Elementor\";s:3:\"url\";s:108:\"https://library.elementor.com/blocks/services-14/?utm_source=library&utm_medium=wp-dash&utm_campaign=preview\";s:4:\"type\";s:5:\"block\";s:7:\"subtype\";s:8:\"services\";s:4:\"tags\";s:12:\"[\"services\"]\";s:10:\"menu_order\";i:0;s:16:\"popularity_index\";i:290;s:11:\"trend_index\";i:297;s:6:\"is_pro\";s:1:\"0\";s:17:\"has_page_settings\";s:1:\"0\";}i:274;a:14:{s:2:\"id\";i:8524;s:5:\"title\";s:11:\"404 page 07\";s:9:\"thumbnail\";s:64:\"https://library.elementor.com/wp-content/uploads/2018/05/007.jpg\";s:12:\"tmpl_created\";i:1526415337;s:6:\"author\";s:9:\"Elementor\";s:3:\"url\";s:108:\"https://library.elementor.com/blocks/404-page-07/?utm_source=library&utm_medium=wp-dash&utm_campaign=preview\";s:4:\"type\";s:5:\"block\";s:7:\"subtype\";s:8:\"404 page\";s:4:\"tags\";s:2:\"[]\";s:10:\"menu_order\";i:0;s:16:\"popularity_index\";i:318;s:11:\"trend_index\";i:376;s:6:\"is_pro\";s:1:\"1\";s:17:\"has_page_settings\";s:1:\"0\";}i:275;a:14:{s:2:\"id\";i:12540;s:5:\"title\";s:33:\"Classic | Menu | Travel and tours\";s:9:\"thumbnail\";s:73:\"https://library.elementor.com/wp-content/uploads/2019/12/PopUp_Menu_s.png\";s:12:\"tmpl_created\";i:1575960267;s:6:\"author\";s:9:\"Elementor\";s:3:\"url\";s:126:\"https://library.elementor.com/popups/classic-menu-travel-and-tours/?utm_source=library&utm_medium=wp-dash&utm_campaign=preview\";s:4:\"type\";s:5:\"popup\";s:7:\"subtype\";s:7:\"classic\";s:4:\"tags\";s:18:\"[\"Tours\",\"Travel\"]\";s:10:\"menu_order\";i:0;s:16:\"popularity_index\";i:673;s:11:\"trend_index\";i:685;s:6:\"is_pro\";s:1:\"1\";s:17:\"has_page_settings\";s:1:\"1\";}i:276;a:14:{s:2:\"id\";i:4332;s:5:\"title\";s:11:\"Services 22\";s:9:\"thumbnail\";s:77:\"https://library.elementor.com/wp-content/uploads/2018/02/Service_white_10.png\";s:12:\"tmpl_created\";i:1520443272;s:6:\"author\";s:9:\"Elementor\";s:3:\"url\";s:108:\"https://library.elementor.com/blocks/services-22/?utm_source=library&utm_medium=wp-dash&utm_campaign=preview\";s:4:\"type\";s:5:\"block\";s:7:\"subtype\";s:8:\"services\";s:4:\"tags\";s:12:\"[\"services\"]\";s:10:\"menu_order\";i:0;s:16:\"popularity_index\";i:139;s:11:\"trend_index\";i:186;s:6:\"is_pro\";s:1:\"0\";s:17:\"has_page_settings\";s:1:\"0\";}i:277;a:14:{s:2:\"id\";i:8525;s:5:\"title\";s:11:\"404 page 08\";s:9:\"thumbnail\";s:64:\"https://library.elementor.com/wp-content/uploads/2018/05/008.jpg\";s:12:\"tmpl_created\";i:1526415374;s:6:\"author\";s:9:\"Elementor\";s:3:\"url\";s:108:\"https://library.elementor.com/blocks/404-page-08/?utm_source=library&utm_medium=wp-dash&utm_campaign=preview\";s:4:\"type\";s:5:\"block\";s:7:\"subtype\";s:8:\"404 page\";s:4:\"tags\";s:2:\"[]\";s:10:\"menu_order\";i:0;s:16:\"popularity_index\";i:503;s:11:\"trend_index\";i:516;s:6:\"is_pro\";s:1:\"1\";s:17:\"has_page_settings\";s:1:\"0\";}i:278;a:14:{s:2:\"id\";i:12492;s:5:\"title\";s:14:\"Travel -Footer\";s:9:\"thumbnail\";s:69:\"https://library.elementor.com/wp-content/uploads/2019/12/Footer_s.png\";s:12:\"tmpl_created\";i:1575960358;s:6:\"author\";s:9:\"Elementor\";s:3:\"url\";s:110:\"https://library.elementor.com/blocks/travel-footer/?utm_source=library&utm_medium=wp-dash&utm_campaign=preview\";s:4:\"type\";s:5:\"block\";s:7:\"subtype\";s:6:\"footer\";s:4:\"tags\";s:27:\"[\"footer\",\"Tours\",\"Travel\"]\";s:10:\"menu_order\";i:0;s:16:\"popularity_index\";i:473;s:11:\"trend_index\";i:451;s:6:\"is_pro\";s:1:\"1\";s:17:\"has_page_settings\";s:1:\"0\";}i:279;a:14:{s:2:\"id\";i:4341;s:5:\"title\";s:11:\"Services 21\";s:9:\"thumbnail\";s:77:\"https://library.elementor.com/wp-content/uploads/2018/02/Service_white_11.png\";s:12:\"tmpl_created\";i:1520443274;s:6:\"author\";s:9:\"Elementor\";s:3:\"url\";s:108:\"https://library.elementor.com/blocks/services-21/?utm_source=library&utm_medium=wp-dash&utm_campaign=preview\";s:4:\"type\";s:5:\"block\";s:7:\"subtype\";s:8:\"services\";s:4:\"tags\";s:12:\"[\"services\"]\";s:10:\"menu_order\";i:0;s:16:\"popularity_index\";i:140;s:11:\"trend_index\";i:185;s:6:\"is_pro\";s:1:\"0\";s:17:\"has_page_settings\";s:1:\"0\";}i:280;a:14:{s:2:\"id\";i:8513;s:5:\"title\";s:11:\"404 page 04\";s:9:\"thumbnail\";s:64:\"https://library.elementor.com/wp-content/uploads/2018/05/004.jpg\";s:12:\"tmpl_created\";i:1526415417;s:6:\"author\";s:9:\"Elementor\";s:3:\"url\";s:108:\"https://library.elementor.com/blocks/404-page-04/?utm_source=library&utm_medium=wp-dash&utm_campaign=preview\";s:4:\"type\";s:5:\"block\";s:7:\"subtype\";s:8:\"404 page\";s:4:\"tags\";s:2:\"[]\";s:10:\"menu_order\";i:0;s:16:\"popularity_index\";i:466;s:11:\"trend_index\";i:483;s:6:\"is_pro\";s:1:\"1\";s:17:\"has_page_settings\";s:1:\"0\";}i:281;a:14:{s:2:\"id\";i:12500;s:5:\"title\";s:21:\"Travel &#8211; Header\";s:9:\"thumbnail\";s:84:\"https://library.elementor.com/wp-content/uploads/2020/06/Header-travel-and-tours.png\";s:12:\"tmpl_created\";i:1575960371;s:6:\"author\";s:9:\"Elementor\";s:3:\"url\";s:110:\"https://library.elementor.com/blocks/travel-header/?utm_source=library&utm_medium=wp-dash&utm_campaign=preview\";s:4:\"type\";s:5:\"block\";s:7:\"subtype\";s:6:\"header\";s:4:\"tags\";s:27:\"[\"header\",\"Tours\",\"Travel\"]\";s:10:\"menu_order\";i:0;s:16:\"popularity_index\";i:443;s:11:\"trend_index\";i:496;s:6:\"is_pro\";s:1:\"1\";s:17:\"has_page_settings\";s:1:\"0\";}i:282;a:14:{s:2:\"id\";i:4349;s:5:\"title\";s:11:\"Services 29\";s:9:\"thumbnail\";s:77:\"https://library.elementor.com/wp-content/uploads/2018/02/Service_black_11.png\";s:12:\"tmpl_created\";i:1520443275;s:6:\"author\";s:9:\"Elementor\";s:3:\"url\";s:108:\"https://library.elementor.com/blocks/services-29/?utm_source=library&utm_medium=wp-dash&utm_campaign=preview\";s:4:\"type\";s:5:\"block\";s:7:\"subtype\";s:8:\"services\";s:4:\"tags\";s:12:\"[\"services\"]\";s:10:\"menu_order\";i:0;s:16:\"popularity_index\";i:321;s:11:\"trend_index\";i:358;s:6:\"is_pro\";s:1:\"0\";s:17:\"has_page_settings\";s:1:\"0\";}i:283;a:14:{s:2:\"id\";i:8512;s:5:\"title\";s:11:\"404 page 03\";s:9:\"thumbnail\";s:64:\"https://library.elementor.com/wp-content/uploads/2018/05/003.jpg\";s:12:\"tmpl_created\";i:1526415449;s:6:\"author\";s:9:\"Elementor\";s:3:\"url\";s:108:\"https://library.elementor.com/blocks/404-page-03/?utm_source=library&utm_medium=wp-dash&utm_campaign=preview\";s:4:\"type\";s:5:\"block\";s:7:\"subtype\";s:8:\"404 page\";s:4:\"tags\";s:2:\"[]\";s:10:\"menu_order\";i:0;s:16:\"popularity_index\";i:484;s:11:\"trend_index\";i:399;s:6:\"is_pro\";s:1:\"1\";s:17:\"has_page_settings\";s:1:\"0\";}i:284;a:14:{s:2:\"id\";i:12509;s:5:\"title\";s:18:\"Travel &#8211; 404\";s:9:\"thumbnail\";s:64:\"https://library.elementor.com/wp-content/uploads/2019/12/404.png\";s:12:\"tmpl_created\";i:1575960378;s:6:\"author\";s:9:\"Elementor\";s:3:\"url\";s:107:\"https://library.elementor.com/blocks/travel-404/?utm_source=library&utm_medium=wp-dash&utm_campaign=preview\";s:4:\"type\";s:5:\"block\";s:7:\"subtype\";s:8:\"404 page\";s:4:\"tags\";s:24:\"[\"404\",\"Tours\",\"Travel\"]\";s:10:\"menu_order\";i:0;s:16:\"popularity_index\";i:726;s:11:\"trend_index\";i:729;s:6:\"is_pro\";s:1:\"1\";s:17:\"has_page_settings\";s:1:\"0\";}i:285;a:14:{s:2:\"id\";i:4357;s:5:\"title\";s:11:\"Services 20\";s:9:\"thumbnail\";s:77:\"https://library.elementor.com/wp-content/uploads/2018/02/Service_white_12.png\";s:12:\"tmpl_created\";i:1520443277;s:6:\"author\";s:9:\"Elementor\";s:3:\"url\";s:108:\"https://library.elementor.com/blocks/services-20/?utm_source=library&utm_medium=wp-dash&utm_campaign=preview\";s:4:\"type\";s:5:\"block\";s:7:\"subtype\";s:8:\"services\";s:4:\"tags\";s:12:\"[\"services\"]\";s:10:\"menu_order\";i:0;s:16:\"popularity_index\";i:48;s:11:\"trend_index\";i:44;s:6:\"is_pro\";s:1:\"0\";s:17:\"has_page_settings\";s:1:\"0\";}i:286;a:14:{s:2:\"id\";i:8526;s:5:\"title\";s:11:\"404 page 09\";s:9:\"thumbnail\";s:64:\"https://library.elementor.com/wp-content/uploads/2018/05/009.jpg\";s:12:\"tmpl_created\";i:1526415474;s:6:\"author\";s:9:\"Elementor\";s:3:\"url\";s:108:\"https://library.elementor.com/blocks/404-page-09/?utm_source=library&utm_medium=wp-dash&utm_campaign=preview\";s:4:\"type\";s:5:\"block\";s:7:\"subtype\";s:8:\"404 page\";s:4:\"tags\";s:2:\"[]\";s:10:\"menu_order\";i:0;s:16:\"popularity_index\";i:492;s:11:\"trend_index\";i:432;s:6:\"is_pro\";s:1:\"1\";s:17:\"has_page_settings\";s:1:\"0\";}i:287;a:14:{s:2:\"id\";i:12516;s:5:\"title\";s:27:\"Travel &#8211; Archive Blog\";s:9:\"thumbnail\";s:69:\"https://library.elementor.com/wp-content/uploads/2019/12/Archiv_s.png\";s:12:\"tmpl_created\";i:1575960387;s:6:\"author\";s:9:\"Elementor\";s:3:\"url\";s:116:\"https://library.elementor.com/blocks/travel-archive-blog/?utm_source=library&utm_medium=wp-dash&utm_campaign=preview\";s:4:\"type\";s:5:\"block\";s:7:\"subtype\";s:7:\"archive\";s:4:\"tags\";s:18:\"[\"Tours\",\"Travel\"]\";s:10:\"menu_order\";i:0;s:16:\"popularity_index\";i:480;s:11:\"trend_index\";i:454;s:6:\"is_pro\";s:1:\"1\";s:17:\"has_page_settings\";s:1:\"0\";}i:288;a:14:{s:2:\"id\";i:4368;s:5:\"title\";s:11:\"Services 16\";s:9:\"thumbnail\";s:77:\"https://library.elementor.com/wp-content/uploads/2018/02/Service_white_13.png\";s:12:\"tmpl_created\";i:1520443279;s:6:\"author\";s:9:\"Elementor\";s:3:\"url\";s:108:\"https://library.elementor.com/blocks/services-16/?utm_source=library&utm_medium=wp-dash&utm_campaign=preview\";s:4:\"type\";s:5:\"block\";s:7:\"subtype\";s:8:\"services\";s:4:\"tags\";s:12:\"[\"services\"]\";s:10:\"menu_order\";i:0;s:16:\"popularity_index\";i:62;s:11:\"trend_index\";i:49;s:6:\"is_pro\";s:1:\"0\";s:17:\"has_page_settings\";s:1:\"0\";}i:289;a:14:{s:2:\"id\";i:8505;s:5:\"title\";s:11:\"404 page 01\";s:9:\"thumbnail\";s:64:\"https://library.elementor.com/wp-content/uploads/2018/05/001.jpg\";s:12:\"tmpl_created\";i:1526415501;s:6:\"author\";s:9:\"Elementor\";s:3:\"url\";s:108:\"https://library.elementor.com/blocks/404-page-01/?utm_source=library&utm_medium=wp-dash&utm_campaign=preview\";s:4:\"type\";s:5:\"block\";s:7:\"subtype\";s:8:\"404 page\";s:4:\"tags\";s:2:\"[]\";s:10:\"menu_order\";i:0;s:16:\"popularity_index\";i:605;s:11:\"trend_index\";i:615;s:6:\"is_pro\";s:1:\"1\";s:17:\"has_page_settings\";s:1:\"0\";}i:290;a:14:{s:2:\"id\";i:12524;s:5:\"title\";s:26:\"Travel &#8211; Single Post\";s:9:\"thumbnail\";s:74:\"https://library.elementor.com/wp-content/uploads/2019/12/Single_Post_s.png\";s:12:\"tmpl_created\";i:1575960397;s:6:\"author\";s:9:\"Elementor\";s:3:\"url\";s:115:\"https://library.elementor.com/blocks/travel-single-post/?utm_source=library&utm_medium=wp-dash&utm_campaign=preview\";s:4:\"type\";s:5:\"block\";s:7:\"subtype\";s:11:\"single post\";s:4:\"tags\";s:18:\"[\"Tours\",\"Travel\"]\";s:10:\"menu_order\";i:0;s:16:\"popularity_index\";i:574;s:11:\"trend_index\";i:535;s:6:\"is_pro\";s:1:\"1\";s:17:\"has_page_settings\";s:1:\"0\";}i:291;a:14:{s:2:\"id\";i:4376;s:5:\"title\";s:11:\"Services 28\";s:9:\"thumbnail\";s:77:\"https://library.elementor.com/wp-content/uploads/2018/02/Service_black_12.png\";s:12:\"tmpl_created\";i:1520443281;s:6:\"author\";s:9:\"Elementor\";s:3:\"url\";s:108:\"https://library.elementor.com/blocks/services-28/?utm_source=library&utm_medium=wp-dash&utm_campaign=preview\";s:4:\"type\";s:5:\"block\";s:7:\"subtype\";s:8:\"services\";s:4:\"tags\";s:12:\"[\"services\"]\";s:10:\"menu_order\";i:0;s:16:\"popularity_index\";i:147;s:11:\"trend_index\";i:265;s:6:\"is_pro\";s:1:\"0\";s:17:\"has_page_settings\";s:1:\"0\";}i:292;a:14:{s:2:\"id\";i:8511;s:5:\"title\";s:11:\"404 page 02\";s:9:\"thumbnail\";s:64:\"https://library.elementor.com/wp-content/uploads/2018/05/002.jpg\";s:12:\"tmpl_created\";i:1526415528;s:6:\"author\";s:9:\"Elementor\";s:3:\"url\";s:108:\"https://library.elementor.com/blocks/404-page-02/?utm_source=library&utm_medium=wp-dash&utm_campaign=preview\";s:4:\"type\";s:5:\"block\";s:7:\"subtype\";s:8:\"404 page\";s:4:\"tags\";s:2:\"[]\";s:10:\"menu_order\";i:0;s:16:\"popularity_index\";i:382;s:11:\"trend_index\";i:407;s:6:\"is_pro\";s:1:\"1\";s:17:\"has_page_settings\";s:1:\"0\";}i:293;a:14:{s:2:\"id\";i:12531;s:5:\"title\";s:31:\"Travel &#8211; Single Post Tour\";s:9:\"thumbnail\";s:74:\"https://library.elementor.com/wp-content/uploads/2019/12/Single_Tour_s.png\";s:12:\"tmpl_created\";i:1575960404;s:6:\"author\";s:9:\"Elementor\";s:3:\"url\";s:120:\"https://library.elementor.com/blocks/travel-single-post-tour/?utm_source=library&utm_medium=wp-dash&utm_campaign=preview\";s:4:\"type\";s:5:\"block\";s:7:\"subtype\";s:11:\"single post\";s:4:\"tags\";s:18:\"[\"Tours\",\"Travel\"]\";s:10:\"menu_order\";i:0;s:16:\"popularity_index\";i:613;s:11:\"trend_index\";i:603;s:6:\"is_pro\";s:1:\"1\";s:17:\"has_page_settings\";s:1:\"0\";}i:294;a:14:{s:2:\"id\";i:4391;s:5:\"title\";s:11:\"Services 17\";s:9:\"thumbnail\";s:77:\"https://library.elementor.com/wp-content/uploads/2018/02/Service_white_14.png\";s:12:\"tmpl_created\";i:1520443283;s:6:\"author\";s:9:\"Elementor\";s:3:\"url\";s:108:\"https://library.elementor.com/blocks/services-17/?utm_source=library&utm_medium=wp-dash&utm_campaign=preview\";s:4:\"type\";s:5:\"block\";s:7:\"subtype\";s:8:\"services\";s:4:\"tags\";s:12:\"[\"services\"]\";s:10:\"menu_order\";i:0;s:16:\"popularity_index\";i:153;s:11:\"trend_index\";i:262;s:6:\"is_pro\";s:1:\"0\";s:17:\"has_page_settings\";s:1:\"0\";}i:295;a:14:{s:2:\"id\";i:8514;s:5:\"title\";s:11:\"404 Page 05\";s:9:\"thumbnail\";s:64:\"https://library.elementor.com/wp-content/uploads/2018/05/005.jpg\";s:12:\"tmpl_created\";i:1526415558;s:6:\"author\";s:9:\"Elementor\";s:3:\"url\";s:108:\"https://library.elementor.com/blocks/404-page-05/?utm_source=library&utm_medium=wp-dash&utm_campaign=preview\";s:4:\"type\";s:5:\"block\";s:7:\"subtype\";s:8:\"404 page\";s:4:\"tags\";s:2:\"[]\";s:10:\"menu_order\";i:0;s:16:\"popularity_index\";i:457;s:11:\"trend_index\";i:456;s:6:\"is_pro\";s:1:\"1\";s:17:\"has_page_settings\";s:1:\"0\";}i:296;a:14:{s:2:\"id\";i:4400;s:5:\"title\";s:11:\"Services 27\";s:9:\"thumbnail\";s:77:\"https://library.elementor.com/wp-content/uploads/2018/02/Service_black_13.png\";s:12:\"tmpl_created\";i:1520443285;s:6:\"author\";s:9:\"Elementor\";s:3:\"url\";s:108:\"https://library.elementor.com/blocks/services-27/?utm_source=library&utm_medium=wp-dash&utm_campaign=preview\";s:4:\"type\";s:5:\"block\";s:7:\"subtype\";s:8:\"services\";s:4:\"tags\";s:12:\"[\"services\"]\";s:10:\"menu_order\";i:0;s:16:\"popularity_index\";i:279;s:11:\"trend_index\";i:426;s:6:\"is_pro\";s:1:\"0\";s:17:\"has_page_settings\";s:1:\"0\";}i:297;a:14:{s:2:\"id\";i:8676;s:5:\"title\";s:13:\"single page 1\";s:9:\"thumbnail\";s:69:\"https://library.elementor.com/wp-content/uploads/2018/05/S_P350.6.jpg\";s:12:\"tmpl_created\";i:1527682423;s:6:\"author\";s:9:\"Elementor\";s:3:\"url\";s:110:\"https://library.elementor.com/blocks/single-page-1/?utm_source=library&utm_medium=wp-dash&utm_campaign=preview\";s:4:\"type\";s:5:\"block\";s:7:\"subtype\";s:11:\"single page\";s:4:\"tags\";s:2:\"[]\";s:10:\"menu_order\";i:0;s:16:\"popularity_index\";i:309;s:11:\"trend_index\";i:163;s:6:\"is_pro\";s:1:\"1\";s:17:\"has_page_settings\";s:1:\"0\";}i:298;a:14:{s:2:\"id\";i:4411;s:5:\"title\";s:9:\"Contact 3\";s:9:\"thumbnail\";s:72:\"https://library.elementor.com/wp-content/uploads/2018/02/map_white_1.png\";s:12:\"tmpl_created\";i:1520443287;s:6:\"author\";s:9:\"Elementor\";s:3:\"url\";s:108:\"https://library.elementor.com/blocks/contact-3-2/?utm_source=library&utm_medium=wp-dash&utm_campaign=preview\";s:4:\"type\";s:5:\"block\";s:7:\"subtype\";s:7:\"contact\";s:4:\"tags\";s:11:\"[\"contact\"]\";s:10:\"menu_order\";i:0;s:16:\"popularity_index\";i:106;s:11:\"trend_index\";i:208;s:6:\"is_pro\";s:1:\"0\";s:17:\"has_page_settings\";s:1:\"0\";}i:299;a:14:{s:2:\"id\";i:8678;s:5:\"title\";s:13:\"single page 2\";s:9:\"thumbnail\";s:69:\"https://library.elementor.com/wp-content/uploads/2018/05/S_P350.2.jpg\";s:12:\"tmpl_created\";i:1527682780;s:6:\"author\";s:9:\"Elementor\";s:3:\"url\";s:110:\"https://library.elementor.com/blocks/single-page-2/?utm_source=library&utm_medium=wp-dash&utm_campaign=preview\";s:4:\"type\";s:5:\"block\";s:7:\"subtype\";s:11:\"single page\";s:4:\"tags\";s:2:\"[]\";s:10:\"menu_order\";i:0;s:16:\"popularity_index\";i:158;s:11:\"trend_index\";i:57;s:6:\"is_pro\";s:1:\"1\";s:17:\"has_page_settings\";s:1:\"0\";}i:300;a:14:{s:2:\"id\";i:4420;s:5:\"title\";s:9:\"Contact 1\";s:9:\"thumbnail\";s:72:\"https://library.elementor.com/wp-content/uploads/2018/02/map_black_1.png\";s:12:\"tmpl_created\";i:1520443289;s:6:\"author\";s:9:\"Elementor\";s:3:\"url\";s:108:\"https://library.elementor.com/blocks/contact-1-2/?utm_source=library&utm_medium=wp-dash&utm_campaign=preview\";s:4:\"type\";s:5:\"block\";s:7:\"subtype\";s:7:\"contact\";s:4:\"tags\";s:11:\"[\"contact\"]\";s:10:\"menu_order\";i:0;s:16:\"popularity_index\";i:191;s:11:\"trend_index\";i:227;s:6:\"is_pro\";s:1:\"0\";s:17:\"has_page_settings\";s:1:\"0\";}i:301;a:14:{s:2:\"id\";i:8679;s:5:\"title\";s:13:\"single page 3\";s:9:\"thumbnail\";s:69:\"https://library.elementor.com/wp-content/uploads/2018/05/S_P350.3.jpg\";s:12:\"tmpl_created\";i:1527682847;s:6:\"author\";s:9:\"Elementor\";s:3:\"url\";s:110:\"https://library.elementor.com/blocks/single-page-3/?utm_source=library&utm_medium=wp-dash&utm_campaign=preview\";s:4:\"type\";s:5:\"block\";s:7:\"subtype\";s:11:\"single page\";s:4:\"tags\";s:2:\"[]\";s:10:\"menu_order\";i:0;s:16:\"popularity_index\";i:146;s:11:\"trend_index\";i:27;s:6:\"is_pro\";s:1:\"1\";s:17:\"has_page_settings\";s:1:\"0\";}i:302;a:14:{s:2:\"id\";i:4428;s:5:\"title\";s:9:\"Contact 4\";s:9:\"thumbnail\";s:72:\"https://library.elementor.com/wp-content/uploads/2018/02/map_white_2.png\";s:12:\"tmpl_created\";i:1520443291;s:6:\"author\";s:9:\"Elementor\";s:3:\"url\";s:106:\"https://library.elementor.com/blocks/contact-4/?utm_source=library&utm_medium=wp-dash&utm_campaign=preview\";s:4:\"type\";s:5:\"block\";s:7:\"subtype\";s:7:\"contact\";s:4:\"tags\";s:11:\"[\"contact\"]\";s:10:\"menu_order\";i:0;s:16:\"popularity_index\";i:113;s:11:\"trend_index\";i:148;s:6:\"is_pro\";s:1:\"0\";s:17:\"has_page_settings\";s:1:\"0\";}i:303;a:14:{s:2:\"id\";i:8680;s:5:\"title\";s:13:\"single page 4\";s:9:\"thumbnail\";s:69:\"https://library.elementor.com/wp-content/uploads/2018/05/S_P350.1.jpg\";s:12:\"tmpl_created\";i:1527682896;s:6:\"author\";s:9:\"Elementor\";s:3:\"url\";s:110:\"https://library.elementor.com/blocks/single-page-4/?utm_source=library&utm_medium=wp-dash&utm_campaign=preview\";s:4:\"type\";s:5:\"block\";s:7:\"subtype\";s:11:\"single page\";s:4:\"tags\";s:2:\"[]\";s:10:\"menu_order\";i:0;s:16:\"popularity_index\";i:388;s:11:\"trend_index\";i:224;s:6:\"is_pro\";s:1:\"1\";s:17:\"has_page_settings\";s:1:\"0\";}i:304;a:14:{s:2:\"id\";i:4436;s:5:\"title\";s:11:\"Contact  16\";s:9:\"thumbnail\";s:72:\"https://library.elementor.com/wp-content/uploads/2018/02/map_black_2.png\";s:12:\"tmpl_created\";i:1520443293;s:6:\"author\";s:9:\"Elementor\";s:3:\"url\";s:107:\"https://library.elementor.com/blocks/contact-16/?utm_source=library&utm_medium=wp-dash&utm_campaign=preview\";s:4:\"type\";s:5:\"block\";s:7:\"subtype\";s:7:\"contact\";s:4:\"tags\";s:11:\"[\"contact\"]\";s:10:\"menu_order\";i:0;s:16:\"popularity_index\";i:167;s:11:\"trend_index\";i:291;s:6:\"is_pro\";s:1:\"0\";s:17:\"has_page_settings\";s:1:\"0\";}i:305;a:14:{s:2:\"id\";i:8681;s:5:\"title\";s:13:\"single page 5\";s:9:\"thumbnail\";s:69:\"https://library.elementor.com/wp-content/uploads/2018/05/S_P350.5.jpg\";s:12:\"tmpl_created\";i:1527682969;s:6:\"author\";s:9:\"Elementor\";s:3:\"url\";s:110:\"https://library.elementor.com/blocks/single-page-5/?utm_source=library&utm_medium=wp-dash&utm_campaign=preview\";s:4:\"type\";s:5:\"block\";s:7:\"subtype\";s:11:\"single page\";s:4:\"tags\";s:2:\"[]\";s:10:\"menu_order\";i:0;s:16:\"popularity_index\";i:299;s:11:\"trend_index\";i:133;s:6:\"is_pro\";s:1:\"1\";s:17:\"has_page_settings\";s:1:\"0\";}i:306;a:14:{s:2:\"id\";i:4444;s:5:\"title\";s:9:\"Contact 5\";s:9:\"thumbnail\";s:76:\"https://library.elementor.com/wp-content/uploads/2018/02/contact_white_1.png\";s:12:\"tmpl_created\";i:1520443295;s:6:\"author\";s:9:\"Elementor\";s:3:\"url\";s:106:\"https://library.elementor.com/blocks/contact-5/?utm_source=library&utm_medium=wp-dash&utm_campaign=preview\";s:4:\"type\";s:5:\"block\";s:7:\"subtype\";s:7:\"contact\";s:4:\"tags\";s:11:\"[\"contact\"]\";s:10:\"menu_order\";i:0;s:16:\"popularity_index\";i:82;s:11:\"trend_index\";i:65;s:6:\"is_pro\";s:1:\"0\";s:17:\"has_page_settings\";s:1:\"0\";}i:307;a:14:{s:2:\"id\";i:8682;s:5:\"title\";s:13:\"single page 6\";s:9:\"thumbnail\";s:69:\"https://library.elementor.com/wp-content/uploads/2018/05/S_P350.4.jpg\";s:12:\"tmpl_created\";i:1527683026;s:6:\"author\";s:9:\"Elementor\";s:3:\"url\";s:110:\"https://library.elementor.com/blocks/single-page-6/?utm_source=library&utm_medium=wp-dash&utm_campaign=preview\";s:4:\"type\";s:5:\"block\";s:7:\"subtype\";s:11:\"single page\";s:4:\"tags\";s:2:\"[]\";s:10:\"menu_order\";i:0;s:16:\"popularity_index\";i:432;s:11:\"trend_index\";i:274;s:6:\"is_pro\";s:1:\"1\";s:17:\"has_page_settings\";s:1:\"0\";}i:308;a:14:{s:2:\"id\";i:4452;s:5:\"title\";s:9:\"Contact 6\";s:9:\"thumbnail\";s:76:\"https://library.elementor.com/wp-content/uploads/2018/02/contact_black_1.png\";s:12:\"tmpl_created\";i:1520443296;s:6:\"author\";s:9:\"Elementor\";s:3:\"url\";s:106:\"https://library.elementor.com/blocks/contact-6/?utm_source=library&utm_medium=wp-dash&utm_campaign=preview\";s:4:\"type\";s:5:\"block\";s:7:\"subtype\";s:7:\"contact\";s:4:\"tags\";s:11:\"[\"contact\"]\";s:10:\"menu_order\";i:0;s:16:\"popularity_index\";i:136;s:11:\"trend_index\";i:192;s:6:\"is_pro\";s:1:\"0\";s:17:\"has_page_settings\";s:1:\"0\";}i:309;a:14:{s:2:\"id\";i:8703;s:5:\"title\";s:13:\"single page 7\";s:9:\"thumbnail\";s:69:\"https://library.elementor.com/wp-content/uploads/2018/05/S_P350.7.jpg\";s:12:\"tmpl_created\";i:1527683072;s:6:\"author\";s:9:\"Elementor\";s:3:\"url\";s:110:\"https://library.elementor.com/blocks/single-page-7/?utm_source=library&utm_medium=wp-dash&utm_campaign=preview\";s:4:\"type\";s:5:\"block\";s:7:\"subtype\";s:11:\"single page\";s:4:\"tags\";s:2:\"[]\";s:10:\"menu_order\";i:0;s:16:\"popularity_index\";i:404;s:11:\"trend_index\";i:253;s:6:\"is_pro\";s:1:\"1\";s:17:\"has_page_settings\";s:1:\"0\";}i:310;a:14:{s:2:\"id\";i:4460;s:5:\"title\";s:9:\"Contact 9\";s:9:\"thumbnail\";s:76:\"https://library.elementor.com/wp-content/uploads/2018/02/contact_white_2.png\";s:12:\"tmpl_created\";i:1520443298;s:6:\"author\";s:9:\"Elementor\";s:3:\"url\";s:106:\"https://library.elementor.com/blocks/contact-9/?utm_source=library&utm_medium=wp-dash&utm_campaign=preview\";s:4:\"type\";s:5:\"block\";s:7:\"subtype\";s:7:\"contact\";s:4:\"tags\";s:11:\"[\"contact\"]\";s:10:\"menu_order\";i:0;s:16:\"popularity_index\";i:100;s:11:\"trend_index\";i:157;s:6:\"is_pro\";s:1:\"0\";s:17:\"has_page_settings\";s:1:\"0\";}i:311;a:14:{s:2:\"id\";i:8961;s:5:\"title\";s:9:\"archive 1\";s:9:\"thumbnail\";s:74:\"https://library.elementor.com/wp-content/uploads/2018/06/Archive_350.1.jpg\";s:12:\"tmpl_created\";i:1528639909;s:6:\"author\";s:9:\"Elementor\";s:3:\"url\";s:106:\"https://library.elementor.com/blocks/archive-1/?utm_source=library&utm_medium=wp-dash&utm_campaign=preview\";s:4:\"type\";s:5:\"block\";s:7:\"subtype\";s:7:\"archive\";s:4:\"tags\";s:2:\"[]\";s:10:\"menu_order\";i:0;s:16:\"popularity_index\";i:101;s:11:\"trend_index\";i:161;s:6:\"is_pro\";s:1:\"1\";s:17:\"has_page_settings\";s:1:\"0\";}i:312;a:14:{s:2:\"id\";i:4468;s:5:\"title\";s:9:\"Contact 7\";s:9:\"thumbnail\";s:76:\"https://library.elementor.com/wp-content/uploads/2018/02/contact_white_3.png\";s:12:\"tmpl_created\";i:1520443301;s:6:\"author\";s:9:\"Elementor\";s:3:\"url\";s:106:\"https://library.elementor.com/blocks/contact-7/?utm_source=library&utm_medium=wp-dash&utm_campaign=preview\";s:4:\"type\";s:5:\"block\";s:7:\"subtype\";s:7:\"contact\";s:4:\"tags\";s:18:\"[\"contact\",\"form\"]\";s:10:\"menu_order\";i:0;s:16:\"popularity_index\";i:128;s:11:\"trend_index\";i:116;s:6:\"is_pro\";s:1:\"1\";s:17:\"has_page_settings\";s:1:\"0\";}i:313;a:14:{s:2:\"id\";i:8969;s:5:\"title\";s:9:\"archive 2\";s:9:\"thumbnail\";s:74:\"https://library.elementor.com/wp-content/uploads/2018/06/Archive_350.2.jpg\";s:12:\"tmpl_created\";i:1528700014;s:6:\"author\";s:9:\"Elementor\";s:3:\"url\";s:106:\"https://library.elementor.com/blocks/archive-2/?utm_source=library&utm_medium=wp-dash&utm_campaign=preview\";s:4:\"type\";s:5:\"block\";s:7:\"subtype\";s:7:\"archive\";s:4:\"tags\";s:2:\"[]\";s:10:\"menu_order\";i:0;s:16:\"popularity_index\";i:266;s:11:\"trend_index\";i:385;s:6:\"is_pro\";s:1:\"1\";s:17:\"has_page_settings\";s:1:\"0\";}i:314;a:14:{s:2:\"id\";i:12716;s:5:\"title\";s:30:\"Magazine &#8211; Single Post 3\";s:9:\"thumbnail\";s:68:\"https://library.elementor.com/wp-content/uploads/2020/01/Post4_s.png\";s:12:\"tmpl_created\";i:1579060659;s:6:\"author\";s:9:\"Elementor\";s:3:\"url\";s:121:\"https://library.elementor.com/blocks/magazine-single-post-3-2/?utm_source=library&utm_medium=wp-dash&utm_campaign=preview\";s:4:\"type\";s:5:\"block\";s:7:\"subtype\";s:11:\"single post\";s:4:\"tags\";s:19:\"[\"Blog\",\"Magazine\"]\";s:10:\"menu_order\";i:0;s:16:\"popularity_index\";i:524;s:11:\"trend_index\";i:369;s:6:\"is_pro\";s:1:\"1\";s:17:\"has_page_settings\";s:1:\"0\";}i:315;a:14:{s:2:\"id\";i:4476;s:5:\"title\";s:10:\"Contact 15\";s:9:\"thumbnail\";s:76:\"https://library.elementor.com/wp-content/uploads/2018/02/contact_white_4.png\";s:12:\"tmpl_created\";i:1520443303;s:6:\"author\";s:9:\"Elementor\";s:3:\"url\";s:107:\"https://library.elementor.com/blocks/contact-15/?utm_source=library&utm_medium=wp-dash&utm_campaign=preview\";s:4:\"type\";s:5:\"block\";s:7:\"subtype\";s:7:\"contact\";s:4:\"tags\";s:18:\"[\"contact\",\"form\"]\";s:10:\"menu_order\";i:0;s:16:\"popularity_index\";i:231;s:11:\"trend_index\";i:215;s:6:\"is_pro\";s:1:\"1\";s:17:\"has_page_settings\";s:1:\"0\";}i:316;a:14:{s:2:\"id\";i:8973;s:5:\"title\";s:9:\"archive 3\";s:9:\"thumbnail\";s:74:\"https://library.elementor.com/wp-content/uploads/2018/06/Archive_350.3.jpg\";s:12:\"tmpl_created\";i:1528700205;s:6:\"author\";s:9:\"Elementor\";s:3:\"url\";s:106:\"https://library.elementor.com/blocks/archive-3/?utm_source=library&utm_medium=wp-dash&utm_campaign=preview\";s:4:\"type\";s:5:\"block\";s:7:\"subtype\";s:7:\"archive\";s:4:\"tags\";s:2:\"[]\";s:10:\"menu_order\";i:0;s:16:\"popularity_index\";i:196;s:11:\"trend_index\";i:413;s:6:\"is_pro\";s:1:\"1\";s:17:\"has_page_settings\";s:1:\"0\";}i:317;a:14:{s:2:\"id\";i:12707;s:5:\"title\";s:30:\"Magazine &#8211; Single Post 3\";s:9:\"thumbnail\";s:68:\"https://library.elementor.com/wp-content/uploads/2020/01/Post1_s.png\";s:12:\"tmpl_created\";i:1579060669;s:6:\"author\";s:9:\"Elementor\";s:3:\"url\";s:119:\"https://library.elementor.com/blocks/magazine-single-post-3/?utm_source=library&utm_medium=wp-dash&utm_campaign=preview\";s:4:\"type\";s:5:\"block\";s:7:\"subtype\";s:11:\"single post\";s:4:\"tags\";s:19:\"[\"Blog\",\"Magazine\"]\";s:10:\"menu_order\";i:0;s:16:\"popularity_index\";i:496;s:11:\"trend_index\";i:400;s:6:\"is_pro\";s:1:\"1\";s:17:\"has_page_settings\";s:1:\"0\";}i:318;a:14:{s:2:\"id\";i:4484;s:5:\"title\";s:9:\"Contact 8\";s:9:\"thumbnail\";s:76:\"https://library.elementor.com/wp-content/uploads/2018/02/contact_black_3.png\";s:12:\"tmpl_created\";i:1520443305;s:6:\"author\";s:9:\"Elementor\";s:3:\"url\";s:106:\"https://library.elementor.com/blocks/contact-8/?utm_source=library&utm_medium=wp-dash&utm_campaign=preview\";s:4:\"type\";s:5:\"block\";s:7:\"subtype\";s:7:\"contact\";s:4:\"tags\";s:18:\"[\"contact\",\"form\"]\";s:10:\"menu_order\";i:0;s:16:\"popularity_index\";i:325;s:11:\"trend_index\";i:309;s:6:\"is_pro\";s:1:\"1\";s:17:\"has_page_settings\";s:1:\"0\";}i:319;a:14:{s:2:\"id\";i:8977;s:5:\"title\";s:9:\"archive 4\";s:9:\"thumbnail\";s:74:\"https://library.elementor.com/wp-content/uploads/2018/06/Archive_350.4.jpg\";s:12:\"tmpl_created\";i:1528700326;s:6:\"author\";s:9:\"Elementor\";s:3:\"url\";s:106:\"https://library.elementor.com/blocks/archive-4/?utm_source=library&utm_medium=wp-dash&utm_campaign=preview\";s:4:\"type\";s:5:\"block\";s:7:\"subtype\";s:7:\"archive\";s:4:\"tags\";s:2:\"[]\";s:10:\"menu_order\";i:0;s:16:\"popularity_index\";i:354;s:11:\"trend_index\";i:465;s:6:\"is_pro\";s:1:\"1\";s:17:\"has_page_settings\";s:1:\"0\";}i:320;a:14:{s:2:\"id\";i:12699;s:5:\"title\";s:30:\"Magazine &#8211; Single Post 2\";s:9:\"thumbnail\";s:68:\"https://library.elementor.com/wp-content/uploads/2020/01/Post3_s.png\";s:12:\"tmpl_created\";i:1579060680;s:6:\"author\";s:9:\"Elementor\";s:3:\"url\";s:119:\"https://library.elementor.com/blocks/magazine-single-post-2/?utm_source=library&utm_medium=wp-dash&utm_campaign=preview\";s:4:\"type\";s:5:\"block\";s:7:\"subtype\";s:11:\"single post\";s:4:\"tags\";s:19:\"[\"Blog\",\"Magazine\"]\";s:10:\"menu_order\";i:0;s:16:\"popularity_index\";i:378;s:11:\"trend_index\";i:298;s:6:\"is_pro\";s:1:\"1\";s:17:\"has_page_settings\";s:1:\"0\";}i:321;a:14:{s:2:\"id\";i:4492;s:5:\"title\";s:9:\"Contact 5\";s:9:\"thumbnail\";s:72:\"https://library.elementor.com/wp-content/uploads/2018/02/map_white_3.png\";s:12:\"tmpl_created\";i:1520443307;s:6:\"author\";s:9:\"Elementor\";s:3:\"url\";s:108:\"https://library.elementor.com/blocks/contact-5-2/?utm_source=library&utm_medium=wp-dash&utm_campaign=preview\";s:4:\"type\";s:5:\"block\";s:7:\"subtype\";s:7:\"contact\";s:4:\"tags\";s:11:\"[\"contact\"]\";s:10:\"menu_order\";i:0;s:16:\"popularity_index\";i:38;s:11:\"trend_index\";i:50;s:6:\"is_pro\";s:1:\"0\";s:17:\"has_page_settings\";s:1:\"0\";}i:322;a:14:{s:2:\"id\";i:8981;s:5:\"title\";s:9:\"archive 5\";s:9:\"thumbnail\";s:74:\"https://library.elementor.com/wp-content/uploads/2018/06/Archive_350.5.jpg\";s:12:\"tmpl_created\";i:1528700484;s:6:\"author\";s:9:\"Elementor\";s:3:\"url\";s:106:\"https://library.elementor.com/blocks/archive-5/?utm_source=library&utm_medium=wp-dash&utm_campaign=preview\";s:4:\"type\";s:5:\"block\";s:7:\"subtype\";s:7:\"archive\";s:4:\"tags\";s:2:\"[]\";s:10:\"menu_order\";i:0;s:16:\"popularity_index\";i:334;s:11:\"trend_index\";i:470;s:6:\"is_pro\";s:1:\"1\";s:17:\"has_page_settings\";s:1:\"0\";}i:323;a:14:{s:2:\"id\";i:12688;s:5:\"title\";s:30:\"Magazine &#8211; Single Post 1\";s:9:\"thumbnail\";s:68:\"https://library.elementor.com/wp-content/uploads/2020/01/Post2_s.png\";s:12:\"tmpl_created\";i:1579060692;s:6:\"author\";s:9:\"Elementor\";s:3:\"url\";s:119:\"https://library.elementor.com/blocks/magazine-single-post-1/?utm_source=library&utm_medium=wp-dash&utm_campaign=preview\";s:4:\"type\";s:5:\"block\";s:7:\"subtype\";s:11:\"single post\";s:4:\"tags\";s:19:\"[\"Blog\",\"Magazine\"]\";s:10:\"menu_order\";i:0;s:16:\"popularity_index\";i:365;s:11:\"trend_index\";i:234;s:6:\"is_pro\";s:1:\"1\";s:17:\"has_page_settings\";s:1:\"0\";}i:324;a:14:{s:2:\"id\";i:4500;s:5:\"title\";s:9:\"Pricing 7\";s:9:\"thumbnail\";s:74:\"https://library.elementor.com/wp-content/uploads/2018/02/price_white_1.png\";s:12:\"tmpl_created\";i:1520443308;s:6:\"author\";s:9:\"Elementor\";s:3:\"url\";s:106:\"https://library.elementor.com/blocks/pricing-7/?utm_source=library&utm_medium=wp-dash&utm_campaign=preview\";s:4:\"type\";s:5:\"block\";s:7:\"subtype\";s:7:\"pricing\";s:4:\"tags\";s:11:\"[\"pricing\"]\";s:10:\"menu_order\";i:0;s:16:\"popularity_index\";i:483;s:11:\"trend_index\";i:574;s:6:\"is_pro\";s:1:\"1\";s:17:\"has_page_settings\";s:1:\"0\";}i:325;a:14:{s:2:\"id\";i:8985;s:5:\"title\";s:9:\"archive 6\";s:9:\"thumbnail\";s:74:\"https://library.elementor.com/wp-content/uploads/2018/06/Archive_350.6.jpg\";s:12:\"tmpl_created\";i:1528700612;s:6:\"author\";s:9:\"Elementor\";s:3:\"url\";s:106:\"https://library.elementor.com/blocks/archive-6/?utm_source=library&utm_medium=wp-dash&utm_campaign=preview\";s:4:\"type\";s:5:\"block\";s:7:\"subtype\";s:7:\"archive\";s:4:\"tags\";s:2:\"[]\";s:10:\"menu_order\";i:0;s:16:\"popularity_index\";i:215;s:11:\"trend_index\";i:223;s:6:\"is_pro\";s:1:\"1\";s:17:\"has_page_settings\";s:1:\"0\";}i:326;a:14:{s:2:\"id\";i:12678;s:5:\"title\";s:23:\"Magazine &#8211; Header\";s:9:\"thumbnail\";s:76:\"https://library.elementor.com/wp-content/uploads/2020/06/Header-magazine.png\";s:12:\"tmpl_created\";i:1579060701;s:6:\"author\";s:9:\"Elementor\";s:3:\"url\";s:112:\"https://library.elementor.com/blocks/magazine-header/?utm_source=library&utm_medium=wp-dash&utm_campaign=preview\";s:4:\"type\";s:5:\"block\";s:7:\"subtype\";s:6:\"header\";s:4:\"tags\";s:28:\"[\"Blog\",\"header\",\"Magazine\"]\";s:10:\"menu_order\";i:0;s:16:\"popularity_index\";i:303;s:11:\"trend_index\";i:238;s:6:\"is_pro\";s:1:\"1\";s:17:\"has_page_settings\";s:1:\"0\";}i:327;a:14:{s:2:\"id\";i:4509;s:5:\"title\";s:9:\"Pricing 1\";s:9:\"thumbnail\";s:74:\"https://library.elementor.com/wp-content/uploads/2018/02/price_black_1.png\";s:12:\"tmpl_created\";i:1520443310;s:6:\"author\";s:9:\"Elementor\";s:3:\"url\";s:106:\"https://library.elementor.com/blocks/pricing-1/?utm_source=library&utm_medium=wp-dash&utm_campaign=preview\";s:4:\"type\";s:5:\"block\";s:7:\"subtype\";s:7:\"pricing\";s:4:\"tags\";s:11:\"[\"pricing\"]\";s:10:\"menu_order\";i:0;s:16:\"popularity_index\";i:685;s:11:\"trend_index\";i:637;s:6:\"is_pro\";s:1:\"1\";s:17:\"has_page_settings\";s:1:\"0\";}i:328;a:14:{s:2:\"id\";i:8989;s:5:\"title\";s:9:\"archive 7\";s:9:\"thumbnail\";s:74:\"https://library.elementor.com/wp-content/uploads/2018/06/Archive_350.7.jpg\";s:12:\"tmpl_created\";i:1528701063;s:6:\"author\";s:9:\"Elementor\";s:3:\"url\";s:106:\"https://library.elementor.com/blocks/archive-7/?utm_source=library&utm_medium=wp-dash&utm_campaign=preview\";s:4:\"type\";s:5:\"block\";s:7:\"subtype\";s:7:\"archive\";s:4:\"tags\";s:2:\"[]\";s:10:\"menu_order\";i:0;s:16:\"popularity_index\";i:212;s:11:\"trend_index\";i:217;s:6:\"is_pro\";s:1:\"1\";s:17:\"has_page_settings\";s:1:\"0\";}i:329;a:14:{s:2:\"id\";i:12669;s:5:\"title\";s:23:\"Magazine &#8211; Footer\";s:9:\"thumbnail\";s:69:\"https://library.elementor.com/wp-content/uploads/2020/01/Footer_s.png\";s:12:\"tmpl_created\";i:1579060715;s:6:\"author\";s:9:\"Elementor\";s:3:\"url\";s:112:\"https://library.elementor.com/blocks/magazine-footer/?utm_source=library&utm_medium=wp-dash&utm_campaign=preview\";s:4:\"type\";s:5:\"block\";s:7:\"subtype\";s:6:\"footer\";s:4:\"tags\";s:28:\"[\"Blog\",\"footer\",\"Magazine\"]\";s:10:\"menu_order\";i:0;s:16:\"popularity_index\";i:446;s:11:\"trend_index\";i:414;s:6:\"is_pro\";s:1:\"1\";s:17:\"has_page_settings\";s:1:\"0\";}i:330;a:14:{s:2:\"id\";i:4521;s:5:\"title\";s:9:\"Pricing 8\";s:9:\"thumbnail\";s:74:\"https://library.elementor.com/wp-content/uploads/2018/02/price_white_2.png\";s:12:\"tmpl_created\";i:1520443312;s:6:\"author\";s:9:\"Elementor\";s:3:\"url\";s:106:\"https://library.elementor.com/blocks/pricing-8/?utm_source=library&utm_medium=wp-dash&utm_campaign=preview\";s:4:\"type\";s:5:\"block\";s:7:\"subtype\";s:7:\"pricing\";s:4:\"tags\";s:11:\"[\"pricing\"]\";s:10:\"menu_order\";i:0;s:16:\"popularity_index\";i:311;s:11:\"trend_index\";i:257;s:6:\"is_pro\";s:1:\"1\";s:17:\"has_page_settings\";s:1:\"0\";}i:331;a:14:{s:2:\"id\";i:8996;s:5:\"title\";s:9:\"archive 8\";s:9:\"thumbnail\";s:74:\"https://library.elementor.com/wp-content/uploads/2018/06/Archive_350.8.jpg\";s:12:\"tmpl_created\";i:1528701290;s:6:\"author\";s:9:\"Elementor\";s:3:\"url\";s:106:\"https://library.elementor.com/blocks/archive-8/?utm_source=library&utm_medium=wp-dash&utm_campaign=preview\";s:4:\"type\";s:5:\"block\";s:7:\"subtype\";s:7:\"archive\";s:4:\"tags\";s:2:\"[]\";s:10:\"menu_order\";i:0;s:16:\"popularity_index\";i:227;s:11:\"trend_index\";i:327;s:6:\"is_pro\";s:1:\"1\";s:17:\"has_page_settings\";s:1:\"0\";}i:332;a:14:{s:2:\"id\";i:12661;s:5:\"title\";s:23:\"Magazine &#8211; Search\";s:9:\"thumbnail\";s:69:\"https://library.elementor.com/wp-content/uploads/2020/01/Search_s.png\";s:12:\"tmpl_created\";i:1579060722;s:6:\"author\";s:9:\"Elementor\";s:3:\"url\";s:112:\"https://library.elementor.com/blocks/magazine-search/?utm_source=library&utm_medium=wp-dash&utm_campaign=preview\";s:4:\"type\";s:5:\"block\";s:7:\"subtype\";s:7:\"archive\";s:4:\"tags\";s:19:\"[\"Blog\",\"Magazine\"]\";s:10:\"menu_order\";i:0;s:16:\"popularity_index\";i:403;s:11:\"trend_index\";i:353;s:6:\"is_pro\";s:1:\"1\";s:17:\"has_page_settings\";s:1:\"0\";}i:333;a:14:{s:2:\"id\";i:4529;s:5:\"title\";s:9:\"Pricing 2\";s:9:\"thumbnail\";s:74:\"https://library.elementor.com/wp-content/uploads/2018/02/price_black_2.png\";s:12:\"tmpl_created\";i:1520443314;s:6:\"author\";s:9:\"Elementor\";s:3:\"url\";s:106:\"https://library.elementor.com/blocks/pricing-2/?utm_source=library&utm_medium=wp-dash&utm_campaign=preview\";s:4:\"type\";s:5:\"block\";s:7:\"subtype\";s:7:\"pricing\";s:4:\"tags\";s:11:\"[\"pricing\"]\";s:10:\"menu_order\";i:0;s:16:\"popularity_index\";i:598;s:11:\"trend_index\";i:612;s:6:\"is_pro\";s:1:\"1\";s:17:\"has_page_settings\";s:1:\"0\";}i:334;a:14:{s:2:\"id\";i:9001;s:5:\"title\";s:9:\"archive 9\";s:9:\"thumbnail\";s:74:\"https://library.elementor.com/wp-content/uploads/2018/06/Archive_350.9.jpg\";s:12:\"tmpl_created\";i:1528701433;s:6:\"author\";s:9:\"Elementor\";s:3:\"url\";s:106:\"https://library.elementor.com/blocks/archive-9/?utm_source=library&utm_medium=wp-dash&utm_campaign=preview\";s:4:\"type\";s:5:\"block\";s:7:\"subtype\";s:7:\"archive\";s:4:\"tags\";s:2:\"[]\";s:10:\"menu_order\";i:0;s:16:\"popularity_index\";i:276;s:11:\"trend_index\";i:229;s:6:\"is_pro\";s:1:\"1\";s:17:\"has_page_settings\";s:1:\"0\";}i:335;a:14:{s:2:\"id\";i:12652;s:5:\"title\";s:17:\"Magazine- Archiv2\";s:9:\"thumbnail\";s:70:\"https://library.elementor.com/wp-content/uploads/2020/01/Archiv2_s.png\";s:12:\"tmpl_created\";i:1579060730;s:6:\"author\";s:9:\"Elementor\";s:3:\"url\";s:113:\"https://library.elementor.com/blocks/magazine-archiv2/?utm_source=library&utm_medium=wp-dash&utm_campaign=preview\";s:4:\"type\";s:5:\"block\";s:7:\"subtype\";s:7:\"archive\";s:4:\"tags\";s:19:\"[\"Blog\",\"Magazine\"]\";s:10:\"menu_order\";i:0;s:16:\"popularity_index\";i:527;s:11:\"trend_index\";i:538;s:6:\"is_pro\";s:1:\"1\";s:17:\"has_page_settings\";s:1:\"0\";}i:336;a:14:{s:2:\"id\";i:4537;s:5:\"title\";s:9:\"Pricing 9\";s:9:\"thumbnail\";s:74:\"https://library.elementor.com/wp-content/uploads/2018/02/price_white_3.png\";s:12:\"tmpl_created\";i:1520443315;s:6:\"author\";s:9:\"Elementor\";s:3:\"url\";s:106:\"https://library.elementor.com/blocks/pricing-9/?utm_source=library&utm_medium=wp-dash&utm_campaign=preview\";s:4:\"type\";s:5:\"block\";s:7:\"subtype\";s:7:\"pricing\";s:4:\"tags\";s:11:\"[\"pricing\"]\";s:10:\"menu_order\";i:0;s:16:\"popularity_index\";i:567;s:11:\"trend_index\";i:455;s:6:\"is_pro\";s:1:\"1\";s:17:\"has_page_settings\";s:1:\"0\";}i:337;a:14:{s:2:\"id\";i:9119;s:5:\"title\";s:10:\"footer 015\";s:9:\"thumbnail\";s:82:\"https://library.elementor.com/wp-content/uploads/2018/07/Footer_GetStarted_350.png\";s:12:\"tmpl_created\";i:1532428138;s:6:\"author\";s:9:\"Elementor\";s:3:\"url\";s:101:\"https://library.elementor.com/blocks/demo/?utm_source=library&utm_medium=wp-dash&utm_campaign=preview\";s:4:\"type\";s:5:\"block\";s:7:\"subtype\";s:6:\"footer\";s:4:\"tags\";s:2:\"[]\";s:10:\"menu_order\";i:0;s:16:\"popularity_index\";i:249;s:11:\"trend_index\";i:174;s:6:\"is_pro\";s:1:\"1\";s:17:\"has_page_settings\";s:1:\"0\";}i:338;a:14:{s:2:\"id\";i:12643;s:5:\"title\";s:24:\"Magazine &#8211; Archiv1\";s:9:\"thumbnail\";s:70:\"https://library.elementor.com/wp-content/uploads/2020/01/Archiv1_s.png\";s:12:\"tmpl_created\";i:1579060737;s:6:\"author\";s:9:\"Elementor\";s:3:\"url\";s:113:\"https://library.elementor.com/blocks/magazine-archiv1/?utm_source=library&utm_medium=wp-dash&utm_campaign=preview\";s:4:\"type\";s:5:\"block\";s:7:\"subtype\";s:7:\"archive\";s:4:\"tags\";s:19:\"[\"Blog\",\"Magazine\"]\";s:10:\"menu_order\";i:0;s:16:\"popularity_index\";i:362;s:11:\"trend_index\";i:266;s:6:\"is_pro\";s:1:\"1\";s:17:\"has_page_settings\";s:1:\"0\";}i:339;a:14:{s:2:\"id\";i:4545;s:5:\"title\";s:9:\"Pricing 3\";s:9:\"thumbnail\";s:74:\"https://library.elementor.com/wp-content/uploads/2018/02/price_black_3.png\";s:12:\"tmpl_created\";i:1520443317;s:6:\"author\";s:9:\"Elementor\";s:3:\"url\";s:106:\"https://library.elementor.com/blocks/pricing-3/?utm_source=library&utm_medium=wp-dash&utm_campaign=preview\";s:4:\"type\";s:5:\"block\";s:7:\"subtype\";s:7:\"pricing\";s:4:\"tags\";s:11:\"[\"pricing\"]\";s:10:\"menu_order\";i:0;s:16:\"popularity_index\";i:684;s:11:\"trend_index\";i:667;s:6:\"is_pro\";s:1:\"1\";s:17:\"has_page_settings\";s:1:\"0\";}i:340;a:14:{s:2:\"id\";i:9127;s:5:\"title\";s:9:\"header 13\";s:9:\"thumbnail\";s:86:\"https://library.elementor.com/wp-content/uploads/2018/07/Header_get_started_1200V3.png\";s:12:\"tmpl_created\";i:1532428699;s:6:\"author\";s:9:\"Elementor\";s:3:\"url\";s:106:\"https://library.elementor.com/blocks/header-13/?utm_source=library&utm_medium=wp-dash&utm_campaign=preview\";s:4:\"type\";s:5:\"block\";s:7:\"subtype\";s:6:\"header\";s:4:\"tags\";s:2:\"[]\";s:10:\"menu_order\";i:0;s:16:\"popularity_index\";i:58;s:11:\"trend_index\";i:109;s:6:\"is_pro\";s:1:\"1\";s:17:\"has_page_settings\";s:1:\"0\";}i:341;a:14:{s:2:\"id\";i:12635;s:5:\"title\";s:20:\"Magazine &#8211; 404\";s:9:\"thumbnail\";s:66:\"https://library.elementor.com/wp-content/uploads/2020/01/404_s.png\";s:12:\"tmpl_created\";i:1579060746;s:6:\"author\";s:9:\"Elementor\";s:3:\"url\";s:109:\"https://library.elementor.com/blocks/magazine-404/?utm_source=library&utm_medium=wp-dash&utm_campaign=preview\";s:4:\"type\";s:5:\"block\";s:7:\"subtype\";s:8:\"404 page\";s:4:\"tags\";s:25:\"[\"404\",\"Blog\",\"Magazine\"]\";s:10:\"menu_order\";i:0;s:16:\"popularity_index\";i:629;s:11:\"trend_index\";i:654;s:6:\"is_pro\";s:1:\"1\";s:17:\"has_page_settings\";s:1:\"0\";}i:342;a:14:{s:2:\"id\";i:4553;s:5:\"title\";s:10:\"Pricing 10\";s:9:\"thumbnail\";s:74:\"https://library.elementor.com/wp-content/uploads/2018/02/price_white_4.png\";s:12:\"tmpl_created\";i:1520443319;s:6:\"author\";s:9:\"Elementor\";s:3:\"url\";s:107:\"https://library.elementor.com/blocks/pricing-10/?utm_source=library&utm_medium=wp-dash&utm_campaign=preview\";s:4:\"type\";s:5:\"block\";s:7:\"subtype\";s:7:\"pricing\";s:4:\"tags\";s:11:\"[\"pricing\"]\";s:10:\"menu_order\";i:0;s:16:\"popularity_index\";i:500;s:11:\"trend_index\";i:561;s:6:\"is_pro\";s:1:\"1\";s:17:\"has_page_settings\";s:1:\"0\";}i:343;a:14:{s:2:\"id\";i:12736;s:5:\"title\";s:41:\"Slide In | Contact Us | Magazine and Blog\";s:9:\"thumbnail\";s:76:\"https://library.elementor.com/wp-content/uploads/2020/01/PopUp_contact_s.png\";s:12:\"tmpl_created\";i:1579060978;s:6:\"author\";s:9:\"Elementor\";s:3:\"url\";s:116:\"https://library.elementor.com/popups/slide-in-contact-us/?utm_source=library&utm_medium=wp-dash&utm_campaign=preview\";s:4:\"type\";s:5:\"popup\";s:7:\"subtype\";s:8:\"slide-in\";s:4:\"tags\";s:19:\"[\"Blog\",\"Magazine\"]\";s:10:\"menu_order\";i:0;s:16:\"popularity_index\";i:712;s:11:\"trend_index\";i:725;s:6:\"is_pro\";s:1:\"1\";s:17:\"has_page_settings\";s:1:\"1\";}i:344;a:14:{s:2:\"id\";i:4562;s:5:\"title\";s:9:\"Pricing 4\";s:9:\"thumbnail\";s:74:\"https://library.elementor.com/wp-content/uploads/2018/02/price_black_4.png\";s:12:\"tmpl_created\";i:1520443322;s:6:\"author\";s:9:\"Elementor\";s:3:\"url\";s:106:\"https://library.elementor.com/blocks/pricing-4/?utm_source=library&utm_medium=wp-dash&utm_campaign=preview\";s:4:\"type\";s:5:\"block\";s:7:\"subtype\";s:7:\"pricing\";s:4:\"tags\";s:11:\"[\"pricing\"]\";s:10:\"menu_order\";i:0;s:16:\"popularity_index\";i:676;s:11:\"trend_index\";i:680;s:6:\"is_pro\";s:1:\"1\";s:17:\"has_page_settings\";s:1:\"0\";}i:345;a:14:{s:2:\"id\";i:12726;s:5:\"title\";s:52:\"Classic | Newsletter | Subscribe | Magazine and Blog\";s:9:\"thumbnail\";s:79:\"https://library.elementor.com/wp-content/uploads/2020/01/PopUp_Newsletter_s.png\";s:12:\"tmpl_created\";i:1579061019;s:6:\"author\";s:9:\"Elementor\";s:3:\"url\";s:143:\"https://library.elementor.com/popups/classic-newsletter-subscribe-magazine-and-blog/?utm_source=library&utm_medium=wp-dash&utm_campaign=preview\";s:4:\"type\";s:5:\"popup\";s:7:\"subtype\";s:7:\"classic\";s:4:\"tags\";s:19:\"[\"Blog\",\"Magazine\"]\";s:10:\"menu_order\";i:0;s:16:\"popularity_index\";i:374;s:11:\"trend_index\";i:378;s:6:\"is_pro\";s:1:\"1\";s:17:\"has_page_settings\";s:1:\"1\";}i:346;a:14:{s:2:\"id\";i:4572;s:5:\"title\";s:10:\"Pricing 11\";s:9:\"thumbnail\";s:74:\"https://library.elementor.com/wp-content/uploads/2018/02/price_white_5.png\";s:12:\"tmpl_created\";i:1520443324;s:6:\"author\";s:9:\"Elementor\";s:3:\"url\";s:107:\"https://library.elementor.com/blocks/pricing-11/?utm_source=library&utm_medium=wp-dash&utm_campaign=preview\";s:4:\"type\";s:5:\"block\";s:7:\"subtype\";s:7:\"pricing\";s:4:\"tags\";s:11:\"[\"pricing\"]\";s:10:\"menu_order\";i:0;s:16:\"popularity_index\";i:314;s:11:\"trend_index\";i:331;s:6:\"is_pro\";s:1:\"1\";s:17:\"has_page_settings\";s:1:\"0\";}i:347;a:14:{s:2:\"id\";i:9174;s:5:\"title\";s:17:\"single product 01\";s:9:\"thumbnail\";s:81:\"https://library.elementor.com/wp-content/uploads/2018/07/single_product01_350.png\";s:12:\"tmpl_created\";i:1532950125;s:6:\"author\";s:9:\"Elementor\";s:3:\"url\";s:114:\"https://library.elementor.com/blocks/single-product-01/?utm_source=library&utm_medium=wp-dash&utm_campaign=preview\";s:4:\"type\";s:5:\"block\";s:7:\"subtype\";s:14:\"single product\";s:4:\"tags\";s:2:\"[]\";s:10:\"menu_order\";i:0;s:16:\"popularity_index\";i:34;s:11:\"trend_index\";i:10;s:6:\"is_pro\";s:1:\"1\";s:17:\"has_page_settings\";s:1:\"0\";}i:348;a:14:{s:2:\"id\";i:13089;s:5:\"title\";s:23:\"Photography &#8211; 404\";s:9:\"thumbnail\";s:66:\"https://library.elementor.com/wp-content/uploads/2020/02/404_s.png\";s:12:\"tmpl_created\";i:1582091623;s:6:\"author\";s:9:\"Elementor\";s:3:\"url\";s:112:\"https://library.elementor.com/blocks/photography-404/?utm_source=library&utm_medium=wp-dash&utm_campaign=preview\";s:4:\"type\";s:5:\"block\";s:7:\"subtype\";s:8:\"404 page\";s:4:\"tags\";s:33:\"[\"404\",\"Photography\",\"portfolio\"]\";s:10:\"menu_order\";i:0;s:16:\"popularity_index\";i:696;s:11:\"trend_index\";i:563;s:6:\"is_pro\";s:1:\"1\";s:17:\"has_page_settings\";s:1:\"0\";}i:349;a:14:{s:2:\"id\";i:4580;s:5:\"title\";s:10:\"Pricing 12\";s:9:\"thumbnail\";s:74:\"https://library.elementor.com/wp-content/uploads/2018/02/price_white_6.png\";s:12:\"tmpl_created\";i:1520443326;s:6:\"author\";s:9:\"Elementor\";s:3:\"url\";s:107:\"https://library.elementor.com/blocks/pricing-12/?utm_source=library&utm_medium=wp-dash&utm_campaign=preview\";s:4:\"type\";s:5:\"block\";s:7:\"subtype\";s:7:\"pricing\";s:4:\"tags\";s:11:\"[\"pricing\"]\";s:10:\"menu_order\";i:0;s:16:\"popularity_index\";i:563;s:11:\"trend_index\";i:573;s:6:\"is_pro\";s:1:\"1\";s:17:\"has_page_settings\";s:1:\"0\";}i:350;a:14:{s:2:\"id\";i:9178;s:5:\"title\";s:17:\"single product 02\";s:9:\"thumbnail\";s:84:\"https://library.elementor.com/wp-content/uploads/2018/07/single_product02_350new.png\";s:12:\"tmpl_created\";i:1532951997;s:6:\"author\";s:9:\"Elementor\";s:3:\"url\";s:114:\"https://library.elementor.com/blocks/single-product-02/?utm_source=library&utm_medium=wp-dash&utm_campaign=preview\";s:4:\"type\";s:5:\"block\";s:7:\"subtype\";s:14:\"single product\";s:4:\"tags\";s:2:\"[]\";s:10:\"menu_order\";i:0;s:16:\"popularity_index\";i:73;s:11:\"trend_index\";i:38;s:6:\"is_pro\";s:1:\"1\";s:17:\"has_page_settings\";s:1:\"0\";}i:351;a:14:{s:2:\"id\";i:13096;s:5:\"title\";s:32:\"Photography &#8211; Archiv Media\";s:9:\"thumbnail\";s:69:\"https://library.elementor.com/wp-content/uploads/2020/02/Archiv_s.png\";s:12:\"tmpl_created\";i:1582091742;s:6:\"author\";s:9:\"Elementor\";s:3:\"url\";s:121:\"https://library.elementor.com/blocks/photography-archiv-media/?utm_source=library&utm_medium=wp-dash&utm_campaign=preview\";s:4:\"type\";s:5:\"block\";s:7:\"subtype\";s:7:\"archive\";s:4:\"tags\";s:27:\"[\"Photography\",\"portfolio\"]\";s:10:\"menu_order\";i:0;s:16:\"popularity_index\";i:625;s:11:\"trend_index\";i:440;s:6:\"is_pro\";s:1:\"1\";s:17:\"has_page_settings\";s:1:\"0\";}i:352;a:14:{s:2:\"id\";i:4589;s:5:\"title\";s:9:\"Pricing 5\";s:9:\"thumbnail\";s:74:\"https://library.elementor.com/wp-content/uploads/2018/02/price_black_6.png\";s:12:\"tmpl_created\";i:1520443327;s:6:\"author\";s:9:\"Elementor\";s:3:\"url\";s:106:\"https://library.elementor.com/blocks/pricing-5/?utm_source=library&utm_medium=wp-dash&utm_campaign=preview\";s:4:\"type\";s:5:\"block\";s:7:\"subtype\";s:7:\"pricing\";s:4:\"tags\";s:11:\"[\"pricing\"]\";s:10:\"menu_order\";i:0;s:16:\"popularity_index\";i:695;s:11:\"trend_index\";i:628;s:6:\"is_pro\";s:1:\"1\";s:17:\"has_page_settings\";s:1:\"0\";}i:353;a:14:{s:2:\"id\";i:9180;s:5:\"title\";s:17:\"single product 03\";s:9:\"thumbnail\";s:81:\"https://library.elementor.com/wp-content/uploads/2018/07/single_product03_350.png\";s:12:\"tmpl_created\";i:1532952302;s:6:\"author\";s:9:\"Elementor\";s:3:\"url\";s:114:\"https://library.elementor.com/blocks/single-product-03/?utm_source=library&utm_medium=wp-dash&utm_campaign=preview\";s:4:\"type\";s:5:\"block\";s:7:\"subtype\";s:14:\"single product\";s:4:\"tags\";s:2:\"[]\";s:10:\"menu_order\";i:0;s:16:\"popularity_index\";i:119;s:11:\"trend_index\";i:93;s:6:\"is_pro\";s:1:\"1\";s:17:\"has_page_settings\";s:1:\"0\";}i:354;a:14:{s:2:\"id\";i:13103;s:5:\"title\";s:26:\"Photography &#8211; Footer\";s:9:\"thumbnail\";s:69:\"https://library.elementor.com/wp-content/uploads/2020/02/Footer_s.png\";s:12:\"tmpl_created\";i:1582091903;s:6:\"author\";s:9:\"Elementor\";s:3:\"url\";s:115:\"https://library.elementor.com/blocks/photography-footer/?utm_source=library&utm_medium=wp-dash&utm_campaign=preview\";s:4:\"type\";s:5:\"block\";s:7:\"subtype\";s:6:\"footer\";s:4:\"tags\";s:36:\"[\"footer\",\"Photography\",\"portfolio\"]\";s:10:\"menu_order\";i:0;s:16:\"popularity_index\";i:437;s:11:\"trend_index\";i:304;s:6:\"is_pro\";s:1:\"1\";s:17:\"has_page_settings\";s:1:\"0\";}i:355;a:14:{s:2:\"id\";i:4597;s:5:\"title\";s:10:\"Pricing 13\";s:9:\"thumbnail\";s:74:\"https://library.elementor.com/wp-content/uploads/2018/02/price_white_7.png\";s:12:\"tmpl_created\";i:1520443330;s:6:\"author\";s:9:\"Elementor\";s:3:\"url\";s:107:\"https://library.elementor.com/blocks/pricing-13/?utm_source=library&utm_medium=wp-dash&utm_campaign=preview\";s:4:\"type\";s:5:\"block\";s:7:\"subtype\";s:7:\"pricing\";s:4:\"tags\";s:11:\"[\"pricing\"]\";s:10:\"menu_order\";i:0;s:16:\"popularity_index\";i:596;s:11:\"trend_index\";i:606;s:6:\"is_pro\";s:1:\"1\";s:17:\"has_page_settings\";s:1:\"0\";}i:356;a:14:{s:2:\"id\";i:9182;s:5:\"title\";s:17:\"single product 04\";s:9:\"thumbnail\";s:82:\"https://library.elementor.com/wp-content/uploads/2018/07/single_product040_350.png\";s:12:\"tmpl_created\";i:1532952606;s:6:\"author\";s:9:\"Elementor\";s:3:\"url\";s:114:\"https://library.elementor.com/blocks/single-product-04/?utm_source=library&utm_medium=wp-dash&utm_campaign=preview\";s:4:\"type\";s:5:\"block\";s:7:\"subtype\";s:14:\"single product\";s:4:\"tags\";s:2:\"[]\";s:10:\"menu_order\";i:0;s:16:\"popularity_index\";i:129;s:11:\"trend_index\";i:79;s:6:\"is_pro\";s:1:\"1\";s:17:\"has_page_settings\";s:1:\"0\";}i:357;a:14:{s:2:\"id\";i:13120;s:5:\"title\";s:31:\"Photography &#8211; Single Post\";s:9:\"thumbnail\";s:67:\"https://library.elementor.com/wp-content/uploads/2020/02/Post_s.png\";s:12:\"tmpl_created\";i:1582092351;s:6:\"author\";s:9:\"Elementor\";s:3:\"url\";s:120:\"https://library.elementor.com/blocks/photography-single-post/?utm_source=library&utm_medium=wp-dash&utm_campaign=preview\";s:4:\"type\";s:5:\"block\";s:7:\"subtype\";s:11:\"single post\";s:4:\"tags\";s:27:\"[\"Photography\",\"portfolio\"]\";s:10:\"menu_order\";i:0;s:16:\"popularity_index\";i:667;s:11:\"trend_index\";i:678;s:6:\"is_pro\";s:1:\"1\";s:17:\"has_page_settings\";s:1:\"0\";}i:358;a:14:{s:2:\"id\";i:4605;s:5:\"title\";s:9:\"Pricing 6\";s:9:\"thumbnail\";s:74:\"https://library.elementor.com/wp-content/uploads/2018/02/price_black_7.png\";s:12:\"tmpl_created\";i:1520443332;s:6:\"author\";s:9:\"Elementor\";s:3:\"url\";s:106:\"https://library.elementor.com/blocks/pricing-6/?utm_source=library&utm_medium=wp-dash&utm_campaign=preview\";s:4:\"type\";s:5:\"block\";s:7:\"subtype\";s:7:\"pricing\";s:4:\"tags\";s:11:\"[\"pricing\"]\";s:10:\"menu_order\";i:0;s:16:\"popularity_index\";i:709;s:11:\"trend_index\";i:743;s:6:\"is_pro\";s:1:\"1\";s:17:\"has_page_settings\";s:1:\"0\";}i:359;a:14:{s:2:\"id\";i:9239;s:5:\"title\";s:17:\"product archive 1\";s:9:\"thumbnail\";s:82:\"https://library.elementor.com/wp-content/uploads/2018/07/product-archive-350-1.png\";s:12:\"tmpl_created\";i:1532953482;s:6:\"author\";s:9:\"Elementor\";s:3:\"url\";s:114:\"https://library.elementor.com/blocks/product-archive-1/?utm_source=library&utm_medium=wp-dash&utm_campaign=preview\";s:4:\"type\";s:5:\"block\";s:7:\"subtype\";s:15:\"product archive\";s:4:\"tags\";s:2:\"[]\";s:10:\"menu_order\";i:0;s:16:\"popularity_index\";i:68;s:11:\"trend_index\";i:43;s:6:\"is_pro\";s:1:\"1\";s:17:\"has_page_settings\";s:1:\"0\";}i:360;a:14:{s:2:\"id\";i:13112;s:5:\"title\";s:26:\"Photography &#8211; Header\";s:9:\"thumbnail\";s:89:\"https://library.elementor.com/wp-content/uploads/2020/06/Header-photography-portfolio.png\";s:12:\"tmpl_created\";i:1582092483;s:6:\"author\";s:9:\"Elementor\";s:3:\"url\";s:115:\"https://library.elementor.com/blocks/photography-header/?utm_source=library&utm_medium=wp-dash&utm_campaign=preview\";s:4:\"type\";s:5:\"block\";s:7:\"subtype\";s:6:\"header\";s:4:\"tags\";s:36:\"[\"header\",\"Photography\",\"portfolio\"]\";s:10:\"menu_order\";i:0;s:16:\"popularity_index\";i:331;s:11:\"trend_index\";i:243;s:6:\"is_pro\";s:1:\"1\";s:17:\"has_page_settings\";s:1:\"0\";}i:361;a:14:{s:2:\"id\";i:4613;s:5:\"title\";s:10:\"Pricing 14\";s:9:\"thumbnail\";s:74:\"https://library.elementor.com/wp-content/uploads/2018/02/price_white_8.png\";s:12:\"tmpl_created\";i:1520443334;s:6:\"author\";s:9:\"Elementor\";s:3:\"url\";s:107:\"https://library.elementor.com/blocks/pricing-14/?utm_source=library&utm_medium=wp-dash&utm_campaign=preview\";s:4:\"type\";s:5:\"block\";s:7:\"subtype\";s:7:\"pricing\";s:4:\"tags\";s:11:\"[\"pricing\"]\";s:10:\"menu_order\";i:0;s:16:\"popularity_index\";i:561;s:11:\"trend_index\";i:662;s:6:\"is_pro\";s:1:\"1\";s:17:\"has_page_settings\";s:1:\"0\";}i:362;a:14:{s:2:\"id\";i:9247;s:5:\"title\";s:17:\"product archive 2\";s:9:\"thumbnail\";s:82:\"https://library.elementor.com/wp-content/uploads/2018/07/product-archive-350-2.png\";s:12:\"tmpl_created\";i:1532953793;s:6:\"author\";s:9:\"Elementor\";s:3:\"url\";s:114:\"https://library.elementor.com/blocks/product-archive-2/?utm_source=library&utm_medium=wp-dash&utm_campaign=preview\";s:4:\"type\";s:5:\"block\";s:7:\"subtype\";s:15:\"product archive\";s:4:\"tags\";s:2:\"[]\";s:10:\"menu_order\";i:0;s:16:\"popularity_index\";i:79;s:11:\"trend_index\";i:45;s:6:\"is_pro\";s:1:\"1\";s:17:\"has_page_settings\";s:1:\"0\";}i:363;a:14:{s:2:\"id\";i:13129;s:5:\"title\";s:28:\"Classic | Menu | Photography\";s:9:\"thumbnail\";s:68:\"https://library.elementor.com/wp-content/uploads/2020/02/PopUp_s.png\";s:12:\"tmpl_created\";i:1582092645;s:6:\"author\";s:9:\"Elementor\";s:3:\"url\";s:121:\"https://library.elementor.com/popups/classic-menu-photography/?utm_source=library&utm_medium=wp-dash&utm_campaign=preview\";s:4:\"type\";s:5:\"popup\";s:7:\"subtype\";s:7:\"classic\";s:4:\"tags\";s:27:\"[\"Photography\",\"portfolio\"]\";s:10:\"menu_order\";i:0;s:16:\"popularity_index\";i:633;s:11:\"trend_index\";i:638;s:6:\"is_pro\";s:1:\"1\";s:17:\"has_page_settings\";s:1:\"1\";}i:364;a:14:{s:2:\"id\";i:9254;s:5:\"title\";s:17:\"product archive 3\";s:9:\"thumbnail\";s:82:\"https://library.elementor.com/wp-content/uploads/2018/07/product-archive-350-3.png\";s:12:\"tmpl_created\";i:1532954032;s:6:\"author\";s:9:\"Elementor\";s:3:\"url\";s:114:\"https://library.elementor.com/blocks/product-archive-3/?utm_source=library&utm_medium=wp-dash&utm_campaign=preview\";s:4:\"type\";s:5:\"block\";s:7:\"subtype\";s:15:\"product archive\";s:4:\"tags\";s:2:\"[]\";s:10:\"menu_order\";i:0;s:16:\"popularity_index\";i:83;s:11:\"trend_index\";i:46;s:6:\"is_pro\";s:1:\"1\";s:17:\"has_page_settings\";s:1:\"0\";}i:365;a:14:{s:2:\"id\";i:9301;s:5:\"title\";s:13:\"Single Post 4\";s:9:\"thumbnail\";s:65:\"https://library.elementor.com/wp-content/uploads/2018/09/3003.jpg\";s:12:\"tmpl_created\";i:1537440661;s:6:\"author\";s:9:\"Elementor\";s:3:\"url\";s:110:\"https://library.elementor.com/blocks/single-post-4/?utm_source=library&utm_medium=wp-dash&utm_campaign=preview\";s:4:\"type\";s:5:\"block\";s:7:\"subtype\";s:11:\"single post\";s:4:\"tags\";s:2:\"[]\";s:10:\"menu_order\";i:0;s:16:\"popularity_index\";i:235;s:11:\"trend_index\";i:482;s:6:\"is_pro\";s:1:\"1\";s:17:\"has_page_settings\";s:1:\"1\";}i:366;a:14:{s:2:\"id\";i:9296;s:5:\"title\";s:13:\"Single Post 3\";s:9:\"thumbnail\";s:65:\"https://library.elementor.com/wp-content/uploads/2018/09/3002.jpg\";s:12:\"tmpl_created\";i:1537440673;s:6:\"author\";s:9:\"Elementor\";s:3:\"url\";s:110:\"https://library.elementor.com/blocks/single-post-3/?utm_source=library&utm_medium=wp-dash&utm_campaign=preview\";s:4:\"type\";s:5:\"block\";s:7:\"subtype\";s:11:\"single post\";s:4:\"tags\";s:2:\"[]\";s:10:\"menu_order\";i:0;s:16:\"popularity_index\";i:213;s:11:\"trend_index\";i:264;s:6:\"is_pro\";s:1:\"1\";s:17:\"has_page_settings\";s:1:\"1\";}i:367;a:14:{s:2:\"id\";i:9313;s:5:\"title\";s:13:\"Single Post 5\";s:9:\"thumbnail\";s:65:\"https://library.elementor.com/wp-content/uploads/2018/09/3001.jpg\";s:12:\"tmpl_created\";i:1537440798;s:6:\"author\";s:9:\"Elementor\";s:3:\"url\";s:110:\"https://library.elementor.com/blocks/single-post-5/?utm_source=library&utm_medium=wp-dash&utm_campaign=preview\";s:4:\"type\";s:5:\"block\";s:7:\"subtype\";s:11:\"single post\";s:4:\"tags\";s:2:\"[]\";s:10:\"menu_order\";i:0;s:16:\"popularity_index\";i:189;s:11:\"trend_index\";i:231;s:6:\"is_pro\";s:1:\"1\";s:17:\"has_page_settings\";s:1:\"1\";}i:368;a:14:{s:2:\"id\";i:9343;s:5:\"title\";s:13:\"Single Post 6\";s:9:\"thumbnail\";s:65:\"https://library.elementor.com/wp-content/uploads/2018/09/3004.jpg\";s:12:\"tmpl_created\";i:1537443531;s:6:\"author\";s:9:\"Elementor\";s:3:\"url\";s:110:\"https://library.elementor.com/blocks/single-post-6/?utm_source=library&utm_medium=wp-dash&utm_campaign=preview\";s:4:\"type\";s:5:\"block\";s:7:\"subtype\";s:11:\"single post\";s:4:\"tags\";s:2:\"[]\";s:10:\"menu_order\";i:0;s:16:\"popularity_index\";i:223;s:11:\"trend_index\";i:273;s:6:\"is_pro\";s:1:\"1\";s:17:\"has_page_settings\";s:1:\"1\";}i:369;a:14:{s:2:\"id\";i:9349;s:5:\"title\";s:13:\"Single Post 7\";s:9:\"thumbnail\";s:65:\"https://library.elementor.com/wp-content/uploads/2018/09/3005.jpg\";s:12:\"tmpl_created\";i:1537443903;s:6:\"author\";s:9:\"Elementor\";s:3:\"url\";s:110:\"https://library.elementor.com/blocks/single-post-7/?utm_source=library&utm_medium=wp-dash&utm_campaign=preview\";s:4:\"type\";s:5:\"block\";s:7:\"subtype\";s:11:\"single post\";s:4:\"tags\";s:2:\"[]\";s:10:\"menu_order\";i:0;s:16:\"popularity_index\";i:151;s:11:\"trend_index\";i:205;s:6:\"is_pro\";s:1:\"1\";s:17:\"has_page_settings\";s:1:\"1\";}i:370;a:14:{s:2:\"id\";i:4690;s:5:\"title\";s:6:\"Team 7\";s:9:\"thumbnail\";s:73:\"https://library.elementor.com/wp-content/uploads/2018/03/team_white_1.png\";s:12:\"tmpl_created\";i:1520443348;s:6:\"author\";s:9:\"Elementor\";s:3:\"url\";s:103:\"https://library.elementor.com/blocks/team-7/?utm_source=library&utm_medium=wp-dash&utm_campaign=preview\";s:4:\"type\";s:5:\"block\";s:7:\"subtype\";s:4:\"team\";s:4:\"tags\";s:8:\"[\"team\"]\";s:10:\"menu_order\";i:0;s:16:\"popularity_index\";i:234;s:11:\"trend_index\";i:256;s:6:\"is_pro\";s:1:\"0\";s:17:\"has_page_settings\";s:1:\"0\";}i:371;a:14:{s:2:\"id\";i:4698;s:5:\"title\";s:7:\"Team 15\";s:9:\"thumbnail\";s:73:\"https://library.elementor.com/wp-content/uploads/2018/03/team_black_1.png\";s:12:\"tmpl_created\";i:1520443350;s:6:\"author\";s:9:\"Elementor\";s:3:\"url\";s:104:\"https://library.elementor.com/blocks/team-15/?utm_source=library&utm_medium=wp-dash&utm_campaign=preview\";s:4:\"type\";s:5:\"block\";s:7:\"subtype\";s:4:\"team\";s:4:\"tags\";s:8:\"[\"team\"]\";s:10:\"menu_order\";i:0;s:16:\"popularity_index\";i:421;s:11:\"trend_index\";i:390;s:6:\"is_pro\";s:1:\"0\";s:17:\"has_page_settings\";s:1:\"0\";}i:372;a:14:{s:2:\"id\";i:4706;s:5:\"title\";s:6:\"Team 5\";s:9:\"thumbnail\";s:73:\"https://library.elementor.com/wp-content/uploads/2018/03/team_white_2.png\";s:12:\"tmpl_created\";i:1520443352;s:6:\"author\";s:9:\"Elementor\";s:3:\"url\";s:103:\"https://library.elementor.com/blocks/team-5/?utm_source=library&utm_medium=wp-dash&utm_campaign=preview\";s:4:\"type\";s:5:\"block\";s:7:\"subtype\";s:4:\"team\";s:4:\"tags\";s:8:\"[\"team\"]\";s:10:\"menu_order\";i:0;s:16:\"popularity_index\";i:144;s:11:\"trend_index\";i:210;s:6:\"is_pro\";s:1:\"0\";s:17:\"has_page_settings\";s:1:\"0\";}i:373;a:14:{s:2:\"id\";i:4718;s:5:\"title\";s:6:\"Team 4\";s:9:\"thumbnail\";s:73:\"https://library.elementor.com/wp-content/uploads/2018/03/team_white_3.png\";s:12:\"tmpl_created\";i:1520443354;s:6:\"author\";s:9:\"Elementor\";s:3:\"url\";s:103:\"https://library.elementor.com/blocks/team-4/?utm_source=library&utm_medium=wp-dash&utm_campaign=preview\";s:4:\"type\";s:5:\"block\";s:7:\"subtype\";s:4:\"team\";s:4:\"tags\";s:8:\"[\"team\"]\";s:10:\"menu_order\";i:0;s:16:\"popularity_index\";i:186;s:11:\"trend_index\";i:280;s:6:\"is_pro\";s:1:\"0\";s:17:\"has_page_settings\";s:1:\"0\";}i:374;a:14:{s:2:\"id\";i:4727;s:5:\"title\";s:7:\"Team 13\";s:9:\"thumbnail\";s:73:\"https://library.elementor.com/wp-content/uploads/2018/03/team_black_2.png\";s:12:\"tmpl_created\";i:1520443356;s:6:\"author\";s:9:\"Elementor\";s:3:\"url\";s:104:\"https://library.elementor.com/blocks/team-13/?utm_source=library&utm_medium=wp-dash&utm_campaign=preview\";s:4:\"type\";s:5:\"block\";s:7:\"subtype\";s:4:\"team\";s:4:\"tags\";s:8:\"[\"team\"]\";s:10:\"menu_order\";i:0;s:16:\"popularity_index\";i:370;s:11:\"trend_index\";i:590;s:6:\"is_pro\";s:1:\"0\";s:17:\"has_page_settings\";s:1:\"0\";}i:375;a:14:{s:2:\"id\";i:4736;s:5:\"title\";s:7:\"Team 20\";s:9:\"thumbnail\";s:73:\"https://library.elementor.com/wp-content/uploads/2018/03/team_white_4.png\";s:12:\"tmpl_created\";i:1520443358;s:6:\"author\";s:9:\"Elementor\";s:3:\"url\";s:104:\"https://library.elementor.com/blocks/team-20/?utm_source=library&utm_medium=wp-dash&utm_campaign=preview\";s:4:\"type\";s:5:\"block\";s:7:\"subtype\";s:4:\"team\";s:4:\"tags\";s:8:\"[\"team\"]\";s:10:\"menu_order\";i:0;s:16:\"popularity_index\";i:142;s:11:\"trend_index\";i:166;s:6:\"is_pro\";s:1:\"0\";s:17:\"has_page_settings\";s:1:\"0\";}i:376;a:14:{s:2:\"id\";i:4746;s:5:\"title\";s:7:\"Team 23\";s:9:\"thumbnail\";s:73:\"https://library.elementor.com/wp-content/uploads/2018/03/team_black_4.png\";s:12:\"tmpl_created\";i:1520443360;s:6:\"author\";s:9:\"Elementor\";s:3:\"url\";s:104:\"https://library.elementor.com/blocks/team-23/?utm_source=library&utm_medium=wp-dash&utm_campaign=preview\";s:4:\"type\";s:5:\"block\";s:7:\"subtype\";s:4:\"team\";s:4:\"tags\";s:8:\"[\"team\"]\";s:10:\"menu_order\";i:0;s:16:\"popularity_index\";i:273;s:11:\"trend_index\";i:386;s:6:\"is_pro\";s:1:\"0\";s:17:\"has_page_settings\";s:1:\"0\";}i:377;a:14:{s:2:\"id\";i:4759;s:5:\"title\";s:7:\"Team 22\";s:9:\"thumbnail\";s:73:\"https://library.elementor.com/wp-content/uploads/2018/03/team_white_5.png\";s:12:\"tmpl_created\";i:1520443362;s:6:\"author\";s:9:\"Elementor\";s:3:\"url\";s:104:\"https://library.elementor.com/blocks/team-22/?utm_source=library&utm_medium=wp-dash&utm_campaign=preview\";s:4:\"type\";s:5:\"block\";s:7:\"subtype\";s:4:\"team\";s:4:\"tags\";s:8:\"[\"team\"]\";s:10:\"menu_order\";i:0;s:16:\"popularity_index\";i:295;s:11:\"trend_index\";i:317;s:6:\"is_pro\";s:1:\"1\";s:17:\"has_page_settings\";s:1:\"0\";}i:378;a:14:{s:2:\"id\";i:4770;s:5:\"title\";s:7:\"Team 12\";s:9:\"thumbnail\";s:73:\"https://library.elementor.com/wp-content/uploads/2018/03/team_white_6.png\";s:12:\"tmpl_created\";i:1520443364;s:6:\"author\";s:9:\"Elementor\";s:3:\"url\";s:106:\"https://library.elementor.com/blocks/team-12-2/?utm_source=library&utm_medium=wp-dash&utm_campaign=preview\";s:4:\"type\";s:5:\"block\";s:7:\"subtype\";s:4:\"team\";s:4:\"tags\";s:8:\"[\"team\"]\";s:10:\"menu_order\";i:0;s:16:\"popularity_index\";i:412;s:11:\"trend_index\";i:393;s:6:\"is_pro\";s:1:\"1\";s:17:\"has_page_settings\";s:1:\"0\";}i:379;a:14:{s:2:\"id\";i:4781;s:5:\"title\";s:7:\"Team 16\";s:9:\"thumbnail\";s:73:\"https://library.elementor.com/wp-content/uploads/2018/03/team_white_7.png\";s:12:\"tmpl_created\";i:1520443365;s:6:\"author\";s:9:\"Elementor\";s:3:\"url\";s:104:\"https://library.elementor.com/blocks/team-16/?utm_source=library&utm_medium=wp-dash&utm_campaign=preview\";s:4:\"type\";s:5:\"block\";s:7:\"subtype\";s:4:\"team\";s:4:\"tags\";s:8:\"[\"team\"]\";s:10:\"menu_order\";i:0;s:16:\"popularity_index\";i:265;s:11:\"trend_index\";i:409;s:6:\"is_pro\";s:1:\"1\";s:17:\"has_page_settings\";s:1:\"0\";}i:380;a:14:{s:2:\"id\";i:9611;s:5:\"title\";s:16:\"Hello Bar | Sale\";s:9:\"thumbnail\";s:82:\"https://library.elementor.com/wp-content/uploads/2019/01/Top-Bar_Sale_small_01.png\";s:12:\"tmpl_created\";i:1546965350;s:6:\"author\";s:9:\"Elementor\";s:3:\"url\";s:114:\"https://library.elementor.com/popups/hello-bar-sale-01/?utm_source=library&utm_medium=wp-dash&utm_campaign=preview\";s:4:\"type\";s:5:\"popup\";s:7:\"subtype\";s:9:\"hello bar\";s:4:\"tags\";s:2:\"[]\";s:10:\"menu_order\";i:0;s:16:\"popularity_index\";i:589;s:11:\"trend_index\";i:653;s:6:\"is_pro\";s:1:\"1\";s:17:\"has_page_settings\";s:1:\"1\";}i:381;a:14:{s:2:\"id\";i:13274;s:5:\"title\";s:38:\"Interior Design &#8211; Single Project\";s:9:\"thumbnail\";s:76:\"https://library.elementor.com/wp-content/uploads/2020/04/Single-Project-.png\";s:12:\"tmpl_created\";i:1586148723;s:6:\"author\";s:9:\"Elementor\";s:3:\"url\";s:127:\"https://library.elementor.com/blocks/interior-design-single-project/?utm_source=library&utm_medium=wp-dash&utm_campaign=preview\";s:4:\"type\";s:5:\"block\";s:7:\"subtype\";s:11:\"single post\";s:4:\"tags\";s:30:\"[\"business\",\"interior design\"]\";s:10:\"menu_order\";i:0;s:16:\"popularity_index\";i:624;s:11:\"trend_index\";i:477;s:6:\"is_pro\";s:1:\"1\";s:17:\"has_page_settings\";s:1:\"0\";}i:382;a:14:{s:2:\"id\";i:4793;s:5:\"title\";s:7:\"Team 18\";s:9:\"thumbnail\";s:73:\"https://library.elementor.com/wp-content/uploads/2018/03/team_white_8.png\";s:12:\"tmpl_created\";i:1520443367;s:6:\"author\";s:9:\"Elementor\";s:3:\"url\";s:104:\"https://library.elementor.com/blocks/team-18/?utm_source=library&utm_medium=wp-dash&utm_campaign=preview\";s:4:\"type\";s:5:\"block\";s:7:\"subtype\";s:4:\"team\";s:4:\"tags\";s:8:\"[\"team\"]\";s:10:\"menu_order\";i:0;s:16:\"popularity_index\";i:204;s:11:\"trend_index\";i:350;s:6:\"is_pro\";s:1:\"0\";s:17:\"has_page_settings\";s:1:\"0\";}i:383;a:14:{s:2:\"id\";i:9622;s:5:\"title\";s:19:\"Classic | Promotion\";s:9:\"thumbnail\";s:87:\"https://library.elementor.com/wp-content/uploads/2019/01/classic_promotion_small_02.png\";s:12:\"tmpl_created\";i:1546965896;s:6:\"author\";s:9:\"Elementor\";s:3:\"url\";s:117:\"https://library.elementor.com/popups/classic-promotion-02/?utm_source=library&utm_medium=wp-dash&utm_campaign=preview\";s:4:\"type\";s:5:\"popup\";s:7:\"subtype\";s:7:\"classic\";s:4:\"tags\";s:2:\"[]\";s:10:\"menu_order\";i:0;s:16:\"popularity_index\";i:592;s:11:\"trend_index\";i:557;s:6:\"is_pro\";s:1:\"1\";s:17:\"has_page_settings\";s:1:\"1\";}i:384;a:14:{s:2:\"id\";i:13267;s:5:\"title\";s:35:\"Interior Design &#8211; Single News\";s:9:\"thumbnail\";s:65:\"https://library.elementor.com/wp-content/uploads/2020/04/Post.png\";s:12:\"tmpl_created\";i:1586148728;s:6:\"author\";s:9:\"Elementor\";s:3:\"url\";s:124:\"https://library.elementor.com/blocks/interior-design-single-news/?utm_source=library&utm_medium=wp-dash&utm_campaign=preview\";s:4:\"type\";s:5:\"block\";s:7:\"subtype\";s:11:\"single post\";s:4:\"tags\";s:30:\"[\"business\",\"interior design\"]\";s:10:\"menu_order\";i:0;s:16:\"popularity_index\";i:502;s:11:\"trend_index\";i:292;s:6:\"is_pro\";s:1:\"1\";s:17:\"has_page_settings\";s:1:\"0\";}i:385;a:14:{s:2:\"id\";i:4801;s:5:\"title\";s:7:\"Team 11\";s:9:\"thumbnail\";s:73:\"https://library.elementor.com/wp-content/uploads/2018/03/team_black_8.png\";s:12:\"tmpl_created\";i:1520443369;s:6:\"author\";s:9:\"Elementor\";s:3:\"url\";s:104:\"https://library.elementor.com/blocks/team-11/?utm_source=library&utm_medium=wp-dash&utm_campaign=preview\";s:4:\"type\";s:5:\"block\";s:7:\"subtype\";s:4:\"team\";s:4:\"tags\";s:8:\"[\"team\"]\";s:10:\"menu_order\";i:0;s:16:\"popularity_index\";i:337;s:11:\"trend_index\";i:498;s:6:\"is_pro\";s:1:\"0\";s:17:\"has_page_settings\";s:1:\"0\";}i:386;a:14:{s:2:\"id\";i:9631;s:5:\"title\";s:38:\"Slide-in | Sale | Register | Subscribe\";s:9:\"thumbnail\";s:83:\"https://library.elementor.com/wp-content/uploads/2019/01/Slide-in_Sale_small_01.png\";s:12:\"tmpl_created\";i:1546968270;s:6:\"author\";s:9:\"Elementor\";s:3:\"url\";s:113:\"https://library.elementor.com/popups/slide-in-sale-01/?utm_source=library&utm_medium=wp-dash&utm_campaign=preview\";s:4:\"type\";s:5:\"popup\";s:7:\"subtype\";s:8:\"slide-in\";s:4:\"tags\";s:2:\"[]\";s:10:\"menu_order\";i:0;s:16:\"popularity_index\";i:631;s:11:\"trend_index\";i:696;s:6:\"is_pro\";s:1:\"1\";s:17:\"has_page_settings\";s:1:\"1\";}i:387;a:14:{s:2:\"id\";i:13259;s:5:\"title\";s:36:\"Interior Design &#8211; News Archive\";s:9:\"thumbnail\";s:72:\"https://library.elementor.com/wp-content/uploads/2020/04/Archiv-Blog.png\";s:12:\"tmpl_created\";i:1586148733;s:6:\"author\";s:9:\"Elementor\";s:3:\"url\";s:125:\"https://library.elementor.com/blocks/interior-design-news-archive/?utm_source=library&utm_medium=wp-dash&utm_campaign=preview\";s:4:\"type\";s:5:\"block\";s:7:\"subtype\";s:7:\"archive\";s:4:\"tags\";s:30:\"[\"business\",\"interior design\"]\";s:10:\"menu_order\";i:0;s:16:\"popularity_index\";i:471;s:11:\"trend_index\";i:237;s:6:\"is_pro\";s:1:\"1\";s:17:\"has_page_settings\";s:1:\"0\";}i:388;a:14:{s:2:\"id\";i:4809;s:5:\"title\";s:7:\"Team 19\";s:9:\"thumbnail\";s:73:\"https://library.elementor.com/wp-content/uploads/2018/03/team_white_9.png\";s:12:\"tmpl_created\";i:1520443371;s:6:\"author\";s:9:\"Elementor\";s:3:\"url\";s:104:\"https://library.elementor.com/blocks/team-19/?utm_source=library&utm_medium=wp-dash&utm_campaign=preview\";s:4:\"type\";s:5:\"block\";s:7:\"subtype\";s:4:\"team\";s:4:\"tags\";s:8:\"[\"team\"]\";s:10:\"menu_order\";i:0;s:16:\"popularity_index\";i:292;s:11:\"trend_index\";i:428;s:6:\"is_pro\";s:1:\"0\";s:17:\"has_page_settings\";s:1:\"0\";}i:389;a:14:{s:2:\"id\";i:13251;s:5:\"title\";s:27:\"Interior Design &#8211; 404\";s:9:\"thumbnail\";s:64:\"https://library.elementor.com/wp-content/uploads/2020/04/404.png\";s:12:\"tmpl_created\";i:1586148737;s:6:\"author\";s:9:\"Elementor\";s:3:\"url\";s:116:\"https://library.elementor.com/blocks/interior-design-404/?utm_source=library&utm_medium=wp-dash&utm_campaign=preview\";s:4:\"type\";s:5:\"block\";s:7:\"subtype\";s:8:\"404 page\";s:4:\"tags\";s:30:\"[\"business\",\"interior design\"]\";s:10:\"menu_order\";i:0;s:16:\"popularity_index\";i:715;s:11:\"trend_index\";i:636;s:6:\"is_pro\";s:1:\"1\";s:17:\"has_page_settings\";s:1:\"0\";}i:390;a:14:{s:2:\"id\";i:4818;s:5:\"title\";s:7:\"Team 21\";s:9:\"thumbnail\";s:73:\"https://library.elementor.com/wp-content/uploads/2018/03/team_black_9.png\";s:12:\"tmpl_created\";i:1520443373;s:6:\"author\";s:9:\"Elementor\";s:3:\"url\";s:104:\"https://library.elementor.com/blocks/team-21/?utm_source=library&utm_medium=wp-dash&utm_campaign=preview\";s:4:\"type\";s:5:\"block\";s:7:\"subtype\";s:4:\"team\";s:4:\"tags\";s:8:\"[\"team\"]\";s:10:\"menu_order\";i:0;s:16:\"popularity_index\";i:495;s:11:\"trend_index\";i:624;s:6:\"is_pro\";s:1:\"0\";s:17:\"has_page_settings\";s:1:\"0\";}i:391;a:14:{s:2:\"id\";i:13244;s:5:\"title\";s:30:\"Interior Design &#8211; Footer\";s:9:\"thumbnail\";s:67:\"https://library.elementor.com/wp-content/uploads/2020/04/Footer.png\";s:12:\"tmpl_created\";i:1586148742;s:6:\"author\";s:9:\"Elementor\";s:3:\"url\";s:119:\"https://library.elementor.com/blocks/interior-design-footer/?utm_source=library&utm_medium=wp-dash&utm_campaign=preview\";s:4:\"type\";s:5:\"block\";s:7:\"subtype\";s:6:\"footer\";s:4:\"tags\";s:39:\"[\"business\",\"footer\",\"interior design\"]\";s:10:\"menu_order\";i:0;s:16:\"popularity_index\";i:344;s:11:\"trend_index\";i:126;s:6:\"is_pro\";s:1:\"1\";s:17:\"has_page_settings\";s:1:\"0\";}i:392;a:14:{s:2:\"id\";i:5045;s:5:\"title\";s:11:\"Portfolio 3\";s:9:\"thumbnail\";s:78:\"https://library.elementor.com/wp-content/uploads/2018/03/portfolio_black_2.png\";s:12:\"tmpl_created\";i:1520443423;s:6:\"author\";s:9:\"Elementor\";s:3:\"url\";s:108:\"https://library.elementor.com/blocks/portfolio-3/?utm_source=library&utm_medium=wp-dash&utm_campaign=preview\";s:4:\"type\";s:5:\"block\";s:7:\"subtype\";s:9:\"portfolio\";s:4:\"tags\";s:13:\"[\"portfolio\"]\";s:10:\"menu_order\";i:0;s:16:\"popularity_index\";i:610;s:11:\"trend_index\";i:658;s:6:\"is_pro\";s:1:\"1\";s:17:\"has_page_settings\";s:1:\"0\";}i:393;a:14:{s:2:\"id\";i:9662;s:5:\"title\";s:33:\"Bottom Bar | Register | Subscribe\";s:9:\"thumbnail\";s:89:\"https://library.elementor.com/wp-content/uploads/2019/01/Bottom-Bar_Register_small_01.png\";s:12:\"tmpl_created\";i:1547009087;s:6:\"author\";s:9:\"Elementor\";s:3:\"url\";s:119:\"https://library.elementor.com/popups/bottom-bar-register-01/?utm_source=library&utm_medium=wp-dash&utm_campaign=preview\";s:4:\"type\";s:5:\"popup\";s:7:\"subtype\";s:10:\"bottom bar\";s:4:\"tags\";s:2:\"[]\";s:10:\"menu_order\";i:0;s:16:\"popularity_index\";i:663;s:11:\"trend_index\";i:568;s:6:\"is_pro\";s:1:\"1\";s:17:\"has_page_settings\";s:1:\"1\";}i:394;a:14:{s:2:\"id\";i:13236;s:5:\"title\";s:30:\"Interior Design &#8211; Header\";s:9:\"thumbnail\";s:83:\"https://library.elementor.com/wp-content/uploads/2020/06/Header-interior-design.png\";s:12:\"tmpl_created\";i:1586148746;s:6:\"author\";s:9:\"Elementor\";s:3:\"url\";s:119:\"https://library.elementor.com/blocks/interior-design-header/?utm_source=library&utm_medium=wp-dash&utm_campaign=preview\";s:4:\"type\";s:5:\"block\";s:7:\"subtype\";s:6:\"header\";s:4:\"tags\";s:39:\"[\"business\",\"header\",\"interior design\"]\";s:10:\"menu_order\";i:0;s:16:\"popularity_index\";i:172;s:11:\"trend_index\";i:30;s:6:\"is_pro\";s:1:\"1\";s:17:\"has_page_settings\";s:1:\"0\";}i:395;a:14:{s:2:\"id\";i:5157;s:5:\"title\";s:11:\"Subscribe 1\";s:9:\"thumbnail\";s:78:\"https://library.elementor.com/wp-content/uploads/2018/03/subscribe_white_1.png\";s:12:\"tmpl_created\";i:1520443448;s:6:\"author\";s:9:\"Elementor\";s:3:\"url\";s:108:\"https://library.elementor.com/blocks/subscribe-1/?utm_source=library&utm_medium=wp-dash&utm_campaign=preview\";s:4:\"type\";s:5:\"block\";s:7:\"subtype\";s:9:\"subscribe\";s:4:\"tags\";s:20:\"[\"form\",\"subscribe\"]\";s:10:\"menu_order\";i:0;s:16:\"popularity_index\";i:333;s:11:\"trend_index\";i:330;s:6:\"is_pro\";s:1:\"1\";s:17:\"has_page_settings\";s:1:\"0\";}i:396;a:14:{s:2:\"id\";i:13281;s:5:\"title\";s:37:\"Hello Bar | Contact | Interior Design\";s:9:\"thumbnail\";s:66:\"https://library.elementor.com/wp-content/uploads/2020/04/PopUp.png\";s:12:\"tmpl_created\";i:1586148801;s:6:\"author\";s:9:\"Elementor\";s:3:\"url\";s:130:\"https://library.elementor.com/popups/hello-bar-contact-interior-design/?utm_source=library&utm_medium=wp-dash&utm_campaign=preview\";s:4:\"type\";s:5:\"popup\";s:7:\"subtype\";s:9:\"hello bar\";s:4:\"tags\";s:19:\"[\"interior design\"]\";s:10:\"menu_order\";i:0;s:16:\"popularity_index\";i:744;s:11:\"trend_index\";i:761;s:6:\"is_pro\";s:1:\"1\";s:17:\"has_page_settings\";s:1:\"1\";}i:397;a:14:{s:2:\"id\";i:5165;s:5:\"title\";s:11:\"Subscribe 3\";s:9:\"thumbnail\";s:78:\"https://library.elementor.com/wp-content/uploads/2018/03/subscribe_black_1.png\";s:12:\"tmpl_created\";i:1520443450;s:6:\"author\";s:9:\"Elementor\";s:3:\"url\";s:108:\"https://library.elementor.com/blocks/subscribe-3/?utm_source=library&utm_medium=wp-dash&utm_campaign=preview\";s:4:\"type\";s:5:\"block\";s:7:\"subtype\";s:9:\"subscribe\";s:4:\"tags\";s:20:\"[\"form\",\"subscribe\"]\";s:10:\"menu_order\";i:0;s:16:\"popularity_index\";i:513;s:11:\"trend_index\";i:524;s:6:\"is_pro\";s:1:\"1\";s:17:\"has_page_settings\";s:1:\"0\";}i:398;a:14:{s:2:\"id\";i:5173;s:5:\"title\";s:11:\"Subscribe 5\";s:9:\"thumbnail\";s:78:\"https://library.elementor.com/wp-content/uploads/2018/03/subscribe_white_2.png\";s:12:\"tmpl_created\";i:1520443452;s:6:\"author\";s:9:\"Elementor\";s:3:\"url\";s:108:\"https://library.elementor.com/blocks/subscribe-5/?utm_source=library&utm_medium=wp-dash&utm_campaign=preview\";s:4:\"type\";s:5:\"block\";s:7:\"subtype\";s:9:\"subscribe\";s:4:\"tags\";s:20:\"[\"form\",\"subscribe\"]\";s:10:\"menu_order\";i:0;s:16:\"popularity_index\";i:264;s:11:\"trend_index\";i:272;s:6:\"is_pro\";s:1:\"1\";s:17:\"has_page_settings\";s:1:\"0\";}i:399;a:14:{s:2:\"id\";i:9690;s:5:\"title\";s:17:\"Classic | Contact\";s:9:\"thumbnail\";s:85:\"https://library.elementor.com/wp-content/uploads/2019/01/Classic_Contact_small_01.png\";s:12:\"tmpl_created\";i:1547011716;s:6:\"author\";s:9:\"Elementor\";s:3:\"url\";s:115:\"https://library.elementor.com/popups/classic-contact-01/?utm_source=library&utm_medium=wp-dash&utm_campaign=preview\";s:4:\"type\";s:5:\"popup\";s:7:\"subtype\";s:7:\"classic\";s:4:\"tags\";s:2:\"[]\";s:10:\"menu_order\";i:0;s:16:\"popularity_index\";i:380;s:11:\"trend_index\";i:438;s:6:\"is_pro\";s:1:\"1\";s:17:\"has_page_settings\";s:1:\"1\";}i:400;a:14:{s:2:\"id\";i:5181;s:5:\"title\";s:11:\"Subscribe 2\";s:9:\"thumbnail\";s:78:\"https://library.elementor.com/wp-content/uploads/2018/03/subscribe_black_2.png\";s:12:\"tmpl_created\";i:1520443454;s:6:\"author\";s:9:\"Elementor\";s:3:\"url\";s:110:\"https://library.elementor.com/blocks/subscribe-2-2/?utm_source=library&utm_medium=wp-dash&utm_campaign=preview\";s:4:\"type\";s:5:\"block\";s:7:\"subtype\";s:9:\"subscribe\";s:4:\"tags\";s:20:\"[\"form\",\"subscribe\"]\";s:10:\"menu_order\";i:0;s:16:\"popularity_index\";i:444;s:11:\"trend_index\";i:488;s:6:\"is_pro\";s:1:\"1\";s:17:\"has_page_settings\";s:1:\"0\";}i:401;a:14:{s:2:\"id\";i:9699;s:5:\"title\";s:33:\"Classic | Contact | Gym | Fitness\";s:9:\"thumbnail\";s:85:\"https://library.elementor.com/wp-content/uploads/2019/01/Classic_Contact_small_02.png\";s:12:\"tmpl_created\";i:1547015827;s:6:\"author\";s:9:\"Elementor\";s:3:\"url\";s:115:\"https://library.elementor.com/popups/classic-contact-02/?utm_source=library&utm_medium=wp-dash&utm_campaign=preview\";s:4:\"type\";s:5:\"popup\";s:7:\"subtype\";s:7:\"classic\";s:4:\"tags\";s:2:\"[]\";s:10:\"menu_order\";i:0;s:16:\"popularity_index\";i:462;s:11:\"trend_index\";i:576;s:6:\"is_pro\";s:1:\"1\";s:17:\"has_page_settings\";s:1:\"1\";}i:402;a:14:{s:2:\"id\";i:5189;s:5:\"title\";s:6:\"CTA 29\";s:9:\"thumbnail\";s:73:\"https://library.elementor.com/wp-content/uploads/2018/03/form_white_1.png\";s:12:\"tmpl_created\";i:1520443456;s:6:\"author\";s:9:\"Elementor\";s:3:\"url\";s:103:\"https://library.elementor.com/blocks/cta-29/?utm_source=library&utm_medium=wp-dash&utm_campaign=preview\";s:4:\"type\";s:5:\"block\";s:7:\"subtype\";s:14:\"call to action\";s:4:\"tags\";s:8:\"[\"form\"]\";s:10:\"menu_order\";i:0;s:16:\"popularity_index\";i:456;s:11:\"trend_index\";i:502;s:6:\"is_pro\";s:1:\"1\";s:17:\"has_page_settings\";s:1:\"0\";}i:403;a:14:{s:2:\"id\";i:5198;s:5:\"title\";s:6:\"CTA 30\";s:9:\"thumbnail\";s:73:\"https://library.elementor.com/wp-content/uploads/2018/03/form_black_1.png\";s:12:\"tmpl_created\";i:1520443458;s:6:\"author\";s:9:\"Elementor\";s:3:\"url\";s:103:\"https://library.elementor.com/blocks/cta-30/?utm_source=library&utm_medium=wp-dash&utm_campaign=preview\";s:4:\"type\";s:5:\"block\";s:7:\"subtype\";s:14:\"call to action\";s:4:\"tags\";s:8:\"[\"form\"]\";s:10:\"menu_order\";i:0;s:16:\"popularity_index\";i:554;s:11:\"trend_index\";i:600;s:6:\"is_pro\";s:1:\"1\";s:17:\"has_page_settings\";s:1:\"0\";}i:404;a:14:{s:2:\"id\";i:9571;s:5:\"title\";s:14:\"Fly In | Login\";s:9:\"thumbnail\";s:81:\"https://library.elementor.com/wp-content/uploads/2019/01/FlyIn_Login_01_small.png\";s:12:\"tmpl_created\";i:1547726151;s:6:\"author\";s:9:\"Elementor\";s:3:\"url\";s:112:\"https://library.elementor.com/popups/fly-in-login-01/?utm_source=library&utm_medium=wp-dash&utm_campaign=preview\";s:4:\"type\";s:5:\"popup\";s:7:\"subtype\";s:6:\"fly-in\";s:4:\"tags\";s:2:\"[]\";s:10:\"menu_order\";i:0;s:16:\"popularity_index\";i:608;s:11:\"trend_index\";i:519;s:6:\"is_pro\";s:1:\"1\";s:17:\"has_page_settings\";s:1:\"1\";}i:405;a:14:{s:2:\"id\";i:13395;s:5:\"title\";s:34:\"Online Course &#8211; Start Lesson\";s:9:\"thumbnail\";s:73:\"https://library.elementor.com/wp-content/uploads/2020/04/Lesson-Start.jpg\";s:12:\"tmpl_created\";i:1587474673;s:6:\"author\";s:9:\"Elementor\";s:3:\"url\";s:123:\"https://library.elementor.com/blocks/online-course-start-lesson/?utm_source=library&utm_medium=wp-dash&utm_campaign=preview\";s:4:\"type\";s:5:\"block\";s:7:\"subtype\";s:11:\"single post\";s:4:\"tags\";s:29:\"[\"Course Online\",\"Education\"]\";s:10:\"menu_order\";i:0;s:16:\"popularity_index\";i:662;s:11:\"trend_index\";i:643;s:6:\"is_pro\";s:1:\"1\";s:17:\"has_page_settings\";s:1:\"0\";}i:406;a:14:{s:2:\"id\";i:5206;s:5:\"title\";s:6:\"CTA 31\";s:9:\"thumbnail\";s:73:\"https://library.elementor.com/wp-content/uploads/2018/03/form_black_2.png\";s:12:\"tmpl_created\";i:1520443459;s:6:\"author\";s:9:\"Elementor\";s:3:\"url\";s:103:\"https://library.elementor.com/blocks/cta-31/?utm_source=library&utm_medium=wp-dash&utm_campaign=preview\";s:4:\"type\";s:5:\"block\";s:7:\"subtype\";s:14:\"call to action\";s:4:\"tags\";s:8:\"[\"form\"]\";s:10:\"menu_order\";i:0;s:16:\"popularity_index\";i:575;s:11:\"trend_index\";i:542;s:6:\"is_pro\";s:1:\"1\";s:17:\"has_page_settings\";s:1:\"0\";}i:407;a:14:{s:2:\"id\";i:13387;s:5:\"title\";s:32:\"Online Course &#8211; End Lesson\";s:9:\"thumbnail\";s:72:\"https://library.elementor.com/wp-content/uploads/2020/04/Lesson-End-.jpg\";s:12:\"tmpl_created\";i:1587474682;s:6:\"author\";s:9:\"Elementor\";s:3:\"url\";s:121:\"https://library.elementor.com/blocks/online-course-end-lesson/?utm_source=library&utm_medium=wp-dash&utm_campaign=preview\";s:4:\"type\";s:5:\"block\";s:7:\"subtype\";s:11:\"single post\";s:4:\"tags\";s:29:\"[\"Course Online\",\"Education\"]\";s:10:\"menu_order\";i:0;s:16:\"popularity_index\";i:659;s:11:\"trend_index\";i:433;s:6:\"is_pro\";s:1:\"1\";s:17:\"has_page_settings\";s:1:\"0\";}i:408;a:14:{s:2:\"id\";i:5214;s:5:\"title\";s:10:\"Contact 16\";s:9:\"thumbnail\";s:73:\"https://library.elementor.com/wp-content/uploads/2018/03/form_white_2.png\";s:12:\"tmpl_created\";i:1520443462;s:6:\"author\";s:9:\"Elementor\";s:3:\"url\";s:109:\"https://library.elementor.com/blocks/contact-16-2/?utm_source=library&utm_medium=wp-dash&utm_campaign=preview\";s:4:\"type\";s:5:\"block\";s:7:\"subtype\";s:7:\"contact\";s:4:\"tags\";s:18:\"[\"contact\",\"form\"]\";s:10:\"menu_order\";i:0;s:16:\"popularity_index\";i:199;s:11:\"trend_index\";i:140;s:6:\"is_pro\";s:1:\"1\";s:17:\"has_page_settings\";s:1:\"0\";}i:409;a:14:{s:2:\"id\";i:13378;s:5:\"title\";s:28:\"Online Course &#8211; Header\";s:9:\"thumbnail\";s:92:\"https://library.elementor.com/wp-content/uploads/2020/06/Header-education-online-courses.jpg\";s:12:\"tmpl_created\";i:1587474693;s:6:\"author\";s:9:\"Elementor\";s:3:\"url\";s:117:\"https://library.elementor.com/blocks/online-course-header/?utm_source=library&utm_medium=wp-dash&utm_campaign=preview\";s:4:\"type\";s:5:\"block\";s:7:\"subtype\";s:6:\"header\";s:4:\"tags\";s:38:\"[\"Course Online\",\"Education\",\"header\"]\";s:10:\"menu_order\";i:0;s:16:\"popularity_index\";i:489;s:11:\"trend_index\";i:312;s:6:\"is_pro\";s:1:\"1\";s:17:\"has_page_settings\";s:1:\"0\";}i:410;a:14:{s:2:\"id\";i:5222;s:5:\"title\";s:11:\"Subscribe 4\";s:9:\"thumbnail\";s:78:\"https://library.elementor.com/wp-content/uploads/2018/03/subscribe_black_3.png\";s:12:\"tmpl_created\";i:1520443464;s:6:\"author\";s:9:\"Elementor\";s:3:\"url\";s:108:\"https://library.elementor.com/blocks/subscribe-4/?utm_source=library&utm_medium=wp-dash&utm_campaign=preview\";s:4:\"type\";s:5:\"block\";s:7:\"subtype\";s:9:\"subscribe\";s:4:\"tags\";s:20:\"[\"form\",\"subscribe\"]\";s:10:\"menu_order\";i:0;s:16:\"popularity_index\";i:391;s:11:\"trend_index\";i:412;s:6:\"is_pro\";s:1:\"1\";s:17:\"has_page_settings\";s:1:\"0\";}i:411;a:14:{s:2:\"id\";i:9740;s:5:\"title\";s:25:\"Classic | Promotion | App\";s:9:\"thumbnail\";s:70:\"https://library.elementor.com/wp-content/uploads/2019/01/app_small.png\";s:12:\"tmpl_created\";i:1547822836;s:6:\"author\";s:9:\"Elementor\";s:3:\"url\";s:118:\"https://library.elementor.com/popups/classic-promotion-app/?utm_source=library&utm_medium=wp-dash&utm_campaign=preview\";s:4:\"type\";s:5:\"popup\";s:7:\"subtype\";s:7:\"classic\";s:4:\"tags\";s:2:\"[]\";s:10:\"menu_order\";i:0;s:16:\"popularity_index\";i:601;s:11:\"trend_index\";i:691;s:6:\"is_pro\";s:1:\"1\";s:17:\"has_page_settings\";s:1:\"1\";}i:412;a:14:{s:2:\"id\";i:13369;s:5:\"title\";s:28:\"Online Course &#8211; Footer\";s:9:\"thumbnail\";s:67:\"https://library.elementor.com/wp-content/uploads/2020/04/Footer.jpg\";s:12:\"tmpl_created\";i:1587474701;s:6:\"author\";s:9:\"Elementor\";s:3:\"url\";s:117:\"https://library.elementor.com/blocks/online-course-footer/?utm_source=library&utm_medium=wp-dash&utm_campaign=preview\";s:4:\"type\";s:5:\"block\";s:7:\"subtype\";s:6:\"footer\";s:4:\"tags\";s:38:\"[\"Course Online\",\"Education\",\"footer\"]\";s:10:\"menu_order\";i:0;s:16:\"popularity_index\";i:416;s:11:\"trend_index\";i:193;s:6:\"is_pro\";s:1:\"1\";s:17:\"has_page_settings\";s:1:\"0\";}i:413;a:14:{s:2:\"id\";i:5230;s:5:\"title\";s:10:\"Contact 17\";s:9:\"thumbnail\";s:73:\"https://library.elementor.com/wp-content/uploads/2018/03/form_white_3.png\";s:12:\"tmpl_created\";i:1520443466;s:6:\"author\";s:9:\"Elementor\";s:3:\"url\";s:107:\"https://library.elementor.com/blocks/contact-17/?utm_source=library&utm_medium=wp-dash&utm_campaign=preview\";s:4:\"type\";s:5:\"block\";s:7:\"subtype\";s:7:\"contact\";s:4:\"tags\";s:18:\"[\"contact\",\"form\"]\";s:10:\"menu_order\";i:0;s:16:\"popularity_index\";i:330;s:11:\"trend_index\";i:263;s:6:\"is_pro\";s:1:\"1\";s:17:\"has_page_settings\";s:1:\"0\";}i:414;a:14:{s:2:\"id\";i:13361;s:5:\"title\";s:25:\"Online Course &#8211; 404\";s:9:\"thumbnail\";s:64:\"https://library.elementor.com/wp-content/uploads/2020/04/404.jpg\";s:12:\"tmpl_created\";i:1587474710;s:6:\"author\";s:9:\"Elementor\";s:3:\"url\";s:114:\"https://library.elementor.com/blocks/online-course-404/?utm_source=library&utm_medium=wp-dash&utm_campaign=preview\";s:4:\"type\";s:5:\"block\";s:7:\"subtype\";s:8:\"404 page\";s:4:\"tags\";s:35:\"[\"404\",\"Course Online\",\"Education\"]\";s:10:\"menu_order\";i:0;s:16:\"popularity_index\";i:672;s:11:\"trend_index\";i:474;s:6:\"is_pro\";s:1:\"1\";s:17:\"has_page_settings\";s:1:\"0\";}i:415;a:14:{s:2:\"id\";i:5238;s:5:\"title\";s:7:\"Hero 12\";s:9:\"thumbnail\";s:73:\"https://library.elementor.com/wp-content/uploads/2018/03/form_white_4.png\";s:12:\"tmpl_created\";i:1520443468;s:6:\"author\";s:9:\"Elementor\";s:3:\"url\";s:104:\"https://library.elementor.com/blocks/hero-12/?utm_source=library&utm_medium=wp-dash&utm_campaign=preview\";s:4:\"type\";s:5:\"block\";s:7:\"subtype\";s:4:\"hero\";s:4:\"tags\";s:8:\"[\"hero\"]\";s:10:\"menu_order\";i:0;s:16:\"popularity_index\";i:595;s:11:\"trend_index\";i:625;s:6:\"is_pro\";s:1:\"1\";s:17:\"has_page_settings\";s:1:\"0\";}i:416;a:14:{s:2:\"id\";i:9762;s:5:\"title\";s:36:\"Classic | Register | Subscribe | Spa\";s:9:\"thumbnail\";s:78:\"https://library.elementor.com/wp-content/uploads/2019/01/spa_small_classic.png\";s:12:\"tmpl_created\";i:1547824145;s:6:\"author\";s:9:\"Elementor\";s:3:\"url\";s:127:\"https://library.elementor.com/popups/classic-register-subscribe-spa/?utm_source=library&utm_medium=wp-dash&utm_campaign=preview\";s:4:\"type\";s:5:\"popup\";s:7:\"subtype\";s:7:\"classic\";s:4:\"tags\";s:2:\"[]\";s:10:\"menu_order\";i:0;s:16:\"popularity_index\";i:451;s:11:\"trend_index\";i:403;s:6:\"is_pro\";s:1:\"1\";s:17:\"has_page_settings\";s:1:\"1\";}i:417;a:14:{s:2:\"id\";i:13413;s:5:\"title\";s:33:\"Classic | Contact | Online Course\";s:9:\"thumbnail\";s:71:\"https://library.elementor.com/wp-content/uploads/2020/04/PopUp-Help.jpg\";s:12:\"tmpl_created\";i:1587474761;s:6:\"author\";s:9:\"Elementor\";s:3:\"url\";s:126:\"https://library.elementor.com/popups/classic-contact-online-course/?utm_source=library&utm_medium=wp-dash&utm_campaign=preview\";s:4:\"type\";s:5:\"popup\";s:7:\"subtype\";s:7:\"classic\";s:4:\"tags\";s:29:\"[\"Course Online\",\"Education\"]\";s:10:\"menu_order\";i:0;s:16:\"popularity_index\";i:558;s:11:\"trend_index\";i:391;s:6:\"is_pro\";s:1:\"1\";s:17:\"has_page_settings\";s:1:\"1\";}i:418;a:14:{s:2:\"id\";i:5249;s:5:\"title\";s:6:\"CTA 32\";s:9:\"thumbnail\";s:73:\"https://library.elementor.com/wp-content/uploads/2018/03/form_black_4.png\";s:12:\"tmpl_created\";i:1520443470;s:6:\"author\";s:9:\"Elementor\";s:3:\"url\";s:103:\"https://library.elementor.com/blocks/cta-32/?utm_source=library&utm_medium=wp-dash&utm_campaign=preview\";s:4:\"type\";s:5:\"block\";s:7:\"subtype\";s:14:\"call to action\";s:4:\"tags\";s:8:\"[\"form\"]\";s:10:\"menu_order\";i:0;s:16:\"popularity_index\";i:509;s:11:\"trend_index\";i:646;s:6:\"is_pro\";s:1:\"1\";s:17:\"has_page_settings\";s:1:\"0\";}i:419;a:14:{s:2:\"id\";i:9772;s:5:\"title\";s:27:\"Hello bar | Promotion | App\";s:9:\"thumbnail\";s:76:\"https://library.elementor.com/wp-content/uploads/2019/01/app_hello_small.png\";s:12:\"tmpl_created\";i:1547824279;s:6:\"author\";s:9:\"Elementor\";s:3:\"url\";s:120:\"https://library.elementor.com/popups/hello-bar-promotion-app/?utm_source=library&utm_medium=wp-dash&utm_campaign=preview\";s:4:\"type\";s:5:\"popup\";s:7:\"subtype\";s:9:\"hello bar\";s:4:\"tags\";s:2:\"[]\";s:10:\"menu_order\";i:0;s:16:\"popularity_index\";i:735;s:11:\"trend_index\";i:0;s:6:\"is_pro\";s:1:\"1\";s:17:\"has_page_settings\";s:1:\"1\";}i:420;a:14:{s:2:\"id\";i:13402;s:5:\"title\";s:29:\"Classic | CTA | Online Course\";s:9:\"thumbnail\";s:83:\"https://library.elementor.com/wp-content/uploads/2020/04/Popup-Course-Completed.jpg\";s:12:\"tmpl_created\";i:1587474772;s:6:\"author\";s:9:\"Elementor\";s:3:\"url\";s:122:\"https://library.elementor.com/popups/classic-cta-online-course/?utm_source=library&utm_medium=wp-dash&utm_campaign=preview\";s:4:\"type\";s:5:\"popup\";s:7:\"subtype\";s:7:\"classic\";s:4:\"tags\";s:29:\"[\"Course Online\",\"Education\"]\";s:10:\"menu_order\";i:0;s:16:\"popularity_index\";i:622;s:11:\"trend_index\";i:521;s:6:\"is_pro\";s:1:\"1\";s:17:\"has_page_settings\";s:1:\"1\";}i:421;a:14:{s:2:\"id\";i:5257;s:5:\"title\";s:10:\"Contact 18\";s:9:\"thumbnail\";s:73:\"https://library.elementor.com/wp-content/uploads/2018/03/form_white_5.png\";s:12:\"tmpl_created\";i:1520443472;s:6:\"author\";s:9:\"Elementor\";s:3:\"url\";s:107:\"https://library.elementor.com/blocks/contact-18/?utm_source=library&utm_medium=wp-dash&utm_campaign=preview\";s:4:\"type\";s:5:\"block\";s:7:\"subtype\";s:7:\"contact\";s:4:\"tags\";s:8:\"[\"form\"]\";s:10:\"menu_order\";i:0;s:16:\"popularity_index\";i:423;s:11:\"trend_index\";i:417;s:6:\"is_pro\";s:1:\"1\";s:17:\"has_page_settings\";s:1:\"0\";}i:422;a:14:{s:2:\"id\";i:13422;s:5:\"title\";s:30:\"Classic | Menu | Online Course\";s:9:\"thumbnail\";s:71:\"https://library.elementor.com/wp-content/uploads/2020/04/PopUp-Menu.jpg\";s:12:\"tmpl_created\";i:1587474782;s:6:\"author\";s:9:\"Elementor\";s:3:\"url\";s:123:\"https://library.elementor.com/popups/classic-menu-online-course/?utm_source=library&utm_medium=wp-dash&utm_campaign=preview\";s:4:\"type\";s:5:\"popup\";s:7:\"subtype\";s:7:\"classic\";s:4:\"tags\";s:29:\"[\"Course Online\",\"Education\"]\";s:10:\"menu_order\";i:0;s:16:\"popularity_index\";i:540;s:11:\"trend_index\";i:437;s:6:\"is_pro\";s:1:\"0\";s:17:\"has_page_settings\";s:1:\"1\";}i:423;a:14:{s:2:\"id\";i:5266;s:5:\"title\";s:9:\"Clients 4\";s:9:\"thumbnail\";s:76:\"https://library.elementor.com/wp-content/uploads/2018/03/clients_white_1.png\";s:12:\"tmpl_created\";i:1520443474;s:6:\"author\";s:9:\"Elementor\";s:3:\"url\";s:106:\"https://library.elementor.com/blocks/clients-4/?utm_source=library&utm_medium=wp-dash&utm_campaign=preview\";s:4:\"type\";s:5:\"block\";s:7:\"subtype\";s:7:\"clients\";s:4:\"tags\";s:11:\"[\"clients\"]\";s:10:\"menu_order\";i:0;s:16:\"popularity_index\";i:93;s:11:\"trend_index\";i:124;s:6:\"is_pro\";s:1:\"0\";s:17:\"has_page_settings\";s:1:\"0\";}i:424;a:14:{s:2:\"id\";i:9793;s:5:\"title\";s:13:\"Fly In | Sale\";s:9:\"thumbnail\";s:78:\"https://library.elementor.com/wp-content/uploads/2019/01/flyin_black_small.png\";s:12:\"tmpl_created\";i:1547831151;s:6:\"author\";s:9:\"Elementor\";s:3:\"url\";s:108:\"https://library.elementor.com/popups/fly-in-sale/?utm_source=library&utm_medium=wp-dash&utm_campaign=preview\";s:4:\"type\";s:5:\"popup\";s:7:\"subtype\";s:6:\"fly-in\";s:4:\"tags\";s:2:\"[]\";s:10:\"menu_order\";i:0;s:16:\"popularity_index\";i:643;s:11:\"trend_index\";i:719;s:6:\"is_pro\";s:1:\"1\";s:17:\"has_page_settings\";s:1:\"1\";}i:425;a:14:{s:2:\"id\";i:13621;s:5:\"title\";s:30:\"Barbershop &#8211; Single Post\";s:9:\"thumbnail\";s:72:\"https://library.elementor.com/wp-content/uploads/2020/05/Single-Page.jpg\";s:12:\"tmpl_created\";i:1589893137;s:6:\"author\";s:9:\"Elementor\";s:3:\"url\";s:119:\"https://library.elementor.com/blocks/barbershop-single-post/?utm_source=library&utm_medium=wp-dash&utm_campaign=preview\";s:4:\"type\";s:5:\"block\";s:7:\"subtype\";s:11:\"single post\";s:4:\"tags\";s:28:\"[\"Barber Shop\",\"Barbershop\"]\";s:10:\"menu_order\";i:0;s:16:\"popularity_index\";i:752;s:11:\"trend_index\";i:704;s:6:\"is_pro\";s:1:\"1\";s:17:\"has_page_settings\";s:1:\"1\";}i:426;a:14:{s:2:\"id\";i:5275;s:5:\"title\";s:9:\"Clients 5\";s:9:\"thumbnail\";s:76:\"https://library.elementor.com/wp-content/uploads/2018/03/clients_black_1.png\";s:12:\"tmpl_created\";i:1520443476;s:6:\"author\";s:9:\"Elementor\";s:3:\"url\";s:106:\"https://library.elementor.com/blocks/clients-5/?utm_source=library&utm_medium=wp-dash&utm_campaign=preview\";s:4:\"type\";s:5:\"block\";s:7:\"subtype\";s:7:\"clients\";s:4:\"tags\";s:11:\"[\"clients\"]\";s:10:\"menu_order\";i:0;s:16:\"popularity_index\";i:328;s:11:\"trend_index\";i:408;s:6:\"is_pro\";s:1:\"0\";s:17:\"has_page_settings\";s:1:\"0\";}i:427;a:14:{s:2:\"id\";i:13612;s:5:\"title\";s:25:\"Barbershop &#8211; Header\";s:9:\"thumbnail\";s:79:\"https://library.elementor.com/wp-content/uploads/2020/06/barber-shop-header.jpg\";s:12:\"tmpl_created\";i:1589893142;s:6:\"author\";s:9:\"Elementor\";s:3:\"url\";s:114:\"https://library.elementor.com/blocks/barbershop-header/?utm_source=library&utm_medium=wp-dash&utm_campaign=preview\";s:4:\"type\";s:5:\"block\";s:7:\"subtype\";s:6:\"header\";s:4:\"tags\";s:37:\"[\"Barber Shop\",\"Barbershop\",\"header\"]\";s:10:\"menu_order\";i:0;s:16:\"popularity_index\";i:407;s:11:\"trend_index\";i:310;s:6:\"is_pro\";s:1:\"1\";s:17:\"has_page_settings\";s:1:\"1\";}i:428;a:14:{s:2:\"id\";i:5283;s:5:\"title\";s:9:\"Clients 1\";s:9:\"thumbnail\";s:76:\"https://library.elementor.com/wp-content/uploads/2018/03/clients_white_2.png\";s:12:\"tmpl_created\";i:1520443478;s:6:\"author\";s:9:\"Elementor\";s:3:\"url\";s:108:\"https://library.elementor.com/blocks/clients-1-2/?utm_source=library&utm_medium=wp-dash&utm_campaign=preview\";s:4:\"type\";s:5:\"block\";s:7:\"subtype\";s:7:\"clients\";s:4:\"tags\";s:11:\"[\"clients\"]\";s:10:\"menu_order\";i:0;s:16:\"popularity_index\";i:304;s:11:\"trend_index\";i:343;s:6:\"is_pro\";s:1:\"1\";s:17:\"has_page_settings\";s:1:\"0\";}i:429;a:14:{s:2:\"id\";i:13604;s:5:\"title\";s:25:\"Barbershop &#8211; Footer\";s:9:\"thumbnail\";s:73:\"https://library.elementor.com/wp-content/uploads/2020/05/Footer-Small.jpg\";s:12:\"tmpl_created\";i:1589893147;s:6:\"author\";s:9:\"Elementor\";s:3:\"url\";s:114:\"https://library.elementor.com/blocks/barbershop-footer/?utm_source=library&utm_medium=wp-dash&utm_campaign=preview\";s:4:\"type\";s:5:\"block\";s:7:\"subtype\";s:6:\"footer\";s:4:\"tags\";s:37:\"[\"Barber Shop\",\"Barbershop\",\"footer\"]\";s:10:\"menu_order\";i:0;s:16:\"popularity_index\";i:602;s:11:\"trend_index\";i:518;s:6:\"is_pro\";s:1:\"1\";s:17:\"has_page_settings\";s:1:\"1\";}i:430;a:14:{s:2:\"id\";i:5290;s:5:\"title\";s:9:\"Clients 3\";s:9:\"thumbnail\";s:76:\"https://library.elementor.com/wp-content/uploads/2018/03/clients_black_2.png\";s:12:\"tmpl_created\";i:1520443480;s:6:\"author\";s:9:\"Elementor\";s:3:\"url\";s:108:\"https://library.elementor.com/blocks/clients-3-2/?utm_source=library&utm_medium=wp-dash&utm_campaign=preview\";s:4:\"type\";s:5:\"block\";s:7:\"subtype\";s:7:\"clients\";s:4:\"tags\";s:11:\"[\"clients\"]\";s:10:\"menu_order\";i:0;s:16:\"popularity_index\";i:552;s:11:\"trend_index\";i:510;s:6:\"is_pro\";s:1:\"1\";s:17:\"has_page_settings\";s:1:\"0\";}i:431;a:14:{s:2:\"id\";i:13528;s:5:\"title\";s:22:\"Barbershop &#8211; 404\";s:9:\"thumbnail\";s:69:\"https://library.elementor.com/wp-content/uploads/2020/05/404-Page.jpg\";s:12:\"tmpl_created\";i:1589893152;s:6:\"author\";s:9:\"Elementor\";s:3:\"url\";s:111:\"https://library.elementor.com/blocks/barbershop-404/?utm_source=library&utm_medium=wp-dash&utm_campaign=preview\";s:4:\"type\";s:5:\"block\";s:7:\"subtype\";s:8:\"404 page\";s:4:\"tags\";s:34:\"[\"404\",\"Barber Shop\",\"Barbershop\"]\";s:10:\"menu_order\";i:0;s:16:\"popularity_index\";i:763;s:11:\"trend_index\";i:705;s:6:\"is_pro\";s:1:\"1\";s:17:\"has_page_settings\";s:1:\"1\";}i:432;a:14:{s:2:\"id\";i:5298;s:5:\"title\";s:10:\"Clients 15\";s:9:\"thumbnail\";s:76:\"https://library.elementor.com/wp-content/uploads/2018/03/clients_white_3.png\";s:12:\"tmpl_created\";i:1520443482;s:6:\"author\";s:9:\"Elementor\";s:3:\"url\";s:107:\"https://library.elementor.com/blocks/clients-15/?utm_source=library&utm_medium=wp-dash&utm_campaign=preview\";s:4:\"type\";s:5:\"block\";s:7:\"subtype\";s:7:\"clients\";s:4:\"tags\";s:11:\"[\"clients\"]\";s:10:\"menu_order\";i:0;s:16:\"popularity_index\";i:459;s:11:\"trend_index\";i:458;s:6:\"is_pro\";s:1:\"1\";s:17:\"has_page_settings\";s:1:\"0\";}i:433;a:14:{s:2:\"id\";i:9836;s:5:\"title\";s:21:\"Classic | Login | Pop\";s:9:\"thumbnail\";s:74:\"https://library.elementor.com/wp-content/uploads/2019/01/login_b_small.png\";s:12:\"tmpl_created\";i:1547835635;s:6:\"author\";s:9:\"Elementor\";s:3:\"url\";s:110:\"https://library.elementor.com/popups/classic-login/?utm_source=library&utm_medium=wp-dash&utm_campaign=preview\";s:4:\"type\";s:5:\"popup\";s:7:\"subtype\";s:7:\"classic\";s:4:\"tags\";s:2:\"[]\";s:10:\"menu_order\";i:0;s:16:\"popularity_index\";i:611;s:11:\"trend_index\";i:760;s:6:\"is_pro\";s:1:\"1\";s:17:\"has_page_settings\";s:1:\"1\";}i:434;a:14:{s:2:\"id\";i:13518;s:5:\"title\";s:26:\"Barbershop &#8211; Archive\";s:9:\"thumbnail\";s:70:\"https://library.elementor.com/wp-content/uploads/2020/05/Blog-Page.jpg\";s:12:\"tmpl_created\";i:1589893157;s:6:\"author\";s:9:\"Elementor\";s:3:\"url\";s:115:\"https://library.elementor.com/blocks/barbershop-archive/?utm_source=library&utm_medium=wp-dash&utm_campaign=preview\";s:4:\"type\";s:5:\"block\";s:7:\"subtype\";s:7:\"archive\";s:4:\"tags\";s:28:\"[\"Barber Shop\",\"Barbershop\"]\";s:10:\"menu_order\";i:0;s:16:\"popularity_index\";i:741;s:11:\"trend_index\";i:664;s:6:\"is_pro\";s:1:\"1\";s:17:\"has_page_settings\";s:1:\"1\";}i:435;a:14:{s:2:\"id\";i:5306;s:5:\"title\";s:10:\"Clients 10\";s:9:\"thumbnail\";s:76:\"https://library.elementor.com/wp-content/uploads/2018/03/clients_black_3.pn