-- Table structure for table `wp_bp_activity_meta`
--

CREATE TABLE `wp_bp_activity_meta` (
  `id` bigint(20) NOT NULL AUTO_INCREMENT,
  `activity_id` bigint(20) NOT NULL,
  `meta_key` varchar(255) COLLATE utf8mb4_unicode_ci DEFAULT NULL,
  `meta_value` longtext COLLATE utf8mb4_unicode_ci DEFAULT NULL,
  PRIMARY KEY (`id`),
  KEY `activity_id` (`activity_id`),
  KEY `meta_key` (`meta_key`(191))
) ENGINE=MyISAM AUTO_INCREMENT=293 DEFAULT CHARSET=utf8mb4 COLLATE=utf8mb4_unicode_ci;

--
-- Dumping data for table `wp_bp_activity_meta`
--

INSERT INTO `wp_bp_activity_meta` VALUES (8,228,'post_comment_status','closed'),(7,228,'post_title','TESOL®'),(9,332,'_commission1','0'),(10,332,'_currency1','CAD'),(11,333,'post_title','INTRODUCTION'),(12,346,'post_title','Unit 13'),(16,357,'post_title','WORKSHEET – UNIT 1'),(18,343,'_oembed_508e541aa273390138096b83b2c8400d','<iframe width=\"500\" height=\"281\" src=\"https://www.youtube.com/embed/kKw1j7sZni0?feature=oembed\" frameborder=\"0\" allow=\"accelerometer; autoplay; encrypted-media; gyroscope; picture-in-picture\" allowfullscreen></iframe>'),(19,343,'_oembed_response_508e541aa273390138096b83b2c8400d','O:8:\"stdClass\":13:{s:15:\"thumbnail_width\";i:480;s:4:\"type\";s:5:\"video\";s:4:\"html\";s:217:\"<iframe width=\"500\" height=\"281\" src=\"https://www.youtube.com/embed/kKw1j7sZni0?feature=oembed\" frameborder=\"0\" allow=\"accelerometer; autoplay; encrypted-media; gyroscope; picture-in-picture\" allowfullscreen></iframe>\";s:6:\"height\";i:281;s:11:\"author_name\";s:13:\"Grammaropolis\";s:13:\"provider_name\";s:7:\"YouTube\";s:5:\"width\";i:500;s:5:\"title\";s:50:\"Adverb Song from Grammaropolis - \"Do You Qualify?\"\";s:10:\"author_url\";s:42:\"https://www.youtube.com/user/Grammaropolis\";s:7:\"version\";s:3:\"1.0\";s:16:\"thumbnail_height\";i:360;s:12:\"provider_url\";s:24:\"https://www.youtube.com/\";s:13:\"thumbnail_url\";s:48:\"https://i.ytimg.com/vi/kKw1j7sZni0/hqdefault.jpg\";}'),(20,342,'_oembed_b1ce14f13851fb5d0840e104c312e303','<iframe width=\"500\" height=\"281\" src=\"https://www.youtube.com/embed/Q2gCrABrj_U?feature=oembed\" frameborder=\"0\" allow=\"accelerometer; autoplay; encrypted-media; gyroscope; picture-in-picture\" allowfullscreen></iframe>'),(21,342,'_oembed_response_b1ce14f13851fb5d0840e104c312e303','O:8:\"stdClass\":13:{s:15:\"thumbnail_width\";i:480;s:16:\"thumbnail_height\";i:360;s:4:\"html\";s:217:\"<iframe width=\"500\" height=\"281\" src=\"https://www.youtube.com/embed/Q2gCrABrj_U?feature=oembed\" frameborder=\"0\" allow=\"accelerometer; autoplay; encrypted-media; gyroscope; picture-in-picture\" allowfullscreen></iframe>\";s:5:\"width\";i:500;s:6:\"height\";i:281;s:5:\"title\";s:65:\"Verb Song from Grammaropolis -  \"Lights! Camera!! Action Verb!!!\"\";s:12:\"provider_url\";s:24:\"https://www.youtube.com/\";s:11:\"author_name\";s:13:\"Grammaropolis\";s:13:\"thumbnail_url\";s:48:\"https://i.ytimg.com/vi/Q2gCrABrj_U/hqdefault.jpg\";s:4:\"type\";s:5:\"video\";s:10:\"author_url\";s:42:\"https://www.youtube.com/user/Grammaropolis\";s:13:\"provider_name\";s:7:\"YouTube\";s:7:\"version\";s:3:\"1.0\";}'),(22,341,'_oembed_45c2a8f9ff8b95f3bd04c382bb29bc31','<iframe width=\"500\" height=\"281\" src=\"https://www.youtube.com/embed/5hIqdPrH--k?feature=oembed\" frameborder=\"0\" allow=\"accelerometer; autoplay; encrypted-media; gyroscope; picture-in-picture\" allowfullscreen></iframe>'),(23,341,'_oembed_response_45c2a8f9ff8b95f3bd04c382bb29bc31','O:8:\"stdClass\":13:{s:13:\"thumbnail_url\";s:48:\"https://i.ytimg.com/vi/5hIqdPrH--k/hqdefault.jpg\";s:4:\"type\";s:5:\"video\";s:7:\"version\";s:3:\"1.0\";s:5:\"title\";s:51:\"Adjective Song from Grammaropolis - \"Paint the Way\"\";s:12:\"provider_url\";s:24:\"https://www.youtube.com/\";s:11:\"author_name\";s:13:\"Grammaropolis\";s:6:\"height\";i:281;s:16:\"thumbnail_height\";i:360;s:13:\"provider_name\";s:7:\"YouTube\";s:10:\"author_url\";s:42:\"https://www.youtube.com/user/Grammaropolis\";s:5:\"width\";i:500;s:4:\"html\";s:217:\"<iframe width=\"500\" height=\"281\" src=\"https://www.youtube.com/embed/5hIqdPrH--k?feature=oembed\" frameborder=\"0\" allow=\"accelerometer; autoplay; encrypted-media; gyroscope; picture-in-picture\" allowfullscreen></iframe>\";s:15:\"thumbnail_width\";i:480;}'),(24,397,'_commission1','0'),(25,397,'_currency1','CAD'),(26,403,'_commission1','0'),(27,403,'_currency1','CAD'),(28,414,'_commission1','0'),(29,414,'_currency1','CAD'),(30,418,'_commission1','0'),(31,418,'_currency1','CAD'),(32,446,'instructor','1'),(33,452,'_commission1','0'),(34,452,'_currency1','CAD'),(35,453,'instructor','1'),(36,456,'_commission1','0'),(37,456,'_currency1','CAD'),(40,460,'_commission1','0'),(41,460,'_currency1','CAD'),(42,463,'_commission1','0'),(43,463,'_currency1','CAD'),(44,334,'post_title','Unit 1'),(45,335,'post_title','Unit 2'),(46,336,'post_title','Unit 3'),(47,337,'post_title','Unit 4'),(48,338,'post_title','Unit 5'),(49,465,'instructor','1'),(50,479,'_commission1','0'),(51,479,'_currency1','CAD'),(52,482,'_commission1','0'),(53,482,'_currency1','CAD'),(162,903,'instructor','1'),(55,487,'instructor','1'),(56,490,'instructor','1'),(57,495,'instructor','1'),(58,498,'_commission1','0'),(59,498,'_currency1','CAD'),(60,499,'instructor','1'),(61,500,'instructor','1'),(62,510,'instructor','1'),(63,511,'instructor','1'),(64,523,'_commission1','0'),(65,523,'_currency1','CAD'),(66,525,'_commission1','0'),(67,525,'_currency1','CAD'),(130,848,'added_students','49'),(69,532,'instructor','1'),(70,533,'instructor','1'),(71,536,'instructor','1'),(72,539,'instructor','1'),(73,540,'instructor','1'),(74,541,'instructor','1'),(75,542,'instructor','1'),(76,543,'instructor','1'),(77,546,'instructor','1'),(78,549,'instructor','1'),(79,552,'instructor','1'),(80,555,'instructor','1'),(161,902,'instructor','1'),(160,901,'instructor','1'),(159,900,'instructor','1'),(158,899,'instructor','1'),(157,898,'instructor','1'),(156,897,'instructor','1'),(155,896,'instructor','1'),(154,895,'instructor','1'),(89,682,'instructor','1'),(90,685,'_commission1','0'),(91,685,'_currency1','CAD'),(92,686,'instructor','1'),(93,688,'_commission1','0'),(94,688,'_currency1','CAD'),(95,689,'instructor','1'),(96,690,'instructor','1'),(97,691,'instructor','1'),(98,694,'instructor','1'),(99,701,'instructor','1'),(100,703,'instructor','1'),(101,706,'instructor','1'),(102,712,'instructor','1'),(103,713,'instructor','1'),(104,716,'instructor','1'),(105,719,'instructor','1'),(106,720,'instructor','1'),(107,721,'instructor','1'),(108,722,'instructor','1'),(109,723,'instructor','1'),(110,724,'instructor','1'),(111,729,'instructor','1'),(112,730,'instructor','1'),(113,741,'instructor','1'),(114,747,'instructor','1'),(115,750,'instructor','1'),(116,753,'instructor','1'),(117,781,'instructor','1'),(118,782,'instructor','1'),(119,790,'instructor','1'),(120,813,'instructor','1'),(121,818,'instructor','1'),(122,819,'instructor','1'),(123,820,'instructor','1'),(124,822,'instructor','1'),(125,831,'added_students','54'),(126,834,'added_students','54'),(128,845,'extend_course_subscription','44'),(129,846,'extend_course_subscription','47'),(131,850,'added_students','50'),(132,852,'added_students','50'),(133,854,'added_students','51'),(134,856,'added_students','51'),(135,858,'added_students','53'),(136,860,'added_students','53'),(137,862,'added_students','52'),(138,864,'extend_course_subscription','39'),(139,865,'extend_course_subscription','39'),(140,866,'extend_course_subscription','39'),(141,867,'extend_course_subscription','38'),(142,868,'extend_course_subscription','38'),(148,888,'instructor','1'),(149,889,'instructor','1'),(152,893,'instructor','1'),(153,894,'instructor','1'),(163,904,'instructor','1'),(164,905,'instructor','1'),(165,906,'instructor','1'),(166,907,'instructor','1'),(167,908,'instructor','1'),(168,909,'instructor','1'),(169,911,'instructor','1'),(170,912,'instructor','1'),(171,910,'favorite_count','2'),(172,909,'favorite_count','1'),(173,927,'instructor','1'),(174,928,'instructor','1'),(175,929,'instructor','1'),(176,930,'instructor','1'),(177,931,'instructor','1'),(178,932,'instructor','1'),(179,933,'instructor','1'),(180,934,'instructor','1'),(181,938,'instructor','1'),(182,941,'instructor','1'),(197,1053,'added_students','9'),(202,1063,'instructor','1'),(203,1065,'instructor','1'),(200,1058,'instructor','1'),(201,1061,'instructor','1'),(204,1066,'instructor','1'),(205,1067,'instructor','1'),(206,1068,'instructor','1'),(207,1069,'instructor','1'),(208,1070,'instructor','1'),(209,1071,'instructor','1'),(210,1086,'_commission1','0'),(211,1086,'_currency1','CAD'),(212,1088,'_commission1','0'),(213,1088,'_currency1','CAD'),(214,1089,'instructor','1'),(215,1108,'_commission9','0'),(216,1108,'_currency9','CAD'),(217,1109,'instructor','9'),(218,1116,'instructor','9'),(219,1215,'instructor','1'),(220,1226,'instructor','1'),(221,1239,'instructor','1'),(222,1240,'instructor','1'),(223,1240,'percentage','0'),(224,1245,'instructor','1'),(225,1304,'instructor','1'),(226,1305,'instructor','1'),(227,1306,'instructor','1'),(228,1307,'instructor','1'),(229,1308,'instructor','1'),(230,1325,'instructor','1'),(231,1325,'percentage','0'),(232,1325,'quiz_results','a:7:{i:3487;a:5:{s:7:\"content\";s:1357:\"<div class=\"page\" title=\"Page 1\">\n<div class=\"layoutArea\">\n<div class=\"column\">\n<h2>Case Study One: The Talkative (The Case of Know-it-All Nancy)</h2>\n<p><strong>SCENARIO:</strong> You plan to facilitate a discussion in your class about readings that you assigned. As students enter the room and settle into their seats, you can feel the buzz in the air. They are excited. They want to discuss the subject. You begin class by asking a very open-ended question, a question designed to allow the students to take the subject in an area that interests them. The first student who responds to your question, a question that is barely out of your mouth, is Nancy, or as her classmates call her, “Know-it-all-Nancy.” Nancy is a smart young woman who often has very smart things to say about the subject at hand. She answers your question with great precision, citing arguments from sources you did not require her to read. You know from experience that if you stand by quietly and let her finish, class would be over and no one else would have had a chance to speak. So, you cut her off—politely—to get other students involved in the discussion. You ask another question, directed at another student. Nancy answers. <strong>Explain how you would deal with the student in this case</strong>. <strong>(200 minimum words)</strong>.</p>\n</div>\n</div>\n</div>\n\";s:4:\"type\";s:9:\"largetext\";s:13:\"marked_answer\";s:1332:\"<p>Firstly , as a teacher I&#8217;m obliged to appreciate every and each student ; specially those hardworking student like Nancy , starting from this point , I would make sure to appreciate her wide knowledge and the hard work she made through out the course  . Then I would encourage her to speak and elaborate her opinion as much as she want but  without taking the time and chance of other students .I would say that Nancy and all students knows that interrupting others is misleading behavior , the enthusiasm of Nancy is very strong which made her very comitative student , which a thing that I strongly appreciate and I encourage every student to become like you Nancy , but let&#8217;s give your classmates a chance to tell there point of view about the question I asked , then I will give you the chance to comment on his/her point of view  to agree or disagree . then I will address the question again to the Student , this time Nancy would not interrupt and she may feel a little shy of her previous act .When the student answers my question I would not comment on his answer rather than ask student to comment on his/her answer . When I make sure that every student who have a comment has took his/her chance , I will ask Nancy in particular to comment on his/her answer and I would appreciate all answers equally .</p>\n\";s:14:\"correct_answer\";s:0:\"\";s:9:\"max_marks\";s:2:\"20\";}i:3490;a:5:{s:7:\"content\";s:1296:\"<div class=\"page\" title=\"Page 1\">\n<div class=\"layoutArea\">\n<div class=\"column\">\n<h2>Case Study Two: The Chatterers (Chatty Cathy and her BFF Conversational Carl).</h2>\n<p><strong>SCENARIO</strong>: You are lecturing in a course that requires some lecture. You don’t lecture at every class session; you often have class sessions that center around group activities or discussion. You have a friendly approach to your students, and they are comfortable in the course and with you. But on this day, as you do your best to present to students information that they need, you notice Chatty Cathy and her friend Conversational Carl talking, openly and loudly. It is clear by their body language, their laughter, and the words you overhear that they are not discussing course content. You make eye contact, alerting them to the fact that you recognize their discussion and that you want it to stop. They stop talking. A few moments later, they start again; only this time, they are whispering. You verbally ask them to stop. You notice other students looking over at the chatty pair. Even those evil looks do not encourage the two students to stop their banter. They continue to talk and laugh. <strong>Explain how you would handle the situation (minimum 200 words).</strong></p>\n</div>\n</div>\n</div>\n\";s:4:\"type\";s:9:\"largetext\";s:13:\"marked_answer\";s:1381:\"<p>First of all I would change the students seats and separate them from each other , then I would state again the class policy and elaborate more that chatting during the class is prohibited without taking the teachers permission ; and I would make clear that these kind of behaviors would affect there evaluation&#8217;s marks . I would say : I know that sometimes classes are a little boring especially the lecturing classes , but that is not a valid excuse for student to start chatting with each others because this would not effect them only rather than effecting the whole class because noise is a huge interruption in class . Then I would ask the whole class whether the lecture is getting boring or not . depending to there answers may dismiss the class , convert the class from lecturing into an interaction class , or continue lecturing . By doing this , I will give the class a break from lecturing and change the class mode , then I will ask the two chatting students to continue there chatting out side the class and return to it when there are done in case they were chatting about an important subject to them , or if they were chatting about an important subject that has something to do with the curriculum , they can share it with the rest of the class , I will give them these options in order to show them that I do not hold anything personal toward them </p>\n\";s:14:\"correct_answer\";s:0:\"\";s:9:\"max_marks\";s:2:\"20\";}i:3492;a:5:{s:7:\"content\";s:1073:\"<div class=\"page\" title=\"Page 3\">\n<div class=\"layoutArea\">\n<div class=\"column\">\n<h2><strong>Case Study Three: The Bullies (Bill the Cop)</strong></h2>\n<p><strong>SCENARIO:</strong> You are new professor, just a year or so out of graduate school, at a small liberal arts college with a diverse student population. You teach a small course (15-20 students) that is discussion-<br />\nbased. You assess student learning by quizzes, essays, and journal submissions. One of these students is a retired police officer, Bill, who “encourages” his classmates to give him their study notes so, as he puts it, “we can all be on the same page.” You sense he intimidates the other students—by his former profession, which he speaks about frequently, but also his size and demeanor—but they hand over their notes. You ask your department chair how to handle the situation. Your chair says to ignore the case, as the “students need to learn to handle these situations.” You feel conflicted. <strong>What do you do? (minimum 200 words). </strong></p>\n</div>\n</div>\n</div>\n\";s:4:\"type\";s:9:\"largetext\";s:13:\"marked_answer\";s:1249:\"<p>In this case , I will state clearly that giving notes to other students will effect both sides , the one who receives and the one who gives . Then I will start  changing the way I teach this class in particular . I would give different assignments to each and every students to prevent the retired police officer to copy other students assignments . and I will state clearly that exams would depend on students understanding of the class and the class exams question&#8217;s would not be multiple choice but essays which strongly depend on the student&#8217;s understanding of the course . Then I will focus more on the retired police officer and made him contribute more in the class and gives him the impression of which he does not need to take notes from other students . I would appreciate him every time he contributes in the class discussion and I would ask him frequently to comment on his classmates answers and appreciate his comments , this way he would be more confident in both himself and his understanding of the course , and that would stope him from borrowing notes or coping answers , because now he is more confident on his own answers and his own understanding of the course and he does not need to borrow notes anymore .</p>\n\";s:14:\"correct_answer\";s:0:\"\";s:9:\"max_marks\";s:2:\"20\";}i:3494;a:5:{s:7:\"content\";s:593:\"<div class=\"page\" title=\"Page 4\">\n<div class=\"layoutArea\">\n<div class=\"column\">\n<h2><strong>Case Study Four: The Entitled (Students of the rich and famous)</strong></h2>\n<p><strong>SCENARIO:</strong> He tells you that he can’t take a test on the planned date because he has an appointment with his father who is, the student reminds you, the president of the Board of Regents for your university. He’d be happy to take the exam in a few weeks at some time that would be convenient for him. <strong>How would you handle this situation? (minimum 200 words)</strong></p>\n</div>\n</div>\n</div>\n\";s:4:\"type\";s:9:\"largetext\";s:13:\"marked_answer\";s:1033:\"<p>Firstly , I would state to him clearly that being a son of a rich father does not mean that he could be treated better than other students , then I would tell him that I will ask the whole class to delay the exam appointment , but if anyone of the class refused ; the exam would be held in its currant time and date . The other option is to understand what the real cause which made the student ask for the delaying of the exam , and if it was a valid reason I would consider to do him a makeup exam ; but I would make clear that the make up exam would be at the same level of the previous exam . If the student did not give me a valid excuse for not attending the exam I will tell him / her that if he messed the exam he / her is going to have a zero . In the case of that the student refused all the option I gave to him /her , I will ask him / her to check with the head of the department and explain the situation and the head of the department will choose weather to accept his reason of not attending the exam or not . </p>\n\";s:14:\"correct_answer\";s:0:\"\";s:9:\"max_marks\";s:2:\"20\";}i:3496;a:5:{s:7:\"content\";s:364:\"<h2><strong>Case Study Five: The Disrespecters (You can’t teach!)</strong></h2>\n<p><strong>SCENARIO:</strong> You are a young professor, maybe your first or second year on the tenure-track. On the first day of class, a student asks you, “Are you old enough to teach this class?” <strong>How would you handle this situation? (200 minimum words)</strong>.</p>\n\";s:4:\"type\";s:9:\"largetext\";s:13:\"marked_answer\";s:1233:\"<p>I always make sure at the first class of every semester to acquaint my students of me , and for me this is a very good situation where I can talk about myself . Firstly I will tell them my name , the certificates that I hold which enabled me to teach them this class and what I expect from my students . Then I would began to answer the question which I was asked  starting by saying that the age is not one of the requirements of teaching in any class and that what is important in the teaching process is a strong personality and a good education . Age has never been a factor in the qualification process of a teacher and there are many young teachers who are a very successful teachers for instance Wemerson da Silva Nogueira is a very well known teachers and he is only 29 years old . Also the younger the teacher the better he/her understands the students , we all know that in the current days there are a huge gap between generations , and the younger the teacher means smaller the gap ; and as consequence a better teaching process . Plus the new generation that I belong to understands the value of using technology in class and outside the class and knows exactly how to employ technology in the teaching process .</p>\n\";s:14:\"correct_answer\";s:0:\"\";s:9:\"max_marks\";s:2:\"20\";}s:10:\"user_marks\";i:0;s:11:\"total_marks\";i:100;}'),(233,1339,'instructor','1'),(234,1340,'instructor','1'),(235,1342,'instructor','1'),(236,1343,'instructor','1'),(237,1344,'instructor','1'),(238,1345,'instructor','1'),(239,1346,'instructor','1'),(240,1353,'instructor','1'),(241,1366,'instructor','1'),(242,1366,'percentage','0'),(243,1366,'quiz_results','a:7:{i:3487;a:5:{s:7:\"content\";s:1357:\"<div class=\"page\" title=\"Page 1\">\n<div class=\"layoutArea\">\n<div class=\"column\">\n<h2>Case Study One: The Talkative (The Case of Know-it-All Nancy)</h2>\n<p><strong>SCENARIO:</strong> You plan to facilitate a discussion in your class about readings that you assigned. As students enter the room and settle into their seats, you can feel the buzz in the air. They are excited. They want to discuss the subject. You begin class by asking a very open-ended question, a question designed to allow the students to take the subject in an area that interests them. The first student who responds to your question, a question that is barely out of your mouth, is Nancy, or as her classmates call her, “Know-it-all-Nancy.” Nancy is a smart young woman who often has very smart things to say about the subject at hand. She answers your question with great precision, citing arguments from sources you did not require her to read. You know from experience that if you stand by quietly and let her finish, class would be over and no one else would have had a chance to speak. So, you cut her off—politely—to get other students involved in the discussion. You ask another question, directed at another student. Nancy answers. <strong>Explain how you would deal with the student in this case</strong>. <strong>(200 minimum words)</strong>.</p>\n</div>\n</div>\n</div>\n\";s:4:\"type\";s:9:\"largetext\";s:13:\"marked_answer\";s:1051:\"<p>There are several  ways to do this:<br />\n1- By Changing standard discussion technique and asking the students to write their short answers down before discussing the question. Then call on with one person at a time.  And .when your problem student violates that process, ask him/her to stop EACH time. by using comments such as “Please remember I want you to wait to be called on”,</p>\n<p>2. Tell the class that you want them to discuss the question, but “Nancy” is going to review the discussion at the end &#038; let us know if we’ve missed any points. It gives that person a chance to “show off” but still puts you in control of the discussion.</p>\n<p>3-  AkE Nancy to facilitate the discussion. </p>\n<p>4-Create a contest  where partipants have to hit a buzzer (or simulate a buzzer) to be the first to answer.</p>\n<p>5-Create a round between students where each person takes a turn to answer first.<br />\n6- Don’t hesitate to say “Nancy, please don’t answer the question until the others have given their answers.” </p>\n\";s:14:\"correct_answer\";s:0:\"\";s:9:\"max_marks\";s:2:\"20\";}i:3490;a:5:{s:7:\"content\";s:1296:\"<div class=\"page\" title=\"Page 1\">\n<div class=\"layoutArea\">\n<div class=\"column\">\n<h2>Case Study Two: The Chatterers (Chatty Cathy and her BFF Conversational Carl).</h2>\n<p><strong>SCENARIO</strong>: You are lecturing in a course that requires some lecture. You don’t lecture at every class session; you often have class sessions that center around group activities or discussion. You have a friendly approach to your students, and they are comfortable in the course and with you. But on this day, as you do your best to present to students information that they need, you notice Chatty Cathy and her friend Conversational Carl talking, openly and loudly. It is clear by their body language, their laughter, and the words you overhear that they are not discussing course content. You make eye contact, alerting them to the fact that you recognize their discussion and that you want it to stop. They stop talking. A few moments later, they start again; only this time, they are whispering. You verbally ask them to stop. You notice other students looking over at the chatty pair. Even those evil looks do not encourage the two students to stop their banter. They continue to talk and laugh. <strong>Explain how you would handle the situation (minimum 200 words).</strong></p>\n</div>\n</div>\n</div>\n\";s:4:\"type\";s:9:\"largetext\";s:13:\"marked_answer\";s:1963:\"<p>1- Give the Chatty Cathy verbal jobs in the classroom.  Let them know you see that they have a gift and you have faith that they will use it in constructive ways during classtime.  It could be their job to introduce new students, make announcements, and to draw out students who don&#8217;t talk very often.<br />\n2- Set up a signal with the student.  You might agree to pull on your ear or put your hand on your heart when they are talking so much that it is interfering with the needs of the situation.  This is effective only when the students agrees in advance that a signal will be helpful to them.<br />\n3-If you notice the student talking at an inappropriate time, wait, and watch before jumping in.  Students will often stop yakking when they notice you are waiting patiently.  It is even more effective if you explain to the class in advance that you intend to stop lessons until all students&#8217; attention is focused.<br />\n4-  Initiate a discussion saying Chatty Cathy and Carl that i am noticed at both expermente and math that day you had not heard the instructions you gave.  Ask what, why and how questions to help them recognize the way their talking interferes with their ability to follow along with the class.   &#8220;What happens when you miss instructions?  What causes this to happen? How does it affect the teacher and other students?  What ideas do you have for solutions?&#8221;  This shifts responsibility for this behavior to them.<br />\n5- Emotional honesty helps.  Remember to use the &#8220;I feel _____when________  and I wish___________&#8221; formula.  In the case of a talkative student it might sound like this;  &#8220;I feel frustrated when I repeat directions several times and I wish that I only had to give them once.&#8221; (Notice that this example does not include a &#8220;you&#8221; statement.)  Keep the focus on your needs and observations and not in how to change or control the student&#8217;s behavior</p>\n\";s:14:\"correct_answer\";s:0:\"\";s:9:\"max_marks\";s:2:\"20\";}i:3492;a:5:{s:7:\"content\";s:1073:\"<div class=\"page\" title=\"Page 3\">\n<div class=\"layoutArea\">\n<div class=\"column\">\n<h2><strong>Case Study Three: The Bullies (Bill the Cop)</strong></h2>\n<p><strong>SCENARIO:</strong> You are new professor, just a year or so out of graduate school, at a small liberal arts college with a diverse student population. You teach a small course (15-20 students) that is discussion-<br />\nbased. You assess student learning by quizzes, essays, and journal submissions. One of these students is a retired police officer, Bill, who “encourages” his classmates to give him their study notes so, as he puts it, “we can all be on the same page.” You sense he intimidates the other students—by his former profession, which he speaks about frequently, but also his size and demeanor—but they hand over their notes. You ask your department chair how to handle the situation. Your chair says to ignore the case, as the “students need to learn to handle these situations.” You feel conflicted. <strong>What do you do? (minimum 200 words). </strong></p>\n</div>\n</div>\n</div>\n\";s:4:\"type\";s:9:\"largetext\";s:13:\"marked_answer\";s:1376:\"<p>THE DO&#8217;s:</p>\n<p>Stop the bullying immediately.<br />\nStand between the bullied student and the bully(ies), blocking eye contact. Don&#8217;t send any bystanders away. To avoid escalating the tension, wait until later to sort out the facts. Talk to the parties involved separately once they are calm.</p>\n<p>Refer to school rules regarding bullying.<br />\nSpeak in a matter-of-fact tone of voice to describe what you heard or saw. Let all students know bullying is always unacceptable.</p>\n<p>Support the bullied child.<br />\nDo this in a way that allows him or her dignity and to feel safe from retaliation. Make a point to see the child later in private if he or she is upset. Increase supervision to assure bullying is not repeated.</p>\n<p>Offer guidance to bystanders.<br />\nLet them know how they might appropriately intervene or get help next time. Tell them you noticed their inaction or that you&#8217;re pleased with the way they tried to help.</p>\n<p>Impose immediate consequences.<br />\nWait until all parties have calmed down. Do not require that students apologize or make amends that may be insincere. The consequences should be logical and connected to the offense. A first step could be taking away social privileges i.e. recess or lunch in the cafeteria.</p>\n<p>Notify colleagues and parents.<br />\nLet the bully know he or she is being watched.</p>\n\";s:14:\"correct_answer\";s:0:\"\";s:9:\"max_marks\";s:2:\"20\";}i:3494;a:5:{s:7:\"content\";s:593:\"<div class=\"page\" title=\"Page 4\">\n<div class=\"layoutArea\">\n<div class=\"column\">\n<h2><strong>Case Study Four: The Entitled (Students of the rich and famous)</strong></h2>\n<p><strong>SCENARIO:</strong> He tells you that he can’t take a test on the planned date because he has an appointment with his father who is, the student reminds you, the president of the Board of Regents for your university. He’d be happy to take the exam in a few weeks at some time that would be convenient for him. <strong>How would you handle this situation? (minimum 200 words)</strong></p>\n</div>\n</div>\n</div>\n\";s:4:\"type\";s:9:\"largetext\";s:13:\"marked_answer\";s:431:\"<p>will explain to him that he must be present in the exam with colleagues, and I tell him I will talk to the head of the board of trustees at your university and address the problem, and you must abide by the laws and instructions of the university and the exam</p>\n<p>another choice Involve Parents<br />\nIn another option, I will involve his parents in the issue and contact them to discuss with him a solution to the issue</p>\n\";s:14:\"correct_answer\";s:0:\"\";s:9:\"max_marks\";s:2:\"20\";}i:3496;a:5:{s:7:\"content\";s:364:\"<h2><strong>Case Study Five: The Disrespecters (You can’t teach!)</strong></h2>\n<p><strong>SCENARIO:</strong> You are a young professor, maybe your first or second year on the tenure-track. On the first day of class, a student asks you, “Are you old enough to teach this class?” <strong>How would you handle this situation? (200 minimum words)</strong>.</p>\n\";s:4:\"type\";s:9:\"largetext\";s:13:\"marked_answer\";s:1214:\"<p>  I will try to be calm, understand why this behavior has been shown, try to accept the student and to talk to her after the class and if the attitude was unacceptable, </p>\n<p> i will Use humor to diffuse the situation– . By asking him smartly, &#8220;If you are a smart student, you will know through my teaching method.&#8221;<br />\nor<br />\nKill them with kindness<br />\nI am going to say , “…The experience has nothing to do with the quality of education and you will know this as you grow up as a teacher or work elsewhere</p>\n<p>i take it easy , and i will answer him scientifically for give him a lesson that he should respect the other </p>\n<p> I might give a silly answer to thisquestion. In general I don&#8217;t try all that hard to keep too much of My teaching experience (it&#8217;s really not interesting enough), but I don&#8217;t want to be the center of attention. My students are there to learn the material, not to learn if my old enough to teach this class?My teaching experience. If sharing a little information with them helps develop rapport and establish a positive classroom atmosphere, then I&#8217;m happy to do it. Beyond that, we really need to get back to the material.</p>\n\";s:14:\"correct_answer\";s:0:\"\";s:9:\"max_marks\";s:2:\"20\";}s:10:\"user_marks\";i:0;s:11:\"total_marks\";i:100;}'),(244,1408,'instructor','1'),(245,1415,'instructor','1'),(246,1416,'instructor','1'),(247,1417,'instructor','1'),(248,1418,'instructor','1'),(249,1419,'instructor','1'),(250,1429,'instructor','1'),(251,1430,'instructor','1'),(252,1431,'instructor','1'),(253,1432,'instructor','1'),(254,1433,'instructor','1'),(255,1433,'percentage','0'),(256,1433,'quiz_results','a:7:{i:3487;a:5:{s:7:\"content\";s:1357:\"<div class=\"page\" title=\"Page 1\">\n<div class=\"layoutArea\">\n<div class=\"column\">\n<h2>Case Study One: The Talkative (The Case of Know-it-All Nancy)</h2>\n<p><strong>SCENARIO:</strong> You plan to facilitate a discussion in your class about readings that you assigned. As students enter the room and settle into their seats, you can feel the buzz in the air. They are excited. They want to discuss the subject. You begin class by asking a very open-ended question, a question designed to allow the students to take the subject in an area that interests them. The first student who responds to your question, a question that is barely out of your mouth, is Nancy, or as her classmates call her, “Know-it-all-Nancy.” Nancy is a smart young woman who often has very smart things to say about the subject at hand. She answers your question with great precision, citing arguments from sources you did not require her to read. You know from experience that if you stand by quietly and let her finish, class would be over and no one else would have had a chance to speak. So, you cut her off—politely—to get other students involved in the discussion. You ask another question, directed at another student. Nancy answers. <strong>Explain how you would deal with the student in this case</strong>. <strong>(200 minimum words)</strong>.</p>\n</div>\n</div>\n</div>\n\";s:4:\"type\";s:9:\"largetext\";s:13:\"marked_answer\";s:1876:\"<p>I was a grade schooler at the time, but if I could, I would have put her  in time-out so the rest of us could join in the conversation.<br />\nBut behavior like this isn’t just rude at Thanksgiving. It’s always rude. And it’s also always rude in the classroom.<br />\nIf there are students in your classroom who talk when they’re supposed to be listening or working, academic progress will suffer. Talking without permission wastes time, interrupts the learning of others, and leads to more serious disruptive behavior.<br />\nAllowing students to freely talk without permission is like driving an old jalopy; progress only comes in fits and starts, and you’ll never reach top speed.<br />\nBesides being a classroom management nightmare and slamming the brakes on learning, talking without permission is remarkably rude. It’s akin to cutting in front of the line at a sold-out movie.</p>\n<p>After all, the teacher is in charge, not the students.<br />\nThe most effective way to handle talking is to enforce a consequence. If hand-raising isn’t a classroom rule, I recommend including it.<br />\nand my students will love me for it because it reassures them that they are equal members of my classroom, free to join in the learning process.<br />\nIt also provides a model for how to behave when working together in groups without a teacher present.<br />\nIt’s important that my students understand why hand-raising is important. So be direct. Tell them that calling out and side-talking is rude and disrespectful to the class, and that it is my job to protect their right to learn without interference.<br />\nTeach my students how to take turns talking and include hand-raising as part of my classroom management plan. And if you want my classroom to run like a finely tuned Italian sports car, then enforce a consequence every time a student breaks a rule.</p>\n\";s:14:\"correct_answer\";s:0:\"\";s:9:\"max_marks\";s:2:\"20\";}i:3490;a:5:{s:7:\"content\";s:1296:\"<div class=\"page\" title=\"Page 1\">\n<div class=\"layoutArea\">\n<div class=\"column\">\n<h2>Case Study Two: The Chatterers (Chatty Cathy and her BFF Conversational Carl).</h2>\n<p><strong>SCENARIO</strong>: You are lecturing in a course that requires some lecture. You don’t lecture at every class session; you often have class sessions that center around group activities or discussion. You have a friendly approach to your students, and they are comfortable in the course and with you. But on this day, as you do your best to present to students information that they need, you notice Chatty Cathy and her friend Conversational Carl talking, openly and loudly. It is clear by their body language, their laughter, and the words you overhear that they are not discussing course content. You make eye contact, alerting them to the fact that you recognize their discussion and that you want it to stop. They stop talking. A few moments later, they start again; only this time, they are whispering. You verbally ask them to stop. You notice other students looking over at the chatty pair. Even those evil looks do not encourage the two students to stop their banter. They continue to talk and laugh. <strong>Explain how you would handle the situation (minimum 200 words).</strong></p>\n</div>\n</div>\n</div>\n\";s:4:\"type\";s:9:\"largetext\";s:13:\"marked_answer\";s:1604:\"<p>If my classroom has become too chatty, I&#8217;ll start by figuring out if the talk is productive or not. Sometimes talking is actually a good thing. If students are talking about the task at hand, i may want to encourage them to continue (just at a quieter volume!). But if students are off task and chatty, this requires a different approach.<br />\nIf students come into a chatty classroom, they&#8217;re more likely to continue (and possibly increase) the noise. But if they enter a calm and quiet classroom, they&#8217;ll be encouraged to keep the same noise level throughout the class, so i’ll start the class by informing them the basic rule is to be quiet.<br />\nand then engage students in active listening, they&#8217;ll be more likely to let one person talk at a time.<br />\nAnother thing i can do is to give my students a chance to talk is a great way to cut down on chatting when i don’t want it. Build opportunities for group discussions and think-pair-share into my lessons. If they are allowed to talk for a few minutes, my students are less likely to chat while I&#8217;m delivering the rest of the lesson.<br />\nIf they keep talking I will change the seating arrangements and follow the “ horseshoe” set up; to reduce the chatting, I love the horseshoe setup because students can still turn and talk to the person next to them, but there aren’t too many others nearby. Sometimes rows are necessary to completely stop talking, like during a test.<br />\nMy last try would be to punish them either by discount from their points or by sending them to the principal office. </p>\n\";s:14:\"correct_answer\";s:0:\"\";s:9:\"max_marks\";s:2:\"20\";}i:3492;a:5:{s:7:\"content\";s:1073:\"<div class=\"page\" title=\"Page 3\">\n<div class=\"layoutArea\">\n<div class=\"column\">\n<h2><strong>Case Study Three: The Bullies (Bill the Cop)</strong></h2>\n<p><strong>SCENARIO:</strong> You are new professor, just a year or so out of graduate school, at a small liberal arts college with a diverse student population. You teach a small course (15-20 students) that is discussion-<br />\nbased. You assess student learning by quizzes, essays, and journal submissions. One of these students is a retired police officer, Bill, who “encourages” his classmates to give him their study notes so, as he puts it, “we can all be on the same page.” You sense he intimidates the other students—by his former profession, which he speaks about frequently, but also his size and demeanor—but they hand over their notes. You ask your department chair how to handle the situation. Your chair says to ignore the case, as the “students need to learn to handle these situations.” You feel conflicted. <strong>What do you do? (minimum 200 words). </strong></p>\n</div>\n</div>\n</div>\n\";s:4:\"type\";s:9:\"largetext\";s:13:\"marked_answer\";s:1658:\"<p>Regardless of the age of students i  teach, bullying finds its way into the classroom and for many students, whether the bullying is directed at them or one of their friends, the classroom can suddenly feel like an unsafe place. It causes emotional distress and can make it physically impossible for students to learn. As a result, when i have a bully in the classroom i often need to take deliberate steps to regain control of the space and create a safe classroom environment again<br />\nThe first step is to go back to what I did in the first days of school and reestablish classroom expectations in regards to respect and responsibility. In terms of respect, this means first and foremost modeling for my students how I expect them to speak to themselves and one another. A good way to start this is through simple role playing.<br />\nSecond, it does very little to stop the adult’s bullying behavior.<br />\nSo when I see the bullying behavior, I try to engage him in a private conversation about the situation. Address the behavior, but try to keep my tone and choice of words as positive as possible, listen and let him tell his side of a story. In bullying situations, there are often many other issues going on with him. i have to be a good listener if i want him to engage in the conversation and truly change the behaviors.<br />\nThis means trying to avoid putting on our stern teacher voices. Don&#8217;t lecture, but rather probe him with questions such as &#8216;How would you feel if someone did that to you or someone you care about?&#8217;<br />\nNext, I will find opportunities to reward positive behaviors in all of your students. </p>\n\";s:14:\"correct_answer\";s:0:\"\";s:9:\"max_marks\";s:2:\"20\";}i:3494;a:5:{s:7:\"content\";s:593:\"<div class=\"page\" title=\"Page 4\">\n<div class=\"layoutArea\">\n<div class=\"column\">\n<h2><strong>Case Study Four: The Entitled (Students of the rich and famous)</strong></h2>\n<p><strong>SCENARIO:</strong> He tells you that he can’t take a test on the planned date because he has an appointment with his father who is, the student reminds you, the president of the Board of Regents for your university. He’d be happy to take the exam in a few weeks at some time that would be convenient for him. <strong>How would you handle this situation? (minimum 200 words)</strong></p>\n</div>\n</div>\n</div>\n\";s:4:\"type\";s:9:\"largetext\";s:13:\"marked_answer\";s:1134:\"<p>Entitled students often are not used to having boundaries set for their behavior, so it is essential to be clear and consistent in myclassroom. Develop rules that everyone must follow ( such as the test should be taken at the decided time) , and scme up with these as a class and require everyone to agree to them. Create consequences and enforce them—no exceptions,and explain that this is a community in which all are equals, so no one is above the rules.<br />\nThen I will ask him to reschedule his appointment with his father for  another time; because he should take the test with all other students unless he has a really emergency situation, and will not show him any interest in his family situation. </p>\n<p>If he insists on moving forward with his test for a few weeks, I will ask to involve his parents to solve the situation, by getting them on board to told them how important is to teach their kids to respect the rules and how they can help to let their kid have the test on it’s time or he will failed in the test, and if they refuse to collaboration i will follow the rules and will not give up my stand. </p>\n\";s:14:\"correct_answer\";s:0:\"\";s:9:\"max_marks\";s:2:\"20\";}i:3496;a:5:{s:7:\"content\";s:364:\"<h2><strong>Case Study Five: The Disrespecters (You can’t teach!)</strong></h2>\n<p><strong>SCENARIO:</strong> You are a young professor, maybe your first or second year on the tenure-track. On the first day of class, a student asks you, “Are you old enough to teach this class?” <strong>How would you handle this situation? (200 minimum words)</strong>.</p>\n\";s:4:\"type\";s:9:\"largetext\";s:13:\"marked_answer\";s:1097:\"<p>When a student is disrespectful to me, I have to be willing to lose the battle. In other words, I must resist the urge to admonish, scold, lecture, get even, or otherwise attempt to put him in his place.<br />\ni will Stay calm and Take a deep breath to quell any angry feelings rising up inside me . Remind myself that I will be much more effective, and the situation will go much smoother, if i  maintain emotional control, In the immediate moments following the incident, I will not say a word,  Simply maintain eye contact with the student and wait. Let his words hang in the air for several seconds, leaving no doubt about what was said, how it was said, and who is responsible for saying it.<br />\nThen I will clarify to him that he acts in a rude way and breaks one of the class roles by doing that.<br />\nAfter that I would tell the class the certification I had that would make me a good teacher even if I am in a young age, and how this is better for them because I can understand them in a better way.<br />\nAt the end I will start the class regularly like nothing had happened. </p>\n\";s:14:\"correct_answer\";s:0:\"\";s:9:\"max_marks\";s:2:\"20\";}s:10:\"user_marks\";i:0;s:11:\"total_marks\";i:100;}'),(257,1443,'instructor','1'),(258,1450,'instructor','1'),(259,1458,'instructor','1'),(260,1472,'instructor','1'),(261,1474,'instructor','1'),(262,1475,'instructor','1'),(263,1490,'instructor','1'),(264,1492,'_commission1','0'),(265,1492,'_currency1','CAD'),(266,1494,'_commission1','0'),(267,1494,'_currency1','CAD'),(268,1496,'_commission1','0'),(269,1496,'_currency1','CAD'),(270,1498,'_commission1','0'),(271,1498,'_currency1','CAD'),(272,1500,'_commission1','0'),(273,1500,'_currency1','CAD'),(274,1502,'_commission1','0'),(275,1502,'_currency1','CAD'),(276,1508,'instructor','1'),(277,1554,'instructor','1'),(278,1555,'instructor','1'),(279,1556,'instructor','1'),(280,1557,'instructor','1'),(281,1558,'instructor','1'),(282,1559,'instructor','1'),(283,1560,'instructor','1'),(284,1561,'instructor','1'),(285,1562,'instructor','1'),(286,1563,'instructor','1'),(287,1564,'instructor','1'),(288,1567,'instructor','1'),(289,1572,'instructor','1'),(290,1574,'instructor','1'),(291,1575,'instructor','1'),(292,1666,'instructor','1');

--
-- Table structure for table `wp_bp_friends`
--

CREATE TABLE `wp_bp_friends` (
  `id` bigint(20) NOT NULL AUTO_INCREMENT,
  `initiator_user_id` bigint(20) NOT NULL,
  `friend_user_id` bigint(20) NOT NULL,
  `is_confirmed` tinyint(1) DEFAULT 0,
  `is_limited` tinyint(1) DEFAULT 0,
  `date_created` datetime NOT NULL,
  PRIMARY KEY (`id`),
  KEY `initiator_user_id` (`initiator_user_id`),
  KEY `friend_user_id` (`friend_user_id`)
) ENGINE=MyISAM AUTO_INCREMENT=24 DEFAULT CHARSET=utf8mb4 COLLATE=utf8mb4_unicode_ci;

--
-- Dumping data for table `wp_bp_friends`
--

INSERT INTO `wp_bp_friends` VALUES (1,1,9,1,0,'2019-07-08 07:05:56'),(2,1,6,0,0,'2019-05-12 00:38:05'),(3,204,216,0,0,'2021-01-01 09:21:47'),(4,204,206,1,0,'2021-01-02 20:29:30'),(5,204,219,0,0,'2021-01-01 09:21:50'),(6,204,228,1,0,'2021-01-01 11:14:45'),(7,204,217,1,0,'2021-01-02 14:11:53'),(8,204,1,1,0,'2021-01-09 00:53:01'),(9,204,215,0,0,'2021-01-01 09:22:23'),(10,204,211,0,0,'2021-01-01 09:22:24'),(11,204,210,0,0,'2021-01-01 09:22:26'),(12,204,43,1,0,'2021-01-01 20:52:05'),(13,204,49,0,0,'2021-01-01 09:22:48'),(14,204,53,0,0,'2021-01-01 09:22:49'),(15,204,47,1,0,'2021-01-02 02:41:53'),(16,204,37,0,0,'2021-01-01 09:22:54'),(17,204,44,0,0,'2021-01-01 09:22:58'),(18,206,217,1,0,'2021-01-02 21:39:51'),(19,206,43,1,0,'2021-01-02 23:06:37'),(20,206,47,1,0,'2021-01-04 16:59:42'),(21,206,228,0,0,'2021-01-02 20:29:55'),(22,204,244,0,0,'2021-01-04 10:27:59'),(23,204,242,1,0,'2021-01-04 11:47:44');

--
-- Table structure for table `wp_bp_invitations`
--

CREATE TABLE `wp_bp_invitations` (
  `id` bigint(20) NOT NULL AUTO_INCREMENT,
  `user_id` bigint(20) NOT NULL,
  `inviter_id` bigint(20) NOT NULL,
  `invitee_email` varchar(100) COLLATE utf8mb4_unicode_ci DEFAULT NULL,
  `class` varchar(120) COLLATE utf8mb4_unicode_ci NOT NULL,
  `item_id` bigint(20) NOT NULL,
  `secondary_item_id` bigint(20) DEFAULT NULL,
  `type` varchar(12) COLLATE utf8mb4_unicode_ci NOT NULL DEFAULT 'invite',
  `content` longtext COLLATE utf8mb4_unicode_ci DEFAULT '',
  `date_modified` datetime NOT NULL,
  `invite_sent` tinyint(1) NOT NULL DEFAULT 0,
  `accepted` tinyint(1) NOT NULL DEFAULT 0,
  PRIMARY KEY (`id`),
  KEY `user_id` (`user_id`),
  KEY `inviter_id` (`inviter_id`),
  KEY `invitee_email` (`invitee_email`),
  KEY `class` (`class`),
  KEY `item_id` (`item_id`),
  KEY `secondary_item_id` (`secondary_item_id`),
  KEY `type` (`type`),
  KEY `invite_sent` (`invite_sent`),
  KEY `accepted` (`accepted`)
) ENGINE=MyISAM DEFAULT CHARSET=utf8mb4 COLLATE=utf8mb4_unicode_ci;

--
-- Dumping data for table `wp_bp_invitations`
--


--
-- Table structure for table `wp_bp_messages_messages`
--

CREATE TABLE `wp_bp_messages_messages` (
  `id` bigint(20) NOT NULL AUTO_INCREMENT,
  `thread_id` bigint(20) NOT NULL,
  `sender_id` bigint(20) NOT NULL,
  `subject` varchar(200) COLLATE utf8mb4_unicode_ci NOT NULL,
  `message` longtext COLLATE utf8mb4_unicode_ci NOT NULL,
  `date_sent` datetime NOT NULL,
  PRIMARY KEY (`id`),
  KEY `sender_id` (`sender_id`),
  KEY `thread_id` (`thread_id`)
) ENGINE=MyISAM DEFAULT CHARSET=utf8mb4 COLLATE=utf8mb4_unicode_ci;

--
-- Dumping data for table `wp_bp_messages_messages`
--


--
-- Table structure for table `wp_bp_messages_meta`
--

CREATE TABLE `wp_bp_messages_meta` (
  `id` bigint(20) NOT NULL AUTO_INCREMENT,
  `message_id` bigint(20) NOT NULL,
  `meta_key` varchar(255) COLLATE utf8mb4_unicode_ci DEFAULT NULL,
  `meta_value` longtext COLLATE utf8mb4_unicode_ci DEFAULT NULL,
  PRIMARY KEY (`id`),
  KEY `message_id` (`message_id`),
  KEY `meta_key` (`meta_key`(191))
) ENGINE=MyISAM DEFAULT CHARSET=utf8mb4 COLLATE=utf8mb4_unicode_ci;

--
-- Dumping data for table `wp_bp_messages_meta`
--


--
-- Table structure for table `wp_bp_messages_notices`
--

CREATE TABLE `wp_bp_messages_notices` (
  `id` bigint(20) NOT NULL AUTO_INCREMENT,
  `subject` varchar(200) COLLATE utf8mb4_unicode_ci NOT NULL,
  `message` longtext COLLATE utf8mb4_unicode_ci NOT NULL,
  `date_sent` datetime NOT NULL,
  `is_active` tinyint(1) NOT NULL DEFAULT 0,
  PRIMARY KEY (`id`),
  KEY `is_active` (`is_active`)
) ENGINE=MyISAM DEFAULT CHARSET=utf8mb4 COLLATE=utf8mb4_unicode_ci;

--
-- Dumping data for table `wp_bp_messages_notices`
--


--
-- Table structure for table `wp_bp_messages_recipients`
--

CREATE TABLE `wp_bp_messages_recipients` (
  `id` bigint(20) NOT NULL AUTO_INCREMENT,
  `user_id` bigint(20) NOT NULL,
  `thread_id` bigint(20) NOT NULL,
  `unread_count` int(10) NOT NULL DEFAULT 0,
  `sender_only` tinyint(1) NOT NULL DEFAULT 0,
  `is_deleted` tinyint(1) NOT NULL DEFAULT 0,
  PRIMARY KEY (`id`),
  KEY `user_id` (`user_id`),
  KEY `thread_id` (`thread_id`),
  KEY `is_deleted` (`is_deleted`),
  KEY `sender_only` (`sender_only`),
  KEY `unread_count` (`unread_count`)
) ENGINE=MyISAM DEFAULT CHARSET=utf8mb4 COLLATE=utf8mb4_unicode_ci;

--
-- Dumping data for table `wp_bp_messages_recipients`
--


--
-- Table structure for table `wp_bp_notifications`
--

CREATE TABLE `wp_bp_notifications` (
  `id` bigint(20) NOT NULL AUTO_INCREMENT,
  `user_id` bigint(20) NOT NULL,
  `item_id` bigint(20) NOT NULL,
  `secondary_item_id` bigint(20) DEFAULT NULL,
  `component_name` varchar(75) COLLATE utf8mb4_unicode_ci NOT NULL,
  `component_action` varchar(75) COLLATE utf8mb4_unicode_ci NOT NULL,
  `date_notified` datetime NOT NULL,
  `is_new` tinyint(1) NOT NULL DEFAULT 0,
  PRIMARY KEY (`id`),
  KEY `item_id` (`item_id`),
  KEY `secondary_item_id` (`secondary_item_id`),
  KEY `user_id` (`user_id`),
  KEY `is_new` (`is_new`),
  KEY `component_name` (`component_name`),
  KEY `component_action` (`component_action`),
  KEY `useritem` (`user_id`,`is_new`)
) ENGINE=MyISAM AUTO_INCREMENT=87 DEFAULT CHARSET=utf8mb4 COLLATE=utf8mb4_unicode_ci;

--
-- Dumping data for table `wp_bp_notifications`
--

INSERT INTO `wp_bp_notifications` VALUES (1,9,1,1,'friends','friendship_request','2019-05-12 00:37:53',0),(3,1,9,1,'friends','friendship_accepted','2019-07-08 07:05:57',0),(4,39,470,1,'activity','update_reply','2019-07-23 03:04:23',1),(5,39,471,1,'activity','update_reply','2019-07-23 03:05:14',1),(6,39,472,1,'activity','update_reply','2019-07-23 03:07:34',1),(7,39,473,1,'activity','update_reply','2019-07-23 03:07:56',1),(8,37,474,1,'activity','update_reply','2019-07-23 03:09:10',0),(9,39,484,1,'activity','update_reply','2019-07-25 14:48:32',0),(10,43,505,1,'activity','update_reply','2019-08-05 20:22:40',1),(18,37,759,1,'activity','update_reply','2019-09-28 23:52:51',0),(12,39,507,1,'activity','update_reply','2019-08-05 20:26:20',1),(13,1,508,43,'activity','comment_reply','2019-08-05 20:27:43',0),(54,216,204,3,'friends','friendship_request','2021-01-01 09:21:48',1),(15,43,512,1,'activity','update_reply','2019-08-05 20:32:54',1),(16,1,513,43,'activity','comment_reply','2019-08-05 20:33:40',0),(17,43,527,1,'activity','update_reply','2019-08-07 16:07:08',1),(19,39,760,1,'activity','update_reply','2019-09-28 23:53:23',1),(20,47,872,1,'activity','update_reply','2019-11-05 14:58:49',0),(21,39,873,1,'activity','update_reply','2019-11-05 15:01:07',1),(22,44,874,1,'activity','update_reply','2019-11-05 15:04:25',0),(24,47,913,1,'activity','update_reply','2020-01-25 03:25:17',0),(25,47,914,1,'activity','update_reply','2020-01-25 03:25:28',0),(26,47,915,1,'activity','update_reply','2020-01-25 03:25:37',0),(27,47,916,1,'activity','update_reply','2020-01-25 03:26:14',0),(28,47,917,1,'activity','update_reply','2020-01-25 03:26:35',0),(29,47,918,1,'activity','update_reply','2020-01-25 03:26:41',0),(30,47,919,1,'activity','update_reply','2020-01-25 03:26:51',0),(31,47,920,1,'activity','update_reply','2020-01-25 03:28:09',0),(32,47,921,1,'activity','update_reply','2020-01-25 03:28:57',0),(34,51,923,1,'activity','update_reply','2020-01-25 03:40:28',1),(86,204,1,8,'friends','friendship_accepted','2021-01-09 00:53:02',1),(36,49,925,1,'activity','update_reply','2020-01-25 03:44:43',1),(37,46,926,1,'activity','update_reply','2020-01-25 03:45:22',1),(55,206,204,4,'friends','friendship_request','2021-01-01 09:21:49',0),(40,44,251,0,'course','course_reset','2020-04-15 07:49:39',1),(56,219,204,5,'friends','friendship_request','2021-01-01 09:21:50',1),(57,228,204,6,'friends','friendship_request','2021-01-01 09:21:53',0),(58,217,204,7,'friends','friendship_request','2021-01-01 09:22:15',0),(59,1,204,8,'friends','friendship_request','2021-01-01 09:22:17',0),(60,215,204,9,'friends','friendship_request','2021-01-01 09:22:23',1),(61,211,204,10,'friends','friendship_request','2021-01-01 09:22:25',1),(48,9,251,0,'course','subscribe_course','2020-11-24 02:47:00',1),(62,210,204,11,'friends','friendship_request','2021-01-01 09:22:26',1),(50,9,251,0,'course','bulk_action','2020-11-24 02:47:00',1),(63,43,204,12,'friends','friendship_request','2021-01-01 09:22:42',0),(64,49,204,13,'friends','friendship_request','2021-01-01 09:22:49',1),(65,53,204,14,'friends','friendship_request','2021-01-01 09:22:49',1),(66,47,204,15,'friends','friendship_request','2021-01-01 09:22:51',0),(67,37,204,16,'friends','friendship_request','2021-01-01 09:22:54',1),(68,44,204,17,'friends','friendship_request','2021-01-01 09:22:58',1),(69,204,228,6,'friends','friendship_accepted','2021-01-01 11:14:45',0),(70,204,43,12,'friends','friendship_accepted','2021-01-01 20:52:05',0),(71,204,47,15,'friends','friendship_accepted','2021-01-02 02:41:53',0),(72,204,217,7,'friends','friendship_accepted','2021-01-02 14:11:53',0),(73,204,206,4,'friends','friendship_accepted','2021-01-02 20:29:30',0),(74,217,206,18,'friends','friendship_request','2021-01-02 20:29:53',0),(75,43,206,19,'friends','friendship_request','2021-01-02 20:29:54',0),(76,47,206,20,'friends','friendship_request','2021-01-02 20:29:55',0),(77,228,206,21,'friends','friendship_request','2021-01-02 20:29:56',1),(78,204,1442,206,'activity','update_reply','2021-01-02 20:31:19',0),(79,206,217,18,'friends','friendship_accepted','2021-01-02 21:39:51',0),(80,206,43,19,'friends','friendship_accepted','2021-01-02 23:06:37',0),(81,206,1466,204,'activity','comment_reply','2021-01-04 10:26:16',0),(82,244,204,22,'friends','friendship_request','2021-01-04 10:27:59',1),(83,242,204,23,'friends','friendship_request','2021-01-04 10:28:01',0),(84,204,242,23,'friends','friendship_accepted','2021-01-04 11:47:44',0),(85,206,47,20,'friends','friendship_accepted','2021-01-04 16:59:42',0);

--
-- Table structure for table `wp_bp_notifications_meta`
--

CREATE TABLE `wp_bp_notifications_meta` (
  `id` bigint(20) NOT NULL AUTO_INCREMENT,
  `notification_id` bigint(20) NOT NULL,
  `meta_key` varchar(255) COLLATE utf8mb4_unicode_ci DEFAULT NULL,
  `meta_value` longtext COLLATE utf8mb4_unicode_ci DEFAULT NULL,
  PRIMARY KEY (`id`),
  KEY `notification_id` (`notification_id`),
  KEY `meta_key` (`meta_key`(191))
) ENGINE=MyISAM DEFAULT CHARSET=utf8mb4 COLLATE=utf8mb4_unicode_ci;

--
-- Dumping data for table `wp_bp_notifications_meta`
--


--
-- Table structure for table `wp_bp_user_blogs`
--

CREATE TABLE `wp_bp_user_blogs` (
  `id` bigint(20) NOT NULL AUTO_INCREMENT,
  `user_id` bigint(20) NOT NULL,
  `blog_id` bigint(20) NOT NULL,
  PRIMARY KEY (`id`),
  KEY `user_id` (`user_id`),
  KEY `blog_id` (`blog_id`)
) ENGINE=MyISAM AUTO_INCREMENT=2 DEFAULT CHARSET=utf8mb4 COLLATE=utf8mb4_unicode_ci;

--
-- Dumping data for table `wp_bp_user_blogs`
--

INSERT INTO `wp_bp_user_blogs` VALUES (1,1,1);

--
-- Table structure for table `wp_bp_user_blogs_blogmeta`
--

CREATE TABLE `wp_bp_user_blogs_blogmeta` (
  `id` bigint(20) NOT NULL AUTO_INCREMENT,
  `blog_id` bigint(20) NOT NULL,
  `meta_key` varchar(255) COLLATE utf8mb4_unicode_ci DEFAULT NULL,
  `meta_value` longtext COLLATE utf8mb4_unicode_ci DEFAULT NULL,
  PRIMARY KEY (`id`),
  KEY `blog_id` (`blog_id`),
  KEY `meta_key` (`meta_key`(191))
) ENGINE=MyISAM AUTO_INCREMENT=9 DEFAULT CHARSET=utf8mb4 COLLATE=utf8mb4_unicode_ci;

--
-- Dumping data for table `wp_bp_user_blogs_blogmeta`
--

INSERT INTO `wp_bp_user_blogs_blogmeta` VALUES (1,1,'url','https://tesoll.com'),(2,1,'name','IBTS TESOL CANADA ®'),(3,1,'description','INTERNATIONAL BOARD OF TEACHING STANDARDS TESOL CANADA'),(4,1,'last_activity','2019-07-03 14:04:21'),(5,1,'close_comments_for_old_posts','0'),(6,1,'close_comments_days_old','14'),(7,1,'thread_comments_depth','5'),(8,1,'comment_moderation','0');

--
-- Table structure for table `wp_bp_xprofile_data`
--

CREATE TABLE `wp_bp_xprofile_data` (
  `id` bigint(20) unsigned NOT NULL AUTO_INCREMENT,
  `field_id` bigint(20) unsigned NOT NULL,
  `user_id` bigint(20) unsigned NOT NULL,
  `value` longtext COLLATE utf8mb4_unicode_ci NOT NULL,
  `last_updated` datetime NOT NULL,
  PRIMARY KEY (`id`),
  KEY `field_id` (`field_id`),
  KEY `user_id` (`user_id`)
) ENGINE=MyISAM AUTO_INCREMENT=1371 DEFAULT CHARSET=utf8mb4 COLLATE=utf8mb4_unicode_ci;

--
-- Dumping data for table `wp_bp_xprofile_data`
--

INSERT INTO `wp_bp_xprofile_data` VALUES (32,13,9,'1995-05-04 00:00:00','2019-04-27 19:18:18'),(33,15,9,'Ammm','2019-04-27 19:18:18'),(34,16,9,'0777626232','2019-04-27 19:18:18'),(35,17,9,'student','2019-04-27 19:18:18'),(30,7,9,'Amma','2019-04-27 19:18:18'),(31,12,9,'Groupperla@yahoo.com','2019-04-27 19:18:18'),(29,1,9,'Maheron','2019-10-23 00:13:57'),(17,1,1,'TESOL GROUP','2020-12-18 06:02:12'),(169,1,37,'Rasha Alnabelsi','2019-09-10 15:58:55'),(170,63,37,'Jordan','2019-07-08 15:09:02'),(171,12,37,'rasha.nabulsi@gmail.com','2019-07-08 15:09:02'),(172,13,37,'1986-10-30 00:00:00','2019-07-08 15:09:02'),(173,15,37,'Amman','2019-07-08 15:09:02'),(174,17,37,'student','2019-07-08 15:09:02'),(176,1,39,'Yousef Aljabali','2019-07-11 15:36:24'),(185,1,43,'Aysheh Rababa','2019-08-05 02:23:13'),(186,1,44,'Huda Elhaffar','2020-03-30 06:25:21'),(188,1,46,'shaden','2019-11-05 03:30:00'),(189,63,46,'jordan','2019-08-08 06:49:04'),(190,12,46,'jetlareshaden@gmail.com','2019-08-08 06:49:04'),(191,15,46,'Amman','2019-08-08 06:49:04'),(192,16,46,'962799912929','2019-08-08 06:49:04'),(193,17,46,'student','2019-08-08 06:49:04'),(194,1,47,'Auday Aldmour','2019-08-17 12:16:30'),(196,1,49,'ruba','2019-11-05 03:26:58'),(197,63,49,'jordan -amman','2019-09-25 11:25:34'),(198,12,49,'rubaobaid33@gmail.com','2019-09-25 11:25:34'),(199,15,49,'Amman-Sahab -Abdullah Menwer street','2019-09-25 11:25:34'),(200,16,49,'0798068055','2019-09-25 11:25:34'),(201,17,49,'student','2019-09-25 11:25:34'),(208,1,51,'Esraa','2019-11-05 03:21:26'),(209,63,51,'Amman','2019-10-15 10:49:32'),(210,12,51,'Amman-swelih','2019-10-15 10:49:32'),(211,15,51,'Swelih','2019-10-15 10:49:32'),(212,16,51,'0772733163','2019-10-15 10:49:32'),(213,17,51,'instructor','2019-10-15 10:49:32'),(214,13,51,'1997-12-19 00:00:00','2019-10-15 10:49:32'),(215,17,1,'instructor','2019-11-05 15:06:16'),(222,1,53,'Lama','2019-11-05 03:25:57'),(223,63,53,'Irbid','2019-10-22 22:36:25'),(224,12,53,'Lanajamal127@gmail.com','2019-10-22 22:36:25'),(225,15,53,'اربد _ شارع الهاشمي','2019-10-22 22:36:25'),(226,16,53,'0785276865','2019-10-22 22:36:25'),(227,17,53,'student','2019-10-22 22:36:25'),(242,63,1,'Canada','2019-11-05 15:06:16'),(243,12,1,'info@tesoll.com','2019-11-05 15:06:16'),(244,13,1,'1991-02-17 00:00:00','2019-11-05 15:06:16'),(245,15,1,'Montreal','2019-11-05 15:06:16'),(246,16,1,'5144514959','2019-11-05 15:06:16'),(247,17,44,'instructor','2020-03-30 06:25:22'),(248,1,57,'Nor Alderi','2020-11-27 03:35:35'),(249,1,58,'Mohammad Al-Zoubi','2020-11-27 03:38:10'),(1367,1,262,'Amel  Beldjenna','2021-01-10 07:44:50'),(1368,17,262,'student','2021-01-10 07:44:50'),(1369,1,263,'emad hunieh','2021-01-10 22:14:36'),(1370,17,263,'instructor','2021-01-10 22:14:36'),(1349,1,257,'ANAS BANI MUSTAFA','2021-01-08 13:53:26'),(1350,17,257,'instructor','2021-01-08 13:53:26'),(1261,17,214,'student','2020-12-31 08:46:33'),(1260,1,214,'Manar aldaja','2020-12-31 08:46:33'),(1256,1,212,'fajr','2020-12-31 08:41:13'),(1257,17,212,'instructor','2020-12-31 08:41:13'),(1258,1,213,'Fallout69','2020-12-31 08:41:36'),(1259,17,213,'student','2020-12-31 08:41:36'),(1255,17,211,'student','2020-12-31 08:40:16'),(1254,1,211,'Sarah alomari','2020-12-31 08:40:16'),(1250,1,209,'Somaya Tarawneh','2020-12-31 08:28:26'),(1251,17,209,'instructor','2020-12-31 08:28:26'),(1252,1,210,'Reem Altamimi','2020-12-31 08:28:41'),(1253,17,210,'instructor','2020-12-31 08:28:41'),(1249,17,208,'student','2020-12-29 21:51:44'),(1248,1,208,'Noraldin Al-Deri','2020-12-29 21:51:44'),(1237,1,202,'Nor Deri','2020-12-19 03:45:55'),(1240,1,204,'MARWAN TAHA','2020-12-21 10:59:24'),(1241,17,204,'student','2020-12-21 10:59:24'),(1242,1,205,'Hamza','2020-12-22 15:32:34'),(1243,17,205,'student','2020-12-22 15:32:34'),(1244,1,206,'Hamza AlAjlouni','2020-12-24 13:28:10'),(1245,17,206,'student','2020-12-24 13:28:10'),(1246,1,207,'Noraldin Al-Deri','2020-12-29 21:51:24'),(1247,17,207,'student','2020-12-29 21:51:24'),(1262,1,215,'Somaya Tarawneh','2020-12-31 08:54:31'),(1263,17,215,'student','2020-12-31 08:54:31'),(1264,1,216,'Juman Qasem','2020-12-31 10:18:28'),(1265,17,216,'student','2020-12-31 10:18:28'),(1266,1,217,'Tasneem','2020-12-31 10:51:30'),(1267,17,217,'student','2020-12-31 10:51:30'),(1268,1,218,'Tareq AlSamhouri','2020-12-31 11:23:44'),(1269,17,218,'instructor','2020-12-31 11:23:44'),(1270,1,219,'Hamza Alsarhan','2020-12-31 11:42:05'),(1271,17,219,'student','2020-12-31 11:42:05'),(1272,1,220,'Rozana Odeh','2020-12-31 11:54:25'),(1273,17,220,'student','2020-12-31 11:54:25'),(1274,1,221,'Sally M Khader','2020-12-31 14:09:09'),(1275,17,221,'instructor','2020-12-31 14:09:09'),(1276,1,222,'Mayada Ghadi','2020-12-31 14:21:11'),(1277,17,222,'instructor','2020-12-31 14:21:11'),(1278,1,223,'yasmeen','2020-12-31 14:35:37'),(1279,17,223,'student','2020-12-31 14:35:37'),(1280,1,224,'Reem Alkurdi','2020-12-31 15:00:12'),(1281,17,224,'instructor','2020-12-31 15:00:12'),(1282,1,225,'Ekhlass','2020-12-31 16:52:39'),(1283,17,225,'instructor','2020-12-31 16:52:39'),(1284,1,226,'Ahmad khaled alsafadi','2020-12-31 16:56:37'),(1285,17,226,'student','2020-12-31 16:56:37'),(1286,1,227,'Mehrnaz Faghih','2020-12-31 18:33:36'),(1287,17,227,'instructor','2020-12-31 18:33:36'),(1288,1,228,'Sarah Nusier','2020-12-31 18:41:44'),(1289,17,228,'student','2020-12-31 18:41:44'),(1290,1,229,'Khaled Al-Naimat','2020-12-31 18:56:03'),(1291,17,229,'student','2020-12-31 18:56:03'),(1292,1,230,'Mainkhalila','2020-12-31 21:37:08'),(1293,17,230,'student','2020-12-31 21:37:08'),(1294,1,231,'Yanal Ismail','2021-01-01 09:46:33'),(1295,17,231,'student','2021-01-01 09:46:33'),(1296,1,232,'Taqwa','2021-01-01 12:43:10'),(1297,17,232,'student','2021-01-01 12:43:10'),(1298,1,233,'Lama','2021-01-01 13:40:36'),(1299,17,233,'student','2021-01-01 13:40:36'),(1300,1,234,'Lama','2021-01-01 13:47:27'),(1301,17,234,'student','2021-01-01 13:47:27'),(1302,1,235,'Noor B.','2021-01-01 16:37:09'),(1303,17,235,'student','2021-01-01 16:37:09'),(1304,1,236,'OMAR ALSMADI','2021-01-01 18:48:52'),(1305,17,236,'student','2021-01-01 18:48:52'),(1306,1,237,'OMAR','2021-01-01 18:55:31'),(1307,17,237,'student','2021-01-01 18:55:31'),(1308,1,238,'OMAR','2021-01-01 19:15:14'),(1309,17,238,'student','2021-01-01 19:15:14'),(1310,1,239,'Ehda\\\'a Aziz','2021-01-02 04:39:02'),(1311,17,239,'student','2021-01-02 04:39:02'),(1312,1,240,'Aseel','2021-01-02 13:21:19'),(1313,17,240,'student','2021-01-02 13:21:19'),(1314,1,241,'tala','2021-01-02 13:42:14'),(1315,17,241,'student','2021-01-02 13:42:14'),(1316,1,242,'Ekhlas','2021-01-02 19:22:21'),(1317,17,242,'student','2021-01-02 19:22:21'),(1318,1,243,'Shahed Tarawneh','2021-01-02 21:58:25'),(1319,17,243,'student','2021-01-02 21:58:25'),(1320,78,243,'Jordan','2021-01-02 21:58:25'),(1321,12,243,'Sh.tarawneh98@gmail.com','2021-01-02 21:58:25'),(1322,13,243,'1998-09-17 00:00:00','2021-01-02 21:58:25'),(1323,15,243,'Jordan','2021-01-02 21:58:25'),(1324,16,243,'0799240584','2021-01-02 21:58:25'),(1325,1,244,'Rozan Nouri','2021-01-03 08:53:44'),(1326,17,244,'student','2021-01-03 08:53:44'),(1327,1,245,'Anas Henidi','2021-01-03 13:32:00'),(1328,17,245,'student','2021-01-03 13:32:00'),(1329,1,246,'bayan','2021-01-03 17:14:27'),(1330,17,246,'instructor','2021-01-03 17:14:27'),(1331,1,247,'Sarah Tabbaa','2021-01-03 18:45:40'),(1332,17,247,'student','2021-01-03 18:45:40'),(1333,1,248,'Lina','2021-01-04 15:01:03'),(1334,17,248,'student','2021-01-04 15:01:03'),(1335,1,249,'Reem Alkurdi','2021-01-05 19:48:23'),(1336,17,249,'instructor','2021-01-05 19:48:23'),(1337,1,250,'instructor','2021-01-06 10:39:40'),(1338,17,250,'instructor','2021-01-06 10:39:40'),(1339,1,251,'Nour Mrebeh','2021-01-06 10:44:58'),(1340,17,251,'instructor','2021-01-06 10:44:58'),(1348,17,255,'student','2021-01-08 04:32:27'),(1347,1,255,'Eman','2021-01-08 04:32:27'),(1346,17,254,'student','2021-01-08 01:07:22'),(1345,1,254,'Ahmad khaled alsafadi','2021-01-08 01:07:22');

--
-- Table structure for table `wp_bp_xprofile_fields`
--

CREATE TABLE `wp_bp_xprofile_fields` (
  `id` bigint(20) unsigned NOT NULL AUTO_INCREMENT,
  `group_id` bigint(20) unsigned NOT NULL,
  `parent_id` bigint(20) unsigned NOT NULL,
  `type` varchar(150) COLLATE utf8mb4_unicode_ci NOT NULL,
  `name` varchar(150) COLLATE utf8mb4_unicode_ci NOT NULL,
  `description` longtext COLLATE utf8mb4_unicode_ci NOT NULL,
  `is_required` tinyint(1) NOT NULL DEFAULT 0,
  `is_default_option` tinyint(1) NOT NULL DEFAULT 0,
  `field_order` bigint(20) NOT NULL DEFAULT 0,
  `option_order` bigint(20) NOT NULL DEFAULT 0,
  `order_by` varchar(15) COLLATE utf8mb4_unicode_ci NOT NULL DEFAULT '',
  `can_delete` tinyint(1) NOT NULL DEFAULT 1,
  PRIMARY KEY (`id`),
  KEY `group_id` (`group_id`),
  KEY `parent_id` (`parent_id`),
  KEY `field_order` (`field_order`),
  KEY `can_delete` (`can_delete`),
  KEY `is_required` (`is_required`)
) ENGINE=MyISAM AUTO_INCREMENT=93 DEFAULT CHARSET=utf8mb4 COLLATE=utf8mb4_unicode_ci;

--
-- Dumping data for table `wp_bp_xprofile_fields`
--

INSERT INTO `wp_bp_xprofile_fields` VALUES (1,1,0,'textbox','Name','',1,0,0,0,'',0),(12,1,0,'textbox','e-mail address','',1,0,2,0,'',1),(17,1,0,'selectbox','Sign up as a student or an instructor','how you want to sign up',1,0,7,0,'custom',1),(18,1,17,'option','student','',0,1,0,1,'',1),(19,1,17,'option','instructor','',0,0,0,2,'',1),(13,1,0,'datebox','Date OF Birth','',1,0,3,0,'',1),(15,1,0,'textbox','Address','full address',1,0,4,0,'',1),(16,1,0,'telephone','Mobile','',1,0,5,0,'',1),(63,1,0,'textbox','Location','Student Location',0,0,0,0,'',1),(73,1,0,'textbox','Location','Student Location',0,0,0,0,'',1),(74,1,0,'textarea','Bio','About Student',0,0,0,0,'',1),(75,15,0,'textbox','Speciality','Instructor Speciality',0,0,0,0,'',1),(76,14,0,'url','Facebook','Facebook profile link',0,0,0,0,'',1),(77,14,0,'url','Twitter','Twitter profile link',0,0,0,0,'',1),(78,1,0,'textbox','Location','Student Location',0,0,0,0,'',1),(79,1,0,'textarea','Bio','About Student',0,0,0,0,'',1),(80,15,0,'textbox','Speciality','Instructor Speciality',0,0,0,0,'',1),(81,14,0,'url','Facebook','Facebook profile link',0,0,0,0,'',1),(82,14,0,'url','Twitter','Twitter profile link',0,0,0,0,'',1),(83,1,0,'textbox','Location','Student Location',0,0,0,0,'',1),(84,1,0,'textarea','Bio','About Student',0,0,0,0,'',1),(85,17,0,'textbox','Speciality','Instructor Speciality',0,0,0,0,'',1),(86,16,0,'url','Facebook','Facebook profile link',0,0,0,0,'',1),(87,16,0,'url','Twitter','Twitter profile link',0,0,0,0,'',1),(88,1,0,'textbox','Location','Student Location',0,0,0,0,'',1),(89,1,0,'textarea','Bio','About Student',0,0,0,0,'',1),(90,17,0,'textbox','Speciality','Instructor Speciality',0,0,0,0,'',1),(91,16,0,'url','Facebook','Facebook profile link',0,0,0,0,'',1),(92,16,0,'url','Twitter','Twitter profile link',0,0,0,0,'',1);

--
-- Table structure for table `wp_bp_xprofile_groups`
--

CREATE TABLE `wp_bp_xprofile_groups` (
  `id` bigint(20) unsigned NOT NULL AUTO_INCREMENT,
  `name` varchar(150) COLLATE utf8mb4_unicode_ci NOT NULL,
  `description` mediumtext COLLATE utf8mb4_unicode_ci NOT NULL,
  `group_order` bigint(20) NOT NULL DEFAULT 0,
  `can_delete` tinyint(1) NOT NULL,
  PRIMARY KEY (`id`),
  KEY `can_delete` (`can_delete`)
) ENGINE=MyISAM AUTO_INCREMENT=18 DEFAULT CHARSET=utf8mb4 COLLATE=utf8mb4_unicode_ci;

--
-- Dumping data for table `wp_bp_xprofile_groups`
--

INSERT INTO `wp_bp_xprofile_groups` VALUES (1,'Base','',0,0),(14,'Social Profiles','Links to social profiles',0,1),(15,'Instructor','Instructor only field group',0,1),(16,'Social Profiles','Links to social profiles',0,1),(17,'Instructor','Instructor only field group',0,1);

--
-- Table structure for table `wp_bp_xprofile_meta`
--

CREATE TABLE `wp_bp_xprofile_meta` (
  `id` bigint(20) NOT NULL AUTO_INCREMENT,
  `object_id` bigint(20) NOT NULL,
  `object_type` varchar(150) COLLATE utf8mb4_unicode_ci NOT NULL,
  `meta_key` varchar(255) COLLATE utf8mb4_unicode_ci DEFAULT NULL,
  `meta_value` longtext COLLATE utf8mb4_unicode_ci DEFAULT NULL,
  PRIMARY KEY (`id`),
  KEY `object_id` (`object_id`),
  KEY `meta_key` (`meta_key`(191))
) ENGINE=MyISAM AUTO_INCREMENT=42 DEFAULT CHARSET=utf8mb4 COLLATE=utf8mb4_unicode_ci;

--
-- Dumping data for table `wp_bp_xprofile_meta`
--

INSERT INTO `wp_bp_xprofile_meta` VALUES (1,12,'field','default_visibility','public'),(2,12,'field','allow_custom_visibility','disabled'),(3,12,'field','do_autolink','off'),(33,40,'field','allow_custom_visibility','allowed'),(32,40,'field','default_visibility','public'),(10,13,'field','default_visibility','public'),(11,13,'field','allow_custom_visibility','disabled'),(12,13,'field','do_autolink','on'),(13,13,'field','date_format','d/m/Y'),(14,13,'field','date_format_custom',''),(15,13,'field','range_type','absolute'),(16,13,'field','range_absolute_start','1970'),(17,13,'field','range_absolute_end','2000'),(18,13,'field','range_relative_start','-10'),(19,13,'field','range_relative_end','20'),(30,17,'field','allow_custom_visibility','allowed'),(29,17,'field','default_visibility','public'),(23,15,'field','default_visibility','public'),(24,15,'field','allow_custom_visibility','disabled'),(25,15,'field','do_autolink','off'),(26,16,'field','default_visibility','public'),(27,16,'field','allow_custom_visibility','disabled'),(28,16,'field','do_autolink','off'),(31,17,'field','do_autolink','on'),(34,40,'field','do_autolink','off'),(35,41,'field','default_visibility','adminsonly'),(36,41,'field','allow_custom_visibility','disabled'),(37,41,'field','do_autolink','off'),(41,1,'field','allow_custom_visibility','disabled');

--
-- Table structure for table `wp_commentmeta`
--

CREATE TABLE `wp_commentmeta` (
  `meta_id` bigint(20) unsigned NOT NULL AUTO_INCREMENT,
  `comment_id` bigint(20) unsigned NOT NULL DEFAULT 0,
  `meta_key` varchar(255) COLLATE utf8mb4_unicode_ci DEFAULT NULL,
  `meta_value` longtext COLLATE utf8mb4_unicode_ci DEFAULT NULL,
  PRIMARY KEY (`meta_id`),
  KEY `comment_id` (`comment_id`),
  KEY `meta_key` (`meta_key`(191))
) ENGINE=MyISAM AUTO_INCREMENT=1344 DEFAULT CHARSET=utf8mb4 COLLATE=utf8mb4_unicode_ci;

--
-- Dumping data for table `wp_commentmeta`
--

INSERT INTO `wp_commentmeta` VALUES (1329,770,'quiz_id','3469'),(1330,771,'quiz_id','3469'),(1331,772,'quiz_id','3469'),(1332,773,'quiz_id','3469'),(1333,774,'quiz_id','3469'),(1334,775,'quiz_id','3469'),(1335,776,'quiz_id','3469'),(1336,777,'quiz_id','3469'),(1337,778,'quiz_id','3469'),(1338,779,'quiz_id','3469'),(1339,781,'quiz_id','3469'),(1340,782,'quiz_id','3469'),(1341,783,'quiz_id','3469'),(1342,784,'quiz_id','3469'),(1343,785,'quiz_id','3469');

--
-- Table structure for table `wp_comments`
--

CREATE TABLE `wp_comments` (
  `comment_ID` bigint(20) unsigned NOT NULL AUTO_INCREMENT,
  `comment_post_ID` bigint(20) unsigned NOT NULL DEFAULT 0,
  `comment_author` tinytext COLLATE utf8mb4_unicode_ci NOT NULL,
  `comment_author_email` varchar(100) COLLATE utf8mb4_unicode_ci NOT NULL DEFAULT '',
  `comment_author_url` varchar(200) COLLATE utf8mb4_unicode_ci NOT NULL DEFAULT '',
  `comment_author_IP` varchar(100) COLLATE utf8mb4_unicode_ci NOT NULL DEFAULT '',
  `comment_date` datetime NOT NULL DEFAULT '0000-00-00 00:00:00',
  `comment_date_gmt` datetime NOT NULL DEFAULT '0000-00-00 00:00:00',
  `comment_content` text COLLATE utf8mb4_unicode_ci NOT NULL,
  `comment_karma` int(11) NOT NULL DEFAULT 0,
  `comment_approved` varchar(20) COLLATE utf8mb4_unicode_ci NOT NULL DEFAULT '1',
  `comment_agent` varchar(255) COLLATE utf8mb4_unicode_ci NOT NULL DEFAULT '',
  `comment_type` varchar(20) COLLATE utf8mb4_unicode_ci NOT NULL DEFAULT 'comment',
  `comment_parent` bigint(20) unsigned NOT NULL DEFAULT 0,
  `user_id` bigint(20) unsigned NOT NULL DEFAULT 0,
  PRIMARY KEY (`comment_ID`),
  KEY `comment_post_ID` (`comment_post_ID`),
  KEY `comment_approved_date_gmt` (`comment_approved`,`comment_date_gmt`),
  KEY `comment_date_gmt` (`comment_date_gmt`),
  KEY `comment_parent` (`comment_parent`),
  KEY `comment_author_email` (`comment_author_email`(10)),
  KEY `woo_idx_comment_type` (`comment_type`)
) ENGINE=MyISAM AUTO_INCREMENT=805 DEFAULT CHARSET=utf8mb4 COLLATE=utf8mb4_unicode_ci;

--
-- Dumping data for table `wp_comments`
--

INSERT INTO `wp_comments` VALUES (760,2941,'WooCommerce','woocommerce@tesoll.com','','','2020-11-24 10:05:47','2020-11-24 15:05:47','Order status changed from Pending payment to Processing.',0,'1','WooCommerce','order_note',0,0),(761,2941,'TESOL GROUP','admin@tesoll.com','','','2020-11-24 10:10:15','2020-11-24 15:10:15','Order status changed by bulk edit: Order status changed from Processing to Completed.',0,'1','WooCommerce','order_note',0,0),(762,2943,'WooCommerce','woocommerce@tesoll.com','','','2020-11-24 10:11:21','2020-11-24 15:11:21','Order status changed from Pending payment to Processing.',0,'1','WooCommerce','order_note',0,0),(763,2943,'TESOL GROUP','admin@tesoll.com','','','2020-11-24 10:22:33','2020-11-24 15:22:33','Order status changed by bulk edit: Order status changed from Processing to Completed.',0,'1','WooCommerce','order_note',0,0),(764,3104,'WooCommerce','woocommerce@tesoll.com','','','2020-11-27 00:56:18','2020-11-27 05:56:18','Order status changed from Pending payment to Processing.',0,'1','WooCommerce','order_note',0,0),(765,3104,'TESOL GROUP','admin@tesoll.com','','','2020-11-27 01:11:49','2020-11-27 06:11:49','Order status changed by bulk edit: Order status changed from Processing to Completed.',0,'1','WooCommerce','order_note',0,0),(766,3120,'WooCommerce','woocommerce@tesoll.com','','','2020-11-28 18:34:28','2020-11-28 23:34:28','Order status changed from Pending payment to Completed.',0,'1','WooCommerce','order_note',0,0),(767,3443,'WooCommerce','woocommerce@tesoll.com','','','2020-12-18 22:50:29','2020-12-19 03:50:29','Order status changed from Pending payment to Processing.',0,'1','WooCommerce','order_note',0,0),(768,3521,'WooCommerce','woocommerce@tesoll.com','','','2020-12-29 17:50:12','2020-12-29 22:50:12','Order status changed from Pending payment to Processing.',0,'1','WooCommerce','order_note',0,0),(769,3521,'WooCommerce','woocommerce@tesoll.com','','','2020-12-29 17:50:12','2020-12-29 22:50:12','TESOL (#303) stock reduced from 800 to 799.',0,'1','WooCommerce','order_note',0,0),(770,3487,'','','','','2020-12-31 05:40:07','2020-12-31 10:40:07','Firstly , as a teacher I\\\'m obliged to appreciate every and each student ; specially those hardworking student like Nancy , starting from this point , I would make sure to appreciate her wide knowledge and the hard work she made through out the course  . Then I would encourage her to speak and elaborate her opinion as much as she want but  without taking the time and chance of other students .I would say that Nancy and all students knows that interrupting others is misleading behavior , the enthusiasm of Nancy is very strong which made her very comitative student , which a thing that I strongly appreciate and I encourage every student to become like you Nancy , but let\\\'s give your classmates a chance to tell there point of view about the question I asked , then I will give you the chance to comment on his/her point of view  to agree or disagree . then I will address the question again to the Student , this time Nancy would not interrupt and she may feel a little shy of her previous act .When the student answers my question I would not comment on his answer rather than ask student to comment on his/her answer . When I make sure that every student who have a comment has took his/her chance , I will ask Nancy in particular to comment on his/her answer and I would appreciate all answers equally .',0,'1','','comment',0,204),(771,3490,'','','','','2020-12-31 05:40:07','2020-12-31 10:40:07','First of all I would change the students seats and separate them from each other , then I would state again the class policy and elaborate more that chatting during the class is prohibited without taking the teachers permission ; and I would make clear that these kind of behaviors would affect there evaluation\\\'s marks . I would say : I know that sometimes classes are a little boring especially the lecturing classes , but that is not a valid excuse for student to start chatting with each others because this would not effect them only rather than effecting the whole class because noise is a huge interruption in class . Then I would ask the whole class whether the lecture is getting boring or not . depending to there answers may dismiss the class , convert the class from lecturing into an interaction class , or continue lecturing . By doing this , I will give the class a break from lecturing and change the class mode , then I will ask the two chatting students to continue there chatting out side the class and return to it when there are done in case they were chatting about an important subject to them , or if they were chatting about an important subject that has something to do with the curriculum , they can share it with the rest of the class , I will give them these options in order to show them that I do not hold anything personal toward them ',0,'1','','comment',0,204),(772,3492,'','','','','2020-12-31 05:40:07','2020-12-31 10:40:07','In this case , I will state clearly that giving notes to other students will effect both sides , the one who receives and the one who gives . Then I will start  changing the way I teach this class in particular . I would give different assignments to each and every students to prevent the retired police officer to copy other students assignments . and I will state clearly that exams would depend on students understanding of the class and the class exams question\\\'s would not be multiple choice but essays which strongly depend on the student\\\'s understanding of the course . Then I will focus more on the retired police officer and made him contribute more in the class and gives him the impression of which he does not need to take notes from other students . I would appreciate him every time he contributes in the class discussion and I would ask him frequently to comment on his classmates answers and appreciate his comments , this way he would be more confident in both himself and his understanding of the course , and that would stope him from borrowing notes or coping answers , because now he is more confident on his own answers and his own understanding of the course and he does not need to borrow notes anymore .',0,'1','','comment',0,204),(773,3494,'','','','','2020-12-31 05:40:07','2020-12-31 10:40:07','Firstly , I would state to him clearly that being a son of a rich father does not mean that he could be treated better than other students , then I would tell him that I will ask the whole class to delay the exam appointment , but if anyone of the class refused ; the exam would be held in its currant time and date . The other option is to understand what the real cause which made the student ask for the delaying of the exam , and if it was a valid reason I would consider to do him a makeup exam ; but I would make clear that the make up exam would be at the same level of the previous exam . If the student did not give me a valid excuse for not attending the exam I will tell him / her that if he messed the exam he / her is going to have a zero . In the case of that the student refused all the option I gave to him /her , I will ask him / her to check with the head of the department and explain the situation and the head of the department will choose weather to accept his reason of not attending the exam or not . ',0,'1','','comment',0,204),(774,3496,'','','','','2020-12-31 05:40:08','2020-12-31 10:40:08','I always make sure at the first class of every semester to acquaint my students of me , and for me this is a very good situation where I can talk about myself . Firstly I will tell them my name , the certificates that I hold which enabled me to teach them this class and what I expect from my students . Then I would began to answer the question which I was asked  starting by saying that the age is not one of the requirements of teaching in any class and that what is important in the teaching process is a strong personality and a good education . Age has never been a factor in the qualification process of a teacher and there are many young teachers who are a very successful teachers for instance Wemerson da Silva Nogueira is a very well known teachers and he is only 29 years old . Also the younger the teacher the better he/her understands the students , we all know that in the current days there are a huge gap between generations , and the younger the teacher means smaller the gap ; and as consequence a better teaching process . Plus the new generation that I belong to understands the value of using technology in class and outside the class and knows exactly how to employ technology in the teaching process .',0,'1','','comment',0,204),(775,3487,'','','','','2020-12-31 12:02:18','2020-12-31 17:02:18','There are several  ways to do this:\n1- By Changing standard discussion technique and asking the students to write their short answers down before discussing the question. Then call on with one person at a time.  And .when your problem student violates that process, ask him/her to stop EACH time. by using comments such as “Please remember I want you to wait to be called on”,\n \n2. Tell the class that you want them to discuss the question, but “Nancy” is going to review the discussion at the end & let us know if we’ve missed any points. It gives that person a chance to “show off” but still puts you in control of the discussion.\n\n3-  AkE Nancy to facilitate the discussion. \n\n4-Create a contest  where partipants have to hit a buzzer (or simulate a buzzer) to be the first to answer.\n\n5-Create a round between students where each person takes a turn to answer first.\n6- Don’t hesitate to say “Nancy, please don’t answer the question until the others have given their answers.” ',0,'1','','comment',0,222),(776,3490,'','','','','2020-12-31 12:02:19','2020-12-31 17:02:19','1- Give the Chatty Cathy verbal jobs in the classroom.  Let them know you see that they have a gift and you have faith that they will use it in constructive ways during classtime.  It could be their job to introduce new students, make announcements, and to draw out students who don\\\'t talk very often.\n2- Set up a signal with the student.  You might agree to pull on your ear or put your hand on your heart when they are talking so much that it is interfering with the needs of the situation.  This is effective only when the students agrees in advance that a signal will be helpful to them.\n3-If you notice the student talking at an inappropriate time, wait, and watch before jumping in.  Students will often stop yakking when they notice you are waiting patiently.  It is even more effective if you explain to the class in advance that you intend to stop lessons until all students\\\' attention is focused.\n4-  Initiate a discussion saying Chatty Cathy and Carl that i am noticed at both expermente and math that day you had not heard the instructions you gave.  Ask what, why and how questions to help them recognize the way their talking interferes with their ability to follow along with the class.   \\\"What happens when you miss instructions?  What causes this to happen? How does it affect the teacher and other students?  What ideas do you have for solutions?\\\"  This shifts responsibility for this behavior to them.\n5- Emotional honesty helps.  Remember to use the \\\"I feel _____when________  and I wish___________\\\" formula.  In the case of a talkative student it might sound like this;  \\\"I feel frustrated when I repeat directions several times and I wish that I only had to give them once.\\\" (Notice that this example does not include a \\\"you\\\" statement.)  Keep the focus on your needs and observations and not in how to change or control the student\\\'s behavior',0,'1','','comment',0,222),(777,3492,'','','','','2020-12-31 12:02:19','2020-12-31 17:02:19','THE DO\\\'s:\n \n\nStop the bullying immediately.\nStand between the bullied student and the bully(ies), blocking eye contact. Don\\\'t send any bystanders away. To avoid escalating the tension, wait until later to sort out the facts. Talk to the parties involved separately once they are calm.\n\nRefer to school rules regarding bullying.\nSpeak in a matter-of-fact tone of voice to describe what you heard or saw. Let all students know bullying is always unacceptable.\n\nSupport the bullied child.\nDo this in a way that allows him or her dignity and to feel safe from retaliation. Make a point to see the child later in private if he or she is upset. Increase supervision to assure bullying is not repeated.\n\nOffer guidance to bystanders.\nLet them know how they might appropriately intervene or get help next time. Tell them you noticed their inaction or that you\\\'re pleased with the way they tried to help.\n\nImpose immediate consequences.\nWait until all parties have calmed down. Do not require that students apologize or make amends that may be insincere. The consequences should be logical and connected to the offense. A first step could be taking away social privileges i.e. recess or lunch in the cafeteria.\n\nNotify colleagues and parents.\nLet the bully know he or she is being watched.',0,'1','','comment',0,222),(778,3494,'','','','','2020-12-31 12:02:19','2020-12-31 17:02:19','will explain to him that he must be present in the exam with colleagues, and I tell him I will talk to the head of the board of trustees at your university and address the problem, and you must abide by the laws and instructions of the university and the exam\n\nanother choice Involve Parents\nIn another option, I will involve his parents in the issue and contact them to discuss with him a solution to the issue',0,'1','','comment',0,222),(779,3496,'','','','','2020-12-31 12:02:20','2020-12-31 17:02:20','  I will try to be calm, understand why this behavior has been shown, try to accept the student and to talk to her after the class and if the attitude was unacceptable, \n\n i will Use humor to diffuse the situation– . By asking him smartly, \\\"If you are a smart student, you will know through my teaching method.\\\"\nor\nKill them with kindness\nI am going to say , “…The experience has nothing to do with the quality of education and you will know this as you grow up as a teacher or work elsewhere\n\ni take it easy , and i will answer him scientifically for give him a lesson that he should respect the other \n\n I might give a silly answer to thisquestion. In general I don\\\'t try all that hard to keep too much of My teaching experience (it\\\'s really not interesting enough), but I don\\\'t want to be the center of attention. My students are there to learn the material, not to learn if my old enough to teach this class?My teaching experience. If sharing a little information with them helps develop rapport and establish a positive classroom atmosphere, then I\\\'m happy to do it. Beyond that, we really need to get back to the material.',0,'1','','comment',0,222),(780,3678,'WooCommerce','woocommerce@tesoll.com','','','2021-01-01 08:54:12','2021-01-01 13:54:12','Order status changed from Pending payment to Processing.',0,'1','WooCommerce','order_note',0,0),(781,3487,'','','','','2021-01-02 09:09:54','2021-01-02 14:09:54','I was a grade schooler at the time, but if I could, I would have put her  in time-out so the rest of us could join in the conversation.\nBut behavior like this isn’t just rude at Thanksgiving. It’s always rude. And it’s also always rude in the classroom.\nIf there are students in your classroom who talk when they’re supposed to be listening or working, academic progress will suffer. Talking without permission wastes time, interrupts the learning of others, and leads to more serious disruptive behavior.\nAllowing students to freely talk without permission is like driving an old jalopy; progress only comes in fits and starts, and you’ll never reach top speed.\nBesides being a classroom management nightmare and slamming the brakes on learning, talking without permission is remarkably rude. It’s akin to cutting in front of the line at a sold-out movie.\n \nAfter all, the teacher is in charge, not the students.\nThe most effective way to handle talking is to enforce a consequence. If hand-raising isn’t a classroom rule, I recommend including it.\nand my students will love me for it because it reassures them that they are equal members of my classroom, free to join in the learning process.\nIt also provides a model for how to behave when working together in groups without a teacher present.\nIt’s important that my students understand why hand-raising is important. So be direct. Tell them that calling out and side-talking is rude and disrespectful to the class, and that it is my job to protect their right to learn without interference.\nTeach my students how to take turns talking and include hand-raising as part of my classroom management plan. And if you want my classroom to run like a finely tuned Italian sports car, then enforce a consequence every time a student breaks a rule.\n',0,'1','','comment',0,217),(782,3490,'','','','','2021-01-02 09:09:54','2021-01-02 14:09:54','If my classroom has become too chatty, I\\\'ll start by figuring out if the talk is productive or not. Sometimes talking is actually a good thing. If students are talking about the task at hand, i may want to encourage them to continue (just at a quieter volume!). But if students are off task and chatty, this requires a different approach.\nIf students come into a chatty classroom, they\\\'re more likely to continue (and possibly increase) the noise. But if they enter a calm and quiet classroom, they\\\'ll be encouraged to keep the same noise level throughout the class, so i’ll start the class by informing them the basic rule is to be quiet. \nand then engage students in active listening, they\\\'ll be more likely to let one person talk at a time. \nAnother thing i can do is to give my students a chance to talk is a great way to cut down on chatting when i don’t want it. Build opportunities for group discussions and think-pair-share into my lessons. If they are allowed to talk for a few minutes, my students are less likely to chat while I\\\'m delivering the rest of the lesson.\nIf they keep talking I will change the seating arrangements and follow the “ horseshoe” set up; to reduce the chatting, I love the horseshoe setup because students can still turn and talk to the person next to them, but there aren’t too many others nearby. Sometimes rows are necessary to completely stop talking, like during a test. \nMy last try would be to punish them either by discount from their points or by sending them to the principal office. \n \n \n \n \n \n',0,'1','','comment',0,217),(783,3492,'','','','','2021-01-02 09:09:55','2021-01-02 14:09:55','Regardless of the age of students i  teach, bullying finds its way into the classroom and for many students, whether the bullying is directed at them or one of their friends, the classroom can suddenly feel like an unsafe place. It causes emotional distress and can make it physically impossible for students to learn. As a result, when i have a bully in the classroom i often need to take deliberate steps to regain control of the space and create a safe classroom environment again \nThe first step is to go back to what I did in the first days of school and reestablish classroom expectations in regards to respect and responsibility. In terms of respect, this means first and foremost modeling for my students how I expect them to speak to themselves and one another. A good way to start this is through simple role playing.\nSecond, it does very little to stop the adult’s bullying behavior.\nSo when I see the bullying behavior, I try to engage him in a private conversation about the situation. Address the behavior, but try to keep my tone and choice of words as positive as possible, listen and let him tell his side of a story. In bullying situations, there are often many other issues going on with him. i have to be a good listener if i want him to engage in the conversation and truly change the behaviors. \nThis means trying to avoid putting on our stern teacher voices. Don\\\'t lecture, but rather probe him with questions such as \\\'How would you feel if someone did that to you or someone you care about?\\\' \nNext, I will find opportunities to reward positive behaviors in all of your students. \n \n \n \n \n \n \n \n',0,'1','','comment',0,217),(784,3494,'','','','','2021-01-02 09:09:56','2021-01-02 14:09:56','Entitled students often are not used to having boundaries set for their behavior, so it is essential to be clear and consistent in myclassroom. Develop rules that everyone must follow ( such as the test should be taken at the decided time) , and scme up with these as a class and require everyone to agree to them. Create consequences and enforce them—no exceptions,and explain that this is a community in which all are equals, so no one is above the rules.\nThen I will ask him to reschedule his appointment with his father for  another time; because he should take the test with all other students unless he has a really emergency situation, and will not show him any interest in his family situation. \n \nIf he insists on moving forward with his test for a few weeks, I will ask to involve his parents to solve the situation, by getting them on board to told them how important is to teach their kids to respect the rules and how they can help to let their kid have the test on it’s time or he will failed in the test, and if they refuse to collaboration i will follow the rules and will not give up my stand. \n \n \n \n \n \n \n',0,'1','','comment',0,217),(785,3496,'','','','','2021-01-02 09:09:57','2021-01-02 14:09:57','When a student is disrespectful to me, I have to be willing to lose the battle. In other words, I must resist the urge to admonish, scold, lecture, get even, or otherwise attempt to put him in his place.\ni will Stay calm and Take a deep breath to quell any angry feelings rising up inside me . Remind myself that I will be much more effective, and the situation will go much smoother, if i  maintain emotional control, In the immediate moments following the incident, I will not say a word,  Simply maintain eye contact with the student and wait. Let his words hang in the air for several seconds, leaving no doubt about what was said, how it was said, and who is responsible for saying it.\nThen I will clarify to him that he acts in a rude way and breaks one of the class roles by doing that. \nAfter that I would tell the class the certification I had that would make me a good teacher even if I am in a young age, and how this is better for them because I can understand them in a better way. \nAt the end I will start the class regularly like nothing had happened. \n \n \n \n \n \n \n \n \n',0,'1','','comment',0,217),(786,3679,'WooCommerce','woocommerce@tesoll.com','','','2021-01-04 03:43:52','2021-01-04 08:43:52','Order status changed from Pending payment to Processing.',0,'1','WooCommerce','order_note',0,0),(787,3465,'','','','5.45.132.152','2021-01-04 10:42:12','2021-01-04 15:42:12','Am confused either by making my lesson about working in peers or groups of 4 (# of learners is 16), the idea is to measure the effectiviness of my lesson by a 2 minute presentation from each group/Peer since we are limited by time, what would be more efficient groups or peers ( eliminating  the time frame and considering a homogenous group with 40%  of them being A SOLO 5 level learners) PS: SOLO 5 reference here is essential as we are supposed to be well prepared for this lesson) how can I make sure that rest of the learners achieve the learning outcome',0,'1','Mozilla/5.0 (Windows NT 10.0; Win64; x64) AppleWebKit/537.36 (KHTML, like Gecko) Chrome/87.0.4280.88 Safari/537.36','public',0,206),(788,3680,'WooCommerce','woocommerce@tesoll.com','','','2021-01-05 03:36:39','2021-01-05 08:36:39','Order status changed from Pending payment to Processing.',0,'1','WooCommerce','order_note',0,0),(789,3680,'WooCommerce','woocommerce@tesoll.com','','','2021-01-05 03:36:39','2021-01-05 08:36:39','TESOL (#303) stock reduced from 799 to 798.',0,'1','WooCommerce','order_note',0,0),(790,3681,'WooCommerce','woocommerce@tesoll.com','','','2021-01-06 04:46:37','2021-01-06 09:46:37','Order status changed from Pending payment to Processing.',0,'1','WooCommerce','order_note',0,0),(791,3458,'','','','176.29.39.248','2021-01-06 06:32:50','2021-01-06 11:32:50','where can I find Read pp. 24-33 of Teaching for Quality Learning at University (Attachment 3)',0,'1','Mozilla/5.0 (Windows NT 10.0; Win64; x64) AppleWebKit/537.36 (KHTML, like Gecko) Chrome/87.0.4280.88 Safari/537.36','public',0,250),(792,3681,'TESOL GROUP','admin@tesoll.com','','','2021-01-07 19:08:28','2021-01-08 00:08:28','Order status changed by bulk edit: Order status changed from Processing to Completed.',0,'1','WooCommerce','order_note',0,0),(793,3680,'TESOL GROUP','admin@tesoll.com','','','2021-01-07 19:08:28','2021-01-08 00:08:28','Order status changed by bulk edit: Order status changed from Processing to Completed.',0,'1','WooCommerce','order_note',0,0),(794,3679,'TESOL GROUP','admin@tesoll.com','','','2021-01-07 19:08:28','2021-01-08 00:08:28','Order status changed by bulk edit: Order status changed from Processing to Completed.',0,'1','WooCommerce','order_note',0,0),(795,3678,'TESOL GROUP','admin@tesoll.com','','','2021-01-07 19:08:29','2021-01-08 00:08:29','Order status changed by bulk edit: Order status changed from Processing to Completed.',0,'1','WooCommerce','order_note',0,0),(796,3521,'TESOL GROUP','admin@tesoll.com','','','2021-01-07 19:08:29','2021-01-08 00:08:29','Order status changed by bulk edit: Order status changed from Processing to Completed.',0,'1','WooCommerce','order_note',0,0),(797,3443,'TESOL GROUP','admin@tesoll.com','','','2021-01-07 19:08:29','2021-01-08 00:08:29','Order status changed by bulk edit: Order status changed from Processing to Completed.',0,'1','WooCommerce','order_note',0,0),(798,3694,'WooCommerce','woocommerce@tesoll.com','','','2021-01-07 23:47:32','2021-01-08 04:47:32','Order status changed from Pending payment to Processing.',0,'1','WooCommerce','order_note',0,0),(799,3694,'WooCommerce','woocommerce@tesoll.com','','','2021-01-07 23:47:32','2021-01-08 04:47:32','Professional Certification in Education (PCE) (#3165) stock reduced from 1000 to 999.',0,'1','WooCommerce','order_note',0,0),(800,3458,'','','','5.45.132.20','2021-01-08 03:44:18','2021-01-08 08:44:18','The first resource page does not open the second resource and some articles do not have free access in the second list of resources.\nWhat is attachment 3?',0,'1','Mozilla/5.0 (X11; Linux x86_64) AppleWebKit/537.36 (KHTML, like Gecko) Chrome/87.0.4280.141 Safari/537.36','public',0,256),(801,3458,'','','','5.45.132.20','2021-01-08 03:44:52','2021-01-08 08:44:52','Where do we turn in the assignment?',0,'1','Mozilla/5.0 (X11; Linux x86_64) AppleWebKit/537.36 (KHTML, like Gecko) Chrome/87.0.4280.141 Safari/537.36','public',0,256),(802,3695,'WooCommerce','woocommerce@tesoll.com','','','2021-01-08 14:37:25','2021-01-08 19:37:25','Order status changed from Pending payment to Processing.',0,'1','WooCommerce','order_note',0,0),(803,3695,'WooCommerce','woocommerce@tesoll.com','','','2021-01-08 14:37:26','2021-01-08 19:37:26','Professional Certification in Education (PCE) (#3165) stock reduced from 999 to 998.',0,'1','WooCommerce','order_note',0,0),(804,3696,'WooCommerce','woocommerce@tesoll.com','','','2021-01-08 14:45:20','2021-01-08 19:45:20','Order status changed from Pending payment to Processing.',0,'1','WooCommerce','order_note',0,0);

--
-- Table structure for table `wp_failed_jobs`
--

CREATE TABLE `wp_failed_jobs` (
  `id` bigint(20) NOT NULL AUTO_INCREMENT,
  `job` text COLLATE utf8mb4_unicode_ci NOT NULL,
  `failed_at` datetime NOT NULL,
  PRIMARY KEY (`id`)
) ENGINE=MyISAM DEFAULT CHARSET=utf8mb4 COLLATE=utf8mb4_unicode_ci;

--
-- Dumping data for table `wp_failed_jobs`
--


--
-- Table structure for table `wp_layerslider`
--

CREATE TABLE `wp_layerslider` (
  `id` int(10) NOT NULL AUTO_INCREMENT,
  `author` int(10) NOT NULL DEFAULT 0,
  `name` varchar(100) COLLATE utf8mb4_unicode_ci DEFAULT '',
  `slug` varchar(100) COLLATE utf8mb4_unicode_ci DEFAULT '',
  `data` mediumtext COLLATE utf8mb4_unicode_ci NOT NULL,
  `date_c` int(10) NOT NULL,
  `date_m` int(10) NOT NULL,
  `schedule_start` int(10) NOT NULL DEFAULT 0,
  `schedule_end` int(10) NOT NULL DEFAULT 0,
  `flag_hidden` tinyint(1) NOT NULL DEFAULT 0,
  `flag_deleted` tinyint(1) NOT NULL DEFAULT 0,
  `flag_popup` tinyint(1) NOT NULL DEFAULT 0,
  PRIMARY KEY (`id`)
) ENGINE=MyISAM AUTO_INCREMENT=3 DEFAULT CHARSET=utf8mb4 COLLATE=utf8mb4_unicode_ci;

--
-- Dumping data for table `wp_layerslider`
--

INSERT INTO `wp_layerslider` VALUES (1,0,'Aboutslider','','{\"properties\":{\"post_taxonomy\":\"0\",\"post_orderby\":\"date\",\"post_order\":\"DESC\",\"post_offset\":\"-1\",\"title\":\"Aboutslider\",\"width\":\"1080\",\"height\":\"300\",\"responsive\":\"on\",\"maxwidth\":\"1080\",\"responsiveunder\":\"1080\",\"sublayercontainer\":\"1080\",\"autostart\":\"on\",\"pauseonhover\":\"on\",\"firstlayer\":\"1\",\"animatefirstlayer\":\"on\",\"keybnav\":\"on\",\"touchnav\":\"on\",\"loops\":\"0\",\"forceloopnum\":\"on\",\"skin\":\"v5\",\"backgroundcolor\":\"\",\"backgroundimage\":\"\",\"sliderstyle\":\"margin-bottom: 0px;\",\"navprevnext\":\"on\",\"navstartstop\":\"on\",\"navbuttons\":\"on\",\"hoverprevnext\":\"on\",\"circletimer\":\"on\",\"thumb_nav\":\"hover\",\"thumb_container_width\":\"60%\",\"thumb_width\":\"100\",\"thumb_height\":\"60\",\"thumb_active_opacity\":\"35\",\"thumb_inactive_opacity\":\"100\",\"autoplayvideos\":\"on\",\"autopauseslideshow\":\"auto\",\"youtubepreview\":\"maxresdefault.jpg\",\"imgpreload\":\"on\",\"lazyload\":\"on\",\"yourlogoId\":\"\",\"yourlogo\":\"\",\"yourlogostyle\":\"left: -10px; top: -10px;\",\"yourlogolink\":\"\",\"yourlogotarget\":\"_self\",\"cbinit\":\"function(element) {\\r\\n\\r\\n}\",\"cbstart\":\"function(data) {\\r\\n\\r\\n}\",\"cbstop\":\"function(data) {\\r\\n\\r\\n}\",\"cbpause\":\"function(data) {\\r\\n\\r\\n}\",\"cbanimstart\":\"function(data) {\\r\\n\\r\\n}\",\"cbanimstop\":\"function(data) {\\r\\n\\r\\n}\",\"cbprev\":\"function(data) {\\r\\n\\r\\n}\",\"cbnext\":\"function(data) {\\r\\n\\r\\n}\"},\"layers\":[{\"properties\":{\"post_offset\":\"-1\",\"3d_transitions\":\"\",\"2d_transitions\":\"\",\"custom_3d_transitions\":\"\",\"custom_2d_transitions\":\"\",\"backgroundId\":\"1439\",\"background\":\"https:\\/\\/tesoll.com\\/wp-content\\/themes\\/wplms\\/setup\\/data\\/uploads\\/abtbg.jpg\",\"thumbnailId\":\"\",\"thumbnail\":\"\",\"slidedelay\":\"4000\",\"timeshift\":\"0\",\"layer_link\":\"\",\"layer_link_target\":\"_self\",\"id\":\"\",\"deeplink\":\"\"},\"sublayers\":[{\"subtitle\":\"Layer #1\",\"media\":\"text\",\"type\":\"h3\",\"imageId\":\"\",\"image\":\"\",\"html\":\"Learn from Industry Leaders\",\"post_text_length\":\"\",\"transition\":\"{\\\\\\\"offsetxin\\\\\\\":\\\\\\\"80\\\\\\\",\\\\\\\"offsetyin\\\\\\\":\\\\\\\"0\\\\\\\",\\\\\\\"durationin\\\\\\\":\\\\\\\"1000\\\\\\\",\\\\\\\"delayin\\\\\\\":\\\\\\\"0\\\\\\\",\\\\\\\"easingin\\\\\\\":\\\\\\\"easeInSine\\\\\\\",\\\\\\\"fadein\\\\\\\":true,\\\\\\\"rotatein\\\\\\\":\\\\\\\"0\\\\\\\",\\\\\\\"rotatexin\\\\\\\":\\\\\\\"0\\\\\\\",\\\\\\\"rotateyin\\\\\\\":\\\\\\\"0\\\\\\\",\\\\\\\"transformoriginin\\\\\\\":\\\\\\\"50% 50% 0\\\\\\\",\\\\\\\"skewxin\\\\\\\":\\\\\\\"0\\\\\\\",\\\\\\\"skewyin\\\\\\\":\\\\\\\"0\\\\\\\",\\\\\\\"scalexin\\\\\\\":\\\\\\\"1\\\\\\\",\\\\\\\"scaleyin\\\\\\\":\\\\\\\"1\\\\\\\",\\\\\\\"offsetxout\\\\\\\":\\\\\\\"-80\\\\\\\",\\\\\\\"offsetyout\\\\\\\":\\\\\\\"0\\\\\\\",\\\\\\\"durationout\\\\\\\":\\\\\\\"400\\\\\\\",\\\\\\\"showuntil\\\\\\\":\\\\\\\"0\\\\\\\",\\\\\\\"easingout\\\\\\\":\\\\\\\"easeInOutQuint\\\\\\\",\\\\\\\"fadeout\\\\\\\":true,\\\\\\\"rotateout\\\\\\\":\\\\\\\"0\\\\\\\",\\\\\\\"rotatexout\\\\\\\":\\\\\\\"0\\\\\\\",\\\\\\\"rotateyout\\\\\\\":\\\\\\\"0\\\\\\\",\\\\\\\"transformoriginout\\\\\\\":\\\\\\\"50% 50% 0\\\\\\\",\\\\\\\"skewxout\\\\\\\":\\\\\\\"0\\\\\\\",\\\\\\\"skewyout\\\\\\\":\\\\\\\"0\\\\\\\",\\\\\\\"scalexout\\\\\\\":\\\\\\\"1\\\\\\\",\\\\\\\"scaleyout\\\\\\\":\\\\\\\"1\\\\\\\",\\\\\\\"parallaxlevel\\\\\\\":\\\\\\\"0\\\\\\\"}\",\"url\":\"\",\"target\":\"_self\",\"styles\":\"{\\\\\\\"padding-top\\\\\\\":\\\\\\\"10\\\\\\\",\\\\\\\"padding-right\\\\\\\":\\\\\\\"25\\\\\\\",\\\\\\\"padding-bottom\\\\\\\":\\\\\\\"10\\\\\\\",\\\\\\\"padding-left\\\\\\\":\\\\\\\"25\\\\\\\",\\\\\\\"font-family\\\\\\\":\\\\\\\"Oswald\\\\\\\",\\\\\\\"font-size\\\\\\\":\\\\\\\"32px\\\\\\\",\\\\\\\"color\\\\\\\":\\\\\\\"#ffffff\\\\\\\",\\\\\\\"background\\\\\\\":\\\\\\\"rgba(196, 45, 15, 0.81)\\\\\\\"}\",\"top\":\"50px\",\"left\":\"86px\",\"style\":\"font-weight:400;border-radius:2px;text-transform:uppercase;letter-spacing:2px;\",\"id\":\"\",\"class\":\"\",\"title\":\"\",\"alt\":\"\",\"rel\":\"\"},{\"subtitle\":\"Layer #2\",\"media\":\"text\",\"type\":\"p\",\"imageId\":\"\",\"image\":\"\",\"html\":\"Take Courses, Quizes online earn badges and certificates\",\"post_text_length\":\"\",\"transition\":\"{\\\\\\\"offsetxin\\\\\\\":\\\\\\\"80\\\\\\\",\\\\\\\"offsetyin\\\\\\\":\\\\\\\"0\\\\\\\",\\\\\\\"durationin\\\\\\\":\\\\\\\"1000\\\\\\\",\\\\\\\"delayin\\\\\\\":\\\\\\\"500\\\\\\\",\\\\\\\"easingin\\\\\\\":\\\\\\\"easeInSine\\\\\\\",\\\\\\\"fadein\\\\\\\":true,\\\\\\\"rotatein\\\\\\\":\\\\\\\"0\\\\\\\",\\\\\\\"rotatexin\\\\\\\":\\\\\\\"0\\\\\\\",\\\\\\\"rotateyin\\\\\\\":\\\\\\\"0\\\\\\\",\\\\\\\"transformoriginin\\\\\\\":\\\\\\\"50% 50% 0\\\\\\\",\\\\\\\"skewxin\\\\\\\":\\\\\\\"0\\\\\\\",\\\\\\\"skewyin\\\\\\\":\\\\\\\"0\\\\\\\",\\\\\\\"scalexin\\\\\\\":\\\\\\\"1\\\\\\\",\\\\\\\"scaleyin\\\\\\\":\\\\\\\"1\\\\\\\",\\\\\\\"offsetxout\\\\\\\":\\\\\\\"-80\\\\\\\",\\\\\\\"offsetyout\\\\\\\":\\\\\\\"0\\\\\\\",\\\\\\\"durationout\\\\\\\":\\\\\\\"400\\\\\\\",\\\\\\\"showuntil\\\\\\\":\\\\\\\"0\\\\\\\",\\\\\\\"easingout\\\\\\\":\\\\\\\"easeInOutQuint\\\\\\\",\\\\\\\"fadeout\\\\\\\":true,\\\\\\\"rotateout\\\\\\\":\\\\\\\"0\\\\\\\",\\\\\\\"rotatexout\\\\\\\":\\\\\\\"0\\\\\\\",\\\\\\\"rotateyout\\\\\\\":\\\\\\\"0\\\\\\\",\\\\\\\"transformoriginout\\\\\\\":\\\\\\\"50% 50% 0\\\\\\\",\\\\\\\"skewxout\\\\\\\":\\\\\\\"0\\\\\\\",\\\\\\\"skewyout\\\\\\\":\\\\\\\"0\\\\\\\",\\\\\\\"scalexout\\\\\\\":\\\\\\\"1\\\\\\\",\\\\\\\"scaleyout\\\\\\\":\\\\\\\"1\\\\\\\",\\\\\\\"parallaxlevel\\\\\\\":\\\\\\\"0\\\\\\\"}\",\"url\":\"\",\"target\":\"_self\",\"styles\":\"{\\\\\\\"font-family\\\\\\\":\\\\\\\"Oswald\\\\\\\",\\\\\\\"font-size\\\\\\\":\\\\\\\"16\\\\\\\",\\\\\\\"color\\\\\\\":\\\\\\\"#943712\\\\\\\"}\",\"top\":\"129px\",\"left\":\"93px\",\"style\":\"text-transform:uppercase;\",\"id\":\"\",\"class\":\"\",\"title\":\"\",\"alt\":\"\",\"rel\":\"\"},{\"subtitle\":\"Layer #3\",\"media\":\"img\",\"type\":\"p\",\"imageId\":\"1431\",\"image\":\"http:\\/\\/vibethemes.com\\/envato\\/wplms\\/wp-content\\/uploads\\/2014\\/02\\/3.png\",\"html\":\"\",\"post_text_length\":\"\",\"transition\":\"{\\\\\\\"offsetxin\\\\\\\":\\\\\\\"80\\\\\\\",\\\\\\\"offsetyin\\\\\\\":\\\\\\\"0\\\\\\\",\\\\\\\"durationin\\\\\\\":\\\\\\\"1000\\\\\\\",\\\\\\\"delayin\\\\\\\":\\\\\\\"1000\\\\\\\",\\\\\\\"easingin\\\\\\\":\\\\\\\"easeInCubic\\\\\\\",\\\\\\\"fadein\\\\\\\":true,\\\\\\\"rotatein\\\\\\\":\\\\\\\"0\\\\\\\",\\\\\\\"rotatexin\\\\\\\":\\\\\\\"0\\\\\\\",\\\\\\\"rotateyin\\\\\\\":\\\\\\\"0\\\\\\\",\\\\\\\"transformoriginin\\\\\\\":\\\\\\\"50% 50% 0\\\\\\\",\\\\\\\"skewxin\\\\\\\":\\\\\\\"0\\\\\\\",\\\\\\\"skewyin\\\\\\\":\\\\\\\"0\\\\\\\",\\\\\\\"scalexin\\\\\\\":\\\\\\\"1\\\\\\\",\\\\\\\"scaleyin\\\\\\\":\\\\\\\"1\\\\\\\",\\\\\\\"offsetxout\\\\\\\":\\\\\\\"-80\\\\\\\",\\\\\\\"offsetyout\\\\\\\":\\\\\\\"0\\\\\\\",\\\\\\\"durationout\\\\\\\":\\\\\\\"400\\\\\\\",\\\\\\\"showuntil\\\\\\\":\\\\\\\"0\\\\\\\",\\\\\\\"easingout\\\\\\\":\\\\\\\"easeInOutQuint\\\\\\\",\\\\\\\"fadeout\\\\\\\":true,\\\\\\\"rotateout\\\\\\\":\\\\\\\"0\\\\\\\",\\\\\\\"rotatexout\\\\\\\":\\\\\\\"0\\\\\\\",\\\\\\\"rotateyout\\\\\\\":\\\\\\\"0\\\\\\\",\\\\\\\"transformoriginout\\\\\\\":\\\\\\\"50% 50% 0\\\\\\\",\\\\\\\"skewxout\\\\\\\":\\\\\\\"0\\\\\\\",\\\\\\\"skewyout\\\\\\\":\\\\\\\"0\\\\\\\",\\\\\\\"scalexout\\\\\\\":\\\\\\\"1\\\\\\\",\\\\\\\"scaleyout\\\\\\\":\\\\\\\"1\\\\\\\",\\\\\\\"parallaxlevel\\\\\\\":\\\\\\\"0\\\\\\\"}\",\"url\":\"\",\"target\":\"_self\",\"styles\":\"{}\",\"top\":\"22px\",\"left\":\"715px\",\"style\":\"\",\"id\":\"\",\"class\":\"\",\"title\":\"\",\"alt\":\"\",\"rel\":\"\"},{\"subtitle\":\"Layer #4\",\"media\":\"img\",\"type\":\"p\",\"imageId\":\"1430\",\"image\":\"http:\\/\\/vibethemes.com\\/envato\\/wplms\\/wp-content\\/uploads\\/2014\\/02\\/4.png\",\"html\":\"\",\"post_text_length\":\"\",\"transition\":\"{\\\\\\\"offsetxin\\\\\\\":\\\\\\\"80\\\\\\\",\\\\\\\"offsetyin\\\\\\\":\\\\\\\"0\\\\\\\",\\\\\\\"durationin\\\\\\\":\\\\\\\"1000\\\\\\\",\\\\\\\"delayin\\\\\\\":\\\\\\\"1500\\\\\\\",\\\\\\\"easingin\\\\\\\":\\\\\\\"easeInExpo\\\\\\\",\\\\\\\"fadein\\\\\\\":true,\\\\\\\"rotatein\\\\\\\":\\\\\\\"0\\\\\\\",\\\\\\\"rotatexin\\\\\\\":\\\\\\\"0\\\\\\\",\\\\\\\"rotateyin\\\\\\\":\\\\\\\"0\\\\\\\",\\\\\\\"transformoriginin\\\\\\\":\\\\\\\"50% 50% 0\\\\\\\",\\\\\\\"skewxin\\\\\\\":\\\\\\\"0\\\\\\\",\\\\\\\"skewyin\\\\\\\":\\\\\\\"0\\\\\\\",\\\\\\\"scalexin\\\\\\\":\\\\\\\"1\\\\\\\",\\\\\\\"scaleyin\\\\\\\":\\\\\\\"1\\\\\\\",\\\\\\\"offsetxout\\\\\\\":\\\\\\\"-80\\\\\\\",\\\\\\\"offsetyout\\\\\\\":\\\\\\\"0\\\\\\\",\\\\\\\"durationout\\\\\\\":\\\\\\\"400\\\\\\\",\\\\\\\"showuntil\\\\\\\":\\\\\\\"0\\\\\\\",\\\\\\\"easingout\\\\\\\":\\\\\\\"easeInOutQuint\\\\\\\",\\\\\\\"fadeout\\\\\\\":true,\\\\\\\"rotateout\\\\\\\":\\\\\\\"0\\\\\\\",\\\\\\\"rotatexout\\\\\\\":\\\\\\\"0\\\\\\\",\\\\\\\"rotateyout\\\\\\\":\\\\\\\"0\\\\\\\",\\\\\\\"transformoriginout\\\\\\\":\\\\\\\"50% 50% 0\\\\\\\",\\\\\\\"skewxout\\\\\\\":\\\\\\\"0\\\\\\\",\\\\\\\"skewyout\\\\\\\":\\\\\\\"0\\\\\\\",\\\\\\\"scalexout\\\\\\\":\\\\\\\"1\\\\\\\",\\\\\\\"scaleyout\\\\\\\":\\\\\\\"1\\\\\\\",\\\\\\\"parallaxlevel\\\\\\\":\\\\\\\"0\\\\\\\"}\",\"url\":\"\",\"target\":\"_self\",\"styles\":\"{}\",\"top\":\"21px\",\"left\":\"877px\",\"style\":\"\",\"id\":\"\",\"class\":\"\",\"title\":\"\",\"alt\":\"\",\"rel\":\"\"},{\"subtitle\":\"Layer #5\",\"media\":\"img\",\"type\":\"p\",\"imageId\":\"1428\",\"image\":\"http:\\/\\/vibethemes.com\\/envato\\/wplms\\/wp-content\\/uploads\\/2014\\/02\\/1.png\",\"html\":\"\",\"post_text_length\":\"\",\"transition\":\"{\\\\\\\"offsetxin\\\\\\\":\\\\\\\"80\\\\\\\",\\\\\\\"offsetyin\\\\\\\":\\\\\\\"0\\\\\\\",\\\\\\\"durationin\\\\\\\":\\\\\\\"1000\\\\\\\",\\\\\\\"delayin\\\\\\\":\\\\\\\"2500\\\\\\\",\\\\\\\"easingin\\\\\\\":\\\\\\\"easeInSine\\\\\\\",\\\\\\\"fadein\\\\\\\":true,\\\\\\\"rotatein\\\\\\\":\\\\\\\"0\\\\\\\",\\\\\\\"rotatexin\\\\\\\":\\\\\\\"0\\\\\\\",\\\\\\\"rotateyin\\\\\\\":\\\\\\\"0\\\\\\\",\\\\\\\"transformoriginin\\\\\\\":\\\\\\\"50% 50% 0\\\\\\\",\\\\\\\"skewxin\\\\\\\":\\\\\\\"0\\\\\\\",\\\\\\\"skewyin\\\\\\\":\\\\\\\"0\\\\\\\",\\\\\\\"scalexin\\\\\\\":\\\\\\\"1\\\\\\\",\\\\\\\"scaleyin\\\\\\\":\\\\\\\"1\\\\\\\",\\\\\\\"offsetxout\\\\\\\":\\\\\\\"-80\\\\\\\",\\\\\\\"offsetyout\\\\\\\":\\\\\\\"0\\\\\\\",\\\\\\\"durationout\\\\\\\":\\\\\\\"400\\\\\\\",\\\\\\\"showuntil\\\\\\\":\\\\\\\"0\\\\\\\",\\\\\\\"easingout\\\\\\\":\\\\\\\"easeInOutQuint\\\\\\\",\\\\\\\"fadeout\\\\\\\":true,\\\\\\\"rotateout\\\\\\\":\\\\\\\"0\\\\\\\",\\\\\\\"rotatexout\\\\\\\":\\\\\\\"0\\\\\\\",\\\\\\\"rotateyout\\\\\\\":\\\\\\\"0\\\\\\\",\\\\\\\"transformoriginout\\\\\\\":\\\\\\\"50% 50% 0\\\\\\\",\\\\\\\"skewxout\\\\\\\":\\\\\\\"0\\\\\\\",\\\\\\\"skewyout\\\\\\\":\\\\\\\"0\\\\\\\",\\\\\\\"scalexout\\\\\\\":\\\\\\\"1\\\\\\\",\\\\\\\"scaleyout\\\\\\\":\\\\\\\"1\\\\\\\",\\\\\\\"parallaxlevel\\\\\\\":\\\\\\\"0\\\\\\\"}\",\"url\":\"\",\"target\":\"_self\",\"styles\":\"{}\",\"top\":\"150px\",\"left\":\"799px\",\"style\":\"\",\"id\":\"\",\"class\":\"\",\"title\":\"\",\"alt\":\"\",\"rel\":\"\"}]}]}',1606456330,1606456330,0,0,0,0,0),(2,0,'homepage slider','','{\"properties\":{\"post_type\":[\"popups\"],\"post_categories\":[\"16\"],\"post_tags\":[\"28\"],\"post_taxonomy\":\"0\",\"post_orderby\":\"date\",\"post_order\":\"DESC\",\"post_offset\":\"-1\",\"title\":\"homepage slider\",\"width\":\"100%\",\"height\":\"480\",\"responsive\":\"on\",\"maxwidth\":\"1600\",\"forceresponsive\":\"on\",\"responsiveunder\":\"1170\",\"sublayercontainer\":\"1170\",\"autostart\":\"on\",\"pauseonhover\":\"on\",\"firstlayer\":\"1\",\"animatefirstlayer\":\"on\",\"keybnav\":\"on\",\"touchnav\":\"on\",\"loops\":\"0\",\"forceloopnum\":\"on\",\"skin\":\"v5\",\"backgroundcolor\":\"\",\"backgroundimage\":\"\",\"sliderstyle\":\"margin-bottom: 0px;\",\"navprevnext\":\"on\",\"navstartstop\":\"on\",\"navbuttons\":\"on\",\"hoverprevnext\":\"on\",\"circletimer\":\"on\",\"thumb_nav\":\"hover\",\"thumb_container_width\":\"60%\",\"thumb_width\":\"100\",\"thumb_height\":\"60\",\"thumb_active_opacity\":\"35\",\"thumb_inactive_opacity\":\"100\",\"autoplayvideos\":\"on\",\"autopauseslideshow\":\"auto\",\"youtubepreview\":\"maxresdefault.jpg\",\"imgpreload\":\"on\",\"lazyload\":\"on\",\"yourlogoId\":\"\",\"yourlogo\":\"\",\"yourlogostyle\":\"left: -10px; top: -10px;\",\"yourlogolink\":\"\",\"yourlogotarget\":\"_self\",\"cbinit\":\"function(element) {\\r\\n\\r\\n}\",\"cbstart\":\"function(data) {\\r\\n\\r\\n}\",\"cbstop\":\"function(data) {\\r\\n\\r\\n}\",\"cbpause\":\"function(data) {\\r\\n\\r\\n}\",\"cbanimstart\":\"function(data) {\\r\\n\\r\\n}\",\"cbanimstop\":\"function(data) {\\r\\n\\r\\n}\",\"cbprev\":\"function(data) {\\r\\n\\r\\n}\",\"cbnext\":\"function(data) {\\r\\n\\r\\n}\"},\"layers\":[{\"properties\":{\"post_offset\":\"-1\",\"3d_transitions\":\"\",\"2d_transitions\":\"\",\"custom_3d_transitions\":\"\",\"custom_2d_transitions\":\"\",\"backgroundId\":\"1452\",\"background\":\"https:\\/\\/tesoll.com\\/wp-content\\/themes\\/wplms\\/setup\\/data\\/uploads\\/s3.jpg\",\"thumbnailId\":\"\",\"thumbnail\":\"\",\"slidedelay\":\"6000\",\"timeshift\":\"0\",\"layer_link\":\"\",\"layer_link_target\":\"_self\",\"id\":\"\",\"deeplink\":\"\"},\"sublayers\":[{\"subtitle\":\"Layer #1\",\"media\":\"text\",\"type\":\"h2\",\"imageId\":\"\",\"image\":\"\",\"html\":\"LEARNING MANAGEMENT SYSTEM\",\"post_text_length\":\"\",\"transition\":\"{\\\\\\\"offsetxin\\\\\\\":\\\\\\\"0\\\\\\\",\\\\\\\"offsetyin\\\\\\\":\\\\\\\"0\\\\\\\",\\\\\\\"durationin\\\\\\\":\\\\\\\"1000\\\\\\\",\\\\\\\"delayin\\\\\\\":\\\\\\\"0\\\\\\\",\\\\\\\"easingin\\\\\\\":\\\\\\\"easeOutBack\\\\\\\",\\\\\\\"fadein\\\\\\\":true,\\\\\\\"rotatein\\\\\\\":\\\\\\\"0\\\\\\\",\\\\\\\"rotatexin\\\\\\\":\\\\\\\"-90\\\\\\\",\\\\\\\"rotateyin\\\\\\\":\\\\\\\"0\\\\\\\",\\\\\\\"transformoriginin\\\\\\\":\\\\\\\"50% top 0\\\\\\\",\\\\\\\"skewxin\\\\\\\":\\\\\\\"0\\\\\\\",\\\\\\\"skewyin\\\\\\\":\\\\\\\"0\\\\\\\",\\\\\\\"scalexin\\\\\\\":\\\\\\\"1\\\\\\\",\\\\\\\"scaleyin\\\\\\\":\\\\\\\"1\\\\\\\",\\\\\\\"offsetxout\\\\\\\":\\\\\\\"0\\\\\\\",\\\\\\\"offsetyout\\\\\\\":\\\\\\\"0\\\\\\\",\\\\\\\"durationout\\\\\\\":\\\\\\\"400\\\\\\\",\\\\\\\"showuntil\\\\\\\":\\\\\\\"0\\\\\\\",\\\\\\\"easingout\\\\\\\":\\\\\\\"easeInOutQuint\\\\\\\",\\\\\\\"fadeout\\\\\\\":true,\\\\\\\"rotateout\\\\\\\":\\\\\\\"0\\\\\\\",\\\\\\\"rotatexout\\\\\\\":\\\\\\\"0\\\\\\\",\\\\\\\"rotateyout\\\\\\\":\\\\\\\"0\\\\\\\",\\\\\\\"transformoriginout\\\\\\\":\\\\\\\"50% 50% 0\\\\\\\",\\\\\\\"skewxout\\\\\\\":\\\\\\\"0\\\\\\\",\\\\\\\"skewyout\\\\\\\":\\\\\\\"0\\\\\\\",\\\\\\\"scalexout\\\\\\\":\\\\\\\"1\\\\\\\",\\\\\\\"scaleyout\\\\\\\":\\\\\\\"1\\\\\\\",\\\\\\\"parallaxlevel\\\\\\\":\\\\\\\"0\\\\\\\"}\",\"url\":\"\",\"target\":\"_self\",\"styles\":\"{\\\\\\\"padding-top\\\\\\\":\\\\\\\"10\\\\\\\",\\\\\\\"padding-right\\\\\\\":\\\\\\\"20\\\\\\\",\\\\\\\"padding-bottom\\\\\\\":\\\\\\\"10\\\\\\\",\\\\\\\"padding-left\\\\\\\":\\\\\\\"20\\\\\\\",\\\\\\\"font-size\\\\\\\":\\\\\\\"32\\\\\\\",\\\\\\\"color\\\\\\\":\\\\\\\"#FFFfff\\\\\\\",\\\\\\\"background\\\\\\\":\\\\\\\"rgba(35, 44, 46, 0.75)\\\\\\\",\\\\\\\"border-radius\\\\\\\":\\\\\\\"2px\\\\\\\"}\",\"top\":\"112px\",\"left\":\"477px\",\"style\":\"font-weight:700; letter-spacing:2px;\",\"id\":\"\",\"class\":\"\",\"title\":\"\",\"alt\":\"\",\"rel\":\"\"},{\"subtitle\":\"Layer #2 copy\",\"media\":\"text\",\"type\":\"p\",\"imageId\":\"\",\"image\":\"\",\"html\":\"For WordPress\\r\\n\",\"post_text_length\":\"\",\"transition\":\"{\\\\\\\"offsetxin\\\\\\\":\\\\\\\"0\\\\\\\",\\\\\\\"offsetyin\\\\\\\":\\\\\\\"0\\\\\\\",\\\\\\\"durationin\\\\\\\":\\\\\\\"1000\\\\\\\",\\\\\\\"delayin\\\\\\\":\\\\\\\"1000\\\\\\\",\\\\\\\"easingin\\\\\\\":\\\\\\\"easeInOutQuint\\\\\\\",\\\\\\\"fadein\\\\\\\":true,\\\\\\\"rotatein\\\\\\\":\\\\\\\"0\\\\\\\",\\\\\\\"rotatexin\\\\\\\":\\\\\\\"\\\\\\\",\\\\\\\"rotateyin\\\\\\\":\\\\\\\"0\\\\\\\",\\\\\\\"transformoriginin\\\\\\\":\\\\\\\"50% bottom 0\\\\\\\",\\\\\\\"skewxin\\\\\\\":\\\\\\\"0\\\\\\\",\\\\\\\"skewyin\\\\\\\":\\\\\\\"0\\\\\\\",\\\\\\\"scalexin\\\\\\\":\\\\\\\"1\\\\\\\",\\\\\\\"scaleyin\\\\\\\":\\\\\\\"1\\\\\\\",\\\\\\\"offsetxout\\\\\\\":\\\\\\\"0\\\\\\\",\\\\\\\"offsetyout\\\\\\\":\\\\\\\"0\\\\\\\",\\\\\\\"durationout\\\\\\\":\\\\\\\"400\\\\\\\",\\\\\\\"showuntil\\\\\\\":\\\\\\\"0\\\\\\\",\\\\\\\"easingout\\\\\\\":\\\\\\\"easeInOutQuint\\\\\\\",\\\\\\\"fadeout\\\\\\\":true,\\\\\\\"rotateout\\\\\\\":\\\\\\\"0\\\\\\\",\\\\\\\"rotatexout\\\\\\\":\\\\\\\"0\\\\\\\",\\\\\\\"rotateyout\\\\\\\":\\\\\\\"0\\\\\\\",\\\\\\\"transformoriginout\\\\\\\":\\\\\\\"50% 50% 0\\\\\\\",\\\\\\\"skewxout\\\\\\\":\\\\\\\"0\\\\\\\",\\\\\\\"skewyout\\\\\\\":\\\\\\\"0\\\\\\\",\\\\\\\"scalexout\\\\\\\":\\\\\\\"1\\\\\\\",\\\\\\\"scaleyout\\\\\\\":\\\\\\\"1\\\\\\\",\\\\\\\"parallaxlevel\\\\\\\":\\\\\\\"0\\\\\\\"}\",\"url\":\"\",\"target\":\"_self\",\"styles\":\"{\\\\\\\"padding-top\\\\\\\":\\\\\\\"20\\\\\\\",\\\\\\\"padding-right\\\\\\\":\\\\\\\"30\\\\\\\",\\\\\\\"padding-bottom\\\\\\\":\\\\\\\"20\\\\\\\",\\\\\\\"padding-left\\\\\\\":\\\\\\\"30\\\\\\\",\\\\\\\"font-size\\\\\\\":\\\\\\\"20\\\\\\\",\\\\\\\"color\\\\\\\":\\\\\\\"#FFF\\\\\\\"}\",\"top\":\"64px\",\"left\":\"447px\",\"style\":\"font-weight:800;letter-spacing:1px;text-transform:uppercase;\",\"id\":\"\",\"class\":\"\",\"title\":\"\",\"alt\":\"\",\"rel\":\"\"},{\"subtitle\":\"Layer #2\",\"media\":\"text\",\"type\":\"p\",\"imageId\":\"\",\"image\":\"\",\"html\":\"Create your own Courses and sell online.<br \\/>\\r\\nIt IS Not just a WordPress Theme.\",\"post_text_length\":\"\",\"transition\":\"{\\\\\\\"offsetxin\\\\\\\":\\\\\\\"0\\\\\\\",\\\\\\\"offsetyin\\\\\\\":\\\\\\\"0\\\\\\\",\\\\\\\"durationin\\\\\\\":\\\\\\\"1000\\\\\\\",\\\\\\\"delayin\\\\\\\":\\\\\\\"2000\\\\\\\",\\\\\\\"easingin\\\\\\\":\\\\\\\"easeInOutQuint\\\\\\\",\\\\\\\"fadein\\\\\\\":true,\\\\\\\"rotatein\\\\\\\":\\\\\\\"0\\\\\\\",\\\\\\\"rotatexin\\\\\\\":\\\\\\\"-90\\\\\\\",\\\\\\\"rotateyin\\\\\\\":\\\\\\\"0\\\\\\\",\\\\\\\"transformoriginin\\\\\\\":\\\\\\\"50% top 0\\\\\\\",\\\\\\\"skewxin\\\\\\\":\\\\\\\"0\\\\\\\",\\\\\\\"skewyin\\\\\\\":\\\\\\\"0\\\\\\\",\\\\\\\"scalexin\\\\\\\":\\\\\\\"1\\\\\\\",\\\\\\\"scaleyin\\\\\\\":\\\\\\\"1\\\\\\\",\\\\\\\"offsetxout\\\\\\\":\\\\\\\"0\\\\\\\",\\\\\\\"offsetyout\\\\\\\":\\\\\\\"0\\\\\\\",\\\\\\\"durationout\\\\\\\":\\\\\\\"400\\\\\\\",\\\\\\\"showuntil\\\\\\\":\\\\\\\"0\\\\\\\",\\\\\\\"easingout\\\\\\\":\\\\\\\"easeInOutQuint\\\\\\\",\\\\\\\"fadeout\\\\\\\":true,\\\\\\\"rotateout\\\\\\\":\\\\\\\"0\\\\\\\",\\\\\\\"rotatexout\\\\\\\":\\\\\\\"0\\\\\\\",\\\\\\\"rotateyout\\\\\\\":\\\\\\\"0\\\\\\\",\\\\\\\"transformoriginout\\\\\\\":\\\\\\\"50% 50% 0\\\\\\\",\\\\\\\"skewxout\\\\\\\":\\\\\\\"0\\\\\\\",\\\\\\\"skewyout\\\\\\\":\\\\\\\"0\\\\\\\",\\\\\\\"scalexout\\\\\\\":\\\\\\\"1\\\\\\\",\\\\\\\"scaleyout\\\\\\\":\\\\\\\"1\\\\\\\",\\\\\\\"parallaxlevel\\\\\\\":\\\\\\\"0\\\\\\\"}\",\"url\":\"\",\"target\":\"_self\",\"styles\":\"{\\\\\\\"padding-top\\\\\\\":\\\\\\\"20\\\\\\\",\\\\\\\"padding-right\\\\\\\":\\\\\\\"30\\\\\\\",\\\\\\\"padding-bottom\\\\\\\":\\\\\\\"20\\\\\\\",\\\\\\\"padding-left\\\\\\\":\\\\\\\"30\\\\\\\",\\\\\\\"font-size\\\\\\\":\\\\\\\"18\\\\\\\",\\\\\\\"color\\\\\\\":\\\\\\\"#FFF\\\\\\\"}\",\"top\":\"170px\",\"left\":\"446px\",\"style\":\"font-weight:600;text-transform:uppercase;\",\"id\":\"\",\"class\":\"\",\"title\":\"\",\"alt\":\"\",\"rel\":\"\"},{\"subtitle\":\"Layer #3\",\"media\":\"text\",\"type\":\"p\",\"imageId\":\"\",\"image\":\"\",\"html\":\"Know More\",\"post_text_length\":\"\",\"transition\":\"{\\\\\\\"offsetxin\\\\\\\":\\\\\\\"-80\\\\\\\",\\\\\\\"offsetyin\\\\\\\":\\\\\\\"0\\\\\\\",\\\\\\\"durationin\\\\\\\":\\\\\\\"1000\\\\\\\",\\\\\\\"delayin\\\\\\\":\\\\\\\"3000\\\\\\\",\\\\\\\"easingin\\\\\\\":\\\\\\\"easeInOutQuint\\\\\\\",\\\\\\\"fadein\\\\\\\":true,\\\\\\\"rotatein\\\\\\\":\\\\\\\"0\\\\\\\",\\\\\\\"rotatexin\\\\\\\":\\\\\\\"0\\\\\\\",\\\\\\\"rotateyin\\\\\\\":\\\\\\\"0\\\\\\\",\\\\\\\"transformoriginin\\\\\\\":\\\\\\\"50% 50% 0\\\\\\\",\\\\\\\"skewxin\\\\\\\":\\\\\\\"0\\\\\\\",\\\\\\\"skewyin\\\\\\\":\\\\\\\"0\\\\\\\",\\\\\\\"scalexin\\\\\\\":\\\\\\\"1\\\\\\\",\\\\\\\"scaleyin\\\\\\\":\\\\\\\"1\\\\\\\",\\\\\\\"offsetxout\\\\\\\":\\\\\\\"80\\\\\\\",\\\\\\\"offsetyout\\\\\\\":\\\\\\\"0\\\\\\\",\\\\\\\"durationout\\\\\\\":\\\\\\\"400\\\\\\\",\\\\\\\"showuntil\\\\\\\":\\\\\\\"0\\\\\\\",\\\\\\\"easingout\\\\\\\":\\\\\\\"easeInOutQuint\\\\\\\",\\\\\\\"fadeout\\\\\\\":true,\\\\\\\"rotateout\\\\\\\":\\\\\\\"0\\\\\\\",\\\\\\\"rotatexout\\\\\\\":\\\\\\\"0\\\\\\\",\\\\\\\"rotateyout\\\\\\\":\\\\\\\"0\\\\\\\",\\\\\\\"transformoriginout\\\\\\\":\\\\\\\"50% 50% 0\\\\\\\",\\\\\\\"skewxout\\\\\\\":\\\\\\\"0\\\\\\\",\\\\\\\"skewyout\\\\\\\":\\\\\\\"0\\\\\\\",\\\\\\\"scalexout\\\\\\\":\\\\\\\"1\\\\\\\",\\\\\\\"scaleyout\\\\\\\":\\\\\\\"1\\\\\\\",\\\\\\\"parallaxlevel\\\\\\\":\\\\\\\"0\\\\\\\"}\",\"url\":\"\",\"target\":\"_self\",\"styles\":\"{\\\\\\\"padding-top\\\\\\\":\\\\\\\"8\\\\\\\",\\\\\\\"padding-right\\\\\\\":\\\\\\\"15\\\\\\\",\\\\\\\"padding-bottom\\\\\\\":\\\\\\\"8\\\\\\\",\\\\\\\"padding-left\\\\\\\":\\\\\\\"15\\\\\\\",\\\\\\\"font-size\\\\\\\":\\\\\\\"14\\\\\\\",\\\\\\\"color\\\\\\\":\\\\\\\"#FFF\\\\\\\",\\\\\\\"background\\\\\\\":\\\\\\\"#000000\\\\\\\",\\\\\\\"border-radius\\\\\\\":\\\\\\\"2px\\\\\\\"}\",\"top\":\"267px\",\"left\":\"472px\",\"style\":\"text-transform:uppercase;font-weight:600;\",\"id\":\"\",\"class\":\"\",\"title\":\"\",\"alt\":\"\",\"rel\":\"\"},{\"subtitle\":\"Layer #4\",\"media\":\"text\",\"type\":\"p\",\"imageId\":\"\",\"image\":\"\",\"html\":\"Get started now\",\"post_text_length\":\"\",\"transition\":\"{\\\\\\\"offsetxin\\\\\\\":\\\\\\\"80\\\\\\\",\\\\\\\"offsetyin\\\\\\\":\\\\\\\"0\\\\\\\",\\\\\\\"durationin\\\\\\\":\\\\\\\"1000\\\\\\\",\\\\\\\"delayin\\\\\\\":\\\\\\\"4000\\\\\\\",\\\\\\\"easingin\\\\\\\":\\\\\\\"easeInOutQuint\\\\\\\",\\\\\\\"fadein\\\\\\\":true,\\\\\\\"rotatein\\\\\\\":\\\\\\\"0\\\\\\\",\\\\\\\"rotatexin\\\\\\\":\\\\\\\"0\\\\\\\",\\\\\\\"rotateyin\\\\\\\":\\\\\\\"0\\\\\\\",\\\\\\\"transformoriginin\\\\\\\":\\\\\\\"50% 50% 0\\\\\\\",\\\\\\\"skewxin\\\\\\\":\\\\\\\"0\\\\\\\",\\\\\\\"skewyin\\\\\\\":\\\\\\\"0\\\\\\\",\\\\\\\"scalexin\\\\\\\":\\\\\\\"1\\\\\\\",\\\\\\\"scaleyin\\\\\\\":\\\\\\\"1\\\\\\\",\\\\\\\"offsetxout\\\\\\\":\\\\\\\"-80\\\\\\\",\\\\\\\"offsetyout\\\\\\\":\\\\\\\"0\\\\\\\",\\\\\\\"durationout\\\\\\\":\\\\\\\"400\\\\\\\",\\\\\\\"showuntil\\\\\\\":\\\\\\\"0\\\\\\\",\\\\\\\"easingout\\\\\\\":\\\\\\\"easeInOutQuint\\\\\\\",\\\\\\\"fadeout\\\\\\\":true,\\\\\\\"rotateout\\\\\\\":\\\\\\\"0\\\\\\\",\\\\\\\"rotatexout\\\\\\\":\\\\\\\"0\\\\\\\",\\\\\\\"rotateyout\\\\\\\":\\\\\\\"0\\\\\\\",\\\\\\\"transformoriginout\\\\\\\":\\\\\\\"50% 50% 0\\\\\\\",\\\\\\\"skewxout\\\\\\\":\\\\\\\"0\\\\\\\",\\\\\\\"skewyout\\\\\\\":\\\\\\\"0\\\\\\\",\\\\\\\"scalexout\\\\\\\":\\\\\\\"1\\\\\\\",\\\\\\\"scaleyout\\\\\\\":\\\\\\\"1\\\\\\\",\\\\\\\"parallaxlevel\\\\\\\":\\\\\\\"0\\\\\\\"}\",\"url\":\"\",\"target\":\"_self\",\"styles\":\"{\\\\\\\"padding-top\\\\\\\":\\\\\\\"8\\\\\\\",\\\\\\\"padding-right\\\\\\\":\\\\\\\"15\\\\\\\",\\\\\\\"padding-bottom\\\\\\\":\\\\\\\"8\\\\\\\",\\\\\\\"padding-left\\\\\\\":\\\\\\\"15\\\\\\\",\\\\\\\"font-size\\\\\\\":\\\\\\\"14\\\\\\\",\\\\\\\"color\\\\\\\":\\\\\\\"#000\\\\\\\",\\\\\\\"background\\\\\\\":\\\\\\\"#fff\\\\\\\",\\\\\\\"border-radius\\\\\\\":\\\\\\\"2\\\\\\\"}\",\"top\":\"268px\",\"left\":\"604px\",\"style\":\"text-transform:uppercase;font-weight:600;\",\"id\":\"\",\"class\":\"\",\"title\":\"\",\"alt\":\"\",\"rel\":\"\"}]},{\"properties\":{\"post_offset\":\"-1\",\"3d_transitions\":\"\",\"2d_transitions\":\"\",\"custom_3d_transitions\":\"\",\"custom_2d_transitions\":\"\",\"backgroundId\":\"1450\",\"background\":\"https:\\/\\/tesoll.com\\/wp-content\\/themes\\/wplms\\/setup\\/data\\/uploads\\/s2.jpg\",\"thumbnailId\":\"\",\"thumbnail\":\"\",\"slidedelay\":\"6000\",\"timeshift\":\"0\",\"layer_link\":\"\",\"layer_link_target\":\"_self\",\"id\":\"\",\"deeplink\":\"\"},\"sublayers\":[{\"subtitle\":\"Layer #1\",\"media\":\"text\",\"type\":\"h3\",\"imageId\":\"\",\"image\":\"\",\"html\":\"Create Courses, Modules, Units, Quizzes, Questions\",\"post_text_length\":\"\",\"transition\":\"{\\\\\\\"offsetxin\\\\\\\":\\\\\\\"0\\\\\\\",\\\\\\\"offsetyin\\\\\\\":\\\\\\\"0\\\\\\\",\\\\\\\"durationin\\\\\\\":\\\\\\\"1000\\\\\\\",\\\\\\\"delayin\\\\\\\":\\\\\\\"0\\\\\\\",\\\\\\\"easingin\\\\\\\":\\\\\\\"easeInOutElastic\\\\\\\",\\\\\\\"fadein\\\\\\\":true,\\\\\\\"rotatein\\\\\\\":\\\\\\\"0\\\\\\\",\\\\\\\"rotatexin\\\\\\\":\\\\\\\"-90\\\\\\\",\\\\\\\"rotateyin\\\\\\\":\\\\\\\"0\\\\\\\",\\\\\\\"transformoriginin\\\\\\\":\\\\\\\"50% top 0\\\\\\\",\\\\\\\"skewxin\\\\\\\":\\\\\\\"0\\\\\\\",\\\\\\\"skewyin\\\\\\\":\\\\\\\"0\\\\\\\",\\\\\\\"scalexin\\\\\\\":\\\\\\\"1\\\\\\\",\\\\\\\"scaleyin\\\\\\\":\\\\\\\"1\\\\\\\",\\\\\\\"offsetxout\\\\\\\":\\\\\\\"0\\\\\\\",\\\\\\\"offsetyout\\\\\\\":\\\\\\\"0\\\\\\\",\\\\\\\"durationout\\\\\\\":\\\\\\\"400\\\\\\\",\\\\\\\"showuntil\\\\\\\":\\\\\\\"0\\\\\\\",\\\\\\\"easingout\\\\\\\":\\\\\\\"easeInOutQuint\\\\\\\",\\\\\\\"fadeout\\\\\\\":true,\\\\\\\"rotateout\\\\\\\":\\\\\\\"0\\\\\\\",\\\\\\\"rotatexout\\\\\\\":\\\\\\\"0\\\\\\\",\\\\\\\"rotateyout\\\\\\\":\\\\\\\"0\\\\\\\",\\\\\\\"transformoriginout\\\\\\\":\\\\\\\"50% 50% 0\\\\\\\",\\\\\\\"skewxout\\\\\\\":\\\\\\\"0\\\\\\\",\\\\\\\"skewyout\\\\\\\":\\\\\\\"0\\\\\\\",\\\\\\\"scalexout\\\\\\\":\\\\\\\"1\\\\\\\",\\\\\\\"scaleyout\\\\\\\":\\\\\\\"1\\\\\\\",\\\\\\\"parallaxlevel\\\\\\\":\\\\\\\"0\\\\\\\"}\",\"url\":\"\",\"target\":\"_self\",\"styles\":\"{\\\\\\\"padding-top\\\\\\\":\\\\\\\"12\\\\\\\",\\\\\\\"padding-right\\\\\\\":\\\\\\\"24\\\\\\\",\\\\\\\"padding-bottom\\\\\\\":\\\\\\\"12\\\\\\\",\\\\\\\"padding-left\\\\\\\":\\\\\\\"24\\\\\\\",\\\\\\\"font-size\\\\\\\":\\\\\\\"16\\\\\\\",\\\\\\\"color\\\\\\\":\\\\\\\"#FFF\\\\\\\",\\\\\\\"background\\\\\\\":\\\\\\\"rgba(49, 59, 61, 0.80)\\\\\\\",\\\\\\\"border-radius\\\\\\\":\\\\\\\"2\\\\\\\"}\",\"top\":\"77px\",\"left\":\"68px\",\"style\":\"font-weight:600;\",\"id\":\"\",\"class\":\"\",\"title\":\"\",\"alt\":\"\",\"rel\":\"\"},{\"subtitle\":\"Layer #2\",\"media\":\"text\",\"type\":\"h3\",\"imageId\":\"\",\"image\":\"\",\"html\":\"Set Timers, Auto Or Manually Evaluate Quizzes\",\"post_text_length\":\"\",\"transition\":\"{\\\\\\\"offsetxin\\\\\\\":\\\\\\\"0\\\\\\\",\\\\\\\"offsetyin\\\\\\\":\\\\\\\"0\\\\\\\",\\\\\\\"durationin\\\\\\\":\\\\\\\"1000\\\\\\\",\\\\\\\"delayin\\\\\\\":\\\\\\\"1000\\\\\\\",\\\\\\\"easingin\\\\\\\":\\\\\\\"easeInOutElastic\\\\\\\",\\\\\\\"fadein\\\\\\\":true,\\\\\\\"rotatein\\\\\\\":\\\\\\\"0\\\\\\\",\\\\\\\"rotatexin\\\\\\\":\\\\\\\"-90\\\\\\\",\\\\\\\"rotateyin\\\\\\\":\\\\\\\"0\\\\\\\",\\\\\\\"transformoriginin\\\\\\\":\\\\\\\"50% top 0\\\\\\\",\\\\\\\"skewxin\\\\\\\":\\\\\\\"0\\\\\\\",\\\\\\\"skewyin\\\\\\\":\\\\\\\"0\\\\\\\",\\\\\\\"scalexin\\\\\\\":\\\\\\\"1\\\\\\\",\\\\\\\"scaleyin\\\\\\\":\\\\\\\"1\\\\\\\",\\\\\\\"offsetxout\\\\\\\":\\\\\\\"0\\\\\\\",\\\\\\\"offsetyout\\\\\\\":\\\\\\\"0\\\\\\\",\\\\\\\"durationout\\\\\\\":\\\\\\\"400\\\\\\\",\\\\\\\"showuntil\\\\\\\":\\\\\\\"0\\\\\\\",\\\\\\\"easingout\\\\\\\":\\\\\\\"easeInOutQuint\\\\\\\",\\\\\\\"fadeout\\\\\\\":true,\\\\\\\"rotateout\\\\\\\":\\\\\\\"0\\\\\\\",\\\\\\\"rotatexout\\\\\\\":\\\\\\\"0\\\\\\\",\\\\\\\"rotateyout\\\\\\\":\\\\\\\"0\\\\\\\",\\\\\\\"transformoriginout\\\\\\\":\\\\\\\"50% 50% 0\\\\\\\",\\\\\\\"skewxout\\\\\\\":\\\\\\\"0\\\\\\\",\\\\\\\"skewyout\\\\\\\":\\\\\\\"0\\\\\\\",\\\\\\\"scalexout\\\\\\\":\\\\\\\"1\\\\\\\",\\\\\\\"scaleyout\\\\\\\":\\\\\\\"1\\\\\\\",\\\\\\\"parallaxlevel\\\\\\\":\\\\\\\"0\\\\\\\"}\",\"url\":\"\",\"target\":\"_self\",\"styles\":\"{\\\\\\\"padding-top\\\\\\\":\\\\\\\"12\\\\\\\",\\\\\\\"padding-right\\\\\\\":\\\\\\\"24\\\\\\\",\\\\\\\"padding-bottom\\\\\\\":\\\\\\\"12\\\\\\\",\\\\\\\"padding-left\\\\\\\":\\\\\\\"24\\\\\\\",\\\\\\\"font-size\\\\\\\":\\\\\\\"16\\\\\\\",\\\\\\\"color\\\\\\\":\\\\\\\"#FFF\\\\\\\",\\\\\\\"background\\\\\\\":\\\\\\\"rgba(49, 59, 61, 0.80)\\\\\\\",\\\\\\\"border-radius\\\\\\\":\\\\\\\"2\\\\\\\"}\",\"top\":\"134px\",\"left\":\"68px\",\"style\":\"font-weight:600;\",\"id\":\"\",\"class\":\"\",\"title\":\"\",\"alt\":\"\",\"rel\":\"\"},{\"subtitle\":\"Layer #3\",\"media\":\"text\",\"type\":\"h3\",\"imageId\":\"\",\"image\":\"\",\"html\":\"Check Results, Notifications , Messages\",\"post_text_length\":\"\",\"transition\":\"{\\\\\\\"offsetxin\\\\\\\":\\\\\\\"0\\\\\\\",\\\\\\\"offsetyin\\\\\\\":\\\\\\\"0\\\\\\\",\\\\\\\"durationin\\\\\\\":\\\\\\\"1000\\\\\\\",\\\\\\\"delayin\\\\\\\":\\\\\\\"2000\\\\\\\",\\\\\\\"easingin\\\\\\\":\\\\\\\"easeInOutElastic\\\\\\\",\\\\\\\"fadein\\\\\\\":true,\\\\\\\"rotatein\\\\\\\":\\\\\\\"0\\\\\\\",\\\\\\\"rotatexin\\\\\\\":\\\\\\\"-90\\\\\\\",\\\\\\\"rotateyin\\\\\\\":\\\\\\\"0\\\\\\\",\\\\\\\"transformoriginin\\\\\\\":\\\\\\\"50% top 0\\\\\\\",\\\\\\\"skewxin\\\\\\\":\\\\\\\"0\\\\\\\",\\\\\\\"skewyin\\\\\\\":\\\\\\\"0\\\\\\\",\\\\\\\"scalexin\\\\\\\":\\\\\\\"1\\\\\\\",\\\\\\\"scaleyin\\\\\\\":\\\\\\\"1\\\\\\\",\\\\\\\"offsetxout\\\\\\\":\\\\\\\"0\\\\\\\",\\\\\\\"offsetyout\\\\\\\":\\\\\\\"0\\\\\\\",\\\\\\\"durationout\\\\\\\":\\\\\\\"400\\\\\\\",\\\\\\\"showuntil\\\\\\\":\\\\\\\"0\\\\\\\",\\\\\\\"easingout\\\\\\\":\\\\\\\"easeInOutQuint\\\\\\\",\\\\\\\"fadeout\\\\\\\":true,\\\\\\\"rotateout\\\\\\\":\\\\\\\"0\\\\\\\",\\\\\\\"rotatexout\\\\\\\":\\\\\\\"0\\\\\\\",\\\\\\\"rotateyout\\\\\\\":\\\\\\\"0\\\\\\\",\\\\\\\"transformoriginout\\\\\\\":\\\\\\\"50% 50% 0\\\\\\\",\\\\\\\"skewxout\\\\\\\":\\\\\\\"0\\\\\\\",\\\\\\\"skewyout\\\\\\\":\\\\\\\"0\\\\\\\",\\\\\\\"scalexout\\\\\\\":\\\\\\\"1\\\\\\\",\\\\\\\"scaleyout\\\\\\\":\\\\\\\"1\\\\\\\",\\\\\\\"parallaxlevel\\\\\\\":\\\\\\\"0\\\\\\\"}\",\"url\":\"\",\"target\":\"_self\",\"styles\":\"{\\\\\\\"padding-top\\\\\\\":\\\\\\\"12\\\\\\\",\\\\\\\"padding-right\\\\\\\":\\\\\\\"24\\\\\\\",\\\\\\\"padding-bottom\\\\\\\":\\\\\\\"12\\\\\\\",\\\\\\\"padding-left\\\\\\\":\\\\\\\"24\\\\\\\",\\\\\\\"font-size\\\\\\\":\\\\\\\"16\\\\\\\",\\\\\\\"color\\\\\\\":\\\\\\\"#FFF\\\\\\\",\\\\\\\"background\\\\\\\":\\\\\\\"rgba(49, 59, 61, 0.80)\\\\\\\",\\\\\\\"border-radius\\\\\\\":\\\\\\\"2\\\\\\\"}\",\"top\":\"189px\",\"left\":\"67px\",\"style\":\"font-weight:600;\",\"id\":\"\",\"class\":\"\",\"title\":\"\",\"alt\":\"\",\"rel\":\"\"},{\"subtitle\":\"Layer #4\",\"media\":\"text\",\"type\":\"h3\",\"imageId\":\"\",\"image\":\"\",\"html\":\"Set Badges, Certificates for Courses\",\"post_text_length\":\"\",\"transition\":\"{\\\\\\\"offsetxin\\\\\\\":\\\\\\\"0\\\\\\\",\\\\\\\"offsetyin\\\\\\\":\\\\\\\"0\\\\\\\",\\\\\\\"durationin\\\\\\\":\\\\\\\"1000\\\\\\\",\\\\\\\"delayin\\\\\\\":\\\\\\\"3000\\\\\\\",\\\\\\\"easingin\\\\\\\":\\\\\\\"easeInOutElastic\\\\\\\",\\\\\\\"fadein\\\\\\\":true,\\\\\\\"rotatein\\\\\\\":\\\\\\\"0\\\\\\\",\\\\\\\"rotatexin\\\\\\\":\\\\\\\"-90\\\\\\\",\\\\\\\"rotateyin\\\\\\\":\\\\\\\"0\\\\\\\",\\\\\\\"transformoriginin\\\\\\\":\\\\\\\"50% top 0\\\\\\\",\\\\\\\"skewxin\\\\\\\":\\\\\\\"0\\\\\\\",\\\\\\\"skewyin\\\\\\\":\\\\\\\"0\\\\\\\",\\\\\\\"scalexin\\\\\\\":\\\\\\\"1\\\\\\\",\\\\\\\"scaleyin\\\\\\\":\\\\\\\"1\\\\\\\",\\\\\\\"offsetxout\\\\\\\":\\\\\\\"0\\\\\\\",\\\\\\\"offsetyout\\\\\\\":\\\\\\\"0\\\\\\\",\\\\\\\"durationout\\\\\\\":\\\\\\\"400\\\\\\\",\\\\\\\"showuntil\\\\\\\":\\\\\\\"0\\\\\\\",\\\\\\\"easingout\\\\\\\":\\\\\\\"easeInOutQuint\\\\\\\",\\\\\\\"fadeout\\\\\\\":true,\\\\\\\"rotateout\\\\\\\":\\\\\\\"0\\\\\\\",\\\\\\\"rotatexout\\\\\\\":\\\\\\\"0\\\\\\\",\\\\\\\"rotateyout\\\\\\\":\\\\\\\"0\\\\\\\",\\\\\\\"transformoriginout\\\\\\\":\\\\\\\"50% 50% 0\\\\\\\",\\\\\\\"skewxout\\\\\\\":\\\\\\\"0\\\\\\\",\\\\\\\"skewyout\\\\\\\":\\\\\\\"0\\\\\\\",\\\\\\\"scalexout\\\\\\\":\\\\\\\"1\\\\\\\",\\\\\\\"scaleyout\\\\\\\":\\\\\\\"1\\\\\\\",\\\\\\\"parallaxlevel\\\\\\\":\\\\\\\"0\\\\\\\"}\",\"url\":\"\",\"target\":\"_self\",\"styles\":\"{\\\\\\\"padding-top\\\\\\\":\\\\\\\"12\\\\\\\",\\\\\\\"padding-right\\\\\\\":\\\\\\\"24\\\\\\\",\\\\\\\"padding-bottom\\\\\\\":\\\\\\\"12\\\\\\\",\\\\\\\"padding-left\\\\\\\":\\\\\\\"24\\\\\\\",\\\\\\\"font-size\\\\\\\":\\\\\\\"16\\\\\\\",\\\\\\\"color\\\\\\\":\\\\\\\"#FFF\\\\\\\",\\\\\\\"background\\\\\\\":\\\\\\\"rgba(49, 59, 61, 0.80)\\\\\\\",\\\\\\\"border-radius\\\\\\\":\\\\\\\"2\\\\\\\"}\",\"top\":\"245px\",\"left\":\"66px\",\"style\":\"font-weight:600;\",\"id\":\"\",\"class\":\"\",\"title\":\"\",\"alt\":\"\",\"rel\":\"\"},{\"subtitle\":\"Layer #5\",\"media\":\"text\",\"type\":\"p\",\"imageId\":\"\",\"image\":\"\",\"html\":\"Sell course as Single, Group and Subscription\",\"post_text_length\":\"\",\"transition\":\"{\\\\\\\"offsetxin\\\\\\\":\\\\\\\"0\\\\\\\",\\\\\\\"offsetyin\\\\\\\":\\\\\\\"0\\\\\\\",\\\\\\\"durationin\\\\\\\":\\\\\\\"1000\\\\\\\",\\\\\\\"delayin\\\\\\\":\\\\\\\"4000\\\\\\\",\\\\\\\"easingin\\\\\\\":\\\\\\\"easeInOutElastic\\\\\\\",\\\\\\\"fadein\\\\\\\":true,\\\\\\\"rotatein\\\\\\\":\\\\\\\"0\\\\\\\",\\\\\\\"rotatexin\\\\\\\":\\\\\\\"-90\\\\\\\",\\\\\\\"rotateyin\\\\\\\":\\\\\\\"0\\\\\\\",\\\\\\\"transformoriginin\\\\\\\":\\\\\\\"50% top 0\\\\\\\",\\\\\\\"skewxin\\\\\\\":\\\\\\\"0\\\\\\\",\\\\\\\"skewyin\\\\\\\":\\\\\\\"0\\\\\\\",\\\\\\\"scalexin\\\\\\\":\\\\\\\"1\\\\\\\",\\\\\\\"scaleyin\\\\\\\":\\\\\\\"1\\\\\\\",\\\\\\\"offsetxout\\\\\\\":\\\\\\\"0\\\\\\\",\\\\\\\"offsetyout\\\\\\\":\\\\\\\"0\\\\\\\",\\\\\\\"durationout\\\\\\\":\\\\\\\"400\\\\\\\",\\\\\\\"showuntil\\\\\\\":\\\\\\\"0\\\\\\\",\\\\\\\"easingout\\\\\\\":\\\\\\\"easeInOutQuint\\\\\\\",\\\\\\\"fadeout\\\\\\\":true,\\\\\\\"rotateout\\\\\\\":\\\\\\\"0\\\\\\\",\\\\\\\"rotatexout\\\\\\\":\\\\\\\"0\\\\\\\",\\\\\\\"rotateyout\\\\\\\":\\\\\\\"0\\\\\\\",\\\\\\\"transformoriginout\\\\\\\":\\\\\\\"50% 50% 0\\\\\\\",\\\\\\\"skewxout\\\\\\\":\\\\\\\"0\\\\\\\",\\\\\\\"skewyout\\\\\\\":\\\\\\\"0\\\\\\\",\\\\\\\"scalexout\\\\\\\":\\\\\\\"1\\\\\\\",\\\\\\\"scaleyout\\\\\\\":\\\\\\\"1\\\\\\\",\\\\\\\"parallaxlevel\\\\\\\":\\\\\\\"0\\\\\\\"}\",\"url\":\"\",\"target\":\"_self\",\"styles\":\"{\\\\\\\"padding-top\\\\\\\":\\\\\\\"12\\\\\\\",\\\\\\\"padding-right\\\\\\\":\\\\\\\"24\\\\\\\",\\\\\\\"padding-bottom\\\\\\\":\\\\\\\"12\\\\\\\",\\\\\\\"padding-left\\\\\\\":\\\\\\\"24\\\\\\\",\\\\\\\"font-size\\\\\\\":\\\\\\\"16\\\\\\\",\\\\\\\"color\\\\\\\":\\\\\\\"#FFF\\\\\\\",\\\\\\\"background\\\\\\\":\\\\\\\"rgba(49, 59, 61, 0.80)\\\\\\\",\\\\\\\"border-radius\\\\\\\":\\\\\\\"2\\\\\\\"}\",\"top\":\"303px\",\"left\":\"67px\",\"style\":\"font-weight:600;\",\"id\":\"\",\"class\":\"\",\"title\":\"\",\"alt\":\"\",\"rel\":\"\"}]},{\"properties\":{\"post_offset\":\"-1\",\"3d_transitions\":\"\",\"2d_transitions\":\"\",\"custom_3d_transitions\":\"\",\"custom_2d_transitions\":\"\",\"backgroundId\":\"1451\",\"background\":\"https:\\/\\/tesoll.com\\/wp-content\\/themes\\/wplms\\/setup\\/data\\/uploads\\/s1.jpg\",\"thumbnailId\":\"\",\"thumbnail\":\"\",\"slidedelay\":\"6500\",\"timeshift\":\"0\",\"layer_link\":\"\",\"layer_link_target\":\"_self\",\"id\":\"\",\"deeplink\":\"\"},\"sublayers\":[{\"subtitle\":\"Layer #1\",\"media\":\"text\",\"type\":\"h2\",\"imageId\":\"\",\"image\":\"\",\"html\":\"Power of top Plugins under one Theme\",\"post_text_length\":\"\",\"transition\":\"{\\\\\\\"offsetxin\\\\\\\":\\\\\\\"0\\\\\\\",\\\\\\\"offsetyin\\\\\\\":\\\\\\\"0\\\\\\\",\\\\\\\"durationin\\\\\\\":\\\\\\\"1000\\\\\\\",\\\\\\\"delayin\\\\\\\":\\\\\\\"0\\\\\\\",\\\\\\\"easingin\\\\\\\":\\\\\\\"easeOutBounce\\\\\\\",\\\\\\\"fadein\\\\\\\":true,\\\\\\\"rotatein\\\\\\\":\\\\\\\"0\\\\\\\",\\\\\\\"rotatexin\\\\\\\":\\\\\\\"-90\\\\\\\",\\\\\\\"rotateyin\\\\\\\":\\\\\\\"0\\\\\\\",\\\\\\\"transformoriginin\\\\\\\":\\\\\\\"50% top 0\\\\\\\",\\\\\\\"skewxin\\\\\\\":\\\\\\\"0\\\\\\\",\\\\\\\"skewyin\\\\\\\":\\\\\\\"0\\\\\\\",\\\\\\\"scalexin\\\\\\\":\\\\\\\"1\\\\\\\",\\\\\\\"scaleyin\\\\\\\":\\\\\\\"1\\\\\\\",\\\\\\\"offsetxout\\\\\\\":\\\\\\\"0\\\\\\\",\\\\\\\"offsetyout\\\\\\\":\\\\\\\"0\\\\\\\",\\\\\\\"durationout\\\\\\\":\\\\\\\"400\\\\\\\",\\\\\\\"showuntil\\\\\\\":\\\\\\\"0\\\\\\\",\\\\\\\"easingout\\\\\\\":\\\\\\\"easeInOutQuint\\\\\\\",\\\\\\\"fadeout\\\\\\\":true,\\\\\\\"rotateout\\\\\\\":\\\\\\\"0\\\\\\\",\\\\\\\"rotatexout\\\\\\\":\\\\\\\"0\\\\\\\",\\\\\\\"rotateyout\\\\\\\":\\\\\\\"0\\\\\\\",\\\\\\\"transformoriginout\\\\\\\":\\\\\\\"50% 50% 0\\\\\\\",\\\\\\\"skewxout\\\\\\\":\\\\\\\"0\\\\\\\",\\\\\\\"skewyout\\\\\\\":\\\\\\\"0\\\\\\\",\\\\\\\"scalexout\\\\\\\":\\\\\\\"1\\\\\\\",\\\\\\\"scaleyout\\\\\\\":\\\\\\\"1\\\\\\\",\\\\\\\"parallaxlevel\\\\\\\":\\\\\\\"0\\\\\\\"}\",\"url\":\"\",\"target\":\"_self\",\"styles\":\"{\\\\\\\"padding-top\\\\\\\":\\\\\\\"12\\\\\\\",\\\\\\\"padding-right\\\\\\\":\\\\\\\"24\\\\\\\",\\\\\\\"padding-bottom\\\\\\\":\\\\\\\"12\\\\\\\",\\\\\\\"padding-left\\\\\\\":\\\\\\\"24\\\\\\\",\\\\\\\"font-size\\\\\\\":\\\\\\\"24\\\\\\\",\\\\\\\"color\\\\\\\":\\\\\\\"#000\\\\\\\",\\\\\\\"background\\\\\\\":\\\\\\\"rgba(255, 255, 255, 0.60)\\\\\\\",\\\\\\\"border-radius\\\\\\\":\\\\\\\"2\\\\\\\"}\",\"top\":\"117px\",\"left\":\"287px\",\"style\":\"font-weight:800;text-transform:uppercase;\",\"id\":\"\",\"class\":\"\",\"title\":\"\",\"alt\":\"\",\"rel\":\"\"},{\"subtitle\":\"Layer #2\",\"media\":\"img\",\"type\":\"p\",\"imageId\":\"1557\",\"image\":\"http:\\/\\/vibethemes.com\\/envato\\/wplms\\/wp-content\\/uploads\\/2014\\/02\\/buddy.png\",\"html\":\"\",\"post_text_length\":\"\",\"transition\":\"{\\\\\\\"offsetxin\\\\\\\":\\\\\\\"00\\\\\\\",\\\\\\\"offsetyin\\\\\\\":\\\\\\\"80\\\\\\\",\\\\\\\"durationin\\\\\\\":\\\\\\\"1000\\\\\\\",\\\\\\\"delayin\\\\\\\":\\\\\\\"1000\\\\\\\",\\\\\\\"easingin\\\\\\\":\\\\\\\"easeOutBack\\\\\\\",\\\\\\\"fadein\\\\\\\":true,\\\\\\\"rotatein\\\\\\\":\\\\\\\"0\\\\\\\",\\\\\\\"rotatexin\\\\\\\":\\\\\\\"-90\\\\\\\",\\\\\\\"rotateyin\\\\\\\":\\\\\\\"0\\\\\\\",\\\\\\\"transformoriginin\\\\\\\":\\\\\\\"50% top 0\\\\\\\",\\\\\\\"skewxin\\\\\\\":\\\\\\\"0\\\\\\\",\\\\\\\"skewyin\\\\\\\":\\\\\\\"0\\\\\\\",\\\\\\\"scalexin\\\\\\\":\\\\\\\"1\\\\\\\",\\\\\\\"scaleyin\\\\\\\":\\\\\\\"1\\\\\\\",\\\\\\\"offsetxout\\\\\\\":\\\\\\\"0\\\\\\\",\\\\\\\"offsetyout\\\\\\\":\\\\\\\"-80\\\\\\\",\\\\\\\"durationout\\\\\\\":\\\\\\\"400\\\\\\\",\\\\\\\"showuntil\\\\\\\":\\\\\\\"0\\\\\\\",\\\\\\\"easingout\\\\\\\":\\\\\\\"easeInOutQuint\\\\\\\",\\\\\\\"fadeout\\\\\\\":true,\\\\\\\"rotateout\\\\\\\":\\\\\\\"0\\\\\\\",\\\\\\\"rotatexout\\\\\\\":\\\\\\\"0\\\\\\\",\\\\\\\"rotateyout\\\\\\\":\\\\\\\"0\\\\\\\",\\\\\\\"transformoriginout\\\\\\\":\\\\\\\"50% 50% 0\\\\\\\",\\\\\\\"skewxout\\\\\\\":\\\\\\\"0\\\\\\\",\\\\\\\"skewyout\\\\\\\":\\\\\\\"0\\\\\\\",\\\\\\\"scalexout\\\\\\\":\\\\\\\"1\\\\\\\",\\\\\\\"scaleyout\\\\\\\":\\\\\\\"1\\\\\\\",\\\\\\\"parallaxlevel\\\\\\\":\\\\\\\"0\\\\\\\"}\",\"url\":\"\",\"target\":\"_self\",\"styles\":\"{}\",\"top\":\"194px\",\"left\":\"190px\",\"style\":\"opacity:0.8;\",\"id\":\"\",\"class\":\"\",\"title\":\"\",\"alt\":\"\",\"rel\":\"\"},{\"subtitle\":\"Layer #3\",\"media\":\"img\",\"type\":\"p\",\"imageId\":\"1558\",\"image\":\"http:\\/\\/vibethemes.com\\/envato\\/wplms\\/wp-content\\/uploads\\/2014\\/02\\/bbpress.png\",\"html\":\"\",\"post_text_length\":\"\",\"transition\":\"{\\\\\\\"offsetxin\\\\\\\":\\\\\\\"0\\\\\\\",\\\\\\\"offsetyin\\\\\\\":\\\\\\\"80\\\\\\\",\\\\\\\"durationin\\\\\\\":\\\\\\\"1000\\\\\\\",\\\\\\\"delayin\\\\\\\":\\\\\\\"2000\\\\\\\",\\\\\\\"easingin\\\\\\\":\\\\\\\"easeOutBack\\\\\\\",\\\\\\\"fadein\\\\\\\":true,\\\\\\\"rotatein\\\\\\\":\\\\\\\"0\\\\\\\",\\\\\\\"rotatexin\\\\\\\":\\\\\\\"-90\\\\\\\",\\\\\\\"rotateyin\\\\\\\":\\\\\\\"0\\\\\\\",\\\\\\\"transformoriginin\\\\\\\":\\\\\\\"50% top 0\\\\\\\",\\\\\\\"skewxin\\\\\\\":\\\\\\\"0\\\\\\\",\\\\\\\"skewyin\\\\\\\":\\\\\\\"0\\\\\\\",\\\\\\\"scalexin\\\\\\\":\\\\\\\"1\\\\\\\",\\\\\\\"scaleyin\\\\\\\":\\\\\\\"1\\\\\\\",\\\\\\\"offsetxout\\\\\\\":\\\\\\\"0\\\\\\\",\\\\\\\"offsetyout\\\\\\\":\\\\\\\"80\\\\\\\",\\\\\\\"durationout\\\\\\\":\\\\\\\"400\\\\\\\",\\\\\\\"showuntil\\\\\\\":\\\\\\\"0\\\\\\\",\\\\\\\"easingout\\\\\\\":\\\\\\\"easeInOutQuint\\\\\\\",\\\\\\\"fadeout\\\\\\\":true,\\\\\\\"rotateout\\\\\\\":\\\\\\\"0\\\\\\\",\\\\\\\"rotatexout\\\\\\\":\\\\\\\"0\\\\\\\",\\\\\\\"rotateyout\\\\\\\":\\\\\\\"0\\\\\\\",\\\\\\\"transformoriginout\\\\\\\":\\\\\\\"50% 50% 0\\\\\\\",\\\\\\\"skewxout\\\\\\\":\\\\\\\"0\\\\\\\",\\\\\\\"skewyout\\\\\\\":\\\\\\\"0\\\\\\\",\\\\\\\"scalexout\\\\\\\":\\\\\\\"1\\\\\\\",\\\\\\\"scaleyout\\\\\\\":\\\\\\\"1\\\\\\\",\\\\\\\"parallaxlevel\\\\\\\":\\\\\\\"0\\\\\\\"}\",\"url\":\"\",\"target\":\"_self\",\"styles\":\"{}\",\"top\":\"195px\",\"left\":\"381px\",\"style\":\"opacity:0.8;\",\"id\":\"\",\"class\":\"\",\"title\":\"\",\"alt\":\"\",\"rel\":\"\"},{\"subtitle\":\"Layer #4\",\"media\":\"img\",\"type\":\"p\",\"imageId\":\"1559\",\"image\":\"http:\\/\\/vibethemes.com\\/envato\\/wplms\\/wp-content\\/uploads\\/2014\\/02\\/woo.png\",\"html\":\"\",\"post_text_length\":\"\",\"transition\":\"{\\\\\\\"offsetxin\\\\\\\":\\\\\\\"0\\\\\\\",\\\\\\\"offsetyin\\\\\\\":\\\\\\\"80\\\\\\\",\\\\\\\"durationin\\\\\\\":\\\\\\\"1000\\\\\\\",\\\\\\\"delayin\\\\\\\":\\\\\\\"3000\\\\\\\",\\\\\\\"easingin\\\\\\\":\\\\\\\"easeOutBack\\\\\\\",\\\\\\\"fadein\\\\\\\":true,\\\\\\\"rotatein\\\\\\\":\\\\\\\"0\\\\\\\",\\\\\\\"rotatexin\\\\\\\":\\\\\\\"-90\\\\\\\",\\\\\\\"rotateyin\\\\\\\":\\\\\\\"0\\\\\\\",\\\\\\\"transformoriginin\\\\\\\":\\\\\\\"50% top 0\\\\\\\",\\\\\\\"skewxin\\\\\\\":\\\\\\\"0\\\\\\\",\\\\\\\"skewyin\\\\\\\":\\\\\\\"0\\\\\\\",\\\\\\\"scalexin\\\\\\\":\\\\\\\"1\\\\\\\",\\\\\\\"scaleyin\\\\\\\":\\\\\\\"1\\\\\\\",\\\\\\\"offsetxout\\\\\\\":\\\\\\\"0\\\\\\\",\\\\\\\"offsetyout\\\\\\\":\\\\\\\"-80\\\\\\\",\\\\\\\"durationout\\\\\\\":\\\\\\\"400\\\\\\\",\\\\\\\"showuntil\\\\\\\":\\\\\\\"0\\\\\\\",\\\\\\\"easingout\\\\\\\":\\\\\\\"easeInOutQuint\\\\\\\",\\\\\\\"fadeout\\\\\\\":true,\\\\\\\"rotateout\\\\\\\":\\\\\\\"0\\\\\\\",\\\\\\\"rotatexout\\\\\\\":\\\\\\\"0\\\\\\\",\\\\\\\"rotateyout\\\\\\\":\\\\\\\"0\\\\\\\",\\\\\\\"transformoriginout\\\\\\\":\\\\\\\"50% 50% 0\\\\\\\",\\\\\\\"skewxout\\\\\\\":\\\\\\\"0\\\\\\\",\\\\\\\"skewyout\\\\\\\":\\\\\\\"0\\\\\\\",\\\\\\\"scalexout\\\\\\\":\\\\\\\"1\\\\\\\",\\\\\\\"scaleyout\\\\\\\":\\\\\\\"1\\\\\\\",\\\\\\\"parallaxlevel\\\\\\\":\\\\\\\"0\\\\\\\"}\",\"url\":\"\",\"target\":\"_self\",\"styles\":\"{}\",\"top\":\"197px\",\"left\":\"606px\",\"style\":\"opacity:0.8;\",\"id\":\"\",\"class\":\"\",\"title\":\"\",\"alt\":\"\",\"rel\":\"\"},{\"subtitle\":\"Layer #5\",\"media\":\"img\",\"type\":\"p\",\"imageId\":\"1556\",\"image\":\"http:\\/\\/vibethemes.com\\/envato\\/wplms\\/wp-content\\/uploads\\/2014\\/02\\/vibecourse.png\",\"html\":\"\",\"post_text_length\":\"\",\"transition\":\"{\\\\\\\"offsetxin\\\\\\\":\\\\\\\"0\\\\\\\",\\\\\\\"offsetyin\\\\\\\":\\\\\\\"80\\\\\\\",\\\\\\\"durationin\\\\\\\":\\\\\\\"1000\\\\\\\",\\\\\\\"delayin\\\\\\\":\\\\\\\"4000\\\\\\\",\\\\\\\"easingin\\\\\\\":\\\\\\\"easeOutBack\\\\\\\",\\\\\\\"fadein\\\\\\\":true,\\\\\\\"rotatein\\\\\\\":\\\\\\\"0\\\\\\\",\\\\\\\"rotatexin\\\\\\\":\\\\\\\"-90\\\\\\\",\\\\\\\"rotateyin\\\\\\\":\\\\\\\"0\\\\\\\",\\\\\\\"transformoriginin\\\\\\\":\\\\\\\"50% top 0\\\\\\\",\\\\\\\"skewxin\\\\\\\":\\\\\\\"0\\\\\\\",\\\\\\\"skewyin\\\\\\\":\\\\\\\"0\\\\\\\",\\\\\\\"scalexin\\\\\\\":\\\\\\\"1\\\\\\\",\\\\\\\"scaleyin\\\\\\\":\\\\\\\"1\\\\\\\",\\\\\\\"offsetxout\\\\\\\":\\\\\\\"0\\\\\\\",\\\\\\\"offsetyout\\\\\\\":\\\\\\\"-80\\\\\\\",\\\\\\\"durationout\\\\\\\":\\\\\\\"400\\\\\\\",\\\\\\\"showuntil\\\\\\\":\\\\\\\"0\\\\\\\",\\\\\\\"easingout\\\\\\\":\\\\\\\"easeInOutQuint\\\\\\\",\\\\\\\"fadeout\\\\\\\":true,\\\\\\\"rotateout\\\\\\\":\\\\\\\"0\\\\\\\",\\\\\\\"rotatexout\\\\\\\":\\\\\\\"0\\\\\\\",\\\\\\\"rotateyout\\\\\\\":\\\\\\\"0\\\\\\\",\\\\\\\"transformoriginout\\\\\\\":\\\\\\\"50% 50% 0\\\\\\\",\\\\\\\"skewxout\\\\\\\":\\\\\\\"0\\\\\\\",\\\\\\\"skewyout\\\\\\\":\\\\\\\"0\\\\\\\",\\\\\\\"scalexout\\\\\\\":\\\\\\\"1\\\\\\\",\\\\\\\"scaleyout\\\\\\\":\\\\\\\"1\\\\\\\",\\\\\\\"parallaxlevel\\\\\\\":\\\\\\\"0\\\\\\\"}\",\"url\":\"\",\"target\":\"_self\",\"styles\":\"{}\",\"top\":\"193px\",\"left\":\"802px\",\"style\":\"opacity:0.8;\",\"id\":\"\",\"class\":\"\",\"title\":\"\",\"alt\":\"\",\"rel\":\"\"},{\"subtitle\":\"Layer #6\",\"media\":\"text\",\"type\":\"p\",\"imageId\":\"\",\"image\":\"\",\"html\":\"Get Started Now\",\"post_text_length\":\"\",\"transition\":\"{\\\\\\\"offsetxin\\\\\\\":\\\\\\\"0\\\\\\\",\\\\\\\"offsetyin\\\\\\\":\\\\\\\"80\\\\\\\",\\\\\\\"durationin\\\\\\\":\\\\\\\"1000\\\\\\\",\\\\\\\"delayin\\\\\\\":\\\\\\\"5500\\\\\\\",\\\\\\\"easingin\\\\\\\":\\\\\\\"easeOutBack\\\\\\\",\\\\\\\"fadein\\\\\\\":true,\\\\\\\"rotatein\\\\\\\":\\\\\\\"0\\\\\\\",\\\\\\\"rotatexin\\\\\\\":\\\\\\\"0\\\\\\\",\\\\\\\"rotateyin\\\\\\\":\\\\\\\"0\\\\\\\",\\\\\\\"transformoriginin\\\\\\\":\\\\\\\"50% 50% 0\\\\\\\",\\\\\\\"skewxin\\\\\\\":\\\\\\\"0\\\\\\\",\\\\\\\"skewyin\\\\\\\":\\\\\\\"0\\\\\\\",\\\\\\\"scalexin\\\\\\\":\\\\\\\"1\\\\\\\",\\\\\\\"scaleyin\\\\\\\":\\\\\\\"1\\\\\\\",\\\\\\\"offsetxout\\\\\\\":\\\\\\\"0\\\\\\\",\\\\\\\"offsetyout\\\\\\\":\\\\\\\"-80\\\\\\\",\\\\\\\"durationout\\\\\\\":\\\\\\\"400\\\\\\\",\\\\\\\"showuntil\\\\\\\":\\\\\\\"0\\\\\\\",\\\\\\\"easingout\\\\\\\":\\\\\\\"easeInOutQuint\\\\\\\",\\\\\\\"fadeout\\\\\\\":true,\\\\\\\"rotateout\\\\\\\":\\\\\\\"0\\\\\\\",\\\\\\\"rotatexout\\\\\\\":\\\\\\\"0\\\\\\\",\\\\\\\"rotateyout\\\\\\\":\\\\\\\"0\\\\\\\",\\\\\\\"transformoriginout\\\\\\\":\\\\\\\"50% 50% 0\\\\\\\",\\\\\\\"skewxout\\\\\\\":\\\\\\\"0\\\\\\\",\\\\\\\"skewyout\\\\\\\":\\\\\\\"0\\\\\\\",\\\\\\\"scalexout\\\\\\\":\\\\\\\"1\\\\\\\",\\\\\\\"scaleyout\\\\\\\":\\\\\\\"1\\\\\\\",\\\\\\\"parallaxlevel\\\\\\\":\\\\\\\"0\\\\\\\"}\",\"url\":\"\",\"target\":\"_self\",\"styles\":\"{\\\\\\\"padding-top\\\\\\\":\\\\\\\"12\\\\\\\",\\\\\\\"padding-right\\\\\\\":\\\\\\\"24\\\\\\\",\\\\\\\"padding-bottom\\\\\\\":\\\\\\\"12\\\\\\\",\\\\\\\"padding-left\\\\\\\":\\\\\\\"24\\\\\\\",\\\\\\\"font-size\\\\\\\":\\\\\\\"14\\\\\\\",\\\\\\\"color\\\\\\\":\\\\\\\"000\\\\\\\",\\\\\\\"background\\\\\\\":\\\\\\\"#FFF\\\\\\\",\\\\\\\"border-radius\\\\\\\":\\\\\\\"2\\\\\\\"}\",\"top\":\"370px\",\"left\":\"487px\",\"style\":\"font-weight:600;text-transform:uppercase;\",\"id\":\"\",\"class\":\"\",\"title\":\"\",\"alt\":\"\",\"rel\":\"\"}]}]}',1606456330,1606456330,0,0,0,0,0);

--
-- Table structure for table `wp_layerslider_revisions`
--

CREATE TABLE `wp_layerslider_revisions` (
  `id` int(10) NOT NULL AUTO_INCREMENT,
  `slider_id` int(10) NOT NULL,
  `author` int(10) NOT NULL DEFAULT 0,
  `data` mediumtext COLLATE utf8mb4_unicode_ci NOT NULL,
  `date_c` int(10) NOT NULL,
  PRIMARY KEY (`id`)
) ENGINE=MyISAM DEFAULT CHARSET=utf8mb4 COLLATE=utf8mb4_unicode_ci;

--
-- Dumping data for table `wp_layerslider_revisions`
--


--
-- Table structure for table `wp_learnpress_order_itemmeta`
--

CREATE TABLE `wp_learnpress_order_itemmeta` (
  `meta_id` bigint(20) unsigned NOT NULL AUTO_INCREMENT,
  `learnpress_order_item_id` bigint(20) unsigned NOT NULL DEFAULT 0,
  `meta_key` varchar(45) COLLATE utf8mb4_unicode_ci NOT NULL DEFAULT '',
  `meta_value` longtext COLLATE utf8mb4_unicode_ci NOT NULL,
  PRIMARY KEY (`meta_id`)
) ENGINE=MyISAM DEFAULT CHARSET=utf8mb4 COLLATE=utf8mb4_unicode_ci;

--
-- Dumping data for table `wp_learnpress_order_itemmeta`
--


--
-- Table structure for table `wp_learnpress_order_items`
--

CREATE TABLE `wp_learnpress_order_items` (
  `order_item_id` bigint(20) unsigned NOT NULL AUTO_INCREMENT,
  `order_item_name` longtext COLLATE utf8mb4_unicode_ci NOT NULL,
  `order_id` bigint(20) unsigned NOT NULL DEFAULT 0,
  PRIMARY KEY (`order_item_id`)
) ENGINE=MyISAM DEFAULT CHARSET=utf8mb4 COLLATE=utf8mb4_unicode_ci;

--
-- Dumping data for table `wp_learnpress_order_items`
--


--
-- Table structure for table `wp_learnpress_question_answermeta`
--

CREATE TABLE `wp_learnpress_question_answermeta` (
  `meta_id` bigint(20) unsigned NOT NULL AUTO_INCREMENT,
  `learnpress_question_answer_id` bigint(20) unsigned NOT NULL,
  `meta_key` varchar(45) COLLATE utf8mb4_unicode_ci NOT NULL DEFAULT '',
  `meta_value` text COLLATE utf8mb4_unicode_ci NOT NULL,
  PRIMARY KEY (`meta_id`)
) ENGINE=MyISAM DEFAULT CHARSET=utf8mb4 COLLATE=utf8mb4_unicode_ci;

--
-- Dumping data for table `wp_learnpress_question_answermeta`
--


--
-- Table structure for table `wp_learnpress_question_answers`
--

CREATE TABLE `wp_learnpress_question_answers` (
  `question_answer_id` bigint(20) unsigned NOT NULL AUTO_INCREMENT,
  `question_id` bigint(20) unsigned NOT NULL DEFAULT 0,
  `answer_data` text COLLATE utf8mb4_unicode_ci NOT NULL,
  `answer_order` bigint(20) unsigned NOT NULL DEFAULT 0,
  PRIMARY KEY (`question_answer_id`)
) ENGINE=MyISAM AUTO_INCREMENT=315 DEFAULT CHARSET=utf8mb4 COLLATE=utf8mb4_unicode_ci;

--
-- Dumping data for table `wp_learnpress_question_answers`
--

INSERT INTO `wp_learnpress_question_answers` VALUES (1,981,'a:3:{s:4:\"text\";s:126:\"Perveniant praeteritorum est alienum dexteram sponte prioris relinqueret splendidior terras eligant praestantia dicitis [TRUE]\";s:5:\"value\";s:32:\"830e9ab53d417795ec58dba1875044fa\";s:7:\"is_true\";s:3:\"yes\";}',0),(2,981,'a:3:{s:4:\"text\";s:120:\"Euripidesconcludam citius vident habet mirum modestiam postulo fidenter fecisset galloni fiant reliquisti instituendarum\";s:5:\"value\";s:32:\"0fcb565dfe15869b78265e6de2dc4448\";s:7:\"is_true\";s:2:\"no\";}',0),(3,982,'a:3:{s:4:\"text\";s:101:\"Gravissimum corpore dicuntur statuat natura vartutis turpe scilicet pertinere descensio ductus [TRUE]\";s:5:\"value\";s:32:\"da5839ead157962ab991183f137ca564\";s:7:\"is_true\";s:3:\"yes\";}',0),(4,982,'a:3:{s:4:\"text\";s:94:\"Seseque pro niteat amicitiam docuit dasne agimus oblita insanos quibusnam inde delectant teneo\";s:5:\"value\";s:32:\"183b5b6568daf9aeb9717483adb0af7f\";s:7:\"is_true\";s:2:\"no\";}',0),(5,982,'a:3:{s:4:\"text\";s:102:\"Posui oblectationem discendi eademne regis obscurius postulet aristotele per putet acerrimus attendere\";s:5:\"value\";s:32:\"ca0e765dd0d2d5c52dd2238c852d7ce3\";s:7:\"is_true\";s:2:\"no\";}',0),(6,983,'a:3:{s:4:\"text\";s:73:\"Totas elementa vere pellit illuc erit impudens vincunt teste fuisse summo\";s:5:\"value\";s:32:\"14e46a7582ac64895bd49e3ca9f0e5c5\";s:7:\"is_true\";s:2:\"no\";}',0),(7,983,'a:3:{s:4:\"text\";s:103:\"Translatum tria praecipue doctrina commovere sensim necesse scaevolam quoad confitentem vacuitas rursus\";s:5:\"value\";s:32:\"4792fbdd6a3b4eddee4e38b88ee9b9f6\";s:7:\"is_true\";s:2:\"no\";}',0),(8,983,'a:3:{s:4:\"text\";s:114:\"Male investigatio eaque putabit audire cuius age libidinosam flagitiose sapiens causa quis ludus videretur ceperit\";s:5:\"value\";s:32:\"283d554cbe3714806da952eaf839cb67\";s:7:\"is_true\";s:2:\"no\";}',0),(9,983,'a:3:{s:4:\"text\";s:121:\"Prope ipsae perpetua vitia potero voluptates vulgo disseramus nequiter diligimus respondeas cari reliquo praesidii [TRUE]\";s:5:\"value\";s:32:\"b2c529b4fc3a4be32c1bf83f3dce770a\";s:7:\"is_true\";s:3:\"yes\";}',0),(10,983,'a:3:{s:4:\"text\";s:132:\"Parvo splendida quisquam audacius tubulo civitas reprehensione audiamus senescit convincunturque addidisti torquate socium perspicis\";s:5:\"value\";s:32:\"dd74bb10cfe0afdd48e999102b66648f\";s:7:\"is_true\";s:2:\"no\";}',0),(11,984,'a:3:{s:4:\"text\";s:94:\"Offendit contrario putet macello promerem caeleste multarum experiamur liquidius comprobatione\";s:5:\"value\";s:32:\"d660c29b6578b1a191ccb9a7c1b9b245\";s:7:\"is_true\";s:2:\"no\";}',0),(12,984,'a:3:{s:4:\"text\";s:106:\"Tenebris inquis anulus sint partem tale similia negotium splendidior sic concinant praestantia tibi [TRUE]\";s:5:\"value\";s:32:\"aa88e18fa46ad9ac33b329f9a701fc4b\";s:7:\"is_true\";s:3:\"yes\";}',0),(13,985,'a:3:{s:4:\"text\";s:101:\"Mallet primisque male don retineat corporis locuples affectiones difficultate autem tuus voluptatibus\";s:5:\"value\";s:32:\"35911445a901812596eac27d39868489\";s:7:\"is_true\";s:2:\"no\";}',0),(14,985,'a:3:{s:4:\"text\";s:105:\"Desiderat eos oppidum ipsam fecit habendus beatissimum hominibus omnium ego percipiet disputatum relictae\";s:5:\"value\";s:32:\"470fb8cd86919e15d53a7b6e03127b4d\";s:7:\"is_true\";s:2:\"no\";}',0),(15,985,'a:3:{s:4:\"text\";s:98:\"Meo cognitionem contemni patrocinium peti peripatetici mala statui reprehendi proficiscitur [TRUE]\";s:5:\"value\";s:32:\"3ef7d196323b05191ac0a89fd568a67a\";s:7:\"is_true\";s:3:\"yes\";}',0),(16,985,'a:3:{s:4:\"text\";s:108:\"Ausus facere cognitum videris aristoteli dominorum accepimus stante iocabor proclivi graeco ortus concedamus\";s:5:\"value\";s:32:\"5c8d8aea982fb7cc7cf1ee0fc8e4feb0\";s:7:\"is_true\";s:2:\"no\";}',0),(17,985,'a:3:{s:4:\"text\";s:112:\"Sapientem dissensio caducum reliquo elementa futtiles habemus ambiguo seiuncta sine fugiam locus honestum [TRUE]\";s:5:\"value\";s:32:\"49252300fe10d80458af091962634e2a\";s:7:\"is_true\";s:3:\"yes\";}',0),(18,986,'a:3:{s:4:\"text\";s:67:\"Agendum testata ceteri vivi discere memoria ponat t lebat detractus\";s:5:\"value\";s:32:\"ce61f8d894ff11b3d69bea3d198acc68\";s:7:\"is_true\";s:2:\"no\";}',0),(19,986,'a:3:{s:4:\"text\";s:74:\"Nobisne quippe subito tuetur hac diligenter invidus menses quasi principia\";s:5:\"value\";s:32:\"9695d8acb78b79cef814e6fa1de80ea6\";s:7:\"is_true\";s:2:\"no\";}',0),(20,986,'a:3:{s:4:\"text\";s:107:\"Tiberina aliquando abducas caecitas illud acti praeteritis aristo supremum exorsus superiori eaque carneade\";s:5:\"value\";s:32:\"c76c5e8d9679ef71c3f08e85c10bd0d6\";s:7:\"is_true\";s:2:\"no\";}',0),(21,986,'a:3:{s:4:\"text\";s:78:\"Vulgo horum magnitudine haberent melius eam delectant quosdam prudenter persem\";s:5:\"value\";s:32:\"d85409ae2af5cd88be5e5b1aa3366f51\";s:7:\"is_true\";s:2:\"no\";}',0),(22,986,'a:3:{s:4:\"text\";s:137:\"Varietates excitaret tractat rursus appellat praeceptum legimus assignatum percipitur prorsus progressionis evolare paradoca omnis [TRUE]\";s:5:\"value\";s:32:\"c1333c89030a68ee47c722dc76bf010d\";s:7:\"is_true\";s:3:\"yes\";}',0),(23,987,'a:3:{s:4:\"text\";s:128:\"Omittamus audissem disputatum hilare ardentem coercendi aliter heri voluit extiterunt comparandis triarium festinanter voluptate\";s:5:\"value\";s:32:\"c2f98b6e5285c7a83c7f1d268808d630\";s:7:\"is_true\";s:2:\"no\";}',0),(24,987,'a:3:{s:4:\"text\";s:114:\"Laudata fallare quoquo cariorem praeterea pleniorem strato tam salvum vacuitatem latina nihilo delectabatur [TRUE]\";s:5:\"value\";s:32:\"dff3cd38bcfe03ed48bcbe552d45cb8f\";s:7:\"is_true\";s:3:\"yes\";}',0),(25,988,'a:3:{s:4:\"text\";s:121:\"Miserum animal callidus scisse paradoca vitium iam facias generis occultissimarum omittam contingit magnitudinis disputat\";s:5:\"value\";s:32:\"405d8b06b9c77348b84cf70e550b5c3a\";s:7:\"is_true\";s:2:\"no\";}',0),(26,988,'a:3:{s:4:\"text\";s:84:\"Nisi laetamur explet status sunt maior mali multitudinis sua omnia cogit suus [TRUE]\";s:5:\"value\";s:32:\"6e986dabb6039a4f8908b6c3766f8197\";s:7:\"is_true\";s:3:\"yes\";}',0),(27,988,'a:3:{s:4:\"text\";s:78:\"Scripta mihi forte degendae adiunxit probarentur luxuriosus laetitia possit cn\";s:5:\"value\";s:32:\"3d597ddd2e536b103ce0939b24ea30f7\";s:7:\"is_true\";s:2:\"no\";}',0),(28,989,'a:3:{s:4:\"text\";s:102:\"Apta quamvis expetendam oblectationem appellabant vivebat ceteri videbis dulce malumus luxuriae [TRUE]\";s:5:\"value\";s:32:\"ae9f43c75bd7aaee925cb9c31a1b5096\";s:7:\"is_true\";s:3:\"yes\";}',0),(29,989,'a:3:{s:4:\"text\";s:105:\"Casu contemnunt tarentum praecipue vituperanda disceptari dolorem videndum exquirere paulo mutare alienos\";s:5:\"value\";s:32:\"7d39f451945869cd3311737d227437b9\";s:7:\"is_true\";s:2:\"no\";}',0),(30,990,'a:3:{s:4:\"text\";s:120:\"Pro summo anulum vestra fruitur paginas innumerabilia illinc magos lucius germen cognitione posidonium facillimum [TRUE]\";s:5:\"value\";s:32:\"0667a0a5f0f2e538dfdfe3193b51daa0\";s:7:\"is_true\";s:3:\"yes\";}',0),(31,990,'a:3:{s:4:\"text\";s:112:\"Dissensione audiebant ductus illius dare beatiorem vultum arripuit verecundius natalem estmata consolando multis\";s:5:\"value\";s:32:\"ba6bc6e8eb2cc76c430eb9cbabe3d284\";s:7:\"is_true\";s:2:\"no\";}',0),(32,990,'a:3:{s:4:\"text\";s:93:\"Putes publicarum tollenda humanis consul ipsae dicitis effectrix gloriosa don appellocommunia\";s:5:\"value\";s:32:\"da10ece3ea60ea8c4f569b9f5445d6c0\";s:7:\"is_true\";s:2:\"no\";}',0),(33,990,'a:3:{s:4:\"text\";s:135:\"Inveniri testimonium fugiam coniungi congressus potestis sequantur isti renovata actione quaerunt diligentissime improbo maiorem [TRUE]\";s:5:\"value\";s:32:\"9cd14ec39d5a33951ac592ccf8a836d3\";s:7:\"is_true\";s:3:\"yes\";}',0),(34,991,'a:3:{s:4:\"text\";s:121:\"Vincitur lenius existimare doleas putandum at ipsos cenare probavit intellegunt contemnendis fortepossumus aculeis [TRUE]\";s:5:\"value\";s:32:\"c405fa7b188ec43f6503df33bacf198a\";s:7:\"is_true\";s:3:\"yes\";}',0),(35,991,'a:3:{s:4:\"text\";s:89:\"Exposuit videretur anguiculos re sic frater variari aliena diligens mordicus hi quaeritur\";s:5:\"value\";s:32:\"8080d7c476ad59440cdbae98b843fba5\";s:7:\"is_true\";s:2:\"no\";}',0),(36,991,'a:3:{s:4:\"text\";s:103:\"Inquam sumus iniquus factum laudi pisonem ponat dis tertium postumius iniquum disputat confusio commode\";s:5:\"value\";s:32:\"5966961fd51c72fd7d05f67bc0ff7435\";s:7:\"is_true\";s:2:\"no\";}',0),(37,992,'a:3:{s:4:\"text\";s:123:\"Niteat ante quic illae delectabatur opus philosophiam quamvis polliceretur q quaestio vario sciat appellamus possint [TRUE]\";s:5:\"value\";s:32:\"abefa7c7e8eadd961f86ce2a09a8e4bb\";s:7:\"is_true\";s:3:\"yes\";}',0),(38,992,'a:3:{s:4:\"text\";s:124:\"Reiecta divitiae moderati enam posuisti deducimur facilis perturbationes postea istic sentit veterum maximum cupit rogatione\";s:5:\"value\";s:32:\"e6a58ca20055608107a38b9a990e404f\";s:7:\"is_true\";s:2:\"no\";}',0),(39,993,'a:3:{s:4:\"text\";s:104:\"Opprimenda cor imperio destiterit summi philosophiam occultum lucullo tu ipsis sanctos hereditate [TRUE]\";s:5:\"value\";s:32:\"eacd9b62f012008515b1aff4b3ea56b5\";s:7:\"is_true\";s:3:\"yes\";}',0),(40,993,'a:3:{s:4:\"text\";s:78:\"Pertinere videat more longi dicerem cupiditates nisi consentaneum quae poterat\";s:5:\"value\";s:32:\"599c87653d749b0947fd8a82104c3580\";s:7:\"is_true\";s:2:\"no\";}',0),(41,994,'a:3:{s:4:\"text\";s:110:\"Accusante neutrum amicitiis interest mortem nihilo multitudinis extrinsecus frangi voluptatum acceperit [TRUE]\";s:5:\"value\";s:32:\"bd92300aaca183d0cc7d97c2929bd3fd\";s:7:\"is_true\";s:3:\"yes\";}',0),(42,994,'a:3:{s:4:\"text\";s:77:\"Utrum ad quo illuc effecit aristippi memoriae cognoscenda vestro quo haberent\";s:5:\"value\";s:32:\"03acf3adcf15bb979ac4266600d7f7a5\";s:7:\"is_true\";s:2:\"no\";}',0),(43,995,'a:3:{s:4:\"text\";s:110:\"Arcesilas memini liceat testamento esset puto sim expressa contrariae conservatorem reges dicta audire hominum\";s:5:\"value\";s:32:\"afe8f21956b2b493cd44b4b67b30974d\";s:7:\"is_true\";s:2:\"no\";}',0),(44,995,'a:3:{s:4:\"text\";s:101:\"Expetenda rhetorice extrerno frugaliter aeternum virum auctis nominis metuetur propterea inventoribus\";s:5:\"value\";s:32:\"963bcc1797b1c4fe67c61c22dc207b9d\";s:7:\"is_true\";s:2:\"no\";}',0),(45,995,'a:3:{s:4:\"text\";s:113:\"Videor opinor iucundius arcesilas dempta scripta epicuri atque praeposatum torqueatur suae exorsus commota [TRUE]\";s:5:\"value\";s:32:\"15d5a512c8a26aa3530fc3d2ae788885\";s:7:\"is_true\";s:3:\"yes\";}',0),(46,995,'a:3:{s:4:\"text\";s:106:\"Et deinde repugnet deseruit callido eligant praesidium dividit negant virtutes putamus constituendo [TRUE]\";s:5:\"value\";s:32:\"5cf6d2a78910134e5073eeacad9a4424\";s:7:\"is_true\";s:3:\"yes\";}',0),(47,995,'a:3:{s:4:\"text\";s:126:\"Appellas ageremus nostram potestate caret egens suavis laudari aetatem similiora adversum postulet velim porro universa [TRUE]\";s:5:\"value\";s:32:\"f13722b305b2bb51dc3c7f8747ae71eb\";s:7:\"is_true\";s:3:\"yes\";}',0),(48,1009,'a:3:{s:4:\"text\";s:114:\"Disputatum videtis diligentissime putamus copiose principia docuit cariorem habet partam unaque insipientium tamen\";s:5:\"value\";s:32:\"66b9939f5ace665cfe01bebc898d1d9c\";s:7:\"is_true\";s:2:\"no\";}',0),(49,1009,'a:3:{s:4:\"text\";s:111:\"Postumius kakaw libros usitate multarum restinguet parens cari ultimum innumerabilia qualem nos plurimum manere\";s:5:\"value\";s:32:\"67ad48658254306d267c98935b55e940\";s:7:\"is_true\";s:2:\"no\";}',0),(50,1009,'a:3:{s:4:\"text\";s:125:\"Loco audientis praeter sententiam animo aberramus similitudines drusum sequantur destiterit quintus sententia sua pervidendum\";s:5:\"value\";s:32:\"387ee64cbef07036f4d6ddc764c8cc52\";s:7:\"is_true\";s:2:\"no\";}',0),(51,1009,'a:3:{s:4:\"text\";s:118:\"Suam beato elegantiam posuisti ingenio uberiora studiose consequentia gaudere cenent satietate adhuc negat comparandis\";s:5:\"value\";s:32:\"ec741680251b118393cc13e9b9683a22\";s:7:\"is_true\";s:2:\"no\";}',0),(52,1009,'a:3:{s:4:\"text\";s:115:\"Lyco videbimus certum quali tamen collatio ipsum difficultate volueramus comparandis sempiternam phaedro sic [TRUE]\";s:5:\"value\";s:32:\"9ff29e4bd03651d0aa82d3dc965c5b96\";s:7:\"is_true\";s:3:\"yes\";}',0),(53,1010,'a:3:{s:4:\"text\";s:103:\"Vacuitas anulus nosti haesitaret valitudo refers inponebat manliana minor conferta leges dicitur [TRUE]\";s:5:\"value\";s:32:\"f35b9659cfe3737f57e69682ea1575f0\";s:7:\"is_true\";s:3:\"yes\";}',0),(54,1010,'a:3:{s:4:\"text\";s:103:\"Vivendi possit primo praesertim vitarum paria rem sumus post munus potius accessio ponatur contemnendis\";s:5:\"value\";s:32:\"bf21877341b792dcd15dd48e4c7647d6\";s:7:\"is_true\";s:2:\"no\";}',0),(55,1010,'a:3:{s:4:\"text\";s:90:\"Videsne fortitudinis habemus arbitrantur academia paucis videntur affectum genere capienda\";s:5:\"value\";s:32:\"660c3dcfb987174556ed6b13e3cb2314\";s:7:\"is_true\";s:2:\"no\";}',0),(56,1011,'a:3:{s:4:\"text\";s:150:\"Plane paulumque delectabatur perpetiuntur humano ostendit dividit oportunitatis iucunde moderati videntes desiderat constituto quoquo semovenda [TRUE]\";s:5:\"value\";s:32:\"20712e8fcf2753d373d6fb274dc9dc20\";s:7:\"is_true\";s:3:\"yes\";}',0),(57,1011,'a:3:{s:4:\"text\";s:95:\"Iocabor dicuntur paulumque per sumus malumus comparandis absolvere meliusque levem ea disputari\";s:5:\"value\";s:32:\"e1c2d49f5eeb00e4946392161a90c627\";s:7:\"is_true\";s:2:\"no\";}',0),(58,1011,'a:3:{s:4:\"text\";s:110:\"Labores dacere necessariae virtutem poterit clariora probarem loquar exigit renovata laelius praetermittentium\";s:5:\"value\";s:32:\"856af28900df288f05cd6bd0ae2507b7\";s:7:\"is_true\";s:2:\"no\";}',0),(59,1012,'a:3:{s:4:\"text\";s:89:\"Avarus addo uterque dominante conatum interemit gravissimo usitate sitis sitne sustinebit\";s:5:\"value\";s:32:\"617020b4578f3555522eb32557c7e4dd\";s:7:\"is_true\";s:2:\"no\";}',0),(60,1012,'a:3:{s:4:\"text\";s:105:\"Sitienti reliquam laboret utinam pueri laboro senatu minor cenabat malumus ista pretiosissimis his beatam\";s:5:\"value\";s:32:\"1b2e77930e7d40285e127caa5132ec76\";s:7:\"is_true\";s:2:\"no\";}',0),(61,1012,'a:3:{s:4:\"text\";s:88:\"Addidisti sapientia mali iudicant dicunt carneade commissis graece more dixerim spem hic\";s:5:\"value\";s:32:\"636a20abe5235064f2e86e8fd788cfdf\";s:7:\"is_true\";s:2:\"no\";}',0),(62,1012,'a:3:{s:4:\"text\";s:105:\"Dicere facilius autem molliorque negare animantium inponebat praesertim coluit concedatur diligens [TRUE]\";s:5:\"value\";s:32:\"61401b2df93079947c4b71b457f92540\";s:7:\"is_true\";s:3:\"yes\";}',0),(63,1012,'a:3:{s:4:\"text\";s:87:\"Secundae potestate felicem placet tantam utrumque liceat dignissimum ancillae pleniorem\";s:5:\"value\";s:32:\"1c67432e4a2cf8088bdc25b69eaaee48\";s:7:\"is_true\";s:2:\"no\";}',0),(64,1013,'a:3:{s:4:\"text\";s:133:\"Praecordiis oris sententias doceant solum postulet dignum reprehenderim animalibus decimano et accepit usitate suavitatem nare [TRUE]\";s:5:\"value\";s:32:\"51a729630b4933d25cf5a0ba08b48fa4\";s:7:\"is_true\";s:3:\"yes\";}',0),(65,1013,'a:3:{s:4:\"text\";s:114:\"Aequas optimi optimo difficilius impedit murenam cn pertimuit graecum concessis libero scientia aliud vocant aliis\";s:5:\"value\";s:32:\"36e61f928a533d9514736b9ed21150f7\";s:7:\"is_true\";s:2:\"no\";}',0),(66,1013,'a:3:{s:4:\"text\";s:107:\"Debuerunt comitetur isto diligens tractandos dissensione clariora declinavi laetitia nominare potuit recuso\";s:5:\"value\";s:32:\"d4d442ecea5d60709596c38c1b02e8d5\";s:7:\"is_true\";s:2:\"no\";}',0),(67,1013,'a:3:{s:4:\"text\";s:120:\"Dicentibus satisne torquentur deferret ambulet suavis revertendum offensione gumias defendere copiose verberibus scissem\";s:5:\"value\";s:32:\"165f5848c86e23907eb2a2bcc50ebe92\";s:7:\"is_true\";s:2:\"no\";}',0),(68,1014,'a:3:{s:4:\"text\";s:118:\"Ancillae oculorum valet hae signa solere reliquorum labores heredem regulum exul is congressu moderati poterunt [TRUE]\";s:5:\"value\";s:32:\"7a262b303641b7b0d75f8ada11a60387\";s:7:\"is_true\";s:3:\"yes\";}',0),(69,1014,'a:3:{s:4:\"text\";s:125:\"Stadia consideret contra esto cognitionem non futtiles nondum theophrastus vocantur comprehenditur constructio uti plus docet\";s:5:\"value\";s:32:\"13ecd2609b1bc8fa817c96340493afae\";s:7:\"is_true\";s:2:\"no\";}',0),(70,1015,'a:3:{s:4:\"text\";s:77:\"Magnifice vere persequi sentire adiit d extrerno censes laetamur anxio [TRUE]\";s:5:\"value\";s:32:\"719bf20a173dedd0dc056518faa8fd2e\";s:7:\"is_true\";s:3:\"yes\";}',0),(71,1015,'a:3:{s:4:\"text\";s:85:\"Mallem comparandam optimis voluptatibus historia magnam utram coercendi quaeri citius\";s:5:\"value\";s:32:\"c560e34451cadd134d8b570be8add5a7\";s:7:\"is_true\";s:2:\"no\";}',0),(72,1016,'a:3:{s:4:\"text\";s:113:\"Istam latinum quin contingit sine negat graecis doceant luci sequens caeleste adesse imperatores erechthei [TRUE]\";s:5:\"value\";s:32:\"8eae88ad211d504d74fbb1d69ebc74f0\";s:7:\"is_true\";s:3:\"yes\";}',0),(73,1016,'a:3:{s:4:\"text\";s:99:\"Annum subicias officio sextilius sciret fingas loco eadem hinc statueris finxerit veteris aetatibus\";s:5:\"value\";s:32:\"31f2f7cf8a0ab02f2706a0070dae9fc4\";s:7:\"is_true\";s:2:\"no\";}',0),(74,1016,'a:3:{s:4:\"text\";s:85:\"Auctoritas poterat vocas liberos aditus easque conclusum pugnem mavis probavit [TRUE]\";s:5:\"value\";s:32:\"07ef3e9635add49f0eff9ac280087b4e\";s:7:\"is_true\";s:3:\"yes\";}',0),(75,1017,'a:3:{s:4:\"text\";s:92:\"Redeamus inveniri corpus propterea actio commota additis atque innumerabilia speculis [TRUE]\";s:5:\"value\";s:32:\"48c8fdc14ea29e56c61be0240b056d66\";s:7:\"is_true\";s:3:\"yes\";}',0),(76,1017,'a:3:{s:4:\"text\";s:89:\"Tubulus probarem nominis copiosiorem aliquantum comminiscebatur rem surrexit vestro licet\";s:5:\"value\";s:32:\"a7dcf569f13a02b47c7d29a5994a5a2c\";s:7:\"is_true\";s:2:\"no\";}',0),(77,1018,'a:3:{s:4:\"text\";s:106:\"Hos parte graecorum arcana barbarorum dolorem contrario die quaerebam isto nullus eamque mene longa [TRUE]\";s:5:\"value\";s:32:\"27dfef22481a9e293b80c11c54fa9afa\";s:7:\"is_true\";s:3:\"yes\";}',0),(78,1018,'a:3:{s:4:\"text\";s:115:\"Disputari pravitatis non sapientiam assignatum contenti tuae secundae iacere videremus spelunca formam artis [TRUE]\";s:5:\"value\";s:32:\"21eac2555d036dcb34e8c67974c76b20\";s:7:\"is_true\";s:3:\"yes\";}',0),(79,1018,'a:3:{s:4:\"text\";s:98:\"Serviremus scribebamus actionemque exquirere cyrenaicos vacabit formosum coniunxisset sit clariora\";s:5:\"value\";s:32:\"2ef88a5260af990c2ec86ab7befa6a17\";s:7:\"is_true\";s:2:\"no\";}',0),(80,1019,'a:3:{s:4:\"text\";s:107:\"Negaret intercludat orationis versum prohiberet dic comparandam imperio aditus egone perdiscere unde [TRUE]\";s:5:\"value\";s:32:\"a504569c7ae4005e19a61054e89e103e\";s:7:\"is_true\";s:3:\"yes\";}',0),(81,1019,'a:3:{s:4:\"text\";s:116:\"Audissem videantur cognosci porro postulet auribus etiamsi patria progressionem tamen diviserunt exquisita scribimus\";s:5:\"value\";s:32:\"4a756251bd42aff053cea948e8374ef9\";s:7:\"is_true\";s:2:\"no\";}',0),(82,1019,'a:3:{s:4:\"text\";s:100:\"Disserendi consequentibus qui praetermissa aeque dignissimum testata quod levem necessariae augendae\";s:5:\"value\";s:32:\"085b0009e07f9584ca6b2e894d6b238e\";s:7:\"is_true\";s:2:\"no\";}',0),(83,1020,'a:3:{s:4:\"text\";s:90:\"Scripta puerum condemnata experiamur illo dirigentes dicente falsone probat dolendi quarum\";s:5:\"value\";s:32:\"3f1be8e87d3ad3748d5431a4e1bd01ab\";s:7:\"is_true\";s:2:\"no\";}',0),(84,1020,'a:3:{s:4:\"text\";s:128:\"Litigiosam videt debemus adolescentulus orbus desciscendi ageretur quia minuis corpusne obrui adduceret ullo controversia [TRUE]\";s:5:\"value\";s:32:\"558394e0c9395447f3b5af48f227966e\";s:7:\"is_true\";s:3:\"yes\";}',0),(85,1021,'a:3:{s:4:\"text\";s:80:\"Videlicet scissem summi hic etsi eum amarum acerrimus ratio reliquam gravitasque\";s:5:\"value\";s:32:\"4d7825363ea61b3ae75d0dbc4286d322\";s:7:\"is_true\";s:2:\"no\";}',0),(86,1021,'a:3:{s:4:\"text\";s:122:\"Illo malitiae orbus dacere amentem turpis meminerimus saepius tenent ridens hostes philodemum absolvere cupiditates [TRUE]\";s:5:\"value\";s:32:\"8748b485668f63492458b2153609e202\";s:7:\"is_true\";s:3:\"yes\";}',0),(87,1021,'a:3:{s:4:\"text\";s:118:\"Beata intellegimus redargueret quo defenderem levantur illis pater rapior valet illuc dubitabit aperitur maria facilis\";s:5:\"value\";s:32:\"e245f745fea62e79a6de73c609136d50\";s:7:\"is_true\";s:2:\"no\";}',0),(88,1022,'a:3:{s:4:\"text\";s:109:\"Nemo praeclarae acies hunc pertimuit tam scripta eam convenit nimium satisfacit arbitrantur populum acciderat\";s:5:\"value\";s:32:\"2ce414d7d6a64e218e5d02e6965425b1\";s:7:\"is_true\";s:2:\"no\";}',0),(89,1022,'a:3:{s:4:\"text\";s:117:\"Neutrum suffragio malane potestate pendere luxuriam relicta beatissimum ardentis origo pythagora oboediens expetendum\";s:5:\"value\";s:32:\"379d153b9b577fc2f226474276d7cf65\";s:7:\"is_true\";s:2:\"no\";}',0),(90,1022,'a:3:{s:4:\"text\";s:120:\"Homines quaeri vidisse amicitiis aequius videri oportunitatis intellegunt saepe iucundi mutandi contemnere habeat [TRUE]\";s:5:\"value\";s:32:\"ceef9cbbda55ceefdbeb3ec54550509a\";s:7:\"is_true\";s:3:\"yes\";}',0),(91,1022,'a:3:{s:4:\"text\";s:110:\"Finem aristoteles consequentibus ignorat tot faciam dissentit dubitet illos omnisque efficitur explicandum rem\";s:5:\"value\";s:32:\"0d809229beccbd77253919050681d15c\";s:7:\"is_true\";s:2:\"no\";}',0),(92,1022,'a:3:{s:4:\"text\";s:110:\"Flagitiosa verbi commoda iniquus nesciam verum attinet illa advesperascit illuc exquisita postulo ornatu ducas\";s:5:\"value\";s:32:\"91e4ea2fe2602e1f233fb96a3b183cc0\";s:7:\"is_true\";s:2:\"no\";}',0),(93,1023,'a:3:{s:4:\"text\";s:118:\"Rursus stoicus iocans peccetur codrum thorius paria habentur melius hortandus sapientium molliorque maenae bene [TRUE]\";s:5:\"value\";s:32:\"cde311eb0094a3f2b950509a0adf5237\";s:7:\"is_true\";s:3:\"yes\";}',0),(94,1023,'a:3:{s:4:\"text\";s:106:\"Verborumne inveniri vitabis indicant contingit sironem corrigere acies pudebit possumus obscuris varietate\";s:5:\"value\";s:32:\"8163ab105d04c97a5a16acfdc64281c0\";s:7:\"is_true\";s:2:\"no\";}',0),(95,1023,'a:3:{s:4:\"text\";s:91:\"Quaque invidus philosophos immo confestim plures nobiscum praeponunt ponat quaerenda [TRUE]\";s:5:\"value\";s:32:\"f9ffda9b8259fa4c8df69fe578ae0d1a\";s:7:\"is_true\";s:3:\"yes\";}',0),(96,1039,'a:3:{s:4:\"text\";s:113:\"Pedes nobiscum utilitatem autem vivi dissentiunt remittunt obsequor comparari revertendum disserendo puerum illis\";s:5:\"value\";s:32:\"c583113935a2c4cb6d1c928069e45ce3\";s:7:\"is_true\";s:2:\"no\";}',0),(97,1039,'a:3:{s:4:\"text\";s:134:\"Civitatis filias invidus temperantiam visus pectus consentaneum insipiensquo laus nollet cuiusquam hereditate utebare incideret [TRUE]\";s:5:\"value\";s:32:\"fa4253752bb28a1a7194fe5eea580551\";s:7:\"is_true\";s:3:\"yes\";}',0),(98,1040,'a:3:{s:4:\"text\";s:81:\"Tollere defendere probas aestimabat lorem p versutum mox errat obsequor expectare\";s:5:\"value\";s:32:\"3cee1a0875bfd9f1317026b21f8863da\";s:7:\"is_true\";s:2:\"no\";}',0),(99,1040,'a:3:{s:4:\"text\";s:77:\"Originem partam sapientiae unum est dilucide inprudens oppidum libris quoniam\";s:5:\"value\";s:32:\"fa2b00872060060e3993f1e22b3cdf77\";s:7:\"is_true\";s:2:\"no\";}',0),(100,1040,'a:3:{s:4:\"text\";s:113:\"Admirationis sirenum confligendum declarat asoti video conare doctissimi terram hactenus generis accepimus [TRUE]\";s:5:\"value\";s:32:\"44f7f571cccd4f1965edaccf5e9f3c34\";s:7:\"is_true\";s:3:\"yes\";}',0),(101,1040,'a:3:{s:4:\"text\";s:123:\"Diligit auctis tamen barbarorum similitudines brevem aristidem multa positum scias summa latina sequantur destiterit [TRUE]\";s:5:\"value\";s:32:\"cf26846f2aca9cea5c38296c10962128\";s:7:\"is_true\";s:3:\"yes\";}',0),(102,1041,'a:3:{s:4:\"text\";s:104:\"Fit habemus nesciebat hortandus supremum capite praeterita neglegatur quasi usitata facit amicos possint\";s:5:\"value\";s:32:\"03436e08ccde2908f24fb34fa9fa642f\";s:7:\"is_true\";s:2:\"no\";}',0),(103,1041,'a:3:{s:4:\"text\";s:93:\"Ancillae scaevola nobilitata peragratas tanti reperiemus pertinacior excitaret avarus statuat\";s:5:\"value\";s:32:\"8db5e9e53f54e5c4643bc8c6b16fe2d4\";s:7:\"is_true\";s:2:\"no\";}',0),(104,1041,'a:3:{s:4:\"text\";s:98:\"Dissensione vitae sentias philosophos pythagora zenone suo debuit sumus tertium licebit appellamus\";s:5:\"value\";s:32:\"c206a791fec2c31dcd212217a843904a\";s:7:\"is_true\";s:2:\"no\";}',0),(105,1041,'a:3:{s:4:\"text\";s:99:\"Te contempsisse ipsam utuntur complectitur probitate plerumque optime malis posuisti decreta [TRUE]\";s:5:\"value\";s:32:\"72f0148a4ab31ba6facade288ddeb756\";s:7:\"is_true\";s:3:\"yes\";}',0),(106,1042,'a:3:{s:4:\"text\";s:130:\"Conspectus ponere proverbium eiuro capite contingit habent orationis libentius teste consequens nobis terra locuples malane [TRUE]\";s:5:\"value\";s:32:\"78205388bb15a7fb1af0f79b3926965d\";s:7:\"is_true\";s:3:\"yes\";}',0),(107,1042,'a:3:{s:4:\"text\";s:102:\"Appellet huius contrariis loquar indicia maximam multum appellat postulet mundum flagitiose voluptates\";s:5:\"value\";s:32:\"8501ee2af7824d441a8dd0237fbf65ab\";s:7:\"is_true\";s:2:\"no\";}',0),(108,1042,'a:3:{s:4:\"text\";s:76:\"Expectoque si nequiter laus amici disputare eaedem legibus virtuti sequantur\";s:5:\"value\";s:32:\"0ba84c870f2342f04af50c8cba1ac120\";s:7:\"is_true\";s:2:\"no\";}',0),(109,1042,'a:3:{s:4:\"text\";s:121:\"Democritus existimoad dilucide p sequantur dissimile liber gignit caperet accipio consuli ipsa labores habemus reliquique\";s:5:\"value\";s:32:\"6680838277c4c19c86a147234fe7e34e\";s:7:\"is_true\";s:2:\"no\";}',0),(110,1043,'a:3:{s:4:\"text\";s:79:\"Eius visa eae contraque quaeritur sentire infelix causam quisque habitus [TRUE]\";s:5:\"value\";s:32:\"4897dc0883115be63bd0f51e48433679\";s:7:\"is_true\";s:3:\"yes\";}',0),(111,1043,'a:3:{s:4:\"text\";s:90:\"Postea ultimo autem videmus absurdum percipiet cuiusque litteram laudata flagitiose [TRUE]\";s:5:\"value\";s:32:\"05def96cd438585c65dd277903b3e8e0\";s:7:\"is_true\";s:3:\"yes\";}',0),(112,1043,'a:3:{s:4:\"text\";s:117:\"Callidus propterea sublatis consolando praecipue secundum donan occurreret sitienti times exquisita recordamur [TRUE]\";s:5:\"value\";s:32:\"ded055c0388f6a59c5ca766033080f85\";s:7:\"is_true\";s:3:\"yes\";}',0),(113,1044,'a:3:{s:4:\"text\";s:125:\"Duabus hanc pulchritudo notam velim decimano concedimus depravata opponitur publicae virtus motu aequius aristidem consuetudo\";s:5:\"value\";s:32:\"7ddcfaccda60aeed99aacc352f935967\";s:7:\"is_true\";s:2:\"no\";}',0),(114,1044,'a:3:{s:4:\"text\";s:103:\"Poteris media libero ponatur misera aliquod malis responsuros reliquique dixissent amor concedis [TRUE]\";s:5:\"value\";s:32:\"12fa335465d8177126627e1322ee7bd3\";s:7:\"is_true\";s:3:\"yes\";}',0),(115,1045,'a:3:{s:4:\"text\";s:119:\"Propterea plebem adipiscing artifex lucius interficit speculis commota tubulo moderati et sequi utrisque easque quiddam\";s:5:\"value\";s:32:\"346c81cec21d08c5afd4dbd72bce52c6\";s:7:\"is_true\";s:2:\"no\";}',0),(116,1045,'a:3:{s:4:\"text\";s:126:\"Dogmata magna praeposatum praetermittentium servire desperationem posidonium epaminondas usus expressa sentit ipsius accepimus\";s:5:\"value\";s:32:\"9012ac198020fdd1a28176c0eeb6877d\";s:7:\"is_true\";s:2:\"no\";}',0),(117,1045,'a:3:{s:4:\"text\";s:93:\"Indoctum nostros iocari arcana adhibendam faceres sextilius testamento docet videremus [TRUE]\";s:5:\"value\";s:32:\"5029f0fa2909d5d72f239ed4cf068053\";s:7:\"is_true\";s:3:\"yes\";}',0),(118,1046,'a:3:{s:4:\"text\";s:96:\"Mundum bonane liberalis reliquam gloriose pendere persequi illorum appellant irridebat vanos que\";s:5:\"value\";s:32:\"ea98647ec3588e27ca4df49f9291c9e6\";s:7:\"is_true\";s:2:\"no\";}',0),(119,1046,'a:3:{s:4:\"text\";s:118:\"Agendum everti quaeret dixerunt vis efficit rem redderet levare cohaerere institutionis animalibus audax quicum [TRUE]\";s:5:\"value\";s:32:\"ef8ff1d0a6a195024d975ca39ac2d205\";s:7:\"is_true\";s:3:\"yes\";}',0),(120,1047,'a:3:{s:4:\"text\";s:110:\"Utamur architectari verbi alterum moveor tempus verso boves reliquorum litigiosam oblivionis respondere [TRUE]\";s:5:\"value\";s:32:\"572c6ee1d887e9a718f88fa9735cbe5c\";s:7:\"is_true\";s:3:\"yes\";}',0),(121,1047,'a:3:{s:4:\"text\";s:88:\"Nare turpi conquiescere volumus copiosiorem semovenda apparet illae libenter institisset\";s:5:\"value\";s:32:\"d7638d8d4580803c846ccf16d135c44a\";s:7:\"is_true\";s:2:\"no\";}',0),(122,1048,'a:3:{s:4:\"text\";s:97:\"Exemplis faciendi hae omni hominem sim possumus plus partem exponere ambobus scilicet constructio\";s:5:\"value\";s:32:\"c0d0670e17183d5426acd687e5bccda9\";s:7:\"is_true\";s:2:\"no\";}',0),(123,1048,'a:3:{s:4:\"text\";s:96:\"Amici perfectio incessum debeat impedit amicitiam cupiditas dilucide ptolomaeum curta voluptatum\";s:5:\"value\";s:32:\"326632db000de1ea4063ecf388ddca38\";s:7:\"is_true\";s:2:\"no\";}',0),(124,1048,'a:3:{s:4:\"text\";s:107:\"Divisione socrates mitigari solebat vincitur pertectam oderit quem ridens haec praeterea etiamsi comparatio\";s:5:\"value\";s:32:\"d33b9c2a7fc4bfd435bded5fc9afba66\";s:7:\"is_true\";s:2:\"no\";}',0),(125,1048,'a:3:{s:4:\"text\";s:107:\"Prope sententiae periculum senatu laudatur omnis displicuit repugnat via compellans sequor paupertas [TRUE]\";s:5:\"value\";s:32:\"c6a37f8e6dcc8554e668b7553bff25d2\";s:7:\"is_true\";s:3:\"yes\";}',0),(126,1048,'a:3:{s:4:\"text\";s:128:\"Depravatae roges turpitudinem latina delectari doloribus absolutam doctorum pulchritudinem dubitant torquate diviserunt extremum\";s:5:\"value\";s:32:\"83f6e460b2ff51a674b3a70de9771d6a\";s:7:\"is_true\";s:2:\"no\";}',0),(127,1062,'a:3:{s:4:\"text\";s:102:\"Suave aestimabat pisone nostrum abiecti effectrix animalibus partam defecerit singula obrui uti [TRUE]\";s:5:\"value\";s:32:\"1f15f8193688d7ad52e637e6ebddd2bd\";s:7:\"is_true\";s:3:\"yes\";}',0),(128,1062,'a:3:{s:4:\"text\";s:101:\"Putat exordium democriteum panaetium statui omnisque vult licebit veterum egone consequentibus [TRUE]\";s:5:\"value\";s:32:\"dcc727add0d7621d4dbbc4f6092c2dd4\";s:7:\"is_true\";s:3:\"yes\";}',0),(129,1062,'a:3:{s:4:\"text\";s:107:\"Conveniunt usus exclusis nomine stirpis consequens redeamus deterritum declarat repugnet erunt teneo habere\";s:5:\"value\";s:32:\"5a903b3ecb3f17f7667a8877db864fb4\";s:7:\"is_true\";s:2:\"no\";}',0),(130,1062,'a:3:{s:4:\"text\";s:90:\"Iuvat tiberina patefactio animal integra licebit inpure consulat prosunt interficit fortis\";s:5:\"value\";s:32:\"bc7d45b1301a834e9cb1faafa7edcf2d\";s:7:\"is_true\";s:2:\"no\";}',0),(131,1062,'a:3:{s:4:\"text\";s:111:\"Bona sententiis mediocriterne auctoritatem amicitiis hoc confecimus boves hinc leves pulsi ennius multum [TRUE]\";s:5:\"value\";s:32:\"1bfbca520cb43a5c7086e42f26678d09\";s:7:\"is_true\";s:3:\"yes\";}',0),(132,1063,'a:3:{s:4:\"text\";s:152:\"Epicuri meminerimus multitudinis desperationem habebat praeter tyrannus rationis contenti potuerit profectus quaedam perveniant videmus quibusnam [TRUE]\";s:5:\"value\";s:32:\"268d51ef6521653f986d947a0ffc8429\";s:7:\"is_true\";s:3:\"yes\";}',0),(133,1063,'a:3:{s:4:\"text\";s:110:\"Sequebatur consul simplicia veniam longissimus philodemum disserendi intellegatur varietate inflammat appellat\";s:5:\"value\";s:32:\"3c606eef8521c220168334a84d5405f7\";s:7:\"is_true\";s:2:\"no\";}',0),(134,1064,'a:3:{s:4:\"text\";s:113:\"Sequantur vocatur fortior valde principes dubitant vincunt relictae irridebat testimonium unde ortus casu his lex\";s:5:\"value\";s:32:\"3ea471ae4a4cbfaba489889752010972\";s:7:\"is_true\";s:2:\"no\";}',0),(135,1064,'a:3:{s:4:\"text\";s:114:\"Ait contrario percipiet mundum sextilio obrui effecit restinctionis sullae filias aperitur sentire adiungit malane\";s:5:\"value\";s:32:\"e3004d8edbd4b231af6dfbe3832c0a77\";s:7:\"is_true\";s:2:\"no\";}',0),(136,1064,'a:3:{s:4:\"text\";s:105:\"Iucunde ioca amicos clamores pyrrho sustinebit senescit consulat studebat tabulae vellem occurreret parvo\";s:5:\"value\";s:32:\"5387a8030954e7471228cc28ed1ca2b9\";s:7:\"is_true\";s:2:\"no\";}',0),(137,1064,'a:3:{s:4:\"text\";s:106:\"Recta cognitionem dictum desciscendi dant utrisque serpere abducam paulo regem umquam poni probarem [TRUE]\";s:5:\"value\";s:32:\"07bf58a4f1848c2102e0f63345c7d323\";s:7:\"is_true\";s:3:\"yes\";}',0),(138,1065,'a:3:{s:4:\"text\";s:84:\"Ineleganter fructu ceperit facilior qualem videtis publicarum frater alium res erunt\";s:5:\"value\";s:32:\"76e03d0ad09a1c1b8306b08e3e367d8a\";s:7:\"is_true\";s:2:\"no\";}',0),(139,1065,'a:3:{s:4:\"text\";s:132:\"Cupiditas iudicia secutus confecimus gubernando aliquantum expectoque repugno requirere consulatum iacet melius antiquorum tuum laus\";s:5:\"value\";s:32:\"a68061336793195a2e47cd474342e3ca\";s:7:\"is_true\";s:2:\"no\";}',0),(140,1065,'a:3:{s:4:\"text\";s:131:\"Vitiorum instructus iacent stoicos renovata varietates longus omni contemplandis sententiis reliquorum intellego erechthei leonidas\";s:5:\"value\";s:32:\"01ed076ceb1776cd6dea627e67fde17e\";s:7:\"is_true\";s:2:\"no\";}',0),(141,1065,'a:3:{s:4:\"text\";s:91:\"Scientia recuso aliquod sententiae epulis eas mortuum vivere animalibus theophrastus [TRUE]\";s:5:\"value\";s:32:\"500591dd78ad9ce340b5aa6fe69b1360\";s:7:\"is_true\";s:3:\"yes\";}',0),(142,1066,'a:3:{s:4:\"text\";s:109:\"Cernimus quaero aptius stoicorum galloni clamores istud primisque stulti et gratia praeclarae extremum [TRUE]\";s:5:\"value\";s:32:\"a858a87953ca50dd91811fc41e4dded2\";s:7:\"is_true\";s:3:\"yes\";}',0),(143,1066,'a:3:{s:4:\"text\";s:130:\"Quicumque gloriose eamque probitate nimium nostris eandem laboro effectum existimare corporis aegyptum imperatoriae vivunt propria\";s:5:\"value\";s:32:\"947d6033a13e964802603c7f6d1dae01\";s:7:\"is_true\";s:2:\"no\";}',0),(144,1066,'a:3:{s:4:\"text\";s:123:\"Aristippi extrahenda fruentem auctoritas ego visus eaque adhibendam comparandam comminiscebatur appellatum vestigium [TRUE]\";s:5:\"value\";s:32:\"ebb4cc96d6d4a22c7aba3ce854303ad9\";s:7:\"is_true\";s:3:\"yes\";}',0),(145,1067,'a:3:{s:4:\"text\";s:116:\"Dolendi claudii quamvis videro profecti publicae abiecerat singulis rotundum optimus oportere ponimus malis multoque\";s:5:\"value\";s:32:\"8a8b7b9b3b16acad1addc7ca67d87cf7\";s:7:\"is_true\";s:2:\"no\";}',0),(146,1067,'a:3:{s:4:\"text\";s:107:\"Amotio alius labores diligunt miseriarum uterque negabat tamquam proverbium ferendum contempsisse sequantur\";s:5:\"value\";s:32:\"9a3a4c7bcc5c77ba5227045458497ffa\";s:7:\"is_true\";s:2:\"no\";}',0),(147,1067,'a:3:{s:4:\"text\";s:89:\"Maximum repugnat per aditus philosophi incidunt confecimus pertinacior quaerenda potestne\";s:5:\"value\";s:32:\"6c66e89e2d7f42540c077d7619696d7e\";s:7:\"is_true\";s:2:\"no\";}',0),(148,1067,'a:3:{s:4:\"text\";s:91:\"Delectet vivebat consuetudinem palatum video philodemum loquor gaudere scire dicendi [TRUE]\";s:5:\"value\";s:32:\"912652fcdb330954dd8cef2fafef9bc6\";s:7:\"is_true\";s:3:\"yes\";}',0),(149,1067,'a:3:{s:4:\"text\";s:87:\"Originem nosse villa ignorat aristidem secundae miserum debeat communiter actus sapiens\";s:5:\"value\";s:32:\"508a238e0be893d24609d2c546b83403\";s:7:\"is_true\";s:2:\"no\";}',0),(150,1068,'a:3:{s:4:\"text\";s:108:\"Natalem contenti quampiam similem depravatae pretiosissimis sitis humano fortitudinis dubitet varietate aiat\";s:5:\"value\";s:32:\"49ca7d2f3e34973b7c67c123bcc463a5\";s:7:\"is_true\";s:2:\"no\";}',0),(151,1068,'a:3:{s:4:\"text\";s:85:\"Quam tarentum effecta dicendi selectio reliquarum tertium paupertas dialectice factum\";s:5:\"value\";s:32:\"a2ea8851b4350770435f4500a1edf563\";s:7:\"is_true\";s:2:\"no\";}',0),(152,1068,'a:3:{s:4:\"text\";s:139:\"Eae industriae contemnendam vehementer iracundia quale quaestio dicas pertinacior sensibus controversiam cupiditate ornatu primisque [TRUE]\";s:5:\"value\";s:32:\"bc9ab51ecc1340f48040ad9a4797db4b\";s:7:\"is_true\";s:3:\"yes\";}',0),(153,1068,'a:3:{s:4:\"text\";s:108:\"Molestia posset praeclarae quarum meo nulla legem dixerimus paria perversius utram gaudebit gravissimum noli\";s:5:\"value\";s:32:\"997ef018dd40ecdbb9ed8f0a89a0f40b\";s:7:\"is_true\";s:2:\"no\";}',0),(154,1068,'a:3:{s:4:\"text\";s:113:\"Libentius ornatu utram tubulus stultost sententiam cuiusquam quem occulta egone accipio inponebat proclivi docuit\";s:5:\"value\";s:32:\"9825df35b00cdd812557c4e115f7c12e\";s:7:\"is_true\";s:2:\"no\";}',0),(155,1069,'a:3:{s:4:\"text\";s:117:\"Explicavisset deinde semper disserendum vult aliam vim deferret aestimabat comparandis considerata venissemus dicente\";s:5:\"value\";s:32:\"bbd9f927f7eacb0e0ed5c26d1014cee5\";s:7:\"is_true\";s:2:\"no\";}',0),(156,1069,'a:3:{s:4:\"text\";s:112:\"Eriperes probarentur tolluntur scis faciliorem opprimenda virtuti fortasse sequi promerem lorem celebrari [TRUE]\";s:5:\"value\";s:32:\"3f7457153cba2955d49eec7fcd5dbba1\";s:7:\"is_true\";s:3:\"yes\";}',0),(157,1070,'a:3:{s:4:\"text\";s:128:\"Vel modo bestiarum vehementer cenasti magnus dolori locos meminerimus locupletat omnia fortasse popularia animalibus angustiarum\";s:5:\"value\";s:32:\"a99959e80b400b918a9e1c4215a782c6\";s:7:\"is_true\";s:2:\"no\";}',0),(158,1070,'a:3:{s:4:\"text\";s:121:\"Perspicua urgent torquatus habemus nominare video confidit debuerunt vellem sordidos congressus venissemus fugimus [TRUE]\";s:5:\"value\";s:32:\"4006f63335b53a6c24d8326d4ad9b00f\";s:7:\"is_true\";s:3:\"yes\";}',0),(159,1071,'a:3:{s:4:\"text\";s:108:\"Ausus errat pueri socrates hominum dividit ciceronem intrandum natura reliquis negabat semel die illo [TRUE]\";s:5:\"value\";s:32:\"783bca0f7e7d940797afb0cfd2a562dd\";s:7:\"is_true\";s:3:\"yes\";}',0),(160,1071,'a:3:{s:4:\"text\";s:87:\"Codrum ambobus probat parum attinet quare vere versum optabiliorem videres coniunxisset\";s:5:\"value\";s:32:\"bd7c82d66ace14235988f0e372b8b6af\";s:7:\"is_true\";s:2:\"no\";}',0),(161,1071,'a:3:{s:4:\"text\";s:120:\"Morbo aetatibus dubitant iacere sententiae pertinacem consulat declaret pareat esto doctissimi avum maximam media nimium\";s:5:\"value\";s:32:\"2eee398eb12c46dea97bf2aa33d10e9b\";s:7:\"is_true\";s:2:\"no\";}',0),(162,1087,'a:3:{s:4:\"text\";s:134:\"Turpius utilitatis sirenum partem erechthei patrocinium praeteritorum istorum conferemus egregio amemus abundaret mnesarchum persecuti\";s:5:\"value\";s:32:\"2eb8ccc3cd5b1346d2791490748625c9\";s:7:\"is_true\";s:2:\"no\";}',0),(163,1087,'a:3:{s:4:\"text\";s:119:\"Delectant aperitur singula necessariae progressionem educatio multus demptis iucundissime censet liberalis suavis dasne\";s:5:\"value\";s:32:\"593eab85bd508c5a0c7b30d740916637\";s:7:\"is_true\";s:2:\"no\";}',0),(164,1087,'a:3:{s:4:\"text\";s:83:\"Ponunt moriare levem perpetiuntur similes decimano ei scribebamus optimus cn [TRUE]\";s:5:\"value\";s:32:\"df78359cf2a66afdb774ba9298b32ac0\";s:7:\"is_true\";s:3:\"yes\";}',0),(165,1087,'a:3:{s:4:\"text\";s:89:\"Intellegam metus eiciendum sempiternam doleas negas meministi sanabat haberent crimen sui\";s:5:\"value\";s:32:\"4b89270e994e3c44894db3874d6c7318\";s:7:\"is_true\";s:2:\"no\";}',0),(166,1088,'a:3:{s:4:\"text\";s:106:\"Victu peripateticus quis teste sextus oris est reliquarum sustinebit appellat confuse suum iucundum [TRUE]\";s:5:\"value\";s:32:\"47023c2854c5b965d7f57558ae2ec179\";s:7:\"is_true\";s:3:\"yes\";}',0),(167,1088,'a:3:{s:4:\"text\";s:106:\"Actionemque pervidendum vita eaque maiorem rapiunt disceptari ipse scissem dant respondeas futuri declaret\";s:5:\"value\";s:32:\"9b49f014920357e314f975597e2c094f\";s:7:\"is_true\";s:2:\"no\";}',0),(168,1088,'a:3:{s:4:\"text\";s:85:\"Pythagora expetuntur quaesita inesse architectari scio diligi eademne laudatum amicum\";s:5:\"value\";s:32:\"7e7c574047751026a55a1de135464d74\";s:7:\"is_true\";s:2:\"no\";}',0),(169,1088,'a:3:{s:4:\"text\";s:123:\"Dogmata suo sordidos maius alumni reprehendo via pyrrhonem dissentiens optimi videris quintus sextilio aequum easque [TRUE]\";s:5:\"value\";s:32:\"10d63e7b17038c6f57424d5d9b54b08a\";s:7:\"is_true\";s:3:\"yes\";}',0),(170,1089,'a:3:{s:4:\"text\";s:88:\"Destitero sanabat isdem vir alienum potuit eodem solebam inpune tempus ipsa fellx [TRUE]\";s:5:\"value\";s:32:\"db125ae97146ee907ec46ce79f691eea\";s:7:\"is_true\";s:3:\"yes\";}',0),(171,1089,'a:3:{s:4:\"text\";s:80:\"Dissimile conferta dissimile proclivi qualis cor instrumento oculorum tu erillus\";s:5:\"value\";s:32:\"d9222cabfc6bd86ef29a42fc2af781f7\";s:7:\"is_true\";s:2:\"no\";}',0),(172,1090,'a:3:{s:4:\"text\";s:112:\"Undique mos summa ipsum poterat explicari oritur nullum subito libris facit occurreret pleraque aristidem [TRUE]\";s:5:\"value\";s:32:\"35238387bf7e2696a6abb02d0cdbe8e8\";s:7:\"is_true\";s:3:\"yes\";}',0),(173,1090,'a:3:{s:4:\"text\";s:123:\"Eaque aiat instrumento verbis ductus permulcet requiras nimium quaeret loqui suavitatem callidus vicimus longissimus [TRUE]\";s:5:\"value\";s:32:\"1803b72ceb536566a7e15e7907e499d2\";s:7:\"is_true\";s:3:\"yes\";}',0),(174,1090,'a:3:{s:4:\"text\";s:97:\"Vitam lyco opprimenda genuit veteris civitas valitudo existimare tanta in m labor suum facillimum\";s:5:\"value\";s:32:\"3fbf751c900985a83694fc4c2739dd36\";s:7:\"is_true\";s:2:\"no\";}',0),(175,1091,'a:3:{s:4:\"text\";s:98:\"Commendas quibusdam viros praeceptum moveatur similes iis latine quaeram loqui intellegimus [TRUE]\";s:5:\"value\";s:32:\"32cb58a37b3463176d4d5235d18e950a\";s:7:\"is_true\";s:3:\"yes\";}',0),(176,1091,'a:3:{s:4:\"text\";s:104:\"Ante quaeso poterit praestantissimum themistocles appellavit utilitatem diligens appellat puerum narrare\";s:5:\"value\";s:32:\"d14240fcb008b4ff5045420934e0389b\";s:7:\"is_true\";s:2:\"no\";}',0),(177,1092,'a:3:{s:4:\"text\";s:113:\"Diuturnitas inde misera vetustate comprehensum facillimum doloris aequabilesque iucunda piso parvis brevem homini\";s:5:\"value\";s:32:\"dc53f77d368980acd51b6fa20cbd5fff\";s:7:\"is_true\";s:2:\"no\";}',0),(178,1092,'a:3:{s:4:\"text\";s:99:\"Vetere dicis ratio tantas virtuti ridens dicitur improbos honesto arcesilas mnesarchum dicta [TRUE]\";s:5:\"value\";s:32:\"43e4980b0d4e842bd437ffe5e3ce1105\";s:7:\"is_true\";s:3:\"yes\";}',0),(179,1092,'a:3:{s:4:\"text\";s:86:\"Honeste maiores bonane donan seiuncta essentne laudatum iudicabis appellant chrysippum\";s:5:\"value\";s:32:\"f703f9577abcb854dc63898e099ba1b7\";s:7:\"is_true\";s:2:\"no\";}',0),(180,1093,'a:3:{s:4:\"text\";s:117:\"Illi comminiscebatur bonis abiecti efficitur manliana tuique vester contemnere sepulcrum invidiosum praeceptum quaeri\";s:5:\"value\";s:32:\"949b6363262c5a8fcde8200bbc13ce99\";s:7:\"is_true\";s:2:\"no\";}',0),(181,1093,'a:3:{s:4:\"text\";s:97:\"Venissem nihilne dictum enam tuae exponere paupertas virtutis inpure hilare kakan dilucide [TRUE]\";s:5:\"value\";s:32:\"fbe57245284a7122eddace80fde04162\";s:7:\"is_true\";s:3:\"yes\";}',0),(182,1093,'a:3:{s:4:\"text\";s:100:\"Primum in eorum patefactio existimas actionemque aeternum debilitas cuiusque tacet strato ardentiore\";s:5:\"value\";s:32:\"c84a047cf71f5056edd1938a77fd3faf\";s:7:\"is_true\";s:2:\"no\";}',0),(183,1093,'a:3:{s:4:\"text\";s:134:\"Poterit absolvere appello hoc beatissimum longissimus putabit supremum noluerunt sequitur publicae pertinacia ambiguo debilitari carum\";s:5:\"value\";s:32:\"92f58ffce14f2839b0bc9be13d9fcbd5\";s:7:\"is_true\";s:2:\"no\";}',0),(184,1094,'a:3:{s:4:\"text\";s:131:\"Expetitur vitae commodaita excelsiores aristonem contraria veniunt consentaneum appello esset cognoscimus summi ceteros cognitioque\";s:5:\"value\";s:32:\"f32d6fb6e4f0b486e530b0347f62c4f7\";s:7:\"is_true\";s:2:\"no\";}',0),(185,1094,'a:3:{s:4:\"text\";s:131:\"De inflammat consul varietates revocat victu necessariae philosopho torqueatur par acerrimus additis regem antiochum ducitur [TRUE]\";s:5:\"value\";s:32:\"290bf41ed00a54c16f919a3517abe87a\";s:7:\"is_true\";s:3:\"yes\";}',0),(186,1095,'a:3:{s:4:\"text\";s:109:\"Graeci galloni cogitari perspicuum multos inveniri fugiunt sedeat luxuriosus possint vidisse contritum [TRUE]\";s:5:\"value\";s:32:\"0f828034648032deef03428d4b9b01e0\";s:7:\"is_true\";s:3:\"yes\";}',0),(187,1095,'a:3:{s:4:\"text\";s:111:\"Dimicabit similia probabantur audacius vultus quandam obsequor inchoavit honesta amicos luxuriosus contempsisse\";s:5:\"value\";s:32:\"eed733edd1ebf719b656ebc466bf22f5\";s:7:\"is_true\";s:2:\"no\";}',0),(188,1095,'a:3:{s:4:\"text\";s:120:\"Severitatem communia praesidii amicum comprehensum legem homini dicuntur pueri putas haberem pythagora doctissimi [TRUE]\";s:5:\"value\";s:32:\"e045ff2c46a34ff24c32e1c7b70636ad\";s:7:\"is_true\";s:3:\"yes\";}',0),(189,1096,'a:3:{s:4:\"text\";s:112:\"Venio imperes errat pravitatis consulatum nummus maior scisse venio rebus sapienti ineleganter pomponius falsone\";s:5:\"value\";s:32:\"6c6646b0637f6b2bbff772e884eb8bde\";s:7:\"is_true\";s:2:\"no\";}',0),(190,1096,'a:3:{s:4:\"text\";s:93:\"Congruentis singulos tractatos dominorum pisonem firmum voluptasne caecus discendi nemo maior\";s:5:\"value\";s:32:\"daf82b4cf2afe7972148933bdf9ddfdd\";s:7:\"is_true\";s:2:\"no\";}',0),(191,1096,'a:3:{s:4:\"text\";s:118:\"Ipsis respondeas apud parens pudoris cognitione aequo turpitudinem mavis reiecta philosophiae levares earum dialectice\";s:5:\"value\";s:32:\"f732736ebab6d2f12964a2f14f313d50\";s:7:\"is_true\";s:2:\"no\";}',0),(192,1096,'a:3:{s:4:\"text\";s:111:\"Debeas audis concinant disputatum mox laboramus vitium partus speculis divitiarum liberum alia timiditas [TRUE]\";s:5:\"value\";s:32:\"2cc7bdc9a12df30a73f180a8d7f77024\";s:7:\"is_true\";s:3:\"yes\";}',0),(193,1096,'a:3:{s:4:\"text\";s:97:\"Actione collatio odium vellet dices revertendum diodorus turpis artem sola percipiendas medicinae\";s:5:\"value\";s:32:\"948df79606532f8eb1257023232403aa\";s:7:\"is_true\";s:2:\"no\";}',0),(194,1097,'a:3:{s:4:\"text\";s:120:\"Dici familiarem viros memoria potest conveniat sanabat democrito afferat agendum parvis refers duae eiusdem lorem [TRUE]\";s:5:\"value\";s:32:\"09736c4543adf5fa15dc39ad74d72f9d\";s:7:\"is_true\";s:3:\"yes\";}',0),(195,1097,'a:3:{s:4:\"text\";s:111:\"Vocas nequiter institisset vitae videat dixisti dices pericli attendere oratione quasi vestro diogenem perpauca\";s:5:\"value\";s:32:\"768b741138b4aa783face57bd3e49494\";s:7:\"is_true\";s:2:\"no\";}',0),(196,1097,'a:3:{s:4:\"text\";s:94:\"Actum relinquet praestat accederem stuprata moderati scientia decimano reliquo latino virtutem\";s:5:\"value\";s:32:\"fcd8fe969fb468389220a7a85078dce0\";s:7:\"is_true\";s:2:\"no\";}',0),(197,1098,'a:3:{s:4:\"text\";s:97:\"Pericli illorum splendida amicitias caecus amentem murenam que protervam cognitionem edere [TRUE]\";s:5:\"value\";s:32:\"b9a58dc810bb5486b8314eccc521a04a\";s:7:\"is_true\";s:3:\"yes\";}',0),(198,1098,'a:3:{s:4:\"text\";s:88:\"Negotii macello nullo felicem virtute protervam antiquis summus praeter quamvis concedis\";s:5:\"value\";s:32:\"5423a1f5ec5a297516f7d773861f5b12\";s:7:\"is_true\";s:2:\"no\";}',0),(199,1111,'a:3:{s:4:\"text\";s:114:\"Cur longa nisi divitiae vivatur mox versuta coniunxisset asoti copulationesque alia nominis istorum avarus natalis\";s:5:\"value\";s:32:\"33fde20acf907da474106683d1880dbc\";s:7:\"is_true\";s:2:\"no\";}',0),(200,1111,'a:3:{s:4:\"text\";s:119:\"Rationem multos officium intellegimus adhuc reguli persem solitum quonam putaverunt parte animantium verborumne saneque\";s:5:\"value\";s:32:\"24feb6faa3df3a310f4593fc9f582afc\";s:7:\"is_true\";s:2:\"no\";}',0),(201,1111,'a:3:{s:4:\"text\";s:99:\"Dolor educatio copiose verba principes nihili sensus risu malitiam insipientium percipiendas [TRUE]\";s:5:\"value\";s:32:\"951dd8e699e78fdae021e8942b1ecaf9\";s:7:\"is_true\";s:3:\"yes\";}',0),(202,1112,'a:3:{s:4:\"text\";s:109:\"Sedulo soles argumenta festinanter nimis egone eiciendum sofaw dicente laudabile loquar delectatus appellatum\";s:5:\"value\";s:32:\"8bfc3dc0da6ed3493c6d840f15cbd638\";s:7:\"is_true\";s:2:\"no\";}',0),(203,1112,'a:3:{s:4:\"text\";s:105:\"Cupiditates reperire anquam extrahenda splendidior suadeas praesertim sensum philosophi praeterita [TRUE]\";s:5:\"value\";s:32:\"7acfdf6b9b37217bfc7025e306551ddf\";s:7:\"is_true\";s:3:\"yes\";}',0),(204,1113,'a:3:{s:4:\"text\";s:115:\"Mecum huic mali sextilio tenebris dici gaudere vestrum praeponatur refellatur maximarum cuiusquam verso inter adiit\";s:5:\"value\";s:32:\"4f20f161a92303fddefd804fb639c618\";s:7:\"is_true\";s:2:\"no\";}',0),(205,1113,'a:3:{s:4:\"text\";s:93:\"Ait graece accepimus rursus didicerim comprehensum reliquo laetitia est arcesilas modi [TRUE]\";s:5:\"value\";s:32:\"7983f7d03b67cb9c10b96ee80790205a\";s:7:\"is_true\";s:3:\"yes\";}',0),(206,1113,'a:3:{s:4:\"text\";s:103:\"Cupido dominorum loquar duarum aliqua nostros innumerabilia par loquare comparatur inportuna disputatum\";s:5:\"value\";s:32:\"b4be6042ff68eee5d4a42b170861ea5c\";s:7:\"is_true\";s:2:\"no\";}',0),(207,1114,'a:3:{s:4:\"text\";s:122:\"Nascitur expetunt statuat graecum respondeas offendit fluere superiori an venio contenta hominibus quot velint epaminondas\";s:5:\"value\";s:32:\"93a300551a337cbfb6e5547aff98b223\";s:7:\"is_true\";s:2:\"no\";}',0),(208,1114,'a:3:{s:4:\"text\";s:135:\"Praetore via adhibuit futuri convenit perspecta salvum vitiose liberos delectat doleas quaerenda distinctio omittamus varietates [TRUE]\";s:5:\"value\";s:32:\"6b9fb33af524cf79901651b034eaab81\";s:7:\"is_true\";s:3:\"yes\";}',0),(209,1115,'a:3:{s:4:\"text\";s:110:\"Me affectus exilem vehementer graviter moriare sapientiae cuipiam apertissimis acupenserem erant gaudio [TRUE]\";s:5:\"value\";s:32:\"f49637b44b05f8fd38113ee64a1b0d88\";s:7:\"is_true\";s:3:\"yes\";}',0),(210,1115,'a:3:{s:4:\"text\";s:105:\"Te singulis fac cenabat occurrent abducas auctis polliceretur verum aeternitate vite concinant conveniunt\";s:5:\"value\";s:32:\"6197af4aa5ac4d2f6a9b6abe18e2cc99\";s:7:\"is_true\";s:2:\"no\";}',0),(211,1116,'a:3:{s:4:\"text\";s:119:\"Fallare percipiet vero quodcumque es maximas gravior disciplina gaudio dicitur scientiam praetermissa reliquisti [TRUE]\";s:5:\"value\";s:32:\"343cabedfb7122ddc8859ec1244cea2d\";s:7:\"is_true\";s:3:\"yes\";}',0),(212,1116,'a:3:{s:4:\"text\";s:121:\"Conveniunt pythagoras flentes quam divinum solent munus aestimaretis acupensere spe censes heri delectatus quosdam [TRUE]\";s:5:\"value\";s:32:\"4835cbd6746d0d3feca0783abe653a7c\";s:7:\"is_true\";s:3:\"yes\";}',0),(213,1116,'a:3:{s:4:\"text\";s:96:\"Etenim haerebitis aristonem re dicerentur depravatae reprehendo laudat peripateticis unde [TRUE]\";s:5:\"value\";s:32:\"2a0f6db20a10c6b2d5d095c914e55b33\";s:7:\"is_true\";s:3:\"yes\";}',0),(214,1117,'a:3:{s:4:\"text\";s:94:\"Censore villa interesset amaverunt spelunca opprimenda aristo cari rhetorice iudicare m nummus\";s:5:\"value\";s:32:\"9cb3645e51f3fa3f5a7ff8de8b5f88a1\";s:7:\"is_true\";s:2:\"no\";}',0),(215,1117,'a:3:{s:4:\"text\";s:121:\"Restinctionis nolo parabiles concedere estmata labet die vulnera defendebant commodaita plebem rem flentes honesta [TRUE]\";s:5:\"value\";s:32:\"bea680ce10add4750b6b029d7d57b220\";s:7:\"is_true\";s:3:\"yes\";}',0),(216,1117,'a:3:{s:4:\"text\";s:116:\"Positam illinc triarium intellegis paulum pylades laudatur tenent secundae stante dubitabit sententiae nostra aliquo\";s:5:\"value\";s:32:\"b530a3345795ff26e1aef4049c119888\";s:7:\"is_true\";s:2:\"no\";}',0),(217,1118,'a:3:{s:4:\"text\";s:113:\"Patrocinium maxima putaverunt reperire triarium diximus honestius officii posuisti ei bene affectus dolori dolori\";s:5:\"value\";s:32:\"78bdb2ce573a32688d2df9aaf98fe7ee\";s:7:\"is_true\";s:2:\"no\";}',0),(218,1118,'a:3:{s:4:\"text\";s:119:\"Hunc aestimaretis omnis vellet apti quanto progressionem sepulcrum altera summas usum intervenire causamque eas dicamus\";s:5:\"value\";s:32:\"139f38c1297ac7b7925cbe775345a1f8\";s:7:\"is_true\";s:2:\"no\";}',0),(219,1118,'a:3:{s:4:\"text\";s:114:\"Similitudo pendere optimos diligunt audacius timide gravior satisfacit petendam locos timore stoicorum congruentis\";s:5:\"value\";s:32:\"4ef2931b4ea5814960ce9cb93956c8a2\";s:7:\"is_true\";s:2:\"no\";}',0),(220,1118,'a:3:{s:4:\"text\";s:128:\"Moribus gerendus doctissimi oculis simus deterreantur divitiae officium remittunt loqueretur macello diu platoni vere tot [TRUE]\";s:5:\"value\";s:32:\"08451c886414b517bdbcfc89e24232ab\";s:7:\"is_true\";s:3:\"yes\";}',0),(221,1118,'a:3:{s:4:\"text\";s:93:\"Vocant suavius malitiam hostes vetustate laelius aufert is pueris duae valeat optimi loquitur\";s:5:\"value\";s:32:\"00264183a6f417b18728898fa7e44f72\";s:7:\"is_true\";s:2:\"no\";}',0),(222,1119,'a:3:{s:4:\"text\";s:131:\"Tuique lex plebem scientia instituendarum facillimum magnitudinis indicant iucundi ibi senescit dixisse futuri voluit omnium [TRUE]\";s:5:\"value\";s:32:\"cb93931aa9d3f0072781463691729baa\";s:7:\"is_true\";s:3:\"yes\";}',0),(223,1119,'a:3:{s:4:\"text\";s:127:\"Oculorum qui respondeas possim complectarsunt stoicorum addo mox sequamur utebare incontentae solere crede natalis urbis [TRUE]\";s:5:\"value\";s:32:\"d35f69ff2dc3b3d73b78e97badc03c26\";s:7:\"is_true\";s:3:\"yes\";}',0),(224,1119,'a:3:{s:4:\"text\";s:117:\"Vendibiliora inventoribus apparet conservatorem discedere laudat anteponere virtutem tuique viri quintus negas [TRUE]\";s:5:\"value\";s:32:\"e494f9be92a8f1951a99f5155cb6bdba\";s:7:\"is_true\";s:3:\"yes\";}',0),(225,1120,'a:3:{s:4:\"text\";s:119:\"Artem rhetoribus crede maximum p virtutem curatione diceret fecit auribus praeposatum stulti periculo intellegere longa\";s:5:\"value\";s:32:\"143cfdb4644548f44e5755d753b17f77\";s:7:\"is_true\";s:2:\"no\";}',0),(226,1120,'a:3:{s:4:\"text\";s:97:\"Aristippi medicinae miserrimus stabilem uno contritum animi licere disceptari zenone ipsae [TRUE]\";s:5:\"value\";s:32:\"538960b9aa022988cbc31ac0ad381498\";s:7:\"is_true\";s:3:\"yes\";}',0),(227,1120,'a:3:{s:4:\"text\";s:99:\"Beatiorem nosse tot manliana veni integra genuit tribunus iure paene commodaita tu torquatus [TRUE]\";s:5:\"value\";s:32:\"bac790bd6f71802fa17d3a88f4ec9263\";s:7:\"is_true\";s:3:\"yes\";}',0),(228,1120,'a:3:{s:4:\"text\";s:134:\"Sententiis locos admirabilia didicerim platoni suam delicatior occulta adesse oportunitatis dicas aristoteles fuerat compellans [TRUE]\";s:5:\"value\";s:32:\"1784ddb8109a2b88cc0cd64cdbe267ab\";s:7:\"is_true\";s:3:\"yes\";}',0),(229,1120,'a:3:{s:4:\"text\";s:95:\"Generis dissimilis prave afflueret iucundissime relinquet probitate ardentem intellegunt semper\";s:5:\"value\";s:32:\"44bfe04ba58439cbb9903bc9fac6a402\";s:7:\"is_true\";s:2:\"no\";}',0),(230,1121,'a:3:{s:4:\"text\";s:106:\"Pertinacior licere erillus honesto videris audissem quicumque duae discedere unde praeteritorum iocari vir\";s:5:\"value\";s:32:\"fd185b57dccb35c8348b6efed4ffef0a\";s:7:\"is_true\";s:2:\"no\";}',0),(231,1121,'a:3:{s:4:\"text\";s:109:\"Copiosiorem difficultate appellat legibus civis nihil dubitas velle eae panaetium vultus probas deinde [TRUE]\";s:5:\"value\";s:32:\"7400e54da4d55dfe307e63a0a96ac0fe\";s:7:\"is_true\";s:3:\"yes\";}',0),(232,1122,'a:3:{s:4:\"text\";s:95:\"Aiat disseramus ortus quanta coniunctio que iniquum ceteris gignit audire doctorum consentaneum\";s:5:\"value\";s:32:\"9c2be64fa6f9bf1326de32c34bd079aa\";s:7:\"is_true\";s:2:\"no\";}',0),(233,1122,'a:3:{s:4:\"text\";s:118:\"Afflueret defensa scripta prosunt maior perturbationes egens expletum video conferam dolores vitiorum videretur [TRUE]\";s:5:\"value\";s:32:\"3a844b325f79e3a6b94c95903e13a1e9\";s:7:\"is_true\";s:3:\"yes\";}',0),(234,1137,'a:3:{s:4:\"text\";s:97:\"Suae anteponere dissimile morbo invidiam quicum deesse apud eiciendum dolore aestimabat eo [TRUE]\";s:5:\"value\";s:32:\"73e6b7f0cc138fc19236364b0419af31\";s:7:\"is_true\";s:3:\"yes\";}',0),(235,1137,'a:3:{s:4:\"text\";s:133:\"Laboramus amotio ridens magnopere initiis cleanthes finem comprehensum pertinacia homines restinctionis etiamne cognitum fieri [TRUE]\";s:5:\"value\";s:32:\"09af2c9005fad49e5b3e37b320dd3f0f\";s:7:\"is_true\";s:3:\"yes\";}',0),(236,1137,'a:3:{s:4:\"text\";s:129:\"Vultus subito inportuna audiunt usus nostram terras quivere comprobatione debilitates rhetoribus nesciebam manliana vetere [TRUE]\";s:5:\"value\";s:32:\"bd11c61fc94ea1e998f7b30ed8702e85\";s:7:\"is_true\";s:3:\"yes\";}',0),(237,1137,'a:3:{s:4:\"text\";s:80:\"Pleraque times amicitiis videmusne ciceronem corporis se liceat contemnendis vos\";s:5:\"value\";s:32:\"a972dd13dbd4e8e5bdeb227bde6030db\";s:7:\"is_true\";s:2:\"no\";}',0),(238,1137,'a:3:{s:4:\"text\";s:112:\"Opponitur gratia sapientes dederis fortior acciderat relaxat audeo consuetudinem infantes iucunditatem hominibus\";s:5:\"value\";s:32:\"9a3000c3887bd1a2b775cc0401dd89c7\";s:7:\"is_true\";s:2:\"no\";}',0),(239,1138,'a:3:{s:4:\"text\";s:89:\"Dubitabit suavitatem turpe exiguam tabulae domina intellegunt similem doctorum hoc [TRUE]\";s:5:\"value\";s:32:\"a2c96c92e59baecc6252e963c00903d8\";s:7:\"is_true\";s:3:\"yes\";}',0),(240,1138,'a:3:{s:4:\"text\";s:117:\"Adhibuit platone prioris facere inscite dicerentur suavis signa quoque requirere philosophari heredem tutiorem manere\";s:5:\"value\";s:32:\"0bc6ea85e82eee73a01b5a481f7f5530\";s:7:\"is_true\";s:2:\"no\";}',0),(241,1139,'a:3:{s:4:\"text\";s:93:\"Ptolomaeum sequatur deferret persequi omnino ceperit moveor litteris utebare dissensio [TRUE]\";s:5:\"value\";s:32:\"3136a99d8e8f72feea9da22ad6b340c2\";s:7:\"is_true\";s:3:\"yes\";}',0),(242,1139,'a:3:{s:4:\"text\";s:94:\"Oportebit ei vero est appello gravissimo carneadeam erigimur sequantur effecit poterant natura\";s:5:\"value\";s:32:\"3cd09d4dbdb35304f7005225446e741e\";s:7:\"is_true\";s:2:\"no\";}',0),(243,1139,'a:3:{s:4:\"text\";s:97:\"Tute miser haberent additis visa difficultate voles addo legem physicum flumine terra animadverti\";s:5:\"value\";s:32:\"a69560bc04302ccb4dfdff6ba8c87505\";s:7:\"is_true\";s:2:\"no\";}',0),(244,1140,'a:3:{s:4:\"text\";s:94:\"Vir suavis optabiliorem zenone ante isdem docet victoria rogatione confirmandus videtis [TRUE]\";s:5:\"value\";s:32:\"1572ea6588e2516589119313ffd76ab3\";s:7:\"is_true\";s:3:\"yes\";}',0),(245,1140,'a:3:{s:4:\"text\";s:98:\"Laudabile defecerit praeter anquam integritas improbo divisione verecundius sola profectae exiguam\";s:5:\"value\";s:32:\"8ea407921a502a56aec9c93a48150d4b\";s:7:\"is_true\";s:2:\"no\";}',0),(246,1141,'a:3:{s:4:\"text\";s:118:\"Ceteris augeri doloris dubitabit civis videt festo quaeri sullae exquisita cari germen praesidii concordiae deo [TRUE]\";s:5:\"value\";s:32:\"8a795afbe320615fb094fcba47c74f90\";s:7:\"is_true\";s:3:\"yes\";}',0),(247,1141,'a:3:{s:4:\"text\";s:96:\"Querela futtiles moriare consequatur pollicetur redeamus iustam pythagora duas perfici iudicabis\";s:5:\"value\";s:32:\"8d9e6587ca7922e5d477697f4e6aa409\";s:7:\"is_true\";s:2:\"no\";}',0),(248,1142,'a:3:{s:4:\"text\";s:118:\"Inchoavit externum reperire cato et cuique proposito aufert obsecro uratur elaboratum vellentne vellentne verius certe\";s:5:\"value\";s:32:\"c9abf603404307e5c6bf2e986d183fad\";s:7:\"is_true\";s:2:\"no\";}',0),(249,1142,'a:3:{s:4:\"text\";s:128:\"Doloris oderit profuso nullum liquidius loquar vidisse concedatur quodsi intellegimus consuli dubia vivunt optimo negabat [TRUE]\";s:5:\"value\";s:32:\"fcf45e9ec4e5cc816493fa69d9564b5d\";s:7:\"is_true\";s:3:\"yes\";}',0),(250,1142,'a:3:{s:4:\"text\";s:133:\"Auctoritatem bonum consulat singulis studiose dulce perpetuam usitata similiora estquod orationis acupenseri didicerim singula [TRUE]\";s:5:\"value\";s:32:\"08e0d111e6a493fdcdef918342714444\";s:7:\"is_true\";s:3:\"yes\";}',0),(251,1142,'a:3:{s:4:\"text\";s:89:\"Laboramus dixit optimos solet putabit pendere audis itaque cenabat educatio refert [TRUE]\";s:5:\"value\";s:32:\"032abdb0fbea49f644d2604d0eb9cf46\";s:7:\"is_true\";s:3:\"yes\";}',0),(252,1142,'a:3:{s:4:\"text\";s:83:\"Parens quaerunt crucem tollerem statim superiores curem sensibus amor censeo [TRUE]\";s:5:\"value\";s:32:\"28f6568f4914b499778469a40c3b77e6\";s:7:\"is_true\";s:3:\"yes\";}',0),(253,1143,'a:3:{s:4:\"text\";s:108:\"Velle animoque iste obscurius audistine comprehenditur dicantur agendum dederis praeterita pressius sextilio\";s:5:\"value\";s:32:\"a1207a04bbe6db8c30b48bc6322417c9\";s:7:\"is_true\";s:2:\"no\";}',0),(254,1143,'a:3:{s:4:\"text\";s:85:\"Genuit ageremus inter dubitet dicat redarguitur notam rapiunt hinc ciceronem e [TRUE]\";s:5:\"value\";s:32:\"380042d6b4da65b538af3a9b6a8ce635\";s:7:\"is_true\";s:3:\"yes\";}',0),(255,1144,'a:3:{s:4:\"text\";s:86:\"Futuri ortus ducitur abundaret causa stoici agere earum sex existimoad contenta [TRUE]\";s:5:\"value\";s:32:\"17cd03a815058581a7802d6238c4fc1c\";s:7:\"is_true\";s:3:\"yes\";}',0),(256,1144,'a:3:{s:4:\"text\";s:120:\"Posidonium dialectice nostra scribebamus integritas avaritias inde natae commodaita graeco prave tanta lucretia sequatur\";s:5:\"value\";s:32:\"2c9f5e432b87733870596f9cc90eea41\";s:7:\"is_true\";s:2:\"no\";}',0),(257,1144,'a:3:{s:4:\"text\";s:78:\"Tria depravata aequum acies dipylo perspicuis huic ciceronem rogavi his negant\";s:5:\"value\";s:32:\"507686382b173a8f1f0ddd0ca8d0f636\";s:7:\"is_true\";s:2:\"no\";}',0),(258,1144,'a:3:{s:4:\"text\";s:102:\"Sapienti iracundia semel intercludat vivendum similiter tuetur degendae illa quippe hi comprehensionem\";s:5:\"value\";s:32:\"1bb680803aa826192cc6cc4a46a88843\";s:7:\"is_true\";s:2:\"no\";}',0),(259,1144,'a:3:{s:4:\"text\";s:77:\"Dissentit corporis vidit intervenire positum dixerunt illuc a quaerere tempus\";s:5:\"value\";s:32:\"ca5760c08c4942576bf328632190933a\";s:7:\"is_true\";s:2:\"no\";}',0),(260,1145,'a:3:{s:4:\"text\";s:121:\"Quali periculo epulis vitium nosse tarentum vincla difficilius homerus vacua honesta gymnasio conveniat faceret torquatum\";s:5:\"value\";s:32:\"dee8164930b528bcf5d0b24928b5dbfc\";s:7:\"is_true\";s:2:\"no\";}',0),(261,1145,'a:3:{s:4:\"text\";s:120:\"Eiusdem c dirigentes dolore oratores sequamur verbi aequo secrevit gloriosum iucunde satisfacit relaxat protervam [TRUE]\";s:5:\"value\";s:32:\"6420454ffcccaf1054cee18a53eca652\";s:7:\"is_true\";s:3:\"yes\";}',0),(262,1146,'a:3:{s:4:\"text\";s:108:\"Futuri imperatores fluere orationis hieronymi parvo vir dico concessis iudicium hoc praesidium respondissent\";s:5:\"value\";s:32:\"f004191b015b9706c9c0a7f6ec5f55bb\";s:7:\"is_true\";s:2:\"no\";}',0),(263,1146,'a:3:{s:4:\"text\";s:98:\"Adulter complectitur mutandi abducas galloni acupenseri dicente praesertim spectare naturam [TRUE]\";s:5:\"value\";s:32:\"efda62fa57748de6cc914b7d9fa92dd3\";s:7:\"is_true\";s:3:\"yes\";}',0),(264,1146,'a:3:{s:4:\"text\";s:81:\"Miser hic gloriosa tamquam voluit mihi conantur cornibus potestne memoriae [TRUE]\";s:5:\"value\";s:32:\"df91712c8bbd83339433376b9a728414\";s:7:\"is_true\";s:3:\"yes\";}',0),(265,1146,'a:3:{s:4:\"text\";s:92:\"Vides commode stuprata maenae decimum vilissimis locupletat pueri nosse nosti fugiam sirenum\";s:5:\"value\";s:32:\"2c5f496e1046a539220671ffbe75cb72\";s:7:\"is_true\";s:2:\"no\";}',0),(266,1146,'a:3:{s:4:\"text\";s:130:\"Oboediens dicendi turpius oboediens conferemus uratur convenienter rhetorice agemusque solere dixissent pueri aptius negare [TRUE]\";s:5:\"value\";s:32:\"c42dae93b8e14626b3d8931dd4b45bbb\";s:7:\"is_true\";s:3:\"yes\";}',0),(267,1147,'a:3:{s:4:\"text\";s:96:\"Partam iustam haeret callida dant beatiorem commendas epicuri donan quaerenda stante quod [TRUE]\";s:5:\"value\";s:32:\"7e6db3229159e89469c87f218c833970\";s:7:\"is_true\";s:3:\"yes\";}',0),(268,1147,'a:3:{s:4:\"text\";s:128:\"Chryippo nominati quarum pertinacior pervenit aristippi iniquus consentit assignatum video fratre epicuri capite gaudere erillus\";s:5:\"value\";s:32:\"eaada25a2b5311c247df086b98a6713a\";s:7:\"is_true\";s:2:\"no\";}',0),(269,1147,'a:3:{s:4:\"text\";s:105:\"Quoque tubulus integritas debeatis proverbium vulgo cantibus expedita laudatur dixti levare poenam [TRUE]\";s:5:\"value\";s:32:\"930b7649921a37742f1d638aad600b87\";s:7:\"is_true\";s:3:\"yes\";}',0),(270,1148,'a:3:{s:4:\"text\";s:100:\"Utendum oratio illinc adduceret varietates rationis sine sanguine eiciendum locos noli quaeri [TRUE]\";s:5:\"value\";s:32:\"75e57face5116fd57a2554f20b70349f\";s:7:\"is_true\";s:3:\"yes\";}',0),(271,1148,'a:3:{s:4:\"text\";s:115:\"Diogenem concinant tantam triarius solitudo litteram teste caeleste metuere converte ipsi democriteum ruinas [TRUE]\";s:5:\"value\";s:32:\"70e40b44ddac954674d39f43c8c04b49\";s:7:\"is_true\";s:3:\"yes\";}',0),(272,1148,'a:3:{s:4:\"text\";s:122:\"Modo praestantia vitia quintus respondent amicos quacumque malane deinde valitudo nullam odit aegyptum respondent pervenit\";s:5:\"value\";s:32:\"c9d5eedc6a9d13646aab1b3bfce0914b\";s:7:\"is_true\";s:2:\"no\";}',0),(273,1148,'a:3:{s:4:\"text\";s:124:\"Redargueret male maxima sententiis efficiens aestimabat putaverunt officio explanatum decimum oportere pervertere sententiae\";s:5:\"value\";s:32:\"a24a2882599c4bacd2fcda0171d0010a\";s:7:\"is_true\";s:2:\"no\";}',0),(274,1148,'a:3:{s:4:\"text\";s:85:\"Improbo dicemus in secutus clariora vultum audire integritas facto graeco tale [TRUE]\";s:5:\"value\";s:32:\"9cc35d98c288b168d899abf8f0559815\";s:7:\"is_true\";s:3:\"yes\";}',0),(275,1149,'a:3:{s:4:\"text\";s:121:\"Iustus perfectio velut confirmandus illuc lectulis lyco dolores necne cenent separantur dederis mordicus posuisse laelius\";s:5:\"value\";s:32:\"4898fc8284b87c9385a00e055bfcb895\";s:7:\"is_true\";s:2:\"no\";}',0),(276,1149,'a:3:{s:4:\"text\";s:83:\"Responsuros ortus merninisti deo paulo tabulae videris discipulum videntes d [TRUE]\";s:5:\"value\";s:32:\"8d217944c61209bba569eb0139d2046f\";s:7:\"is_true\";s:3:\"yes\";}',0),(277,1149,'a:3:{s:4:\"text\";s:138:\"Scribimus amentem ornatu repugnet expetuntur offensione contingit ex confligendum squalidius residamus verius falli incredibile sapientium\";s:5:\"value\";s:32:\"557e35a92013ee0a44a1d530db1e8269\";s:7:\"is_true\";s:2:\"no\";}',0),(278,1149,'a:3:{s:4:\"text\";s:107:\"Prave curem nostram consuli nunc voluptate corporis bene extrerno magno poterunt omnibusque relinquet pater\";s:5:\"value\";s:32:\"281ce2584c1da14f37981a4ed4fca780\";s:7:\"is_true\";s:2:\"no\";}',0),(279,1161,'a:3:{s:4:\"text\";s:124:\"Torquatum prohiberet tutiorem tuum descensio haberent tria familiares opifices depingere nobisne videres magno roga officium\";s:5:\"value\";s:32:\"5b14574a11686ada7352c52d10d227e8\";s:7:\"is_true\";s:2:\"no\";}',0),(280,1161,'a:3:{s:4:\"text\";s:110:\"Imperatores actus phaedro vestra illo consul codrum quaesivit domus modestiam divinius sapiens age luci [TRUE]\";s:5:\"value\";s:32:\"15c3b7b78c1454f1871342fcde155e5b\";s:7:\"is_true\";s:3:\"yes\";}',0),(281,1162,'a:3:{s:4:\"text\";s:126:\"Faciliorem diligunt an bestiarum doctorum petitur viderentur narrare peccetur ridens siti indoctum chrysippo videris moderatio\";s:5:\"value\";s:32:\"2b0b1e3641586ed9e9ef2d7d2c9444aa\";s:7:\"is_true\";s:2:\"no\";}',0),(282,1162,'a:3:{s:4:\"text\";s:125:\"Actione ipsam haesitaret ardentem nimium pericli possit efficitur placet utendum summi plebiscito cenare uberrimam don [TRUE]\";s:5:\"value\";s:32:\"fd5697ee351b8db6bf9ff5986870f55f\";s:7:\"is_true\";s:3:\"yes\";}',0),(283,1162,'a:3:{s:4:\"text\";s:91:\"Molestus leve geometria reguli ludis ames spem alienos longam avarus dant coniunxisset dare\";s:5:\"value\";s:32:\"6d917c7cdf066cd8e571ba2c79044060\";s:7:\"is_true\";s:2:\"no\";}',0),(284,1162,'a:3:{s:4:\"text\";s:99:\"Sensum dicendi conare comminiscebatur posset audire cupiditatem pythagoras epicuri lapathi discimus\";s:5:\"value\";s:32:\"71090e8b72e680665cf6295a0f64743b\";s:7:\"is_true\";s:2:\"no\";}',0),(285,1162,'a:3:{s:4:\"text\";s:119:\"Relaxat apparere primisque tarentum omittamus principes certum poni sitienti reliquit aliquid labores expetuntur [TRUE]\";s:5:\"value\";s:32:\"7efbd4aafc92c9c2f61181c3ea678b48\";s:7:\"is_true\";s:3:\"yes\";}',0),(286,1163,'a:3:{s:4:\"text\";s:105:\"Gaudere explanatum facere loquitur voluptatis turpe quo metellum terram regem tuetur rationem pendere tam\";s:5:\"value\";s:32:\"d428069845e757ad121e30cc005da915\";s:7:\"is_true\";s:2:\"no\";}',0),(287,1163,'a:3:{s:4:\"text\";s:76:\"Obiit debuit laelius videmus valde defenderem diligunt malumus studio amemus\";s:5:\"value\";s:32:\"61f484f8dc5aa6e91f26cfc0ed815304\";s:7:\"is_true\";s:2:\"no\";}',0),(288,1163,'a:3:{s:4:\"text\";s:114:\"Cupiditatum paulo referas oderit sin epicurus gerendus profecti gaudeo nocent apparet omnes essentne continuo alio\";s:5:\"value\";s:32:\"b27941d026cb5c6eaa906857c1e5fb83\";s:7:\"is_true\";s:2:\"no\";}',0),(289,1163,'a:3:{s:4:\"text\";s:113:\"Velit fallare malis croesi dissimillimas dignum audax apertissimis maximam audis aequabilesque anteponebat [TRUE]\";s:5:\"value\";s:32:\"bb1f3a0dc2c8500e2ac2887b5e9d1c5c\";s:7:\"is_true\";s:3:\"yes\";}',0),(290,1164,'a:3:{s:4:\"text\";s:117:\"Pecudis huic maiorem theophrasti comparatio civitas abiecerat cognitioque saneque eas etsi timide mori propter [TRUE]\";s:5:\"value\";s:32:\"4150fc332530db0294df0b4040fa61a2\";s:7:\"is_true\";s:3:\"yes\";}',0),(291,1164,'a:3:{s:4:\"text\";s:105:\"Per posuisse dominorum ceteros dissensio liquidius usitata fuisse iste necopinato zenone exquirere [TRUE]\";s:5:\"value\";s:32:\"0d0026eab91a888978031a149a6a1bae\";s:7:\"is_true\";s:3:\"yes\";}',0),(292,1164,'a:3:{s:4:\"text\";s:115:\"Deprimet ceteri torquatus philodemum sequantur rationem per iudicari vitam mavis beatum efficitur dissimilis [TRUE]\";s:5:\"value\";s:32:\"dec85f8958cf4c3c1507bb59afad0139\";s:7:\"is_true\";s:3:\"yes\";}',0),(293,1165,'a:3:{s:4:\"text\";s:92:\"Zenoni laetus utinam sapientium cyrenaici tardeve catone turpe sciant urgent epicurei [TRUE]\";s:5:\"value\";s:32:\"dd360dee8aa145925d03b29b33994822\";s:7:\"is_true\";s:3:\"yes\";}',0),(294,1165,'a:3:{s:4:\"text\";s:108:\"Partus bonane iocans ut academiae isdem aeque abiecti pectus amicitias pollicetur curta pressius defendebant\";s:5:\"value\";s:32:\"dd0fd542051f3febafb1acfb4b3094e4\";s:7:\"is_true\";s:2:\"no\";}',0),(295,1166,'a:3:{s:4:\"text\";s:127:\"Arbitratu iacent hilaretur dissentit avaritiamne collige proverbium illinc alienum certe beate quibusnam ratione incidant eodem\";s:5:\"value\";s:32:\"0240daa1717675b3267c521b14a31fee\";s:7:\"is_true\";s:2:\"no\";}',0),(296,1166,'a:3:{s:4:\"text\";s:90:\"Consuetudo relinquo recordatione insipientium ipsa ipsius boni libentius fidesic hi voluit\";s:5:\"value\";s:32:\"fb0a35d54e0efebeb7158d1b56b7149c\";s:7:\"is_true\";s:2:\"no\";}',0),(297,1166,'a:3:{s:4:\"text\";s:85:\"Dissensio numquam habere senatu profectus divisit loqueretur recusant optime manilium\";s:5:\"value\";s:32:\"fa01c749473eaa0e36af212daac617ee\";s:7:\"is_true\";s:2:\"no\";}',0),(298,1166,'a:3:{s:4:\"text\";s:114:\"Defendere molestia sapientiam terram pertinacia alienos peti currit dolores studebat disputari peccetur vir [TRUE]\";s:5:\"value\";s:32:\"450fcb12d83e4eedab40971a23aff6f4\";s:7:\"is_true\";s:3:\"yes\";}',0),(299,1167,'a:3:{s:4:\"text\";s:97:\"Perpetua horum expetendam laudi generis me affers sapienti habendus sumus summoque refert ponimus\";s:5:\"value\";s:32:\"5a2e08551c027ecb043d816c8e79debf\";s:7:\"is_true\";s:2:\"no\";}',0),(300,1167,'a:3:{s:4:\"text\";s:120:\"Sequantur tuo frangi certum extrahenda fortuna vocatur beato afferat vetere pugnem contendimus audistine gloriosa [TRUE]\";s:5:\"value\";s:32:\"b33cab48801f545ef599dccd09475263\";s:7:\"is_true\";s:3:\"yes\";}',0),(301,1168,'a:3:{s:4:\"text\";s:122:\"Tantam atque prohiberet dissentiens quiddam transfer nulla facile autem duae parum sequetur posset multimodis eaque [TRUE]\";s:5:\"value\";s:32:\"fb738a355e75baf8525fea12ccdbae68\";s:7:\"is_true\";s:3:\"yes\";}',0),(302,1168,'a:3:{s:4:\"text\";s:101:\"Conveniant quod partibus eaedem viderentur vultum ambulet longi sensum ridens corporis consequentibus\";s:5:\"value\";s:32:\"047a50ecb75f62fa2a6ab3fbf3e7f8b0\";s:7:\"is_true\";s:2:\"no\";}',0),(303,1169,'a:3:{s:4:\"text\";s:120:\"Dant potero disciplina vilissimis relinqueret sapienti difficilius animantium pertinacior heri plurimis sitienti honeste\";s:5:\"value\";s:32:\"1963270ac49f9886324e2d5a1d33689b\";s:7:\"is_true\";s:2:\"no\";}',0),(304,1169,'a:3:{s:4:\"text\";s:120:\"Intellegerem summam consideret sermone gaudere omnino statu deseruit polemoni magnitudine nam huic tale acceperit [TRUE]\";s:5:\"value\";s:32:\"c7bed3141c046e549ad2c74b6b03abc7\";s:7:\"is_true\";s:3:\"yes\";}',0),(305,1169,'a:3:{s:4:\"text\";s:102:\"Minus celebrari octavio gravior consequentia adiunxit antiocho coronam p affectiones torquentur tenent\";s:5:\"value\";s:32:\"e714a20c33e6505f0f96449719d95dfb\";s:7:\"is_true\";s:2:\"no\";}',0),(306,1169,'a:3:{s:4:\"text\";s:138:\"Ambiguo rerum delectamur discere retineat praestantia possent efficiuntur turpiter habet invidiam coniunxisset contrario attende dederetur\";s:5:\"value\";s:32:\"6516be3f5532fbbd97a1ef4d81820cb3\";s:7:\"is_true\";s:2:\"no\";}',0),(307,1169,'a:3:{s:4:\"text\";s:83:\"Dubitabit dederetur dixerim opponitur triarius ipsis omnino hic videantur praecepta\";s:5:\"value\";s:32:\"eed2d724192eaa04097aef4d4a784970\";s:7:\"is_true\";s:2:\"no\";}',0),(308,1170,'a:3:{s:4:\"text\";s:121:\"Zenonis amores nostis dicit deceat fama lanx nocent divinius simus instituendarum angustiarum populari facillimum dicendi\";s:5:\"value\";s:32:\"413d595568514270c917fb9aef98758c\";s:7:\"is_true\";s:2:\"no\";}',0),(309,1170,'a:3:{s:4:\"text\";s:89:\"Consulatum labor quas philosophi neminem scilicet video nemo perceptfum institutis [TRUE]\";s:5:\"value\";s:32:\"808b32712db6fa971e4163a2928990a9\";s:7:\"is_true\";s:3:\"yes\";}',0),(310,1170,'a:3:{s:4:\"text\";s:117:\"Cn pulchritudo ratio investigatio effectrix ponis evolare maenae scaevola deteriora magister opinor responderi [TRUE]\";s:5:\"value\";s:32:\"c8946de7f4fb8f71aa9499b80b4b15fb\";s:7:\"is_true\";s:3:\"yes\";}',0),(311,1170,'a:3:{s:4:\"text\";s:130:\"Interitum socium restinctionis stoicus detractis asotorum utuntur pertinacia quadam vetustate tres finis dici dicuntur tibi [TRUE]\";s:5:\"value\";s:32:\"abea35ad61f3c0b6144a1309f5d2ef68\";s:7:\"is_true\";s:3:\"yes\";}',0),(312,1170,'a:3:{s:4:\"text\";s:85:\"Imperatoriae dubitet ipsae longius latina cotidie opportune ob quaeram dico academiae\";s:5:\"value\";s:32:\"555c068cc19e60d17fecb5a287793590\";s:7:\"is_true\";s:2:\"no\";}',0),(313,1171,'a:3:{s:4:\"text\";s:101:\"Que duas parvis habere quas superabat evolare tantum primum tubulus sextilio piso molestus diviserunt\";s:5:\"value\";s:32:\"7a8162019302926f8f94003bc985f584\";s:7:\"is_true\";s:2:\"no\";}',0),(314,1171,'a:3:{s:4:\"text\";s:136:\"Diodorus cyrenaicos debilitates respondere torquatus sextilius tacet caret egens despiciendis cupit vitabis vobis poterit videtis [TRUE]\";s:5:\"value\";s:32:\"ff9ee0e22443e3a260d3a2d62806ac18\";s:7:\"is_true\";s:3:\"yes\";}',0);

--
-- Table structure for table `wp_learnpress_quiz_questions`
--

CREATE TABLE `wp_learnpress_quiz_questions` (
  `quiz_question_id` bigint(20) unsigned NOT NULL AUTO_INCREMENT,
  `quiz_id` bigint(20) unsigned NOT NULL DEFAULT 0,
  `question_id` bigint(20) unsigned NOT NULL DEFAULT 0,
  `question_order` bigint(20) unsigned NOT NULL DEFAULT 1,
  `params` longtext COLLATE utf8mb4_unicode_ci DEFAULT NULL,
  PRIMARY KEY (`quiz_question_id`)
) ENGINE=MyISAM AUTO_INCREMENT=99 DEFAULT CHARSET=utf8mb4 COLLATE=utf8mb4_unicode_ci;

--
-- Dumping data for table `wp_learnpress_quiz_questions`
--

INSERT INTO `wp_learnpress_quiz_questions` VALUES (1,980,981,1,NULL),(2,980,982,1,NULL),(3,980,983,1,NULL),(4,980,984,1,NULL),(5,980,985,1,NULL),(6,980,986,1,NULL),(7,980,987,1,NULL),(8,980,988,1,NULL),(9,980,989,1,NULL),(10,980,990,1,NULL),(11,980,991,1,NULL),(12,980,992,1,NULL),(13,980,993,1,NULL),(14,980,994,1,NULL),(15,980,995,1,NULL),(16,1008,1009,1,NULL),(17,1008,1010,1,NULL),(18,1008,1011,1,NULL),(19,1008,1012,1,NULL),(20,1008,1013,1,NULL),(21,1008,1014,1,NULL),(22,1008,1015,1,NULL),(23,1008,1016,1,NULL),(24,1008,1017,1,NULL),(25,1008,1018,1,NULL),(26,1008,1019,1,NULL),(27,1008,1020,1,NULL),(28,1008,1021,1,NULL),(29,1008,1022,1,NULL),(30,1008,1023,1,NULL),(31,1038,1039,1,NULL),(32,1038,1040,1,NULL),(33,1038,1041,1,NULL),(34,1038,1042,1,NULL),(35,1038,1043,1,NULL),(36,1038,1044,1,NULL),(37,1038,1045,1,NULL),(38,1038,1046,1,NULL),(39,1038,1047,1,NULL),(40,1038,1048,1,NULL),(41,1061,1062,1,NULL),(42,1061,1063,1,NULL),(43,1061,1064,1,NULL),(44,1061,1065,1,NULL),(45,1061,1066,1,NULL),(46,1061,1067,1,NULL),(47,1061,1068,1,NULL),(48,1061,1069,1,NULL),(49,1061,1070,1,NULL),(50,1061,1071,1,NULL),(51,1086,1087,1,NULL),(52,1086,1088,1,NULL),(53,1086,1089,1,NULL),(54,1086,1090,1,NULL),(55,1086,1091,1,NULL),(56,1086,1092,1,NULL),(57,1086,1093,1,NULL),(58,1086,1094,1,NULL),(59,1086,1095,1,NULL),(60,1086,1096,1,NULL),(61,1086,1097,1,NULL),(62,1086,1098,1,NULL),(63,1110,1111,1,NULL),(64,1110,1112,1,NULL),(65,1110,1113,1,NULL),(66,1110,1114,1,NULL),(67,1110,1115,1,NULL),(68,1110,1116,1,NULL),(69,1110,1117,1,NULL),(70,1110,1118,1,NULL),(71,1110,1119,1,NULL),(72,1110,1120,1,NULL),(73,1110,1121,1,NULL),(74,1110,1122,1,NULL),(75,1136,1137,1,NULL),(76,1136,1138,1,NULL),(77,1136,1139,1,NULL),(78,1136,1140,1,NULL),(79,1136,1141,1,NULL),(80,1136,1142,1,NULL),(81,1136,1143,1,NULL),(82,1136,1144,1,NULL),(83,1136,1145,1,NULL),(84,1136,1146,1,NULL),(85,1136,1147,1,NULL),(86,1136,1148,1,NULL),(87,1136,1149,1,NULL),(88,1160,1161,1,NULL),(89,1160,1162,1,NULL),(90,1160,1163,1,NULL),(91,1160,1164,1,NULL),(92,1160,1165,1,NULL),(93,1160,1166,1,NULL),(94,1160,1167,1,NULL),(95,1160,1168,1,NULL),(96,1160,1169,1,NULL),(97,1160,1170,1,NULL),(98,1160,1171,1,NULL);

--
-- Table structure for table `wp_learnpress_review_logs`
--

CREATE TABLE `wp_learnpress_review_logs` (
  `review_log_id` bigint(20) unsigned NOT NULL AUTO_INCREMENT,
  `course_id` bigint(20) unsigned NOT NULL DEFAULT 0,
  `user_id` bigint(20) unsigned NOT NULL DEFAULT 0,
  `message` text COLLATE utf8mb4_unicode_ci NOT NULL,
  `date` datetime NOT NULL DEFAULT '0000-00-00 00:00:00',
  `status` varchar(45) COLLATE utf8mb4_unicode_ci NOT NULL DEFAULT '',
  `user_type` varchar(45) COLLATE utf8mb4_unicode_ci NOT NULL DEFAULT '',
  PRIMARY KEY (`review_log_id`)
) ENGINE=MyISAM AUTO_INCREMENT=2 DEFAULT CHARSET=utf8mb4 COLLATE=utf8mb4_unicode_ci;

--
-- Dumping data for table `wp_learnpress_review_logs`
--

INSERT INTO `wp_learnpress_review_logs` VALUES (1,965,1,'Course has been rejected by Reviewer','2019-05-13 22:55:05','trash','reviewer');

--
-- Table structure for table `wp_learnpress_section_items`
--

CREATE TABLE `wp_learnpress_section_items` (
  `section_item_id` bigint(20) unsigned NOT NULL AUTO_INCREMENT,
  `section_id` bigint(20) unsigned NOT NULL DEFAULT 0,
  `item_id` bigint(20) unsigned NOT NULL DEFAULT 0,
  `item_order` bigint(20) unsigned NOT NULL DEFAULT 0,
  `item_type` varchar(45) COLLATE utf8mb4_unicode_ci DEFAULT NULL,
  PRIMARY KEY (`section_item_id`)
) ENGINE=MyISAM AUTO_INCREMENT=109 DEFAULT CHARSET=utf8mb4 COLLATE=utf8mb4_unicode_ci;

--
-- Dumping data for table `wp_learnpress_section_items`
--

INSERT INTO `wp_learnpress_section_items` VALUES (1,1,966,0,'lp_lesson'),(2,1,967,0,'lp_lesson'),(3,1,968,0,'lp_lesson'),(4,1,969,0,'lp_lesson'),(5,1,970,0,'lp_lesson'),(6,1,971,0,'lp_lesson'),(7,1,972,0,'lp_lesson'),(8,1,973,0,'lp_lesson'),(9,1,974,0,'lp_lesson'),(10,1,975,0,'lp_lesson'),(11,1,976,0,'lp_lesson'),(12,1,977,0,'lp_lesson'),(13,1,978,0,'lp_lesson'),(14,1,979,0,'lp_lesson'),(15,1,980,0,'lp_quiz'),(16,2,996,0,'lp_lesson'),(17,2,997,0,'lp_lesson'),(18,2,998,0,'lp_lesson'),(19,2,999,0,'lp_lesson'),(20,2,1000,0,'lp_lesson'),(21,2,1001,0,'lp_lesson'),(22,2,1002,0,'lp_lesson'),(23,2,1003,0,'lp_lesson'),(24,2,1004,0,'lp_lesson'),(25,2,1005,0,'lp_lesson'),(26,2,1006,0,'lp_lesson'),(27,2,1007,0,'lp_lesson'),(28,2,1008,0,'lp_quiz'),(29,3,1024,0,'lp_lesson'),(30,3,1025,0,'lp_lesson'),(31,3,1026,0,'lp_lesson'),(32,3,1027,0,'lp_lesson'),(33,3,1028,0,'lp_lesson'),(34,3,1029,0,'lp_lesson'),(35,3,1030,0,'lp_lesson'),(36,3,1031,0,'lp_lesson'),(37,3,1032,0,'lp_lesson'),(38,3,1033,0,'lp_lesson'),(39,3,1034,0,'lp_lesson'),(40,3,1035,0,'lp_lesson'),(41,3,1036,0,'lp_lesson'),(42,3,1037,0,'lp_lesson'),(43,3,1038,0,'lp_quiz'),(44,4,1049,0,'lp_lesson'),(45,4,1050,0,'lp_lesson'),(46,4,1051,0,'lp_lesson'),(47,4,1052,0,'lp_lesson'),(48,4,1053,0,'lp_lesson'),(49,4,1054,0,'lp_lesson'),(50,4,1055,0,'lp_lesson'),(51,4,1056,0,'lp_lesson'),(52,4,1057,0,'lp_lesson'),(53,4,1058,0,'lp_lesson'),(54,4,1059,0,'lp_lesson'),(55,4,1060,0,'lp_lesson'),(56,4,1061,0,'lp_quiz'),(57,5,1072,0,'lp_lesson'),(58,5,1073,0,'lp_lesson'),(59,5,1074,0,'lp_lesson'),(60,5,1075,0,'lp_lesson'),(61,5,1076,0,'lp_lesson'),(62,5,1077,0,'lp_lesson'),(63,5,1078,0,'lp_lesson'),(64,5,1079,0,'lp_lesson'),(65,5,1080,0,'lp_lesson'),(66,5,1081,0,'lp_lesson'),(67,5,1082,0,'lp_lesson'),(68,5,1083,0,'lp_lesson'),(69,5,1084,0,'lp_lesson'),(70,5,1085,0,'lp_lesson'),(71,5,1086,0,'lp_quiz'),(72,6,1099,0,'lp_lesson'),(73,6,1100,0,'lp_lesson'),(74,6,1101,0,'lp_lesson'),(75,6,1102,0,'lp_lesson'),(76,6,1103,0,'lp_lesson'),(77,6,1104,0,'lp_lesson'),(78,6,1105,0,'lp_lesson'),(79,6,1106,0,'lp_lesson'),(80,6,1107,0,'lp_lesson'),(81,6,1108,0,'lp_lesson'),(82,6,1109,0,'lp_lesson'),(83,6,1110,0,'lp_quiz'),(84,7,1123,0,'lp_lesson'),(85,7,1124,0,'lp_lesson'),(86,7,1125,0,'lp_lesson'),(87,7,1126,0,'lp_lesson'),(88,7,1127,0,'lp_lesson'),(89,7,1128,0,'lp_lesson'),(90,7,1129,0,'lp_lesson'),(91,7,1130,0,'lp_lesson'),(92,7,1131,0,'lp_lesson'),(93,7,1132,0,'lp_lesson'),(94,7,1133,0,'lp_lesson'),(95,7,1134,0,'lp_lesson'),(96,7,1135,0,'lp_lesson'),(97,7,1136,0,'lp_quiz'),(98,8,1150,0,'lp_lesson'),(99,8,1151,0,'lp_lesson'),(100,8,1152,0,'lp_lesson'),(101,8,1153,0,'lp_lesson'),(102,8,1154,0,'lp_lesson'),(103,8,1155,0,'lp_lesson'),(104,8,1156,0,'lp_lesson'),(105,8,1157,0,'lp_lesson'),(106,8,1158,0,'lp_lesson'),(107,8,1159,0,'lp_lesson'),(108,8,1160,0,'lp_quiz');

--
-- Table structure for table `wp_learnpress_sections`
--

CREATE TABLE `wp_learnpress_sections` (
  `section_id` bigint(20) unsigned NOT NULL AUTO_INCREMENT,
  `section_name` varchar(255) COLLATE utf8mb4_unicode_ci NOT NULL DEFAULT '',
  `section_course_id` bigint(20) unsigned NOT NULL DEFAULT 0,
  `section_order` bigint(5) unsigned NOT NULL DEFAULT 0,
  `section_description` longtext COLLATE utf8mb4_unicode_ci NOT NULL,
  PRIMARY KEY (`section_id`)
) ENGINE=MyISAM AUTO_INCREMENT=9 DEFAULT CHARSET=utf8mb4 COLLATE=utf8mb4_unicode_ci;

--
-- Dumping data for table `wp_learnpress_sections`
--

INSERT INTO `wp_learnpress_sections` VALUES (1,'Section 1',965,0,'Dicitur mentio sane vera numerare censeo nobis aliena suavis mediocriterne levare'),(2,'Section 2',965,1,'Conantur statuam vitiosum veniam malum valeat natura ardentem servire reguli suis aristippus'),(3,'Section 3',965,2,'Coniunxisset asotorum avaritiamne opportune agi reddes amaverunt proverbia mentem redarguitur illa'),(4,'Section 4',965,3,'Levem tamquam magno institisset nosse et peteret iocari libidinosam gymnasio die divitiarum'),(5,'Section 5',965,4,'Dantur responsum malitiam occurrentia percipiendas ullo ea pudori stabilem utendum stante'),(6,'Section 6',965,5,'Abiecti integritas praepositum bene tibi inchoavit permulcet turpe vellem possitne undique heredem'),(7,'Section 7',965,6,'Incolumis concedis contemnendis magnificentia teneo instrumento accessit debet cenare pulchritudinem theophrastus'),(8,'Section 8',965,7,'Maioribus commode secundum elici undique multa magnum comparandis contrariis contineo probavit inponebat');

--
-- Table structure for table `wp_learnpress_sessions`
--

CREATE TABLE `wp_learnpress_sessions` (
  `session_id` bigint(20) NOT NULL AUTO_INCREMENT,
  `session_key` char(32) COLLATE utf8mb4_unicode_ci NOT NULL,
  `session_value` longtext COLLATE utf8mb4_unicode_ci NOT NULL,
  `session_expiry` bigint(20) NOT NULL,
  PRIMARY KEY (`session_key`),
  UNIQUE KEY `session_id` (`session_id`)
) ENGINE=MyISAM AUTO_INCREMENT=50495 DEFAULT CHARSET=utf8mb4 COLLATE=utf8mb4_unicode_ci;

--
-- Dumping data for table `wp_learnpress_sessions`
--

INSERT INTO `wp_learnpress_sessions` VALUES (50494,'f0b7a8059cda96bd3fe5c01882f4cf9a','a:2:{s:13:\"guest_user_id\";i:1584357811;s:4:\"cart\";s:6:\"a:0:{}\";}',1584530605),(50493,'4fbacc94f7caf2ae5dfb7c3ade9f51b7','a:3:{s:13:\"guest_user_id\";i:1584356575;s:4:\"cart\";s:6:\"a:0:{}\";s:19:\"user_just_logged_in\";s:3:\"yes\";}',1584529374),(50490,'dbf82d884ef3364e870e89a588e55ad3','a:2:{s:13:\"guest_user_id\";i:1584356467;s:4:\"cart\";s:6:\"a:0:{}\";}',1584529263);

--
-- Table structure for table `wp_learnpress_user_itemmeta`
--

CREATE TABLE `wp_learnpress_user_itemmeta` (
  `meta_id` bigint(20) unsigned NOT NULL AUTO_INCREMENT,
  `learnpress_user_item_id` bigint(20) unsigned NOT NULL,
  `meta_key` varchar(45) COLLATE utf8mb4_unicode_ci NOT NULL DEFAULT '',
  `meta_value` text COLLATE utf8mb4_unicode_ci NOT NULL,
  PRIMARY KEY (`meta_id`)
) ENGINE=MyISAM DEFAULT CHARSET=utf8mb4 COLLATE=utf8mb4_unicode_ci;

--
-- Dumping data for table `wp_learnpress_user_itemmeta`
--


--
-- Table structure for table `wp_learnpress_user_items`
--

CREATE TABLE `wp_learnpress_user_items` (
  `user_item_id` bigint(20) unsigned NOT NULL AUTO_INCREMENT,
  `user_id` bigint(20) unsigned NOT NULL DEFAULT 0,
  `item_id` bigint(20) unsigned NOT NULL DEFAULT 0,
  `start_time` datetime NOT NULL DEFAULT '0000-00-00 00:00:00',
  `start_time_gmt` datetime NOT NULL DEFAULT '0000-00-00 00:00:00',
  `end_time` datetime NOT NULL DEFAULT '0000-00-00 00:00:00',
  `end_time_gmt` datetime NOT NULL DEFAULT '0000-00-00 00:00:00',
  `item_type` varchar(45) COLLATE utf8mb4_unicode_ci NOT NULL DEFAULT '',
  `status` varchar(45) COLLATE utf8mb4_unicode_ci NOT NULL DEFAULT '',
  `ref_id` bigint(20) unsigned NOT NULL DEFAULT 0,
  `ref_type` varchar(45) COLLATE utf8mb4_unicode_ci DEFAULT '',
  `parent_id` bigint(20) unsigned NOT NULL DEFAULT 0,
  PRIMARY KEY (`user_item_id`)
) ENGINE=MyISAM DEFAULT CHARSET=utf8mb4 COLLATE=utf8mb4_unicode_ci;

--
-- Dumping data for table `wp_learnpress_user_items`
--


--
-- Table structure for table `wp_links`
--

CREATE TABLE `wp_links` (
  `link_id` bigint(20) unsigned NOT NULL AUTO_INCREMENT,
  `link_url` varchar(255) COLLATE utf8mb4_unicode_ci NOT NULL DEFAULT '',
  `link_name` varchar(255) COLLATE utf8mb4_unicode_ci NOT NULL DEFAULT '',
  `link_image` varchar(255) COLLATE utf8mb4_unicode_ci NOT NULL DEFAULT '',
  `link_target` varchar(25) COLLATE utf8mb4_unicode_ci NOT NULL DEFAULT '',
  `link_description` varchar(255) COLLATE utf8mb4_unicode_ci NOT NULL DEFAULT '',
  `link_visible` varchar(20) COLLATE utf8mb4_unicode_ci NOT NULL DEFAULT 'Y',
  `link_owner` bigint(20) unsigned NOT NULL DEFAULT 1,
  `link_rating` int(11) NOT NULL DEFAULT 0,
  `link_updated` datetime NOT NULL DEFAULT '0000-00-00 00:00:00',
  `link_rel` varchar(255) COLLATE utf8mb4_unicode_ci NOT NULL DEFAULT '',
  `link_notes` mediumtext COLLATE utf8mb4_unicode_ci NOT NULL,
  `link_rss` varchar(255) COLLATE utf8mb4_unicode_ci NOT NULL DEFAULT '',
  PRIMARY KEY (`link_id`),
  KEY `link_visible` (`link_visible`)
) ENGINE=MyISAM DEFAULT CHARSET=utf8mb4 COLLATE=utf8mb4_unicode_ci;

--
-- Dumping data for table `wp_links`
--


--
-- Table structure for table `wp_mailchimp_carts`
--

CREATE TABLE `wp_mailchimp_carts` (
  `id` varchar(255) COLLATE utf8mb4_unicode_ci NOT NULL,
  `email` varchar(100) COLLATE utf8mb4_unicode_ci NOT NULL,
  `user_id` int(11) DEFAULT NULL,
  `cart` text COLLATE utf8mb4_unicode_ci NOT NULL,
  `created_at` datetime NOT NULL
) ENGINE=MyISAM DEFAULT CHARSET=utf8mb4 COLLATE=utf8mb4_unicode_ci;

--
-- Dumping data for table `wp_mailchimp_carts`
--


--
-- Table structure for table `wp_options`
--

CREATE TABLE `wp_options` (
  `option_id` bigint(20) unsigned NOT NULL AUTO_INCREMENT,
  `option_name` varchar(191) COLLATE utf8mb4_unicode_ci NOT NULL DEFAULT '',
  `option_value` longtext COLLATE utf8mb4_unicode_ci NOT NULL,
  `autoload` varchar(20) COLLATE utf8mb4_unicode_ci NOT NULL DEFAULT 'yes',
  PRIMARY KEY (`option_id`),
  UNIQUE KEY `option_name` (`option_name`),
  KEY `autoload` (`autoload`)
) ENGINE=MyISAM AUTO_INCREMENT=170915 DEFAULT CHARSET=utf8mb4 COLLATE=utf8mb4_unicode_ci;

--
-- Dumping data for table `wp_options`
--

INSERT INTO `wp_options` VALUES (1,'siteurl','https://tesoll.com','yes'),(2,'home','https://tesoll.com','yes'),(3,'blogname',' THE INTERNATIONAL BOARD OF TEACHING STANDARDS ®','yes'),(4,'blogdescription','','yes'),(5,'users_can_register','1','yes'),(6,'admin_email','admin@tesoll.com','yes'),(7,'start_of_week','6','yes'),(8,'use_balanceTags','0','yes'),(9,'use_smilies','1','yes'),(10,'require_name_email','','yes'),(11,'comments_notify','1','yes'),(12,'posts_per_rss','10','yes'),(13,'rss_use_excerpt','0','yes'),(14,'mailserver_url','mail.example.com','yes'),(15,'mailserver_login','login@example.com','yes'),(16,'mailserver_pass','password','yes'),(17,'mailserver_port','110','yes'),(18,'default_category','1','yes'),(19,'default_comment_status','open','yes'),(20,'default_ping_status','open','yes'),(21,'default_pingback_flag','1','yes'),(22,'posts_per_page','6','yes'),(23,'date_format','d/m/Y','yes'),(24,'time_format','g:i a','yes'),(25,'links_updated_date_format','F j, Y g:i a','yes'),(26,'comment_moderation','','yes'),(27,'moderation_notify','1','yes'),(28,'permalink_structure','/%postname%/','yes'),(30,'hack_file','0','yes'),(31,'blog_charset','UTF-8','yes'),(32,'moderation_keys','','no'),(33,'active_plugins','a:23:{i:0;s:27:\"LayerSlider/layerslider.php\";i:1;s:23:\"bbb-wplms/wplms-bbb.php\";i:2;s:19:\"bbpress/bbpress.php\";i:3;s:31:\"bigbluebutton/bigbluebutton.php\";i:4;s:25:\"buddydrive/buddydrive.php\";i:5;s:24:\"buddypress/bp-loader.php\";i:6;s:51:\"clear-cache-for-widgets/clear-cache-for-widgets.php\";i:7;s:35:\"co-authors-plus/co-authors-plus.php\";i:8;s:23:\"elementor/elementor.php\";i:9;s:29:\"health-check/health-check.php\";i:10;s:33:\"hide-admin-bar/hide_admin_bar.php\";i:11;s:23:\"revslider/revslider.php\";i:12;s:35:\"ultimate-member/ultimate-member.php\";i:13;s:27:\"updraftplus/updraftplus.php\";i:16;s:24:\"vibe-helpdesk/loader.php\";i:18;s:23:\"vibe-zoom/vibe-zoom.php\";i:19;s:17:\"vibebp/loader.php\";i:20;s:24:\"wordpress-seo/wp-seo.php\";i:21;s:39:\"wplms-assignments/wplms-assignments.php\";i:22;s:44:\"wplms-coauthors-plus/wplms-coauthor-plus.php\";i:23;s:37:\"wplms-customizer/wplms-customizer.php\";i:26;s:30:\"wplms-h5p-plugin/wplms-h5p.php\";i:27;s:23:\"wplms_plugin/loader.php\";}','yes'),(34,'category_base','','yes'),(35,'ping_sites','http://rpc.pingomatic.com/','yes'),(36,'comment_max_links','2','yes'),(37,'gmt_offset','-5','yes'),(38,'default_email_category','1','yes'),(39,'recently_edited','a:2:{i:0;s:94:\"/home/instit45/tesoll.com/wp-content/plugins/bbb-administration-panel/bigbluebutton-plugin.php\";i:1;s:0:\"\";}','no'),(40,'template','wplms','yes'),(41,'stylesheet','wplms','yes'),(153939,'finished_updating_comment_type','1','yes'),(44,'comment_registration','1','yes'),(45,'html_type','text/html','yes'),(46,'use_trackback','0','yes'),(47,'default_role','student','yes'),(48,'db_version','49752','yes'),(49,'uploads_use_yearmonth_folders','1','yes'),(50,'upload_path','','yes'),(51,'blog_public','1','yes'),(52,'default_link_category','2','yes'),(53,'show_on_front','page','yes'),(54,'tag_base','','yes'),(55,'show_avatars','1','yes'),(56,'avatar_rating','G','yes'),(57,'upload_url_path','','yes'),(58,'thumbnail_size_w','150','yes'),(59,'thumbnail_size_h','150','yes'),(60,'thumbnail_crop','1','yes'),(61,'medium_size_w','460','yes'),(62,'medium_size_h','300','yes'),(63,'avatar_default','mystery','yes'),(64,'large_size_w','1024','yes'),(65,'large_size_h','1024','yes'),(66,'image_default_link_type','none','yes'),(67,'image_default_size','','yes'),(68,'image_default_align','','yes'),(69,'close_comments_for_old_posts','','yes'),(70,'close_comments_days_old','14','yes'),(71,'thread_comments','1','yes'),(72,'thread_comments_depth','5','yes'),(73,'page_comments','','yes'),(74,'comments_per_page','5','yes'),(75,'default_comments_page','newest','yes'),(76,'comment_order','asc','yes'),(77,'sticky_posts','a:0:{}','yes'),(78,'widget_categories','a:2:{s:12:\"_multiwidget\";i:1;i:2;a:4:{s:5:\"title\";s:0:\"\";s:5:\"count\";i:0;s:12:\"hierarchical\";i:0;s:8:\"dropdown\";i:0;}}','yes'),(79,'widget_text','a:4:{i:1;a:0:{}i:2;a:4:{s:5:\"title\";s:5:\"About\";s:4:\"text\";s:311:\"The International Board of Teaching Standards (IBTS) is a non-profit organisation, registered  in Canada (Quebec) and active since 2009. IBTS is an accreditation organization registered and regulated by the Partner Commission of the Labour Market -Quebec (la Commission des partenaires du marché du travail ). \";s:6:\"filter\";b:0;s:6:\"visual\";b:0;}i:3;a:3:{s:5:\"title\";s:0:\"\";s:4:\"text\";s:182:\"<a href=\"http://wplms.io/demos/demo3/all-courses/\" style=\"padding:0;margin:0 0 -20px;\"><img src=\"http://wplms.io/demos/demo3/wp-content/uploads/2017/12/post4-e1456569517777.jpg\"></a>\";s:6:\"filter\";b:0;}s:12:\"_multiwidget\";i:1;}','yes'),(80,'widget_rss','a:2:{i:1;a:0:{}s:12:\"_multiwidget\";i:1;}','yes'),(81,'uninstall_plugins','a:9:{s:38:\"bigbluebutton/bigbluebutton-plugin.php\";s:23:\"bigbluebutton_uninstall\";s:27:\"wp-super-cache/wp-cache.php\";s:22:\"wpsupercache_uninstall\";s:27:\"LayerSlider/layerslider.php\";s:29:\"layerslider_uninstall_scripts\";s:45:\"woocommerce-services/woocommerce-services.php\";a:2:{i:0;s:17:\"WC_Connect_Loader\";i:1;s:16:\"plugin_uninstall\";}s:49:\"bbb-administration-panel/bigbluebutton-plugin.php\";s:25:\"bbb_admin_panel_uninstall\";s:27:\"wp-optimize/wp-optimize.php\";s:21:\"wpo_uninstall_actions\";s:46:\"under-construction-page/under-construction.php\";a:2:{i:0;s:3:\"UCP\";i:1;s:9:\"uninstall\";}s:17:\"mycred/mycred.php\";s:23:\"mycred_plugin_uninstall\";s:23:\"elementor/elementor.php\";a:2:{i:0;s:21:\"Elementor\\Maintenance\";i:1;s:9:\"uninstall\";}}','no'),(82,'timezone_string','','yes'),(84,'page_on_front','3954','yes'),(85,'default_post_format','0','yes'),(86,'link_manager_enabled','0','yes'),(87,'finished_splitting_shared_terms','1','yes'),(88,'site_icon','3449','yes'),(89,'medium_large_size_w','768','yes'),(90,'medium_large_size_h','0','yes'),(91,'wp_page_for_privacy_policy','3','yes'),(92,'show_comments_cookies_opt_in','1','yes'),(93,'initial_db_version','44719','yes'),(94,'wp_user_roles','a:18:{s:13:\"administrator\";a:16:{s:4:\"name\";s:13:\"Administrator\";s:12:\"capabilities\";a:192:{s:13:\"switch_themes\";b:1;s:11:\"edit_themes\";b:1;s:16:\"activate_plugins\";b:1;s:12:\"edit_plugins\";b:1;s:10:\"edit_users\";b:1;s:10:\"edit_files\";b:1;s:14:\"manage_options\";b:1;s:17:\"moderate_comments\";b:1;s:17:\"manage_categories\";b:1;s:12:\"manage_links\";b:1;s:12:\"upload_files\";b:1;s:6:\"import\";b:1;s:15:\"unfiltered_html\";b:1;s:10:\"edit_posts\";b:1;s:17:\"edit_others_posts\";b:1;s:20:\"edit_published_posts\";b:1;s:13:\"publish_posts\";b:1;s:10:\"edit_pages\";b:1;s:4:\"read\";b:1;s:8:\"level_10\";b:1;s:7:\"level_9\";b:1;s:7:\"level_8\";b:1;s:7:\"level_7\";b:1;s:7:\"level_6\";b:1;s:7:\"level_5\";b:1;s:7:\"level_4\";b:1;s:7:\"level_3\";b:1;s:7:\"level_2\";b:1;s:7:\"level_1\";b:1;s:7:\"level_0\";b:1;s:17:\"edit_others_pages\";b:1;s:20:\"edit_published_pages\";b:1;s:13:\"publish_pages\";b:1;s:12:\"delete_pages\";b:1;s:19:\"delete_others_pages\";b:1;s:22:\"delete_published_pages\";b:1;s:12:\"delete_posts\";b:1;s:19:\"delete_others_posts\";b:1;s:22:\"delete_published_posts\";b:1;s:20:\"delete_private_posts\";b:1;s:18:\"edit_private_posts\";b:1;s:18:\"read_private_posts\";b:1;s:20:\"delete_private_pages\";b:1;s:18:\"edit_private_pages\";b:1;s:18:\"read_private_pages\";b:1;s:12:\"delete_users\";b:1;s:12:\"create_users\";b:1;s:17:\"unfiltered_upload\";b:1;s:14:\"edit_dashboard\";b:1;s:14:\"update_plugins\";b:1;s:14:\"delete_plugins\";b:1;s:15:\"install_plugins\";b:1;s:13:\"update_themes\";b:1;s:14:\"install_themes\";b:1;s:11:\"update_core\";b:1;s:10:\"list_users\";b:1;s:12:\"remove_users\";b:1;s:13:\"promote_users\";b:1;s:18:\"edit_theme_options\";b:1;s:13:\"delete_themes\";b:1;s:6:\"export\";b:1;s:18:\"manage_woocommerce\";b:1;s:24:\"view_woocommerce_reports\";b:1;s:12:\"edit_product\";b:1;s:12:\"read_product\";b:1;s:14:\"delete_product\";b:1;s:13:\"edit_products\";b:1;s:20:\"edit_others_products\";b:1;s:16:\"publish_products\";b:1;s:21:\"read_private_products\";b:1;s:15:\"delete_products\";b:1;s:23:\"delete_private_products\";b:1;s:25:\"delete_published_products\";b:1;s:22:\"delete_others_products\";b:1;s:21:\"edit_private_products\";b:1;s:23:\"edit_published_products\";b:1;s:20:\"manage_product_terms\";b:1;s:18:\"edit_product_terms\";b:1;s:20:\"delete_product_terms\";b:1;s:20:\"assign_product_terms\";b:1;s:15:\"edit_shop_order\";b:1;s:15:\"read_shop_order\";b:1;s:17:\"delete_shop_order\";b:1;s:16:\"edit_shop_orders\";b:1;s:23:\"edit_others_shop_orders\";b:1;s:19:\"publish_shop_orders\";b:1;s:24:\"read_private_shop_orders\";b:1;s:18:\"delete_shop_orders\";b:1;s:26:\"delete_private_shop_orders\";b:1;s:28:\"delete_published_shop_orders\";b:1;s:25:\"delete_others_shop_orders\";b:1;s:24:\"edit_private_shop_orders\";b:1;s:26:\"edit_published_shop_orders\";b:1;s:23:\"manage_shop_order_terms\";b:1;s:21:\"edit_shop_order_terms\";b:1;s:23:\"delete_shop_order_terms\";b:1;s:23:\"assign_shop_order_terms\";b:1;s:16:\"edit_shop_coupon\";b:1;s:16:\"read_shop_coupon\";b:1;s:18:\"delete_shop_coupon\";b:1;s:17:\"edit_shop_coupons\";b:1;s:24:\"edit_others_shop_coupons\";b:1;s:20:\"publish_shop_coupons\";b:1;s:25:\"read_private_shop_coupons\";b:1;s:19:\"delete_shop_coupons\";b:1;s:27:\"delete_private_shop_coupons\";b:1;s:29:\"delete_published_shop_coupons\";b:1;s:26:\"delete_others_shop_coupons\";b:1;s:25:\"edit_private_shop_coupons\";b:1;s:27:\"edit_published_shop_coupons\";b:1;s:24:\"manage_shop_coupon_terms\";b:1;s:22:\"edit_shop_coupon_terms\";b:1;s:24:\"delete_shop_coupon_terms\";b:1;s:24:\"assign_shop_coupon_terms\";b:1;s:14:\"manage_eventon\";b:1;s:15:\"publish_eventon\";b:1;s:16:\"publish_eventons\";b:1;s:12:\"edit_eventon\";b:1;s:13:\"edit_eventons\";b:1;s:20:\"edit_others_eventons\";b:1;s:21:\"edit_private_eventons\";b:1;s:23:\"edit_published_eventons\";b:1;s:13:\"read_eventons\";b:1;s:21:\"read_private_eventons\";b:1;s:14:\"delete_eventon\";b:1;s:15:\"delete_eventons\";b:1;s:23:\"delete_private_eventons\";b:1;s:25:\"delete_published_eventons\";b:1;s:22:\"delete_others_eventons\";b:1;s:20:\"assign_eventon_terms\";b:1;s:20:\"manage_eventon_terms\";b:1;s:18:\"edit_eventon_terms\";b:1;s:20:\"delete_eventon_terms\";b:1;s:20:\"disable_h5p_security\";b:1;s:33:\"install_recommended_h5p_libraries\";b:1;s:17:\"delete_lp_courses\";b:1;s:27:\"delete_published_lp_courses\";b:1;s:15:\"edit_lp_courses\";b:1;s:25:\"edit_published_lp_courses\";b:1;s:18:\"publish_lp_courses\";b:1;s:25:\"delete_private_lp_courses\";b:1;s:23:\"edit_private_lp_courses\";b:1;s:24:\"delete_others_lp_courses\";b:1;s:22:\"edit_others_lp_courses\";b:1;s:17:\"delete_lp_lessons\";b:1;s:27:\"delete_published_lp_lessons\";b:1;s:15:\"edit_lp_lessons\";b:1;s:25:\"edit_published_lp_lessons\";b:1;s:18:\"publish_lp_lessons\";b:1;s:25:\"delete_private_lp_lessons\";b:1;s:23:\"edit_private_lp_lessons\";b:1;s:24:\"delete_others_lp_lessons\";b:1;s:22:\"edit_others_lp_lessons\";b:1;s:16:\"delete_lp_orders\";b:1;s:26:\"delete_published_lp_orders\";b:1;s:14:\"edit_lp_orders\";b:1;s:24:\"edit_published_lp_orders\";b:1;s:17:\"publish_lp_orders\";b:1;s:24:\"delete_private_lp_orders\";b:1;s:22:\"edit_private_lp_orders\";b:1;s:23:\"delete_others_lp_orders\";b:1;s:21:\"edit_others_lp_orders\";b:1;s:23:\"rank_math_edit_htaccess\";b:1;s:16:\"rank_math_titles\";b:1;s:17:\"rank_math_general\";b:1;s:17:\"rank_math_sitemap\";b:1;s:21:\"rank_math_404_monitor\";b:1;s:22:\"rank_math_link_builder\";b:1;s:22:\"rank_math_redirections\";b:1;s:22:\"rank_math_role_manager\";b:1;s:24:\"rank_math_search_console\";b:1;s:23:\"rank_math_site_analysis\";b:1;s:25:\"rank_math_onpage_analysis\";b:1;s:24:\"rank_math_onpage_general\";b:1;s:25:\"rank_math_onpage_advanced\";b:1;s:24:\"rank_math_onpage_snippet\";b:1;s:23:\"rank_math_onpage_social\";b:1;s:19:\"rank_math_admin_bar\";b:1;s:20:\"wpseo_manage_options\";b:1;s:11:\"bp_moderate\";b:1;s:13:\"read_bbb_room\";b:1;s:14:\"edit_bbb_rooms\";b:1;s:24:\"edit_published_bbb_rooms\";b:1;s:16:\"delete_bbb_rooms\";b:1;s:26:\"delete_published_bbb_rooms\";b:1;s:17:\"publish_bbb_rooms\";b:1;s:21:\"edit_others_bbb_rooms\";b:1;s:23:\"delete_others_bbb_rooms\";b:1;s:26:\"create_recordable_bbb_room\";b:1;s:26:\"manage_bbb_room_recordings\";b:1;s:40:\"view_extended_bbb_room_recording_formats\";b:1;s:26:\"join_as_moderator_bbb_room\";b:1;}s:22:\"_um_can_access_wpadmin\";i:1;s:24:\"_um_can_not_see_adminbar\";i:0;s:21:\"_um_can_edit_everyone\";i:1;s:23:\"_um_can_delete_everyone\";i:1;s:20:\"_um_can_edit_profile\";i:1;s:22:\"_um_can_delete_profile\";i:1;s:20:\"_um_default_homepage\";i:1;s:15:\"_um_after_login\";s:14:\"redirect_admin\";s:16:\"_um_after_logout\";s:13:\"redirect_home\";s:16:\"_um_can_view_all\";i:1;s:28:\"_um_can_make_private_profile\";i:1;s:30:\"_um_can_access_private_profile\";i:1;s:10:\"_um_status\";s:8:\"approved\";s:20:\"_um_auto_approve_act\";s:16:\"redirect_profile\";}s:6:\"editor\";a:16:{s:4:\"name\";s:6:\"Editor\";s:12:\"capabilities\";a:43:{s:17:\"moderate_comments\";b:1;s:17:\"manage_categories\";b:1;s:12:\"manage_links\";b:1;s:12:\"upload_files\";b:1;s:15:\"unfiltered_html\";b:1;s:10:\"edit_posts\";b:1;s:17:\"edit_others_posts\";b:1;s:20:\"edit_published_posts\";b:1;s:13:\"publish_posts\";b:1;s:10:\"edit_pages\";b:1;s:4:\"read\";b:1;s:7:\"level_7\";b:1;s:7:\"level_6\";b:1;s:7:\"level_5\";b:1;s:7:\"level_4\";b:1;s:7:\"level_3\";b:1;s:7:\"level_2\";b:1;s:7:\"level_1\";b:1;s:7:\"level_0\";b:1;s:17:\"edit_others_pages\";b:1;s:20:\"edit_published_pages\";b:1;s:13:\"publish_pages\";b:1;s:12:\"delete_pages\";b:1;s:19:\"delete_others_pages\";b:1;s:22:\"delete_published_pages\";b:1;s:12:\"delete_posts\";b:1;s:19:\"delete_others_posts\";b:1;s:22:\"delete_published_posts\";b:1;s:20:\"delete_private_posts\";b:1;s:18:\"edit_private_posts\";b:1;s:18:\"read_private_posts\";b:1;s:20:\"delete_private_pages\";b:1;s:18:\"edit_private_pages\";b:1;s:18:\"read_private_pages\";b:1;s:33:\"install_recommended_h5p_libraries\";b:1;s:23:\"rank_math_site_analysis\";b:1;s:25:\"rank_math_onpage_analysis\";b:1;s:24:\"rank_math_onpage_general\";b:1;s:24:\"rank_math_onpage_snippet\";b:1;s:23:\"rank_math_onpage_social\";b:1;s:15:\"wpseo_bulk_edit\";b:1;s:13:\"read_bbb_room\";b:1;s:23:\"join_as_viewer_bbb_room\";b:1;}s:22:\"_um_can_access_wpadmin\";i:0;s:24:\"_um_can_not_see_adminbar\";i:1;s:21:\"_um_can_edit_everyone\";i:0;s:23:\"_um_can_delete_everyone\";i:0;s:20:\"_um_can_edit_profile\";i:1;s:22:\"_um_can_delete_profile\";i:1;s:15:\"_um_after_login\";s:16:\"redirect_profile\";s:16:\"_um_after_logout\";s:13:\"redirect_home\";s:20:\"_um_default_homepage\";i:1;s:16:\"_um_can_view_all\";i:1;s:28:\"_um_can_make_private_profile\";i:0;s:30:\"_um_can_access_private_profile\";i:0;s:10:\"_um_status\";s:8:\"approved\";s:20:\"_um_auto_approve_act\";s:16:\"redirect_profile\";}s:6:\"author\";a:16:{s:4:\"name\";s:6:\"Author\";s:12:\"capabilities\";a:22:{s:12:\"upload_files\";b:1;s:10:\"edit_posts\";b:1;s:20:\"edit_published_posts\";b:1;s:13:\"publish_posts\";b:1;s:4:\"read\";b:1;s:7:\"level_2\";b:1;s:7:\"level_1\";b:1;s:7:\"level_0\";b:1;s:12:\"delete_posts\";b:1;s:22:\"delete_published_posts\";b:1;s:25:\"rank_math_onpage_analysis\";b:1;s:24:\"rank_math_onpage_general\";b:1;s:24:\"rank_math_onpage_snippet\";b:1;s:23:\"rank_math_onpage_social\";b:1;s:13:\"read_bbb_room\";b:1;s:14:\"edit_bbb_rooms\";b:1;s:24:\"edit_published_bbb_rooms\";b:1;s:16:\"delete_bbb_rooms\";b:1;s:26:\"delete_published_bbb_rooms\";b:1;s:17:\"publish_bbb_rooms\";b:1;s:17:\"manage_categories\";b:1;s:23:\"join_as_viewer_bbb_room\";b:1;}s:22:\"_um_can_access_wpadmin\";i:0;s:24:\"_um_can_not_see_adminbar\";i:1;s:21:\"_um_can_edit_everyone\";i:0;s:23:\"_um_can_delete_everyone\";i:0;s:20:\"_um_can_edit_profile\";i:1;s:22:\"_um_can_delete_profile\";i:1;s:15:\"_um_after_login\";s:16:\"redirect_profile\";s:16:\"_um_after_logout\";s:13:\"redirect_home\";s:20:\"_um_default_homepage\";i:1;s:16:\"_um_can_view_all\";i:1;s:28:\"_um_can_make_private_profile\";i:0;s:30:\"_um_can_access_private_profile\";i:0;s:10:\"_um_status\";s:8:\"approved\";s:20:\"_um_auto_approve_act\";s:16:\"redirect_profile\";}s:11:\"contributor\";a:16:{s:4:\"name\";s:11:\"Contributor\";s:12:\"capabilities\";a:7:{s:10:\"edit_posts\";b:1;s:4:\"read\";b:1;s:7:\"level_1\";b:1;s:7:\"level_0\";b:1;s:12:\"delete_posts\";b:1;s:13:\"read_bbb_room\";b:1;s:30:\"join_with_access_code_bbb_room\";b:1;}s:22:\"_um_can_access_wpadmin\";i:0;s:24:\"_um_can_not_see_adminbar\";i:1;s:21:\"_um_can_edit_everyone\";i:0;s:23:\"_um_can_delete_everyone\";i:0;s:20:\"_um_can_edit_profile\";i:1;s:22:\"_um_can_delete_profile\";i:1;s:15:\"_um_after_login\";s:16:\"redirect_profile\";s:16:\"_um_after_logout\";s:13:\"redirect_home\";s:20:\"_um_default_homepage\";i:1;s:16:\"_um_can_view_all\";i:1;s:28:\"_um_can_make_private_profile\";i:0;s:30:\"_um_can_access_private_profile\";i:0;s:10:\"_um_status\";s:8:\"approved\";s:20:\"_um_auto_approve_act\";s:16:\"redirect_profile\";}s:10:\"subscriber\";a:16:{s:4:\"name\";s:10:\"Subscriber\";s:12:\"capabilities\";a:4:{s:4:\"read\";b:1;s:7:\"level_0\";b:1;s:13:\"read_bbb_room\";b:1;s:23:\"join_as_viewer_bbb_room\";b:1;}s:22:\"_um_can_access_wpadmin\";i:0;s:24:\"_um_can_not_see_adminbar\";i:1;s:21:\"_um_can_edit_everyone\";i:0;s:23:\"_um_can_delete_everyone\";i:0;s:20:\"_um_can_edit_profile\";i:1;s:22:\"_um_can_delete_profile\";i:1;s:15:\"_um_after_login\";s:16:\"redirect_profile\";s:16:\"_um_after_logout\";s:13:\"redirect_home\";s:20:\"_um_default_homepage\";i:1;s:16:\"_um_can_view_all\";i:1;s:28:\"_um_can_make_private_profile\";i:0;s:30:\"_um_can_access_private_profile\";i:0;s:10:\"_um_status\";s:8:\"approved\";s:20:\"_um_auto_approve_act\";s:16:\"redirect_profile\";}s:8:\"customer\";a:2:{s:4:\"name\";s:8:\"Customer\";s:12:\"capabilities\";a:3:{s:4:\"read\";b:1;s:13:\"read_bbb_room\";b:1;s:30:\"join_with_access_code_bbb_room\";b:1;}}s:12:\"shop_manager\";a:2:{s:4:\"name\";s:12:\"Shop manager\";s:12:\"capabilities\";a:95:{s:7:\"level_9\";b:1;s:7:\"level_8\";b:1;s:7:\"level_7\";b:1;s:7:\"level_6\";b:1;s:7:\"level_5\";b:1;s:7:\"level_4\";b:1;s:7:\"level_3\";b:1;s:7:\"level_2\";b:1;s:7:\"level_1\";b:1;s:7:\"level_0\";b:1;s:4:\"read\";b:1;s:18:\"read_private_pages\";b:1;s:18:\"read_private_posts\";b:1;s:10:\"edit_posts\";b:1;s:10:\"edit_pages\";b:1;s:20:\"edit_published_posts\";b:1;s:20:\"edit_published_pages\";b:1;s:18:\"edit_private_pages\";b:1;s:18:\"edit_private_posts\";b:1;s:17:\"edit_others_posts\";b:1;s:17:\"edit_others_pages\";b:1;s:13:\"publish_posts\";b:1;s:13:\"publish_pages\";b:1;s:12:\"delete_posts\";b:1;s:12:\"delete_pages\";b:1;s:20:\"delete_private_pages\";b:1;s:20:\"delete_private_posts\";b:1;s:22:\"delete_published_pages\";b:1;s:22:\"delete_published_posts\";b:1;s:19:\"delete_others_posts\";b:1;s:19:\"delete_others_pages\";b:1;s:17:\"manage_categories\";b:1;s:12:\"manage_links\";b:1;s:17:\"moderate_comments\";b:1;s:12:\"upload_files\";b:1;s:6:\"export\";b:1;s:6:\"import\";b:1;s:10:\"list_users\";b:1;s:18:\"edit_theme_options\";b:1;s:18:\"manage_woocommerce\";b:1;s:24:\"view_woocommerce_reports\";b:1;s:12:\"edit_product\";b:1;s:12:\"read_product\";b:1;s:14:\"delete_product\";b:1;s:13:\"edit_products\";b:1;s:20:\"edit_others_products\";b:1;s:16:\"publish_products\";b:1;s:21:\"read_private_products\";b:1;s:15:\"delete_products\";b:1;s:23:\"delete_private_products\";b:1;s:25:\"delete_published_products\";b:1;s:22:\"delete_others_products\";b:1;s:21:\"edit_private_products\";b:1;s:23:\"edit_published_products\";b:1;s:20:\"manage_product_terms\";b:1;s:18:\"edit_product_terms\";b:1;s:20:\"delete_product_terms\";b:1;s:20:\"assign_product_terms\";b:1;s:15:\"edit_shop_order\";b:1;s:15:\"read_shop_order\";b:1;s:17:\"delete_shop_order\";b:1;s:16:\"edit_shop_orders\";b:1;s:23:\"edit_others_shop_orders\";b:1;s:19:\"publish_shop_orders\";b:1;s:24:\"read_private_shop_orders\";b:1;s:18:\"delete_shop_orders\";b:1;s:26:\"delete_private_shop_orders\";b:1;s:28:\"delete_published_shop_orders\";b:1;s:25:\"delete_others_shop_orders\";b:1;s:24:\"edit_private_shop_orders\";b:1;s:26:\"edit_published_shop_orders\";b:1;s:23:\"manage_shop_order_terms\";b:1;s:21:\"edit_shop_order_terms\";b:1;s:23:\"delete_shop_order_terms\";b:1;s:23:\"assign_shop_order_terms\";b:1;s:16:\"edit_shop_coupon\";b:1;s:16:\"read_shop_coupon\";b:1;s:18:\"delete_shop_coupon\";b:1;s:17:\"edit_shop_coupons\";b:1;s:24:\"edit_others_shop_coupons\";b:1;s:20:\"publish_shop_coupons\";b:1;s:25:\"read_private_shop_coupons\";b:1;s:19:\"delete_shop_coupons\";b:1;s:27:\"delete_private_shop_coupons\";b:1;s:29:\"delete_published_shop_coupons\";b:1;s:26:\"delete_others_shop_coupons\";b:1;s:25:\"edit_private_shop_coupons\";b:1;s:27:\"edit_published_shop_coupons\";b:1;s:24:\"manage_shop_coupon_terms\";b:1;s:22:\"edit_shop_coupon_terms\";b:1;s:24:\"delete_shop_coupon_terms\";b:1;s:24:\"assign_shop_coupon_terms\";b:1;s:33:\"install_recommended_h5p_libraries\";b:1;s:13:\"read_bbb_room\";b:1;s:30:\"join_with_access_code_bbb_room\";b:1;}}s:7:\"student\";a:2:{s:4:\"name\";s:7:\"Student\";s:12:\"capabilities\";a:3:{i:0;s:4:\"read\";s:13:\"read_bbb_room\";b:1;s:30:\"join_with_access_code_bbb_room\";b:1;}}s:10:\"instructor\";a:2:{s:4:\"name\";s:10:\"Instructor\";s:12:\"capabilities\";a:30:{s:12:\"delete_posts\";b:1;s:22:\"delete_published_posts\";b:1;s:10:\"edit_posts\";b:1;s:17:\"manage_categories\";b:1;s:20:\"edit_published_posts\";b:1;s:13:\"publish_posts\";b:1;s:4:\"read\";b:1;s:12:\"upload_files\";b:1;s:15:\"unfiltered_html\";b:1;s:7:\"level_1\";b:1;s:15:\"publish_eventon\";b:1;s:16:\"publish_eventons\";b:1;s:12:\"edit_eventon\";b:1;s:13:\"edit_eventons\";b:1;s:20:\"edit_others_eventons\";b:1;s:21:\"edit_private_eventons\";b:1;s:23:\"edit_published_eventons\";b:1;s:13:\"read_eventons\";b:1;s:21:\"read_private_eventons\";b:1;s:14:\"delete_eventon\";b:1;s:15:\"delete_eventons\";b:1;s:23:\"delete_private_eventons\";b:1;s:25:\"delete_published_eventons\";b:1;s:22:\"delete_others_eventons\";b:1;s:20:\"assign_eventon_terms\";b:1;s:20:\"manage_eventon_terms\";b:1;s:18:\"edit_eventon_terms\";b:1;s:20:\"delete_eventon_terms\";b:1;s:13:\"read_bbb_room\";b:1;s:30:\"join_with_access_code_bbb_room\";b:1;}}s:13:\"bbp_keymaster\";a:2:{s:4:\"name\";s:9:\"Keymaster\";s:12:\"capabilities\";a:30:{s:9:\"keep_gate\";b:1;s:8:\"spectate\";b:1;s:11:\"participate\";b:1;s:8:\"moderate\";b:1;s:8:\"throttle\";b:1;s:10:\"view_trash\";b:1;s:17:\"assign_moderators\";b:1;s:14:\"publish_forums\";b:1;s:11:\"edit_forums\";b:1;s:18:\"edit_others_forums\";b:1;s:13:\"delete_forums\";b:1;s:20:\"delete_others_forums\";b:1;s:19:\"read_private_forums\";b:1;s:18:\"read_hidden_forums\";b:1;s:14:\"publish_topics\";b:1;s:11:\"edit_topics\";b:1;s:18:\"edit_others_topics\";b:1;s:13:\"delete_topics\";b:1;s:20:\"delete_others_topics\";b:1;s:19:\"read_private_topics\";b:1;s:15:\"publish_replies\";b:1;s:12:\"edit_replies\";b:1;s:19:\"edit_others_replies\";b:1;s:14:\"delete_replies\";b:1;s:21:\"delete_others_replies\";b:1;s:20:\"read_private_replies\";b:1;s:17:\"manage_topic_tags\";b:1;s:15:\"edit_topic_tags\";b:1;s:17:\"delete_topic_tags\";b:1;s:17:\"assign_topic_tags\";b:1;}}s:13:\"bbp_spectator\";a:2:{s:4:\"name\";s:9:\"Spectator\";s:12:\"capabilities\";a:1:{s:8:\"spectate\";b:1;}}s:11:\"bbp_blocked\";a:2:{s:4:\"name\";s:7:\"Blocked\";s:12:\"capabilities\";a:28:{s:8:\"spectate\";b:0;s:11:\"participate\";b:0;s:8:\"moderate\";b:0;s:8:\"throttle\";b:0;s:10:\"view_trash\";b:0;s:14:\"publish_forums\";b:0;s:11:\"edit_forums\";b:0;s:18:\"edit_others_forums\";b:0;s:13:\"delete_forums\";b:0;s:20:\"delete_others_forums\";b:0;s:19:\"read_private_forums\";b:0;s:18:\"read_hidden_forums\";b:0;s:14:\"publish_topics\";b:0;s:11:\"edit_topics\";b:0;s:18:\"edit_others_topics\";b:0;s:13:\"delete_topics\";b:0;s:20:\"delete_others_topics\";b:0;s:19:\"read_private_topics\";b:0;s:15:\"publish_replies\";b:0;s:12:\"edit_replies\";b:0;s:19:\"edit_others_replies\";b:0;s:14:\"delete_replies\";b:0;s:21:\"delete_others_replies\";b:0;s:20:\"read_private_replies\";b:0;s:17:\"manage_topic_tags\";b:0;s:15:\"edit_topic_tags\";b:0;s:17:\"delete_topic_tags\";b:0;s:17:\"assign_topic_tags\";b:0;}}s:13:\"bbp_moderator\";a:2:{s:4:\"name\";s:9:\"Moderator\";s:12:\"capabilities\";a:26:{s:8:\"spectate\";b:1;s:11:\"participate\";b:1;s:8:\"moderate\";b:1;s:8:\"throttle\";b:1;s:10:\"view_trash\";b:1;s:17:\"assign_moderators\";b:1;s:14:\"publish_forums\";b:1;s:11:\"edit_forums\";b:1;s:19:\"read_private_forums\";b:1;s:18:\"read_hidden_forums\";b:1;s:14:\"publish_topics\";b:1;s:11:\"edit_topics\";b:1;s:18:\"edit_others_topics\";b:1;s:13:\"delete_topics\";b:1;s:20:\"delete_others_topics\";b:1;s:19:\"read_private_topics\";b:1;s:15:\"publish_replies\";b:1;s:12:\"edit_replies\";b:1;s:19:\"edit_others_replies\";b:1;s:14:\"delete_replies\";b:1;s:21:\"delete_others_replies\";b:1;s:20:\"read_private_replies\";b:1;s:17:\"manage_topic_tags\";b:1;s:15:\"edit_topic_tags\";b:1;s:17:\"delete_topic_tags\";b:1;s:17:\"assign_topic_tags\";b:1;}}s:15:\"bbp_participant\";a:2:{s:4:\"name\";s:11:\"Participant\";s:12:\"capabilities\";a:8:{s:8:\"spectate\";b:1;s:11:\"participate\";b:1;s:19:\"read_private_forums\";b:1;s:14:\"publish_topics\";b:1;s:11:\"edit_topics\";b:1;s:15:\"publish_replies\";b:1;s:12:\"edit_replies\";b:1;s:17:\"assign_topic_tags\";b:1;}}s:10:\"lp_teacher\";a:2:{s:4:\"name\";s:13:\"LP Instructor\";s:12:\"capabilities\";a:15:{s:27:\"delete_published_lp_courses\";b:1;s:25:\"edit_published_lp_courses\";b:1;s:15:\"edit_lp_courses\";b:1;s:17:\"delete_lp_courses\";b:1;s:15:\"unfiltered_html\";b:1;s:27:\"delete_published_lp_lessons\";b:1;s:25:\"edit_published_lp_lessons\";b:1;s:15:\"edit_lp_lessons\";b:1;s:17:\"delete_lp_lessons\";b:1;s:18:\"publish_lp_lessons\";b:1;s:12:\"upload_files\";b:1;s:4:\"read\";b:1;s:10:\"edit_posts\";b:1;s:13:\"read_bbb_room\";b:1;s:30:\"join_with_access_code_bbb_room\";b:1;}}s:13:\"wpseo_manager\";a:2:{s:4:\"name\";s:11:\"SEO Manager\";s:12:\"capabilities\";a:46:{s:17:\"moderate_comments\";b:1;s:17:\"manage_categories\";b:1;s:12:\"manage_links\";b:1;s:12:\"upload_files\";b:1;s:15:\"unfiltered_html\";b:1;s:10:\"edit_posts\";b:1;s:17:\"edit_others_posts\";b:1;s:20:\"edit_published_posts\";b:1;s:13:\"publish_posts\";b:1;s:10:\"edit_pages\";b:1;s:4:\"read\";b:1;s:7:\"level_7\";b:1;s:7:\"level_6\";b:1;s:7:\"level_5\";b:1;s:7:\"level_4\";b:1;s:7:\"level_3\";b:1;s:7:\"level_2\";b:1;s:7:\"level_1\";b:1;s:7:\"level_0\";b:1;s:17:\"edit_others_pages\";b:1;s:20:\"edit_published_pages\";b:1;s:13:\"publish_pages\";b:1;s:12:\"delete_pages\";b:1;s:19:\"delete_others_pages\";b:1;s:22:\"delete_published_pages\";b:1;s:12:\"delete_posts\";b:1;s:19:\"delete_others_posts\";b:1;s:22:\"delete_published_posts\";b:1;s:20:\"delete_private_posts\";b:1;s:18:\"edit_private_posts\";b:1;s:18:\"read_private_posts\";b:1;s:20:\"delete_private_pages\";b:1;s:18:\"edit_private_pages\";b:1;s:18:\"read_private_pages\";b:1;s:33:\"install_recommended_h5p_libraries\";b:1;s:23:\"rank_math_site_analysis\";b:1;s:25:\"rank_math_onpage_analysis\";b:1;s:24:\"rank_math_onpage_general\";b:1;s:24:\"rank_math_onpage_snippet\";b:1;s:23:\"rank_math_onpage_social\";b:1;s:15:\"wpseo_bulk_edit\";b:1;s:28:\"wpseo_edit_advanced_metadata\";b:1;s:20:\"wpseo_manage_options\";b:1;s:23:\"view_site_health_checks\";b:1;s:13:\"read_bbb_room\";b:1;s:30:\"join_with_access_code_bbb_room\";b:1;}}s:12:\"wpseo_editor\";a:2:{s:4:\"name\";s:10:\"SEO Editor\";s:12:\"capabilities\";a:44:{s:17:\"moderate_comments\";b:1;s:17:\"manage_categories\";b:1;s:12:\"manage_links\";b:1;s:12:\"upload_files\";b:1;s:15:\"unfiltered_html\";b:1;s:10:\"edit_posts\";b:1;s:17:\"edit_others_posts\";b:1;s:20:\"edit_published_posts\";b:1;s:13:\"publish_posts\";b:1;s:10:\"edit_pages\";b:1;s:4:\"read\";b:1;s:7:\"level_7\";b:1;s:7:\"level_6\";b:1;s:7:\"level_5\";b:1;s:7:\"level_4\";b:1;s:7:\"level_3\";b:1;s:7:\"level_2\";b:1;s:7:\"level_1\";b:1;s:7:\"level_0\";b:1;s:17:\"edit_others_pages\";b:1;s:20:\"edit_published_pages\";b:1;s:13:\"publish_pages\";b:1;s:12:\"delete_pages\";b:1;s:19:\"delete_others_pages\";b:1;s:22:\"delete_published_pages\";b:1;s:12:\"delete_posts\";b:1;s:19:\"delete_others_posts\";b:1;s:22:\"delete_published_posts\";b:1;s:20:\"delete_private_posts\";b:1;s:18:\"edit_private_posts\";b:1;s:18:\"read_private_posts\";b:1;s:20:\"delete_private_pages\";b:1;s:18:\"edit_private_pages\";b:1;s:18:\"read_private_pages\";b:1;s:33:\"install_recommended_h5p_libraries\";b:1;s:23:\"rank_math_site_analysis\";b:1;s:25:\"rank_math_onpage_analysis\";b:1;s:24:\"rank_math_onpage_general\";b:1;s:24:\"rank_math_onpage_snippet\";b:1;s:23:\"rank_math_onpage_social\";b:1;s:15:\"wpseo_bulk_edit\";b:1;s:28:\"wpseo_edit_advanced_metadata\";b:1;s:13:\"read_bbb_room\";b:1;s:30:\"join_with_access_code_bbb_room\";b:1;}}s:9:\"anonymous\";a:2:{s:4:\"name\";s:9:\"Anonymous\";s:12:\"capabilities\";a:3:{s:4:\"read\";b:1;s:13:\"read_bbb_room\";b:1;s:30:\"join_with_access_code_bbb_room\";b:1;}}}','yes'),(95,'fresh_site','0','yes'),(96,'widget_search','a:2:{s:12:\"_multiwidget\";i:1;i:2;a:1:{s:5:\"title\";s:0:\"\";}}','yes'),(97,'widget_recent-posts','a:3:{i:3;a:3:{s:5:\"title\";s:0:\"\";s:6:\"number\";i:5;s:9:\"show_date\";b:0;}s:12:\"_multiwidget\";i:1;i:2;a:2:{s:5:\"title\";s:0:\"\";s:6:\"number\";i:5;}}','yes'),(98,'widget_recent-comments','a:4:{i:3;a:2:{s:5:\"title\";s:0:\"\";s:6:\"number\";i:5;}i:4;a:2:{s:5:\"title\";s:0:\"\";s:6:\"number\";i:5;}s:12:\"_multiwidget\";i:1;i:2;a:2:{s:5:\"title\";s:0:\"\";s:6:\"number\";i:5;}}','yes'),(99,'widget_archives','a:2:{s:12:\"_multiwidget\";i:1;i:2;a:3:{s:5:\"title\";s:0:\"\";s:5:\"count\";i:0;s:8:\"dropdown\";i:0;}}','yes'),(100,'widget_meta','a:2:{s:12:\"_multiwidget\";i:1;i:2;a:1:{s:5:\"title\";s:0:\"\";}}','yes'),(101,'sidebars_widgets','a:16:{s:8:\"Megamenu\";a:0:{}s:19:\"wp_inactive_widgets\";a:50:{i:0;s:11:\"tag_cloud-2\";i:1;s:18:\"bp_course_widget-2\";i:2;s:25:\"bp_course_search_widget-2\";i:3;s:11:\"vibeposts-2\";i:4;s:13:\"vibegallery-2\";i:5;s:18:\"vibetestimonials-2\";i:6;s:24:\"vibe_course_categories-4\";i:7;s:24:\"vibe_course_categories-5\";i:8;s:24:\"vibe_course_categories-3\";i:9;s:24:\"vibe_course_categories-6\";i:10;s:10:\"calendar-2\";i:11;s:14:\"recent-posts-3\";i:12;s:17:\"recent-comments-3\";i:13;s:17:\"recent-comments-4\";i:14;s:10:\"nav_menu-6\";i:15;s:10:\"nav_menu-9\";i:16;s:18:\"bbp_login_widget-3\";i:17;s:18:\"bbp_login_widget-4\";i:18;s:18:\"bbp_login_widget-5\";i:19;s:18:\"bbp_login_widget-6\";i:20;s:18:\"bbp_views_widget-2\";i:21;s:19:\"bbp_search_widget-2\";i:22;s:20:\"bbp_replies_widget-2\";i:23;s:34:\"wplms_instructor_students_widget-2\";i:24;s:22:\"bp_core_login_widget-2\";i:25;s:22:\"bp_core_login_widget-3\";i:26;s:22:\"bp_core_login_widget-4\";i:27;s:22:\"bp_core_login_widget-5\";i:28;s:22:\"bp_core_login_widget-6\";i:29;s:22:\"bp_core_login_widget-8\";i:30;s:24:\"bp_core_members_widget-2\";i:31;s:24:\"bp_core_members_widget-3\";i:32;s:28:\"bp_core_whos_online_widget-2\";i:33;s:28:\"bp_core_whos_online_widget-3\";i:34;s:28:\"bp_core_whos_online_widget-4\";i:35;s:28:\"bp_core_whos_online_widget-5\";i:36;s:32:\"bp_core_recently_active_widget-2\";i:37;s:32:\"bp_core_recently_active_widget-3\";i:38;s:18:\"bp_course_widget-4\";i:39;s:18:\"bp_course_widget-6\";i:40;s:18:\"bp_course_widget-7\";i:41;s:22:\"bp_instructor_widget-2\";i:42;s:24:\"bp_course_stats_widget-3\";i:43;s:26:\"bp_course_reviews_widget-2\";i:44;s:31:\"bp_course_certificates_widget-2\";i:45;s:34:\"bp_course_related_courses_widget-2\";i:46;s:14:\"member_types-3\";i:47;s:14:\"vibecarousel-2\";i:48;s:10:\"vibetabs-2\";i:49;s:11:\"vibeposts-3\";}s:15:\"student_sidebar\";a:13:{i:0;s:18:\"wplms_dash_stats-2\";i:1;s:18:\"wplms_dash_stats-3\";i:2;s:18:\"wplms_dash_stats-4\";i:3;s:18:\"wplms_dash_stats-5\";i:4;s:21:\"wplms_student_stats-2\";i:5;s:24:\"wplms_notes_discussion-2\";i:6;s:22:\"wplms_dash_mymodules-2\";i:7;s:17:\"wplms_dash_text-2\";i:8;s:23:\"wplms_course_progress-2\";i:9;s:21:\"wplms_dash_activity-2\";i:10;s:17:\"wplms_dash_text-3\";i:11;s:18:\"wplms_dash_tasks-3\";i:12;s:25:\"bp_course_search_widget-5\";}s:18:\"instructor_sidebar\";a:13:{i:0;s:25:\"bp_course_search_widget-4\";i:1;s:24:\"bp_course_stats_widget-2\";i:2;s:18:\"bp_course_widget-5\";i:3;s:24:\"bp_course_stats_widget-4\";i:4;s:22:\"bp_instructor_widget-4\";i:5;s:34:\"wplms_instructor_students_widget-3\";i:6;s:24:\"bp_core_friends_widget-2\";i:7;s:20:\"sales_stats_widget-2\";i:8;s:21:\"wplms_dash_activity-3\";i:9;s:21:\"bigbluebuttonwidget-2\";i:10;s:11:\"nav_menu-10\";i:11;s:22:\"wplms_dash_mymodules-3\";i:12;s:32:\"wplms_dash_instructing_modules-2\";}s:11:\"mainsidebar\";a:6:{i:0;s:8:\"search-2\";i:1;s:14:\"recent-posts-2\";i:2;s:17:\"recent-comments-2\";i:3;s:10:\"archives-2\";i:4;s:12:\"categories-2\";i:5;s:6:\"meta-2\";}s:7:\"bbpress\";a:0:{}s:13:\"coursesidebar\";a:3:{i:0;s:20:\"wplms_course_codes-3\";i:1;s:25:\"bp_course_search_widget-3\";i:2;s:22:\"bp_instructor_widget-3\";}s:13:\"searchsidebar\";a:0:{}s:11:\"shopsidebar\";a:0:{}s:14:\"productsidebar\";a:0:{}s:10:\"buddypress\";a:1:{i:0;s:25:\"bp_course_filter_widget-2\";}s:8:\"checkout\";a:0:{}s:16:\"topfootersidebar\";a:4:{i:0;s:6:\"text-2\";i:1;s:18:\"bp_course_widget-3\";i:2;s:11:\"tag_cloud-3\";i:3;s:21:\"vibe_twitter_widget-3\";}s:19:\"bottomfootersidebar\";a:1:{i:0;s:21:\"vibecertificatecode-2\";}s:16:\"vibebp-dashboard\";a:0:{}s:13:\"array_version\";i:3;}','yes'),(169671,'_transient_wc_related_3723','a:1:{s:52:\"limit=3&exclude_ids%5B0%5D=0&exclude_ids%5B1%5D=3723\";a:2:{i:0;s:4:\"3719\";i:1;s:4:\"3716\";}}','no'),(170721,'pmpro_license_check','a:2:{s:7:\"license\";b:0;s:7:\"enddate\";i:0;}','no'),(169421,'_site_transient_timeout_php_check_744549330ad044a5e94138c3c20d7f77','1610756008','no'),(169422,'_site_transient_php_check_744549330ad044a5e94138c3c20d7f77','a:5:{s:19:\"recommended_version\";s:3:\"7.4\";s:15:\"minimum_version\";s:6:\"5.6.20\";s:12:\"is_supported\";b:1;s:9:\"is_secure\";b:1;s:13:\"is_acceptable\";b:1;}','no'),(160287,'pmpro_logins','a:9:{s:5:\"today\";i:2;s:8:\"thisdate\";s:10:\"2021-10-01\";s:4:\"week\";i:9;s:8:\"thisweek\";s:2:\"01\";s:5:\"month\";i:14;s:9:\"thismonth\";s:1:\"1\";s:3:\"ytd\";i:14;s:8:\"thisyear\";s:4:\"2021\";s:7:\"alltime\";i:29;}','yes'),(102138,'woocommerce_maxmind_geolocation_settings','a:1:{s:15:\"database_prefix\";s:32:\"Oi6XGyyh1zrgl5C1TLDvWkQbAFqvj6iP\";}','yes'),(102472,'boldgrid_backup_jobs','a:1:{i:0;a:6:{s:6:\"action\";s:31:\"boldgrid_backup_cron_fail_email\";s:11:\"action_data\";a:1:{s:7:\"message\";s:345:\"Hello,\n\nWe were unable to create a backup of your website due to the following:\n\nNo backup locations selected! While we could create a backup archive, you have not selected where the backup archive should be saved. Please choose a storage location in your settings for where to save this backup archive.\n\nBest regards,\n\nThe Total Upkeep plugin\n\n\";}s:12:\"action_title\";s:40:\"Send warning email because backup failed\";s:6:\"status\";s:7:\"success\";s:10:\"start_time\";i:1581242719;s:8:\"end_time\";i:1581242720;}}','no'),(109284,'swift_performance_timeout','590','yes'),(103721,'wpo_update_version','3.0.16','yes'),(102,'widget_pages','a:1:{s:12:\"_multiwidget\";i:1;}','yes'),(103,'widget_calendar','a:2:{i:2;a:1:{s:5:\"title\";s:0:\"\";}s:12:\"_multiwidget\";i:1;}','yes'),(104,'widget_media_audio','a:1:{s:12:\"_multiwidget\";i:1;}','yes'),(105,'widget_media_image','a:1:{s:12:\"_multiwidget\";i:1;}','yes'),(106,'widget_media_gallery','a:1:{s:12:\"_multiwidget\";i:1;}','yes'),(107,'widget_media_video','a:1:{s:12:\"_multiwidget\";i:1;}','yes'),(108,'widget_tag_cloud','a:3:{i:2;a:2:{s:5:\"title\";s:0:\"\";s:8:\"taxonomy\";s:8:\"post_tag\";}s:12:\"_multiwidget\";i:1;i:3;a:2:{s:5:\"title\";s:12:\"Popular Tags\";s:8:\"taxonomy\";s:12:\"question-tag\";}}','yes'),(109,'widget_nav_menu','a:10:{i:2;a:2:{s:5:\"title\";s:12:\"Course Pages\";s:8:\"nav_menu\";s:3:\"100\";}i:3;a:2:{s:5:\"title\";s:12:\"Course Types\";s:8:\"nav_menu\";s:3:\"102\";}i:4;a:2:{s:5:\"title\";s:15:\"Course Features\";s:8:\"nav_menu\";s:3:\"103\";}i:5;a:2:{s:5:\"title\";s:12:\"Drip Content\";s:8:\"nav_menu\";s:3:\"104\";}i:6;a:2:{s:5:\"title\";s:5:\"Pages\";s:8:\"nav_menu\";i:42;}i:7;a:2:{s:5:\"title\";s:14:\"Course Pricing\";s:8:\"nav_menu\";s:3:\"105\";}i:8;a:2:{s:5:\"title\";s:9:\"Extension\";s:8:\"nav_menu\";s:3:\"106\";}i:9;a:0:{}i:10;a:0:{}s:12:\"_multiwidget\";i:1;}','yes'),(110,'widget_custom_html','a:1:{s:12:\"_multiwidget\";i:1;}','yes'),(111,'cron','a:30:{i:1610323369;a:2:{s:30:\"um_twicedaily_scheduled_events\";a:1:{s:32:\"40cd750bba9870f18aada2478b24840a\";a:3:{s:8:\"schedule\";s:10:\"twicedaily\";s:4:\"args\";a:0:{}s:8:\"interval\";i:43200;}}s:26:\"um_hourly_scheduled_events\";a:1:{s:32:\"40cd750bba9870f18aada2478b24840a\";a:3:{s:8:\"schedule\";s:6:\"hourly\";s:4:\"args\";a:0:{}s:8:\"interval\";i:3600;}}}i:1610324440;a:1:{s:34:\"wp_privacy_delete_old_export_files\";a:1:{s:32:\"40cd750bba9870f18aada2478b24840a\";a:3:{s:8:\"schedule\";s:6:\"hourly\";s:4:\"args\";a:0:{}s:8:\"interval\";i:3600;}}}i:1610324530;a:1:{s:33:\"wc_admin_process_orders_milestone\";a:1:{s:32:\"40cd750bba9870f18aada2478b24840a\";a:3:{s:8:\"schedule\";s:6:\"hourly\";s:4:\"args\";a:0:{}s:8:\"interval\";i:3600;}}}i:1610324581;a:1:{s:29:\"wc_admin_unsnooze_admin_notes\";a:1:{s:32:\"40cd750bba9870f18aada2478b24840a\";a:3:{s:8:\"schedule\";s:6:\"hourly\";s:4:\"args\";a:0:{}s:8:\"interval\";i:3600;}}}i:1610328040;a:3:{s:16:\"wp_version_check\";a:1:{s:32:\"40cd750bba9870f18aada2478b24840a\";a:3:{s:8:\"schedule\";s:10:\"twicedaily\";s:4:\"args\";a:0:{}s:8:\"interval\";i:43200;}}s:17:\"wp_update_plugins\";a:1:{s:32:\"40cd750bba9870f18aada2478b24840a\";a:3:{s:8:\"schedule\";s:10:\"twicedaily\";s:4:\"args\";a:0:{}s:8:\"interval\";i:43200;}}s:16:\"wp_update_themes\";a:1:{s:32:\"40cd750bba9870f18aada2478b24840a\";a:3:{s:8:\"schedule\";s:10:\"twicedaily\";s:4:\"args\";a:0:{}s:8:\"interval\";i:43200;}}}i:1610328078;a:2:{s:19:\"wp_scheduled_delete\";a:1:{s:32:\"40cd750bba9870f18aada2478b24840a\";a:3:{s:8:\"schedule\";s:5:\"daily\";s:4:\"args\";a:0:{}s:8:\"interval\";i:86400;}}s:25:\"delete_expired_transients\";a:1:{s:32:\"40cd750bba9870f18aada2478b24840a\";a:3:{s:8:\"schedule\";s:5:\"daily\";s:4:\"args\";a:0:{}s:8:\"interval\";i:86400;}}}i:1610328080;a:1:{s:30:\"wp_scheduled_auto_draft_delete\";a:1:{s:32:\"40cd750bba9870f18aada2478b24840a\";a:3:{s:8:\"schedule\";s:5:\"daily\";s:4:\"args\";a:0:{}s:8:\"interval\";i:86400;}}}i:1610328296;a:1:{s:28:\"learn_press_cleanup_sessions\";a:1:{s:32:\"40cd750bba9870f18aada2478b24840a\";a:3:{s:8:\"schedule\";s:10:\"twicedaily\";s:4:\"args\";a:0:{}s:8:\"interval\";i:43200;}}}i:1610328556;a:1:{s:21:\"evo_trash_past_events\";a:1:{s:32:\"40cd750bba9870f18aada2478b24840a\";a:3:{s:8:\"schedule\";s:5:\"daily\";s:4:\"args\";a:0:{}s:8:\"interval\";i:86400;}}}i:1610328631;a:1:{s:14:\"wc_admin_daily\";a:1:{s:32:\"40cd750bba9870f18aada2478b24840a\";a:3:{s:8:\"schedule\";s:5:\"daily\";s:4:\"args\";a:0:{}s:8:\"interval\";i:86400;}}}i:1610332281;a:1:{s:29:\"wpo_smush_clear_backup_images\";a:1:{s:32:\"40cd750bba9870f18aada2478b24840a\";a:3:{s:8:\"schedule\";s:5:\"daily\";s:4:\"args\";a:0:{}s:8:\"interval\";i:86400;}}}i:1610337034;a:1:{s:28:\"elementor/tracker/send_event\";a:1:{s:32:\"40cd750bba9870f18aada2478b24840a\";a:3:{s:8:\"schedule\";s:5:\"daily\";s:4:\"args\";a:0:{}s:8:\"interval\";i:86400;}}}i:1610341200;a:1:{s:27:\"woocommerce_scheduled_sales\";a:1:{s:32:\"40cd750bba9870f18aada2478b24840a\";a:3:{s:8:\"schedule\";s:5:\"daily\";s:4:\"args\";a:0:{}s:8:\"interval\";i:86400;}}}i:1610341469;a:2:{s:33:\"woocommerce_cleanup_personal_data\";a:1:{s:32:\"40cd750bba9870f18aada2478b24840a\";a:3:{s:8:\"schedule\";s:5:\"daily\";s:4:\"args\";a:0:{}s:8:\"interval\";i:86400;}}s:30:\"woocommerce_tracker_send_event\";a:1:{s:32:\"40cd750bba9870f18aada2478b24840a\";a:3:{s:8:\"schedule\";s:5:\"daily\";s:4:\"args\";a:0:{}s:8:\"interval\";i:86400;}}}i:1610343382;a:1:{s:21:\"wpo_plugin_cron_tasks\";a:1:{s:32:\"40cd750bba9870f18aada2478b24840a\";a:3:{s:8:\"schedule\";s:10:\"twicedaily\";s:4:\"args\";a:0:{}s:8:\"interval\";i:43200;}}}i:1610347371;a:2:{s:13:\"wpseo-reindex\";a:1:{s:32:\"40cd750bba9870f18aada2478b24840a\";a:3:{s:8:\"schedule\";s:5:\"daily\";s:4:\"args\";a:0:{}s:8:\"interval\";i:86400;}}s:31:\"wpseo_permalink_structure_check\";a:1:{s:32:\"40cd750bba9870f18aada2478b24840a\";a:3:{s:8:\"schedule\";s:5:\"daily\";s:4:\"args\";a:0:{}s:8:\"interval\";i:86400;}}}i:1610352259;a:1:{s:24:\"woocommerce_cleanup_logs\";a:1:{s:32:\"40cd750bba9870f18aada2478b24840a\";a:3:{s:8:\"schedule\";s:5:\"daily\";s:4:\"args\";a:0:{}s:8:\"interval\";i:86400;}}}i:1610357586;a:1:{s:15:\"wphb_clear_logs\";a:1:{s:32:\"40cd750bba9870f18aada2478b24840a\";a:3:{s:8:\"schedule\";s:5:\"daily\";s:4:\"args\";a:0:{}s:8:\"interval\";i:86400;}}}i:1610363059;a:1:{s:28:\"woocommerce_cleanup_sessions\";a:1:{s:32:\"40cd750bba9870f18aada2478b24840a\";a:3:{s:8:\"schedule\";s:10:\"twicedaily\";s:4:\"args\";a:0:{}s:8:\"interval\";i:43200;}}}i:1610366084;a:1:{s:19:\"wpseo-reindex-links\";a:1:{s:32:\"40cd750bba9870f18aada2478b24840a\";a:3:{s:8:\"schedule\";s:5:\"daily\";s:4:\"args\";a:0:{}s:8:\"interval\";i:86400;}}}i:1610366569;a:1:{s:25:\"um_daily_scheduled_events\";a:1:{s:32:\"40cd750bba9870f18aada2478b24840a\";a:3:{s:8:\"schedule\";s:5:\"daily\";s:4:\"args\";a:0:{}s:8:\"interval\";i:86400;}}}i:1610369511;a:1:{s:16:\"wpseo_ryte_fetch\";a:1:{s:32:\"40cd750bba9870f18aada2478b24840a\";a:3:{s:8:\"schedule\";s:6:\"weekly\";s:4:\"args\";a:0:{}s:8:\"interval\";i:604800;}}}i:1610387042;a:1:{s:22:\"redirection_log_delete\";a:1:{s:32:\"40cd750bba9870f18aada2478b24840a\";a:3:{s:8:\"schedule\";s:5:\"daily\";s:4:\"args\";a:0:{}s:8:\"interval\";i:86400;}}}i:1610387263;a:1:{s:32:\"recovery_mode_clean_expired_keys\";a:1:{s:32:\"40cd750bba9870f18aada2478b24840a\";a:3:{s:8:\"schedule\";s:5:\"daily\";s:4:\"args\";a:0:{}s:8:\"interval\";i:86400;}}}i:1610387735;a:1:{s:28:\"um_check_extensions_licenses\";a:1:{s:32:\"40cd750bba9870f18aada2478b24840a\";a:3:{s:8:\"schedule\";s:5:\"daily\";s:4:\"args\";a:0:{}s:8:\"interval\";i:86400;}}}i:1610394672;a:1:{s:23:\"wphb_minify_clear_files\";a:1:{s:32:\"40cd750bba9870f18aada2478b24840a\";a:3:{s:8:\"schedule\";s:5:\"daily\";s:4:\"args\";a:0:{}s:8:\"interval\";i:86400;}}}i:1610586265;a:1:{s:30:\"wp_site_health_scheduled_check\";a:1:{s:32:\"40cd750bba9870f18aada2478b24840a\";a:3:{s:8:\"schedule\";s:6:\"weekly\";s:4:\"args\";a:0:{}s:8:\"interval\";i:604800;}}}i:1610858656;a:1:{s:40:\"health-check-scheduled-site-status-check\";a:1:{s:32:\"40cd750bba9870f18aada2478b24840a\";a:3:{s:8:\"schedule\";s:6:\"weekly\";s:4:\"args\";a:0:{}s:8:\"interval\";i:604800;}}}i:1610884969;a:1:{s:26:\"um_weekly_scheduled_events\";a:1:{s:32:\"40cd750bba9870f18aada2478b24840a\";a:3:{s:8:\"schedule\";s:6:\"weekly\";s:4:\"args\";a:0:{}s:8:\"interval\";i:604800;}}}s:7:\"version\";i:2;}','yes'),(129430,'wpseo_ryte','a:2:{s:6:\"status\";i:1;s:10:\"last_fetch\";i:1610253976;}','yes'),(129391,'action_scheduler_hybrid_store_demarkation','2717','yes'),(129392,'schema-ActionScheduler_StoreSchema','3.0.1584120130','yes'),(129393,'schema-ActionScheduler_LoggerSchema','2.0.1584120130','yes'),(129394,'woocommerce_onboarding_opt_in','no','yes'),(129418,'wpforms_version_lite','1.5.9.1','yes'),(129399,'woocommerce_onboarding_profile','a:1:{s:9:\"completed\";b:1;}','yes'),(129400,'woocommerce_task_list_hidden','yes','yes'),(129408,'woocommerce_admin_install_timestamp','1584120135','yes'),(129411,'woocommerce_admin_last_orders_milestone','10','yes'),(129407,'woocommerce_admin_version','1.0.0','yes'),(129417,'action_scheduler_lock_async-request-runner','1610255344','yes'),(129991,'theme_mods_twentytwenty','a:3:{s:18:\"nav_menu_locations\";a:1:{s:7:\"primary\";i:259;}s:18:\"custom_css_post_id\";i:-1;s:16:\"sidebars_widgets\";a:2:{s:4:\"time\";i:1584362888;s:4:\"data\";a:3:{s:19:\"wp_inactive_widgets\";a:13:{i:0;s:6:\"text-3\";i:1;s:10:\"nav_menu-2\";i:2;s:10:\"nav_menu-3\";i:3;s:10:\"nav_menu-4\";i:4;s:10:\"nav_menu-5\";i:5;s:10:\"nav_menu-7\";i:6;s:10:\"nav_menu-8\";i:7;s:10:\"calendar-2\";i:8;s:14:\"recent-posts-3\";i:9;s:17:\"recent-comments-3\";i:10;s:17:\"recent-comments-4\";i:11;s:10:\"nav_menu-6\";i:12;s:10:\"nav_menu-9\";}s:9:\"sidebar-1\";a:6:{i:0;s:8:\"search-2\";i:1;s:14:\"recent-posts-2\";i:2;s:17:\"recent-comments-2\";i:3;s:10:\"archives-2\";i:4;s:12:\"categories-2\";i:5;s:6:\"meta-2\";}s:9:\"sidebar-2\";a:1:{i:0;s:6:\"text-2\";}}}}','yes'),(107051,'pand-d83e5fe4823f8f867dc30d3bb0b6c7de','1593371377','no'),(12481,'widget_bbp_views_widget','a:2:{i:2;a:1:{s:5:\"title\";s:0:\"\";}s:12:\"_multiwidget\";i:1;}','yes'),(416,'bp-deactivated-components','a:0:{}','yes'),(417,'bp-xprofile-base-group-name','Base','yes'),(418,'bp-xprofile-fullname-field-name','Name','yes'),(419,'bp-blogs-first-install','','yes'),(420,'bp-disable-profile-sync','0','yes'),(19121,'theme_mods_storefront','a:4:{i:0;b:0;s:18:\"nav_menu_locations\";a:1:{s:7:\"primary\";i:101;}s:18:\"custom_css_post_id\";i:-1;s:16:\"sidebars_widgets\";a:2:{s:4:\"time\";i:1556949882;s:4:\"data\";a:8:{s:19:\"wp_inactive_widgets\";a:10:{i:0;s:6:\"text-3\";i:1;s:10:\"nav_menu-2\";i:2;s:10:\"nav_menu-3\";i:3;s:10:\"nav_menu-4\";i:4;s:10:\"nav_menu-5\";i:5;s:10:\"nav_menu-6\";i:6;s:10:\"nav_menu-7\";i:7;s:10:\"nav_menu-8\";i:8;s:22:\"bp_core_login_widget-2\";i:9;s:28:\"bp_core_whos_online_widget-2\";}s:9:\"sidebar-1\";a:6:{i:0;s:8:\"search-2\";i:1;s:14:\"recent-posts-2\";i:2;s:17:\"recent-comments-2\";i:3;s:10:\"archives-2\";i:4;s:12:\"categories-2\";i:5;s:6:\"meta-2\";}s:8:\"header-1\";a:0:{}s:8:\"footer-1\";a:0:{}s:8:\"footer-2\";a:0:{}s:8:\"footer-3\";a:0:{}s:8:\"footer-4\";a:0:{}s:26:\"sidebar-buddypress-members\";a:3:{i:0;s:6:\"text-2\";i:1;s:22:\"bp_core_login_widget-3\";i:2;s:14:\"recent-posts-3\";}}}}','yes'),(119,'theme_mods_twentynineteen','a:2:{s:18:\"custom_css_post_id\";i:-1;s:16:\"sidebars_widgets\";a:2:{s:4:\"time\";i:1555896435;s:4:\"data\";a:2:{s:19:\"wp_inactive_widgets\";a:0:{}s:9:\"sidebar-1\";a:6:{i:0;s:8:\"search-2\";i:1;s:14:\"recent-posts-2\";i:2;s:17:\"recent-comments-2\";i:3;s:10:\"archives-2\";i:4;s:12:\"categories-2\";i:5;s:6:\"meta-2\";}}}}','yes'),(120,'smm_version','1.3.1','yes'),(121,'disable_smm','0','yes'),(122,'wpforms_shareasale_id','1587694','yes'),(124,'widget_wpforms-widget','a:2:{i:2;a:4:{s:5:\"title\";s:0:\"\";s:7:\"form_id\";i:0;s:10:\"show_title\";b:0;s:9:\"show_desc\";b:0;}s:12:\"_multiwidget\";i:1;}','yes'),(125,'widget_woocommerce_widget_cart','a:1:{s:12:\"_multiwidget\";i:1;}','yes'),(126,'widget_woocommerce_layered_nav_filters','a:2:{s:12:\"_multiwidget\";i:1;i:2;a:1:{s:5:\"title\";s:14:\"Active Filters\";}}','yes'),(127,'widget_woocommerce_layered_nav','a:2:{s:12:\"_multiwidget\";i:1;i:2;a:3:{s:5:\"title\";s:9:\"Filter by\";s:12:\"display_type\";s:4:\"list\";s:10:\"query_type\";s:3:\"and\";}}','yes'),(128,'widget_woocommerce_price_filter','a:2:{s:12:\"_multiwidget\";i:1;i:2;a:1:{s:5:\"title\";s:15:\"Filter by price\";}}','yes'),(129,'widget_woocommerce_product_categories','a:2:{s:12:\"_multiwidget\";i:1;i:2;a:6:{s:5:\"title\";s:18:\"Product Categories\";s:7:\"orderby\";s:4:\"name\";s:8:\"dropdown\";i:0;s:5:\"count\";i:0;s:12:\"hierarchical\";s:1:\"1\";s:18:\"show_children_only\";i:0;}}','yes'),(130,'widget_woocommerce_product_search','a:1:{s:12:\"_multiwidget\";i:1;}','yes'),(131,'widget_woocommerce_product_tag_cloud','a:1:{s:12:\"_multiwidget\";i:1;}','yes'),(132,'widget_woocommerce_products','a:3:{s:12:\"_multiwidget\";i:1;i:2;a:7:{s:5:\"title\";s:8:\"Products\";s:6:\"number\";s:1:\"5\";s:4:\"show\";s:8:\"featured\";s:7:\"orderby\";s:4:\"date\";s:5:\"order\";s:4:\"desc\";s:9:\"hide_free\";i:0;s:11:\"show_hidden\";i:0;}i:3;a:7:{s:5:\"title\";s:8:\"Products\";s:6:\"number\";s:1:\"5\";s:4:\"show\";s:6:\"onsale\";s:7:\"orderby\";s:4:\"date\";s:5:\"order\";s:4:\"desc\";s:9:\"hide_free\";s:1:\"1\";s:11:\"show_hidden\";i:0;}}','yes'),(133,'widget_woocommerce_recently_viewed_products','a:3:{i:2;a:2:{s:5:\"title\";s:24:\"Recently Viewed Products\";s:6:\"number\";i:10;}i:3;a:2:{s:5:\"title\";s:24:\"Recently Viewed Products\";s:6:\"number\";i:10;}s:12:\"_multiwidget\";i:1;}','yes'),(134,'widget_woocommerce_top_rated_products','a:1:{s:12:\"_multiwidget\";i:1;}','yes'),(135,'widget_woocommerce_recent_reviews','a:1:{s:12:\"_multiwidget\";i:1;}','yes'),(136,'widget_woocommerce_rating_filter','a:1:{s:12:\"_multiwidget\";i:1;}','yes'),(137,'woocommerce_permalinks','a:5:{s:12:\"product_base\";s:7:\"product\";s:13:\"category_base\";s:16:\"product-category\";s:8:\"tag_base\";s:11:\"product-tag\";s:14:\"attribute_base\";s:0:\"\";s:22:\"use_verbose_page_rules\";b:0;}','yes'),(139,'current_theme_supports_woocommerce','yes','yes'),(140,'woocommerce_queue_flush_rewrite_rules','no','yes'),(143,'woocommerce_store_address','6,28EM AVENUE','yes'),(144,'woocommerce_store_address_2','','yes'),(145,'woocommerce_store_city','BOIS DES FILION','yes'),(146,'woocommerce_default_country','CA:QC','yes'),(147,'woocommerce_store_postcode','J6Z1Z9','yes'),(148,'woocommerce_allowed_countries','all','yes'),(149,'woocommerce_all_except_countries','a:0:{}','yes'),(150,'woocommerce_specific_allowed_countries','a:0:{}','yes'),(151,'woocommerce_ship_to_countries','disabled','yes'),(152,'woocommerce_specific_ship_to_countries','a:0:{}','yes'),(153,'woocommerce_default_customer_address','','yes'),(154,'woocommerce_calc_taxes','no','yes'),(155,'woocommerce_enable_coupons','yes','yes'),(156,'woocommerce_calc_discounts_sequentially','no','no'),(157,'woocommerce_currency','CAD','yes'),(158,'woocommerce_currency_pos','left','yes'),(159,'woocommerce_price_thousand_sep',',','yes'),(160,'woocommerce_price_decimal_sep','.','yes'),(161,'woocommerce_price_num_decimals','2','yes'),(162,'woocommerce_shop_page_id','300','yes'),(163,'woocommerce_cart_redirect_after_add','yes','yes'),(164,'woocommerce_enable_ajax_add_to_cart','no','yes'),(165,'woocommerce_placeholder_image','2838','yes'),(166,'woocommerce_weight_unit','kg','yes'),(167,'woocommerce_dimension_unit','cm','yes'),(168,'woocommerce_enable_reviews','yes','yes'),(169,'woocommerce_review_rating_verification_label','yes','no'),(170,'woocommerce_review_rating_verification_required','no','no'),(171,'woocommerce_enable_review_rating','yes','yes'),(172,'woocommerce_review_rating_required','yes','no'),(173,'woocommerce_manage_stock','yes','yes'),(174,'woocommerce_hold_stock_minutes','60','no'),(175,'woocommerce_notify_low_stock','yes','no'),(176,'woocommerce_notify_no_stock','yes','no'),(177,'woocommerce_stock_email_recipient','admin@tesoll.com','no'),(178,'woocommerce_notify_low_stock_amount','2','no'),(179,'woocommerce_notify_no_stock_amount','0','yes'),(180,'woocommerce_hide_out_of_stock_items','no','yes'),(181,'woocommerce_stock_format','','yes'),(182,'woocommerce_file_download_method','force','no'),(183,'woocommerce_downloads_require_login','no','no'),(184,'woocommerce_downloads_grant_access_after_payment','yes','no'),(185,'woocommerce_prices_include_tax','no','yes'),(186,'woocommerce_tax_based_on','shipping','yes'),(187,'woocommerce_shipping_tax_class','inherit','yes'),(188,'woocommerce_tax_round_at_subtotal','no','yes'),(190,'woocommerce_tax_display_shop','excl','yes'),(191,'woocommerce_tax_display_cart','excl','yes'),(192,'woocommerce_price_display_suffix','','yes'),(193,'woocommerce_tax_total_display','itemized','no'),(194,'woocommerce_enable_shipping_calc','yes','no'),(195,'woocommerce_shipping_cost_requires_address','no','yes'),(196,'woocommerce_ship_to_destination','billing','no'),(197,'woocommerce_shipping_debug_mode','no','yes'),(198,'woocommerce_enable_guest_checkout','no','no'),(199,'woocommerce_enable_checkout_login_reminder','no','no'),(200,'woocommerce_enable_signup_and_login_from_checkout','no','no'),(201,'woocommerce_enable_myaccount_registration','no','no'),(202,'woocommerce_registration_generate_username','yes','no'),(203,'woocommerce_registration_generate_password','no','no'),(204,'woocommerce_erasure_request_removes_order_data','no','no'),(205,'woocommerce_erasure_request_removes_download_data','no','no'),(206,'woocommerce_registration_privacy_policy_text','Your personal data will be used to support your experience throughout this website, to manage access to your account, and for other purposes described in our [privacy_policy].','yes'),(207,'woocommerce_checkout_privacy_policy_text','Your personal data will be used to process your order, support your experience throughout this website, and for other purposes described in our [privacy_policy].','yes'),(208,'woocommerce_delete_inactive_accounts','a:2:{s:6:\"number\";s:0:\"\";s:4:\"unit\";s:6:\"months\";}','no'),(209,'woocommerce_trash_pending_orders','a:2:{s:6:\"number\";s:0:\"\";s:4:\"unit\";s:4:\"days\";}','no'),(210,'woocommerce_trash_failed_orders','a:2:{s:6:\"number\";s:0:\"\";s:4:\"unit\";s:4:\"days\";}','no'),(211,'woocommerce_trash_cancelled_orders','a:2:{s:6:\"number\";s:0:\"\";s:4:\"unit\";s:4:\"days\";}','no'),(212,'woocommerce_anonymize_completed_orders','a:2:{s:6:\"number\";s:0:\"\";s:4:\"unit\";s:6:\"months\";}','no'),(213,'woocommerce_email_from_name','TESOL CANADA','no'),(214,'woocommerce_email_from_address','admin@tesoll.com','no'),(215,'woocommerce_email_header_image','','no'),(216,'woocommerce_email_footer_text','{site_title}<br/>Built with <a href=\"https://woocommerce.com/\">WooCommerce</a>','no'),(217,'woocommerce_email_base_color','#96588a','no'),(218,'woocommerce_email_background_color','#f7f7f7','no'),(219,'woocommerce_email_body_background_color','#ffffff','no'),(220,'woocommerce_email_text_color','#3c3c3c','no'),(221,'woocommerce_cart_page_id','83','yes'),(222,'woocommerce_checkout_page_id','82','yes'),(223,'woocommerce_myaccount_page_id','3818','yes'),(224,'woocommerce_terms_page_id','','no'),(225,'woocommerce_checkout_pay_endpoint','order-pay','yes'),(226,'woocommerce_checkout_order_received_endpoint','order-received','yes'),(227,'woocommerce_myaccount_add_payment_method_endpoint','add-payment-method','yes'),(228,'woocommerce_myaccount_delete_payment_method_endpoint','delete-payment-method','yes'),(229,'woocommerce_myaccount_set_default_payment_method_endpoint','set-default-payment-method','yes'),(230,'woocommerce_myaccount_orders_endpoint','orders','yes'),(231,'woocommerce_myaccount_view_order_endpoint','view-order','yes'),(232,'woocommerce_myaccount_downloads_endpoint','downloads','yes'),(233,'woocommerce_myaccount_edit_account_endpoint','edit-account','yes'),(234,'woocommerce_myaccount_edit_address_endpoint','edit-address','yes'),(235,'woocommerce_myaccount_payment_methods_endpoint','payment-methods','yes'),(236,'woocommerce_myaccount_lost_password_endpoint','lost-password','yes'),(237,'woocommerce_logout_endpoint','customer-logout','yes'),(238,'woocommerce_api_enabled','no','yes'),(239,'woocommerce_single_image_width','600','yes'),(240,'woocommerce_thumbnail_image_width','300','yes'),(241,'woocommerce_checkout_highlight_required_fields','yes','yes'),(242,'woocommerce_demo_store','no','no'),(164173,'product_cat_children','a:0:{}','yes'),(244,'default_product_cat','15','yes'),(170130,'woocommerce_version','4.8.0','yes'),(169599,'woocommerce_db_version','3.3.5','yes'),(12480,'widget_bbp_login_widget','a:5:{i:3;a:0:{}i:4;a:3:{s:5:\"title\";s:0:\"\";s:8:\"register\";s:0:\"\";s:8:\"lostpass\";s:0:\"\";}i:5;a:3:{s:5:\"title\";s:0:\"\";s:8:\"register\";s:0:\"\";s:8:\"lostpass\";s:0:\"\";}i:6;a:3:{s:5:\"title\";s:0:\"\";s:8:\"register\";s:0:\"\";s:8:\"lostpass\";s:0:\"\";}s:12:\"_multiwidget\";i:1;}','yes'),(250,'woocommerce_admin_notices','a:2:{i:0;s:6:\"update\";i:1;s:14:\"template_files\";}','yes'),(251,'boldgrid_settings','a:5:{s:7:\"library\";a:0:{}s:15:\"plugins_checked\";a:2:{s:35:\"boldgrid-backup/boldgrid-backup.php\";a:13:{s:5:\"1.8.0\";i:1556321138;s:5:\"1.9.2\";i:1556959142;s:5:\"1.9.3\";i:1560367985;s:6:\"1.10.0\";i:1561000533;s:6:\"1.10.1\";i:1562159942;s:6:\"1.10.3\";i:1565699804;s:6:\"1.10.6\";i:1565699815;s:6:\"1.11.0\";i:1567102966;s:6:\"1.11.4\";i:1569636720;s:6:\"1.11.5\";i:1570550965;s:6:\"1.11.6\";i:1570556430;s:6:\"1.11.8\";i:1571278465;s:6:\"1.13.0\";i:1581214732;}s:51:\"boldgrid-backup-premium/boldgrid-backup-premium.php\";a:1:{s:5:\"1.1.0\";i:1560871267;}}s:10:\"autoupdate\";a:3:{s:6:\"wpcore\";a:5:{s:3:\"all\";b:0;s:5:\"major\";b:0;s:5:\"minor\";b:1;s:3:\"dev\";b:0;s:11:\"translation\";b:0;}s:7:\"plugins\";a:22:{s:7:\"default\";b:0;s:49:\"bbb-administration-panel/bigbluebutton-plugin.php\";b:0;s:19:\"bbpress/bbpress.php\";b:0;s:25:\"buddydrive/buddydrive.php\";b:0;s:24:\"buddypress/bp-loader.php\";b:0;s:33:\"hide-admin-bar/hide_admin_bar.php\";b:0;s:27:\"LayerSlider/layerslider.php\";b:0;s:25:\"learnpress/learnpress.php\";b:0;s:48:\"php-compatibility-checker/wpengine-phpcompat.php\";b:0;s:23:\"revslider/revslider.php\";b:0;s:35:\"boldgrid-backup/boldgrid-backup.php\";b:0;s:29:\"vibe-course-module/loader.php\";b:0;s:37:\"vibe-customtypes/vibe-customtypes.php\";b:0;s:35:\"vibe-shortcodes/vibe-shortcodes.php\";b:0;s:27:\"woocommerce/woocommerce.php\";b:0;s:27:\"js_composer/js_composer.php\";b:0;s:24:\"wpforms-lite/wpforms.php\";b:0;s:39:\"wplms-assignments/wplms-assignments.php\";b:0;s:37:\"wplms-customizer/wplms-customizer.php\";b:0;s:35:\"wplms-dashboard/wplms-dashboard.php\";b:0;s:35:\"wplms-front-end/wplms-front-end.php\";b:0;s:39:\"woocommerce-admin/woocommerce-admin.php\";b:0;}s:6:\"themes\";a:4:{s:7:\"default\";b:0;s:5:\"wplms\";b:0;s:15:\"twentyseventeen\";b:0;s:12:\"twentytwenty\";b:0;}}s:15:\"release_channel\";s:6:\"stable\";s:21:\"theme_release_channel\";s:6:\"stable\";}','yes'),(252,'boldgrid_backup_id','f6ec5990','no'),(268,'_amn_wpforms-lite_last_checked','1556236800','yes'),(278,'wpforms_review','a:2:{s:4:\"time\";i:1555896080;s:9:\"dismissed\";b:0;}','yes'),(19423,'storefront_nux_dismissed','1','yes'),(19124,'widget_bp_nouveau_sidebar_object_nav_widget','a:1:{s:12:\"_multiwidget\";i:1;}','yes'),(19125,'widget_bp_latest_activities','a:1:{s:12:\"_multiwidget\";i:1;}','yes'),(19126,'storefront_nux_fresh_site','0','yes'),(34892,'wplms_mycred_eligibility','a:4:{s:6:\"course\";a:9:{s:10:\"subscribed\";s:23:\"wplms_course_subscribed\";s:7:\"started\";s:18:\"wplms_start_course\";s:8:\"finished\";s:19:\"wplms_submit_course\";s:5:\"score\";s:21:\"wplms_evaluate_course\";s:13:\"badges_earned\";s:18:\"wplms_badge_earned\";s:19:\"certificates_earned\";s:24:\"wplms_certificate_earned\";s:13:\"course_review\";s:19:\"wplms_course_review\";s:18:\"course_unsubscribe\";s:24:\"wplms_course_unsubscribe\";s:13:\"course_retake\";s:19:\"wplms_course_retake\";}s:4:\"quiz\";a:4:{s:7:\"started\";s:16:\"wplms_start_quiz\";s:8:\"finished\";s:17:\"wplms_submit_quiz\";s:5:\"score\";s:19:\"wplms_evaluate_quiz\";s:11:\"quiz_retake\";s:17:\"wplms_quiz_retake\";}s:10:\"assignment\";a:3:{s:7:\"started\";s:22:\"wplms_start_assignment\";s:8:\"finished\";s:23:\"wplms_submit_assignment\";s:5:\"score\";s:25:\"wplms_evaluate_assignment\";}s:4:\"unit\";a:1:{s:8:\"finished\";s:19:\"wplms_unit_complete\";}}','yes'),(25633,'_lp_tabs_data','c355a4b8768df9c36726517a4ae5e89b','no'),(4295,'revslider-connection','1','yes'),(4296,'revslider-latest-version','6.3.5','yes'),(4297,'revslider-stable-version','4.2.0','yes'),(19820,'learn_press_emails_completed-order-user','a:4:{s:6:\"enable\";s:3:\"yes\";s:7:\"subject\";s:42:\"Your order on {{order_date}} has completed\";s:7:\"heading\";s:24:\"Your order has completed\";s:13:\"email_content\";a:3:{s:6:\"format\";s:4:\"html\";s:5:\"plain\";s:194:\"\n== {{header}} ==\n\n** Hi \"{{order_user_name}}\", **\n\n** Your recent order at \"{{site_title}}\" has been completed. **\n\n** See your order details below: **\n\n{{order_items_table}}\n\n== {{footer}} ==\n\";s:4:\"html\";s:196:\"{{header}}\n\n<p>Hi <strong>{{order_user_name}}</strong>,</p>\n\n<p>Your recent order at {{site_title}} has been completed.<p>\n\n<p>See your order details below:</p>\n\n{{order_items_table}}\n\n{{footer}}\n\";}}','yes'),(19821,'learn_press_emails_completed-order-guest','a:4:{s:6:\"enable\";s:3:\"yes\";s:7:\"subject\";s:42:\"Your order on {{order_date}} has completed\";s:7:\"heading\";s:24:\"Your order has completed\";s:13:\"email_content\";a:3:{s:6:\"format\";s:4:\"html\";s:5:\"plain\";s:212:\"\n== {{header}} ==\n\n** Hi \"Guest\", **\n\n** Your recent order at \"{{site_title}}\" has been completed. **\n\n** See your order details below: **\n\n** Order key: {{order_key}} **\n\n{{order_items_table}}\n\n== {{footer}} ==\n\";s:4:\"html\";s:215:\"{{header}}\n\n<p>Hi <strong>Guest</strong>,</p>\n\n<p>Your recent order at {{site_title}} has been completed.<p>\n\n<p>See your order details below:</p>\n\n<p>Order key: {{order_key}}</p>\n\n{{order_items_table}}\n\n{{footer}}\n\";}}','yes'),(19822,'learn_press_emails_cancelled-order-admin','a:4:{s:6:\"enable\";s:3:\"yes\";s:7:\"subject\";s:49:\"Order placed on {{order_date}} has been cancelled\";s:7:\"heading\";s:29:\"User order has been cancelled\";s:13:\"email_content\";a:3:{s:6:\"format\";s:4:\"html\";s:5:\"plain\";s:122:\"\n== {{header}} ==\n\n** Order placed by \"{{order_user_name}}\" has been cancelled **\n\n{{order_items_table}}\n\n== {{footer}} ==\";s:4:\"html\";s:125:\"{{header}}\n\n<p>Order placed by <strong>{{order_user_name}}</strong> has been cancelled</p>\n\n{{order_items_table}}\n\n{{footer}}\";}}','yes'),(4298,'revslider-notices','a:2:{i:0;O:8:\"stdClass\":8:{s:7:\"version\";s:6:\"6.2.18\";s:4:\"text\";s:283:\"<div style=\"display: block; background-color: #150A33;\"><a href=\"//www.themepunch.com/faq/wordpress-5-5-important-update-information/\" target=\"_blank\"><img alt=\"Important Notice\" src=\"//updates.themepunch-ext-a.tools/banners/important_banner.jpg\" width=\"1400\" height=\"250\"></a></div>\";s:4:\"code\";s:10:\"TPRS630-01\";s:5:\"color\";s:5:\"green\";s:7:\"disable\";b:0;s:9:\"is_global\";b:0;s:4:\"type\";s:1:\"3\";s:10:\"additional\";a:0:{}}i:1;O:8:\"stdClass\":8:{s:7:\"version\";s:5:\"9.9.9\";s:4:\"text\";s:304:\"<div style=\"display: block; background-color: #F3F2F6;\"><a href=\"//www.sliderrevolution.com/get-on-board-the-slider-revolution-dashboard/?ref=iwantaccess\" target=\"_blank\"><img alt=\"Important Notice\" src=\"//updates.themepunch-ext-a.tools/banners/onboarding_banner.jpg\" width=\"1400\" height=\"250\"></a></div>\";s:4:\"code\";s:10:\"TPRS999-01\";s:5:\"color\";s:5:\"green\";s:7:\"disable\";b:0;s:9:\"is_global\";b:0;s:4:\"type\";s:1:\"3\";s:10:\"additional\";a:0:{}}}','yes'),(4299,'revslider-dashboard','a:0:{}','yes'),(4300,'revslider-addons','O:8:\"stdClass\":25:{s:22:\"revslider-backup-addon\";O:8:\"stdClass\":11:{s:4:\"slug\";s:22:\"revslider-backup-addon\";s:12:\"version_from\";s:5:\"5.2.0\";s:10:\"version_to\";s:5:\"9.9.9\";s:5:\"title\";s:6:\"Backup\";s:6:\"line_1\";s:12:\"Make Backups\";s:6:\"line_2\";s:25:\"Revisions for your safety\";s:9:\"available\";s:5:\"1.0.2\";s:10:\"background\";s:0:\"\";s:6:\"button\";s:11:\"How to use?\";s:6:\"global\";b:1;s:4:\"logo\";O:8:\"stdClass\":3:{s:3:\"img\";s:73:\"//updates.themepunch-ext-a.tools/revslider/addons/images/addon_backup.jpg\";s:5:\"color\";s:0:\"\";s:4:\"text\";s:2:\"BU\";}}s:23:\"revslider-gallery-addon\";O:8:\"stdClass\":11:{s:4:\"slug\";s:23:\"revslider-gallery-addon\";s:12:\"version_from\";s:5:\"5.2.0\";s:10:\"version_to\";s:5:\"9.9.9\";s:5:\"title\";s:17:\"WordPress Gallery\";s:6:\"line_1\";s:31:\"Replace the standard WP Gallery\";s:6:\"line_2\";s:31:\"with the Sliders of your choice\";s:9:\"available\";s:5:\"1.0.2\";s:10:\"background\";s:0:\"\";s:6:\"button\";s:9:\"Configure\";s:6:\"global\";b:1;s:4:\"logo\";O:8:\"stdClass\":3:{s:3:\"img\";s:76:\"//updates.themepunch-ext-a.tools/revslider/addons/images/addon_wpgallery.jpg\";s:5:\"color\";s:0:\"\";s:4:\"text\";s:2:\"GA\";}}s:25:\"revslider-rel-posts-addon\";O:8:\"stdClass\":11:{s:4:\"slug\";s:25:\"revslider-rel-posts-addon\";s:12:\"version_from\";s:7:\"5.2.4.1\";s:10:\"version_to\";s:5:\"9.9.9\";s:5:\"title\";s:13:\"Related Posts\";s:6:\"line_1\";s:25:\"Add related Posts Sliders\";s:6:\"line_2\";s:31:\"at the end of your post content\";s:9:\"available\";s:5:\"1.0.1\";s:10:\"background\";s:0:\"\";s:6:\"button\";s:9:\"Configure\";s:6:\"global\";b:1;s:4:\"logo\";O:8:\"stdClass\":3:{s:3:\"img\";s:76:\"//updates.themepunch-ext-a.tools/revslider/addons/images/addon_wprelated.jpg\";s:5:\"color\";s:0:\"\";s:4:\"text\";s:2:\"RP\";}}s:26:\"revslider-typewriter-addon\";O:8:\"stdClass\":11:{s:4:\"slug\";s:26:\"revslider-typewriter-addon\";s:12:\"version_from\";s:5:\"5.3.0\";s:10:\"version_to\";s:5:\"9.9.9\";s:5:\"title\";s:17:\"Typewriter Effect\";s:6:\"line_1\";s:27:\"Enhance your slider\'s text \";s:6:\"line_2\";s:24:\"with typewriter effects \";s:9:\"available\";s:5:\"1.0.3\";s:10:\"background\";s:0:\"\";s:6:\"button\";s:9:\"Configure\";s:6:\"global\";b:0;s:4:\"logo\";O:8:\"stdClass\":3:{s:3:\"img\";s:77:\"//updates.themepunch-ext-a.tools/revslider/addons/images/addon_typewriter.jpg\";s:5:\"color\";s:0:\"\";s:4:\"text\";s:2:\"TW\";}}s:23:\"revslider-sharing-addon\";O:8:\"stdClass\":11:{s:4:\"slug\";s:23:\"revslider-sharing-addon\";s:12:\"version_from\";s:5:\"5.3.1\";s:10:\"version_to\";s:5:\"9.9.9\";s:5:\"title\";s:14:\"Social Sharing\";s:6:\"line_1\";s:17:\"Share your slides\";s:6:\"line_2\";s:50:\"with RevSlider \"actions\" because sharing is caring\";s:9:\"available\";s:5:\"1.1.2\";s:10:\"background\";s:0:\"\";s:6:\"button\";s:11:\"How to use?\";s:6:\"global\";b:1;s:4:\"logo\";O:8:\"stdClass\":3:{s:3:\"img\";s:80:\"//updates.themepunch-ext-a.tools/revslider/addons/images/addon_socialsharing.jpg\";s:5:\"color\";s:0:\"\";s:4:\"text\";s:2:\"SH\";}}s:27:\"revslider-maintenance-addon\";O:8:\"stdClass\":11:{s:4:\"slug\";s:27:\"revslider-maintenance-addon\";s:12:\"version_from\";s:5:\"5.3.1\";s:10:\"version_to\";s:5:\"9.9.9\";s:5:\"title\";s:15:\"Coming & Maint.\";s:6:\"line_1\";s:37:\"Simple Coming Soon & Maintenance Page\";s:6:\"line_2\";s:42:\"Let your visitors know what\'s up and when!\";s:9:\"available\";s:5:\"1.0.5\";s:10:\"background\";s:0:\"\";s:6:\"button\";s:9:\"Configure\";s:6:\"global\";b:1;s:4:\"logo\";O:8:\"stdClass\":3:{s:3:\"img\";s:84:\"//updates.themepunch-ext-a.tools/revslider/addons/images/addon_underconstruction.jpg\";s:5:\"color\";s:0:\"\";s:4:\"text\";s:2:\"MT\";}}s:20:\"revslider-snow-addon\";O:8:\"stdClass\":11:{s:4:\"slug\";s:20:\"revslider-snow-addon\";s:12:\"version_from\";s:5:\"5.4.6\";s:10:\"version_to\";s:5:\"9.9.9\";s:5:\"title\";s:12:\"Holiday Snow\";s:6:\"line_1\";s:12:\"Let it snow!\";s:6:\"line_2\";s:32:\"Add animated snow to any Slider \";s:9:\"available\";s:5:\"1.0.5\";s:10:\"background\";s:0:\"\";s:6:\"button\";s:11:\"How to use?\";s:6:\"global\";b:0;s:4:\"logo\";O:8:\"stdClass\":3:{s:3:\"img\";s:71:\"//updates.themepunch-ext-a.tools/revslider/addons/images/addon_snow.jpg\";s:5:\"color\";s:0:\"\";s:4:\"text\";s:2:\"SN\";}}s:22:\"revslider-slicey-addon\";O:8:\"stdClass\":11:{s:4:\"slug\";s:22:\"revslider-slicey-addon\";s:12:\"version_from\";s:5:\"5.4.6\";s:10:\"version_to\";s:5:\"9.9.9\";s:5:\"title\";s:6:\"Slicey\";s:6:\"line_1\";s:20:\"Slice \'em up nicely!\";s:6:\"line_2\";s:38:\"Create image slices of your background\";s:9:\"available\";s:5:\"1.0.2\";s:10:\"background\";s:0:\"\";s:6:\"button\";s:6:\"How To\";s:6:\"global\";b:0;s:4:\"logo\";O:8:\"stdClass\":3:{s:3:\"img\";s:73:\"//updates.themepunch-ext-a.tools/revslider/addons/images/addon_slicey.jpg\";s:5:\"color\";s:0:\"\";s:4:\"text\";s:2:\"SL\";}}s:24:\"revslider-polyfold-addon\";O:8:\"stdClass\":11:{s:4:\"slug\";s:24:\"revslider-polyfold-addon\";s:12:\"version_from\";s:5:\"5.4.6\";s:10:\"version_to\";s:5:\"9.9.9\";s:5:\"title\";s:22:\"Polyfold Scroll Effect\";s:6:\"line_1\";s:32:\"Add sharp edges to your sliders \";s:6:\"line_2\";s:35:\"as they scroll into and out of view\";s:9:\"available\";s:5:\"1.0.2\";s:10:\"background\";s:0:\"\";s:6:\"button\";s:11:\"How to use?\";s:6:\"global\";b:0;s:4:\"logo\";O:8:\"stdClass\":3:{s:3:\"img\";s:75:\"//updates.themepunch-ext-a.tools/revslider/addons/images/addon_polyfold.jpg\";s:5:\"color\";s:7:\"#3e186f\";s:4:\"text\";s:2:\"PF\";}}s:27:\"revslider-beforeafter-addon\";O:8:\"stdClass\":11:{s:4:\"slug\";s:27:\"revslider-beforeafter-addon\";s:12:\"version_from\";s:5:\"5.4.6\";s:10:\"version_to\";s:5:\"9.9.9\";s:5:\"title\";s:14:\"Before & After\";s:6:\"line_1\";s:35:\"Compare two slides before and after\";s:6:\"line_2\";s:33:\"use it vertically or horizontally\";s:9:\"available\";s:5:\"1.0.3\";s:10:\"background\";s:0:\"\";s:6:\"button\";s:6:\"How To\";s:6:\"global\";b:0;s:4:\"logo\";O:8:\"stdClass\":3:{s:3:\"img\";s:78:\"//updates.themepunch-ext-a.tools/revslider/addons/images/addon_beforeafter.jpg\";s:5:\"color\";s:0:\"\";s:4:\"text\";s:2:\"BA\";}}s:24:\"revslider-panorama-addon\";O:8:\"stdClass\":11:{s:4:\"slug\";s:24:\"revslider-panorama-addon\";s:12:\"version_from\";s:7:\"5.4.5.2\";s:10:\"version_to\";s:5:\"9.9.9\";s:5:\"title\";s:8:\"Panorama\";s:6:\"line_1\";s:14:\"Panorama AddOn\";s:6:\"line_2\";s:29:\"Display images in 360ÃÂ°\";s:9:\"available\";s:5:\"1.0.0\";s:10:\"background\";s:0:\"\";s:6:\"button\";s:6:\"How To\";s:6:\"global\";b:0;s:4:\"logo\";O:8:\"stdClass\":3:{s:3:\"img\";s:75:\"//updates.themepunch-ext-a.tools/revslider/addons/images/addon_panorama.jpg\";s:5:\"color\";s:0:\"\";s:4:\"text\";s:2:\"PN\";}}s:30:\"revslider-duotonefilters-addon\";O:8:\"stdClass\":11:{s:4:\"slug\";s:30:\"revslider-duotonefilters-addon\";s:12:\"version_from\";s:5:\"5.4.6\";s:10:\"version_to\";s:5:\"9.9.9\";s:5:\"title\";s:7:\"Duotone\";s:6:\"line_1\";s:7:\"Duotone\";s:6:\"line_2\";s:25:\"Because one is not enough\";s:9:\"available\";s:5:\"1.0.2\";s:10:\"background\";s:0:\"\";s:6:\"button\";s:6:\"How To\";s:6:\"global\";b:0;s:4:\"logo\";O:8:\"stdClass\":3:{s:3:\"img\";s:74:\"//updates.themepunch-ext-a.tools/revslider/addons/images/addon_duotone.jpg\";s:5:\"color\";s:0:\"\";s:4:\"text\";s:3:\"DTF\";}}s:24:\"revslider-revealer-addon\";O:8:\"stdClass\":11:{s:4:\"slug\";s:24:\"revslider-revealer-addon\";s:12:\"version_from\";s:5:\"5.4.6\";s:10:\"version_to\";s:5:\"9.9.9\";s:5:\"title\";s:6:\"Reveal\";s:6:\"line_1\";s:9:\"Reveal...\";s:6:\"line_2\";s:37:\"...your inner beast... and RevSliders\";s:9:\"available\";s:5:\"1.0.1\";s:10:\"background\";s:0:\"\";s:6:\"button\";s:6:\"How To\";s:6:\"global\";b:0;s:4:\"logo\";O:8:\"stdClass\":3:{s:3:\"img\";s:73:\"//updates.themepunch-ext-a.tools/revslider/addons/images/addon_reveal.jpg\";s:5:\"color\";s:0:\"\";s:4:\"text\";s:2:\"RV\";}}s:27:\"revslider-bubblemorph-addon\";O:8:\"stdClass\":11:{s:4:\"slug\";s:27:\"revslider-bubblemorph-addon\";s:12:\"version_from\";s:5:\"5.4.6\";s:10:\"version_to\";s:5:\"9.9.9\";s:5:\"title\";s:11:\"BubbleMorph\";s:6:\"line_1\";s:26:\"Include BubbleMorph Layers\";s:6:\"line_2\";s:33:\"for a decorative lava lamp effect\";s:9:\"available\";s:5:\"1.0.0\";s:10:\"background\";s:0:\"\";s:6:\"button\";s:6:\"How To\";s:6:\"global\";b:0;s:4:\"logo\";O:8:\"stdClass\":3:{s:3:\"img\";s:78:\"//updates.themepunch-ext-a.tools/revslider/addons/images/addon_bubblemorph.jpg\";s:5:\"color\";s:0:\"\";s:4:\"text\";s:2:\"BM\";}}s:28:\"revslider-liquideffect-addon\";O:8:\"stdClass\":11:{s:4:\"slug\";s:28:\"revslider-liquideffect-addon\";s:12:\"version_from\";s:5:\"5.4.6\";s:10:\"version_to\";s:5:\"9.9.9\";s:5:\"title\";s:10:\"Distortion\";s:6:\"line_1\";s:22:\"Add Distortion Effects\";s:6:\"line_2\";s:30:\"to your slides and transitions\";s:9:\"available\";s:5:\"1.0.2\";s:10:\"background\";s:0:\"\";s:6:\"button\";s:6:\"How To\";s:6:\"global\";b:0;s:4:\"logo\";O:8:\"stdClass\":3:{s:3:\"img\";s:77:\"//updates.themepunch-ext-a.tools/revslider/addons/images/addon_distortion.jpg\";s:5:\"color\";s:0:\"\";s:4:\"text\";s:2:\"LE\";}}s:26:\"revslider-paintbrush-addon\";O:8:\"stdClass\":11:{s:4:\"slug\";s:26:\"revslider-paintbrush-addon\";s:12:\"version_from\";s:5:\"5.4.6\";s:10:\"version_to\";s:5:\"9.9.9\";s:5:\"title\";s:10:\"Paintbrush\";s:6:\"line_1\";s:14:\"Paint or Erase\";s:6:\"line_2\";s:22:\"your background images\";s:9:\"available\";s:5:\"1.0.0\";s:10:\"background\";s:0:\"\";s:6:\"button\";s:6:\"How To\";s:6:\"global\";b:0;s:4:\"logo\";O:8:\"stdClass\":3:{s:3:\"img\";s:77:\"//updates.themepunch-ext-a.tools/revslider/addons/images/addon_paintbrush.jpg\";s:5:\"color\";s:0:\"\";s:4:\"text\";s:2:\"PB\";}}s:19:\"revslider-404-addon\";O:8:\"stdClass\":11:{s:4:\"slug\";s:19:\"revslider-404-addon\";s:12:\"version_from\";s:3:\"5.3\";s:10:\"version_to\";s:5:\"9.9.9\";s:5:\"title\";s:3:\"404\";s:6:\"line_1\";s:39:\"Build custom 404 \"Page not Found\" Pages\";s:6:\"line_2\";s:28:\"with Slider Revolution swag!\";s:9:\"available\";s:5:\"1.0.1\";s:10:\"background\";s:0:\"\";s:6:\"button\";s:9:\"Configure\";s:6:\"global\";b:1;s:4:\"logo\";O:8:\"stdClass\":3:{s:3:\"img\";s:70:\"//updates.themepunch-ext-a.tools/revslider/addons/images/addon_404.jpg\";s:5:\"color\";s:0:\"\";s:4:\"text\";s:3:\"404\";}}s:30:\"revslider-prevnext-posts-addon\";O:8:\"stdClass\":11:{s:4:\"slug\";s:30:\"revslider-prevnext-posts-addon\";s:12:\"version_from\";s:3:\"5.4\";s:10:\"version_to\";s:5:\"9.9.9\";s:5:\"title\";s:14:\"Adjacent Posts\";s:6:\"line_1\";s:30:\"Display previous and next post\";s:6:\"line_2\";s:28:\"to the currently showing one\";s:9:\"available\";s:5:\"1.0.0\";s:10:\"background\";s:0:\"\";s:6:\"button\";s:9:\"Configure\";s:6:\"global\";b:1;s:4:\"logo\";O:8:\"stdClass\":3:{s:3:\"img\";s:77:\"//updates.themepunch-ext-a.tools/revslider/addons/images/addon_wpadjacent.jpg\";s:5:\"color\";s:0:\"\";s:4:\"text\";s:2:\"PN\";}}s:25:\"revslider-filmstrip-addon\";O:8:\"stdClass\":11:{s:4:\"slug\";s:25:\"revslider-filmstrip-addon\";s:12:\"version_from\";s:5:\"5.4.6\";s:10:\"version_to\";s:5:\"9.9.9\";s:5:\"title\";s:9:\"Filmstrip\";s:6:\"line_1\";s:44:\"Display a continously rotating set of images\";s:6:\"line_2\";s:26:\"for your slide backgrounds\";s:9:\"available\";s:5:\"1.0.2\";s:10:\"background\";s:0:\"\";s:6:\"button\";s:6:\"How To\";s:6:\"global\";b:0;s:4:\"logo\";O:8:\"stdClass\":3:{s:3:\"img\";s:76:\"//updates.themepunch-ext-a.tools/revslider/addons/images/addon_filmstrip.jpg\";s:5:\"color\";s:0:\"\";s:4:\"text\";s:2:\"FS\";}}s:21:\"revslider-login-addon\";O:8:\"stdClass\":11:{s:4:\"slug\";s:21:\"revslider-login-addon\";s:12:\"version_from\";s:3:\"5.4\";s:10:\"version_to\";s:5:\"9.9.9\";s:5:\"title\";s:10:\"Login Page\";s:6:\"line_1\";s:25:\"Very simple WP Login Page\";s:6:\"line_2\";s:34:\"enhanced with your favorite slider\";s:9:\"available\";s:5:\"1.0.0\";s:10:\"background\";s:0:\"\";s:6:\"button\";s:9:\"Configure\";s:6:\"global\";b:1;s:4:\"logo\";O:8:\"stdClass\":3:{s:3:\"img\";s:72:\"//updates.themepunch-ext-a.tools/revslider/addons/images/addon_login.jpg\";s:5:\"color\";s:0:\"\";s:4:\"text\";s:2:\"LI\";}}s:24:\"revslider-featured-addon\";O:8:\"stdClass\":11:{s:4:\"slug\";s:24:\"revslider-featured-addon\";s:12:\"version_from\";s:3:\"5.4\";s:10:\"version_to\";s:5:\"9.9.9\";s:5:\"title\";s:20:\"Post Featured Slider\";s:6:\"line_1\";s:25:\"Display a featured Slider\";s:6:\"line_2\";s:41:\"instead of a featured Image in your Posts\";s:9:\"available\";s:5:\"1.0.0\";s:10:\"background\";s:0:\"\";s:6:\"button\";s:9:\"Configure\";s:6:\"global\";b:1;s:4:\"logo\";O:8:\"stdClass\":3:{s:3:\"img\";s:77:\"//updates.themepunch-ext-a.tools/revslider/addons/images/addon_wpfeatured.jpg\";s:5:\"color\";s:0:\"\";s:4:\"text\";s:2:\"FT\";}}s:23:\"revslider-weather-addon\";O:8:\"stdClass\":11:{s:4:\"slug\";s:23:\"revslider-weather-addon\";s:12:\"version_from\";s:7:\"5.4.5.2\";s:10:\"version_to\";s:5:\"9.9.9\";s:5:\"title\";s:7:\"Weather\";s:6:\"line_1\";s:21:\"Every where you go...\";s:6:\"line_2\";s:36:\"...always take the weather with you!\";s:9:\"available\";s:5:\"1.0.5\";s:10:\"background\";s:0:\"\";s:6:\"button\";s:9:\"Configure\";s:6:\"global\";b:0;s:4:\"logo\";O:8:\"stdClass\":3:{s:3:\"img\";s:74:\"//updates.themepunch-ext-a.tools/revslider/addons/images/addon_weather.jpg\";s:5:\"color\";s:0:\"\";s:4:\"text\";s:2:\"WT\";}}s:31:\"revslider-explodinglayers-addon\";O:8:\"stdClass\":11:{s:4:\"slug\";s:31:\"revslider-explodinglayers-addon\";s:12:\"version_from\";s:5:\"5.4.6\";s:10:\"version_to\";s:5:\"9.9.9\";s:5:\"title\";s:16:\"Exploding Layers\";s:6:\"line_1\";s:23:\"Add explosive particles\";s:6:\"line_2\";s:24:\"to your layers animation\";s:9:\"available\";s:5:\"1.0.0\";s:10:\"background\";s:0:\"\";s:6:\"button\";s:6:\"How To\";s:6:\"global\";b:0;s:4:\"logo\";O:8:\"stdClass\":3:{s:3:\"img\";s:76:\"//updates.themepunch-ext-a.tools/revslider/addons/images/addon_exploding.jpg\";s:5:\"color\";s:0:\"\";s:4:\"text\";s:2:\"EL\";}}s:23:\"revslider-refresh-addon\";O:8:\"stdClass\":11:{s:4:\"slug\";s:23:\"revslider-refresh-addon\";s:12:\"version_from\";s:5:\"5.4.6\";s:10:\"version_to\";s:5:\"9.9.9\";s:5:\"title\";s:8:\"(Re)Load\";s:6:\"line_1\";s:39:\"Reload the current page or a custom URL\";s:6:\"line_2\";s:34:\"after a certain time, loops, slide\";s:9:\"available\";s:5:\"1.0.2\";s:10:\"background\";s:0:\"\";s:6:\"button\";s:6:\"How To\";s:6:\"global\";b:0;s:4:\"logo\";O:8:\"stdClass\":3:{s:3:\"img\";s:73:\"//updates.themepunch-ext-a.tools/revslider/addons/images/addon_reload.jpg\";s:5:\"color\";s:0:\"\";s:4:\"text\";s:2:\"RF\";}}s:25:\"revslider-particles-addon\";O:8:\"stdClass\":11:{s:4:\"slug\";s:25:\"revslider-particles-addon\";s:12:\"version_from\";s:5:\"5.4.6\";s:10:\"version_to\";s:5:\"9.9.9\";s:5:\"title\";s:16:\"Particle Effects\";s:6:\"line_1\";s:17:\"Let\'s Parti(cle)!\";s:6:\"line_2\";s:51:\"Add interactive particle animations to your sliders\";s:9:\"available\";s:5:\"1.0.6\";s:10:\"background\";s:0:\"\";s:6:\"button\";s:11:\"How to use?\";s:6:\"global\";b:0;s:4:\"logo\";O:8:\"stdClass\":3:{s:3:\"img\";s:76:\"//updates.themepunch-ext-a.tools/revslider/addons/images/addon_particles.jpg\";s:5:\"color\";s:0:\"\";s:4:\"text\";s:2:\"PT\";}}}','yes'),(14778,'_amn_wpforms-lite_to_check','1581463254','yes'),(30973,'course_category_children','a:0:{}','yes'),(31133,'wphb-minification-files-scanned','1','yes'),(360,'current_theme','WPLMS','yes'),(361,'theme_mods_wplms','a:9:{i:0;b:0;s:18:\"nav_menu_locations\";a:6:{s:9:\"main-menu\";i:259;s:18:\"pmpro-login-widget\";i:259;s:8:\"loggedin\";i:259;s:7:\"profile\";i:259;s:8:\"top-menu\";i:259;s:11:\"mobile-menu\";i:259;}s:18:\"custom_css_post_id\";i:-1;s:16:\"sidebars_widgets\";a:2:{s:4:\"time\";i:1584362756;s:4:\"data\";a:14:{s:19:\"wp_inactive_widgets\";a:55:{i:0;s:6:\"text-3\";i:1;s:10:\"nav_menu-2\";i:2;s:10:\"nav_menu-3\";i:3;s:10:\"nav_menu-4\";i:4;s:10:\"nav_menu-5\";i:5;s:10:\"nav_menu-7\";i:6;s:10:\"nav_menu-8\";i:7;s:24:\"vibe_course_categories-2\";i:8;s:26:\"bigbluebuttonsidebarwidget\";i:9;s:10:\"calendar-2\";i:10;s:14:\"recent-posts-3\";i:11;s:17:\"recent-comments-3\";i:12;s:17:\"recent-comments-4\";i:13;s:10:\"nav_menu-6\";i:14;s:10:\"nav_menu-9\";i:15;s:18:\"bbp_login_widget-3\";i:16;s:18:\"bbp_login_widget-4\";i:17;s:18:\"bbp_login_widget-5\";i:18;s:18:\"bbp_login_widget-6\";i:19;s:18:\"bbp_views_widget-2\";i:20;s:19:\"bbp_search_widget-2\";i:21;s:20:\"bbp_replies_widget-2\";i:22;s:27:\"lp-widget-course-progress-2\";i:23;s:23:\"lp-widget-course-info-3\";i:24;s:38:\"woocommerce_recently_viewed_products-2\";i:25;s:38:\"woocommerce_recently_viewed_products-3\";i:26;s:16:\"wpforms-widget-2\";i:27;s:34:\"wplms_instructor_students_widget-2\";i:28;s:22:\"bp_core_login_widget-2\";i:29;s:22:\"bp_core_login_widget-3\";i:30;s:22:\"bp_core_login_widget-4\";i:31;s:22:\"bp_core_login_widget-5\";i:32;s:22:\"bp_core_login_widget-6\";i:33;s:22:\"bp_core_login_widget-8\";i:34;s:24:\"bp_core_members_widget-2\";i:35;s:24:\"bp_core_members_widget-3\";i:36;s:28:\"bp_core_whos_online_widget-2\";i:37;s:28:\"bp_core_whos_online_widget-3\";i:38;s:28:\"bp_core_whos_online_widget-4\";i:39;s:28:\"bp_core_whos_online_widget-5\";i:40;s:32:\"bp_core_recently_active_widget-2\";i:41;s:32:\"bp_core_recently_active_widget-3\";i:42;s:18:\"bp_course_widget-4\";i:43;s:18:\"bp_course_widget-6\";i:44;s:18:\"bp_course_widget-7\";i:45;s:22:\"bp_instructor_widget-2\";i:46;s:24:\"bp_course_stats_widget-3\";i:47;s:26:\"bp_course_reviews_widget-2\";i:48;s:31:\"bp_course_certificates_widget-2\";i:49;s:34:\"bp_course_related_courses_widget-2\";i:50;s:14:\"member_types-3\";i:51;s:14:\"vibecarousel-2\";i:52;s:10:\"vibetabs-2\";i:53;s:11:\"vibeposts-3\";i:54;s:28:\"vibe_woocommerce_carousels-2\";}s:15:\"student_sidebar\";a:8:{i:0;s:18:\"wplms_dash_stats-2\";i:1;s:18:\"wplms_dash_stats-3\";i:2;s:18:\"wplms_dash_stats-4\";i:3;s:18:\"wplms_dash_stats-5\";i:4;s:24:\"wplms_notes_discussion-2\";i:5;s:22:\"wplms_dash_mymodules-2\";i:6;s:23:\"wplms_course_progress-2\";i:7;s:21:\"wplms_dash_activity-2\";}s:18:\"instructor_sidebar\";a:9:{i:0;s:25:\"bp_course_search_widget-4\";i:1;s:24:\"bp_course_stats_widget-2\";i:2;s:18:\"bp_course_widget-5\";i:3;s:24:\"bp_course_stats_widget-4\";i:4;s:22:\"bp_instructor_widget-4\";i:5;s:32:\"wplms_dash_instructing_modules-2\";i:6;s:34:\"wplms_instructor_students_widget-3\";i:7;s:23:\"lp-widget-course-info-4\";i:8;s:28:\"vibe_woocommerce_carousels-3\";}s:11:\"mainsidebar\";a:6:{i:0;s:8:\"search-2\";i:1;s:14:\"recent-posts-2\";i:2;s:17:\"recent-comments-2\";i:3;s:10:\"archives-2\";i:4;s:12:\"categories-2\";i:5;s:6:\"meta-2\";}s:7:\"bbpress\";a:0:{}s:13:\"coursesidebar\";a:3:{i:0;s:20:\"wplms_course_codes-3\";i:1;s:25:\"bp_course_search_widget-3\";i:2;s:22:\"bp_instructor_widget-3\";}s:13:\"searchsidebar\";a:0:{}s:11:\"shopsidebar\";a:0:{}s:14:\"productsidebar\";a:0:{}s:10:\"buddypress\";a:1:{i:0;s:25:\"bp_course_filter_widget-2\";}s:8:\"checkout\";a:0:{}s:16:\"topfootersidebar\";a:1:{i:0;s:6:\"text-2\";}s:19:\"bottomfootersidebar\";a:1:{i:0;s:21:\"vibecertificatecode-2\";}s:8:\"MegaMenu\";a:0:{}}}s:16:\"background_color\";s:0:\"\";s:16:\"background_image\";s:59:\"https://tesoll.com/wp-content/uploads/2020/12/wp3436833.jpg\";s:21:\"background_position_x\";s:5:\"right\";s:21:\"background_position_y\";s:6:\"center\";s:15:\"background_size\";s:7:\"contain\";}','yes'),(362,'theme_switched','','yes'),(369,'widget_vibetestimonials','a:2:{s:12:\"_multiwidget\";i:1;i:2;a:3:{s:5:\"title\";s:20:\"Featured Testimonial\";s:2:\"id\";s:6:\"random\";s:6:\"length\";s:2:\"40\";}}','yes'),(370,'widget_vibe_woocommerce_carousels','a:3:{i:2;a:5:{s:5:\"title\";s:17:\"Featured Products\";s:8:\"function\";s:17:\"featured_products\";s:7:\"columns\";s:1:\"1\";s:8:\"controls\";s:9:\"direction\";s:6:\"number\";s:0:\"\";}i:3;a:5:{s:5:\"title\";s:17:\"Featured Products\";s:8:\"function\";s:17:\"featured_products\";s:7:\"columns\";s:1:\"1\";s:8:\"controls\";s:9:\"direction\";s:6:\"number\";s:0:\"\";}s:12:\"_multiwidget\";i:1;}','yes'),(371,'widget_vibe_twitter_widget','a:2:{s:12:\"_multiwidget\";i:1;i:3;a:13:{s:5:\"title\";s:11:\"Last Tweets\";s:5:\"style\";s:7:\"default\";s:10:\"link_title\";b:0;s:12:\"consumer_key\";s:22:\"tV2bKYeMtpIoUTcbMF2ttA\";s:15:\"consumer_secret\";s:40:\"moYoOzlKAXltNV44fKP7sq5R9WqZ4UZsQl7plDOk\";s:12:\"access_token\";s:50:\"17913589-axngQkDHyOE2FSoyrc7VzWrqVloW1I3JmF4l9ABqv\";s:19:\"access_token_secret\";s:42:\"DQoWWGRaarfk7No2C6kh4PTEGMERzaSEJbR0SYdn28\";s:8:\"username\";s:10:\"vibethemes\";s:3:\"num\";s:1:\"5\";s:6:\"update\";b:1;s:10:\"hyperlinks\";b:1;s:13:\"twitter_users\";b:0;s:17:\"link_target_blank\";b:0;}}','yes'),(372,'widget_quick-flickr-widget','a:1:{s:12:\"_multiwidget\";i:1;}','yes'),(373,'wplms','a:108:{s:8:\"last_tab\";s:1:\"3\";s:8:\"username\";s:0:\"\";s:4:\"logo\";s:82:\"https://tesoll.com/wp-content/uploads/2020/12/IBTS-logo-solo-color-with-french.png\";s:11:\"mobile_logo\";s:82:\"https://tesoll.com/wp-content/uploads/2020/12/IBTS-logo-solo-color-with-french.png\";s:8:\"alt_logo\";s:82:\"https://tesoll.com/wp-content/uploads/2020/12/IBTS-logo-solo-color-with-french.png\";s:7:\"favicon\";s:82:\"https://tesoll.com/wp-content/uploads/2020/12/IBTS-logo-solo-color-with-french.png\";s:10:\"header_fix\";s:1:\"1\";s:13:\"course_search\";s:1:\"0\";s:17:\"headertop_content\";s:45:\"Call us Today! 001 5144514959| info@ibtsi.com\";s:14:\"header_content\";s:0:\"\";s:14:\"default_avatar\";s:63:\"https://tesoll.com/wp-content/uploads/2020/12/ibts-new-logo.png\";s:17:\"hide_wp_admin_bar\";s:0:\"\";s:15:\"wp_admin_access\";s:0:\"\";s:11:\"loop_number\";s:1:\"5\";s:12:\"members_view\";s:1:\"1\";s:18:\"single_member_view\";s:1:\"1\";s:22:\"single_member_controls\";s:0:\"\";s:16:\"members_redirect\";s:0:\"\";s:13:\"activity_view\";s:1:\"3\";s:20:\"single_activity_view\";s:1:\"1\";s:16:\"student_activity\";s:1:\"1\";s:17:\"activity_redirect\";s:0:\"\";s:10:\"group_view\";s:1:\"1\";s:14:\"group_redirect\";s:0:\"\";s:12:\"group_create\";s:1:\"1\";s:11:\"blog_create\";s:1:\"1\";s:16:\"members_activity\";s:1:\"0\";s:12:\"activity_tab\";s:1:\"1\";s:10:\"groups_tab\";s:1:\"1\";s:10:\"forums_tab\";s:1:\"1\";s:19:\"activation_redirect\";s:2:\"24\";s:25:\"enable_groups_join_button\";s:1:\"1\";s:13:\"student_field\";s:8:\"Location\";s:22:\"instructor_field_group\";s:10:\"Instructor\";s:16:\"instructor_field\";s:10:\"Speciality\";s:18:\"social_field_group\";s:15:\"Social Profiles\";s:23:\"instructor_paypal_field\";s:0:\"\";s:16:\"instructor_about\";s:5:\"About\";s:30:\"enable_ajax_registration_login\";s:1:\"2\";s:24:\"custom_registration_page\";s:0:\"\";s:16:\"take_course_page\";s:2:\"12\";s:13:\"create_course\";s:2:\"25\";s:13:\"unit_comments\";s:4:\"3953\";s:18:\"sync_student_count\";s:1:\"0\";s:33:\"disable_contextmenu_course_status\";s:1:\"1\";s:23:\"tab_style_course_layout\";s:1:\"0\";s:22:\"course_status_template\";s:7:\"default\";s:17:\"new_course_status\";s:7:\"publish\";s:15:\"nextunit_access\";s:1:\"0\";s:15:\"unit_media_lock\";s:1:\"0\";s:18:\"assignment_locking\";s:1:\"0\";s:23:\"instructor_add_students\";s:1:\"1\";s:24:\"instructor_change_status\";s:1:\"1\";s:24:\"instructor_assign_badges\";s:1:\"1\";s:30:\"instructor_extend_subscription\";s:1:\"1\";s:26:\"instructor_content_privacy\";s:1:\"0\";s:16:\"stats_visibility\";s:1:\"3\";s:12:\"teacher_form\";s:2:\"87\";s:16:\"certificate_page\";s:0:\"\";s:21:\"default_course_avatar\";s:0:\"\";s:33:\"course_duration_display_parameter\";s:5:\"86400\";s:22:\"finished_course_access\";s:1:\"1\";s:11:\"notes_style\";s:1:\"1\";s:9:\"show_news\";s:1:\"1\";s:5:\"level\";s:1:\"1\";s:8:\"location\";s:1:\"1\";s:7:\"linkage\";s:1:\"1\";s:29:\"redirect_course_cat_directory\";s:0:\"\";s:26:\"default_course_block_style\";s:7:\"course3\";s:15:\"related_courses\";s:1:\"1\";s:20:\"google_fonts_api_key\";s:0:\"\";s:18:\"top_footer_columns\";s:17:\"col-md-3 col-sm-6\";s:21:\"bottom_footer_columns\";s:17:\"col-md-3 col-sm-6\";s:11:\"footer_logo\";s:82:\"https://tesoll.com/wp-content/uploads/2020/12/IBTS-logo-solo-color-with-french.png\";s:9:\"copyright\";s:45:\"IBTS © TESOL Canada ®. All rights reserved.\";s:18:\"footerbottom_right\";s:1:\"1\";s:16:\"google_analytics\";s:0:\"\";s:12:\"social_icons\";a:2:{s:6:\"social\";a:3:{i:0;s:8:\"facebook\";i:1;s:7:\"twitter\";i:2;s:8:\"dribbble\";}s:3:\"url\";a:3:{i:0;s:1:\"#\";i:1;s:1:\"#\";i:2;s:1:\"#\";}}s:17:\"social_icons_type\";s:0:\"\";s:15:\"tincan_endpoint\";s:1:\"0\";s:11:\"tincan_user\";s:1:\"0\";s:11:\"tincan_pass\";s:1:\"0\";s:11:\"page_loader\";s:0:\"\";s:15:\"offload_scripts\";s:0:\"\";s:13:\"offload_fonts\";s:0:\"\";s:8:\"webp_svg\";s:0:\"\";s:17:\"vibe_page_builder\";s:1:\"1\";s:9:\"site_lock\";s:0:\"\";s:23:\"site_lock_home_page_url\";s:0:\"\";s:12:\"security_key\";s:12:\"q5^vLw9IDl*)\";s:15:\"default_archive\";s:0:\"\";s:14:\"excerpt_length\";s:2:\"20\";s:13:\"page_comments\";s:1:\"1\";s:21:\"instructor_commission\";s:2:\"70\";s:15:\"direct_checkout\";s:1:\"2\";s:17:\"thankyou_redirect\";s:1:\"1\";s:17:\"remove_woo_fields\";s:1:\"1\";s:14:\"cache_duration\";s:1:\"0\";s:25:\"google_captcha_public_key\";s:0:\"\";s:26:\"google_captcha_private_key\";s:0:\"\";s:21:\"google_apikey_contact\";s:0:\"\";s:10:\"contact_ll\";s:18:\"43.730325,7.422155\";s:8:\"map_zoom\";s:2:\"17\";s:8:\"error404\";s:0:\"\";s:6:\"xmlrpc\";s:0:\"\";s:15:\"wp_login_screen\";s:0:\"\";s:7:\"credits\";s:20:\"IBTS TESOL Canada ®\";s:11:\"demo_switch\";s:7:\"default\";}','yes'),(4917,'woocommerce_bacs_settings','a:1:{s:7:\"enabled\";s:2:\"no\";}','yes'),(4918,'woocommerce_cod_settings','a:1:{s:7:\"enabled\";s:2:\"no\";}','yes'),(4913,'woocommerce_square_settings','a:1:{s:7:\"enabled\";s:2:\"no\";}','yes'),(4914,'woocommerce_ppec_paypal_settings','a:2:{s:16:\"reroute_requests\";b:0;s:5:\"email\";b:0;}','yes'),(4915,'woocommerce_stripe_settings','a:3:{s:7:\"enabled\";s:2:\"no\";s:14:\"create_account\";b:0;s:5:\"email\";b:0;}','yes'),(4916,'woocommerce_cheque_settings','a:1:{s:7:\"enabled\";s:2:\"no\";}','yes'),(4905,'woocommerce_product_type','both','yes'),(4906,'woocommerce_sell_in_person','1','yes'),(20422,'wpseo-gsc','a:1:{s:7:\"profile\";s:20:\"sc-domain:tesoll.com\";}','yes'),(20455,'wpseo_gsc_issues_counts','a:0:{}','yes'),(20456,'wpseo_gsc_last_fetch','1556951009','no'),(24261,'wp-smush-settings','a:23:{s:4:\"auto\";b:1;s:5:\"lossy\";b:0;s:10:\"strip_exif\";b:1;s:6:\"resize\";b:1;s:9:\"detection\";b:0;s:8:\"original\";b:0;s:6:\"backup\";b:0;s:10:\"png_to_jpg\";b:0;s:7:\"nextgen\";b:0;s:2:\"s3\";b:0;s:9:\"gutenberg\";b:0;s:10:\"js_builder\";b:0;s:3:\"cdn\";b:0;s:11:\"auto_resize\";b:0;s:4:\"webp\";b:1;s:5:\"usage\";b:1;s:17:\"accessible_colors\";b:0;s:9:\"keep_data\";b:1;s:9:\"lazy_load\";b:0;s:17:\"background_images\";b:1;s:16:\"rest_api_support\";b:0;s:11:\"networkwide\";b:0;s:4:\"bulk\";b:0;}','yes'),(24263,'wdev-frash','a:3:{s:7:\"plugins\";a:1:{s:23:\"wp-smushit/wp-smush.php\";i:1557299926;}s:5:\"queue\";a:1:{s:32:\"fc50097023d0d34c5a66f6cddcf77694\";a:4:{s:6:\"plugin\";s:23:\"wp-smushit/wp-smush.php\";s:4:\"type\";s:4:\"rate\";s:7:\"show_at\";i:1581562141;s:6:\"sticky\";b:1;}}s:4:\"done\";a:1:{i:0;a:6:{s:6:\"plugin\";s:23:\"wp-smushit/wp-smush.php\";s:4:\"type\";s:5:\"email\";s:7:\"show_at\";i:1557299926;s:5:\"state\";s:6:\"ignore\";s:4:\"hash\";s:32:\"fc50097023d0d34c5a66f6cddcf77694\";s:10:\"handled_at\";i:1581475757;}}}','no'),(24264,'wp-smush-install-type','existing','no'),(24265,'wp-smush-version','3.7.3','no'),(24640,'wphb-gzip-data','a:3:{s:4:\"HTML\";b:1;s:10:\"JavaScript\";b:1;s:3:\"CSS\";b:1;}','no'),(24672,'wphb-caching-data','a:4:{s:10:\"javascript\";i:691200;s:3:\"css\";i:691200;s:5:\"media\";i:691200;s:6:\"images\";i:691200;}','no'),(24645,'wphb-quick-setup','a:1:{s:8:\"finished\";b:1;}','yes'),(24658,'wphb_settings','a:10:{s:6:\"minify\";a:12:{s:7:\"enabled\";b:1;s:7:\"use_cdn\";b:0;s:3:\"log\";b:0;s:9:\"file_path\";s:0:\"\";s:11:\"minify_blog\";b:1;s:4:\"view\";s:5:\"basic\";s:5:\"block\";a:2:{s:7:\"scripts\";a:0:{}s:6:\"styles\";a:0:{}}s:6:\"minify\";a:2:{s:7:\"scripts\";a:0:{}s:6:\"styles\";a:0:{}}s:7:\"combine\";a:2:{s:7:\"scripts\";a:0:{}s:6:\"styles\";a:0:{}}s:8:\"position\";a:2:{s:7:\"scripts\";a:0:{}s:6:\"styles\";a:0:{}}s:5:\"defer\";a:2:{s:7:\"scripts\";a:0:{}s:6:\"styles\";a:0:{}}s:6:\"inline\";a:2:{s:7:\"scripts\";a:0:{}s:6:\"styles\";a:0:{}}}s:6:\"uptime\";a:3:{s:7:\"enabled\";b:0;s:13:\"notifications\";a:1:{s:7:\"enabled\";b:0;}s:7:\"reports\";a:1:{s:7:\"enabled\";b:0;}}s:8:\"gravatar\";a:1:{s:7:\"enabled\";b:1;}s:10:\"page_cache\";a:5:{s:7:\"enabled\";b:1;s:10:\"cache_blog\";b:1;s:7:\"control\";b:0;s:9:\"detection\";s:6:\"manual\";s:12:\"pages_cached\";i:0;}s:7:\"caching\";a:4:{s:10:\"expiry_css\";s:10:\"8d/A691200\";s:17:\"expiry_javascript\";s:10:\"8d/A691200\";s:12:\"expiry_media\";s:10:\"8d/A691200\";s:13:\"expiry_images\";s:10:\"8d/A691200\";}s:10:\"cloudflare\";a:9:{s:7:\"enabled\";b:0;s:9:\"connected\";b:0;s:5:\"email\";s:0:\"\";s:7:\"api_key\";s:0:\"\";s:4:\"zone\";s:0:\"\";s:9:\"zone_name\";s:0:\"\";s:4:\"plan\";b:0;s:10:\"page_rules\";a:0:{}s:12:\"cache_expiry\";i:691200;}s:11:\"performance\";a:5:{s:7:\"reports\";a:1:{s:7:\"enabled\";b:0;}s:13:\"subsite_tests\";b:1;s:9:\"dismissed\";b:0;s:6:\"widget\";a:4:{s:7:\"desktop\";b:1;s:12:\"show_metrics\";b:1;s:11:\"show_audits\";b:1;s:13:\"show_historic\";b:1;}s:3:\"hub\";a:3:{s:12:\"show_metrics\";b:1;s:11:\"show_audits\";b:1;s:13:\"show_historic\";b:1;}}s:8:\"advanced\";a:4:{s:12:\"query_string\";b:0;s:5:\"emoji\";b:0;s:8:\"prefetch\";a:0:{}s:11:\"db_cleanups\";b:0;}s:3:\"rss\";a:2:{s:7:\"enabled\";b:1;s:8:\"duration\";i:3600;}s:8:\"settings\";a:3:{s:17:\"accessible_colors\";b:0;s:15:\"remove_settings\";b:0;s:11:\"remove_data\";b:0;}}','yes'),(81532,'ls-p-url','https://layerslider.kreaturamedia.com/pricing/','yes'),(81186,'bp_disable_blogforum_comments','1','yes'),(102168,'db_upgraded','','yes'),(45665,'wp-optimize-corrupted-tables-count','0','yes'),(45666,'wp-optimize-compression_server','resmushit','yes'),(45667,'wp-optimize-image_quality','90','yes'),(45668,'wp-optimize-back_up_original','1','yes'),(45675,'wp-optimize-enable-auto-backup','false','yes'),(43596,'wphb-notice-cache-cleaned-show','yes','yes'),(19824,'learn_press_emails_cancelled-order-user','a:4:{s:6:\"enable\";s:3:\"yes\";s:7:\"subject\";s:47:\"Your order on {{order_date}} has been cancelled\";s:7:\"heading\";s:29:\"Your order has been cancelled\";s:13:\"email_content\";a:3:{s:6:\"format\";s:4:\"html\";s:5:\"plain\";s:194:\"\n== {{header}} ==\n\n** Hi \"{{order_user_name}}\", **\n\n** Your recent order at \"{{site_title}}\" has been cancelled. **\n\n** See your order details below: **\n\n{{order_items_table}}\n\n== {{footer}} ==\n\";s:4:\"html\";s:196:\"{{header}}\n\n<p>Hi <strong>{{order_user_name}}</strong>,</p>\n\n<p>Your recent order at {{site_title}} has been cancelled.<p>\n\n<p>See your order details below:</p>\n\n{{order_items_table}}\n\n{{footer}}\n\";}}','yes'),(19825,'learn_press_emails_cancelled-order-guest','a:4:{s:6:\"enable\";s:3:\"yes\";s:7:\"subject\";s:47:\"Your order on {{order_date}} has been cancelled\";s:7:\"heading\";s:29:\"Your order has been cancelled\";s:13:\"email_content\";a:3:{s:6:\"format\";s:4:\"html\";s:5:\"plain\";s:179:\"\n== {{header}} ==\n\n** Hi \"Guest\", **\n\n** Your recent order at \"{{site_title}}\" has been cancelled. **\n\n** See your order details below: **\n\n{{order_items_table}}\n\n== {{footer}} ==\";s:4:\"html\";s:181:\"{{header}}\n\n<p>Hi <strong>Guest</strong>, </p>\n<p>Your recent order at {{site_title}} has been cancelled.<p>\n<p>See your order details below:</p>\n\n{{order_items_table}}\n\n{{footer}}\n\";}}','yes'),(19826,'learn_press_emails_enrolled-course-admin','a:4:{s:6:\"enable\";s:3:\"yes\";s:7:\"subject\";s:41:\"{{user_display_name}} has enrolled course\";s:7:\"heading\";s:24:\"User has enrolled course\";s:13:\"email_content\";a:3:{s:6:\"format\";s:4:\"html\";s:5:\"plain\";s:139:\"\n== {{header}} ==\n\n** User {{user_display_name}} ({{user_email}}) has enrolled course \"{{course_name}}\" {{course_url}} **\n\n== {{footer}} ==\";s:4:\"html\";s:158:\"{{header}}\n\n<p>User {{user_display_name}} ({{user_email}}) has enrolled course  <a target=\"_blank\" href=\"{{course_url}}\">\"{{course_name}}\"</a></p>\n\n{{footer}}\";}}','yes'),(19827,'learn_press_emails_enrolled-course-instructor','a:4:{s:6:\"enable\";s:3:\"yes\";s:7:\"subject\";s:41:\"{{user_display_name}} has enrolled course\";s:7:\"heading\";s:24:\"User has enrolled course\";s:13:\"email_content\";a:3:{s:6:\"format\";s:4:\"html\";s:5:\"plain\";s:139:\"\n== {{header}} ==\n\n** User {{user_display_name}} ({{user_email}}) has enrolled course \"{{course_name}}\" {{course_url}} **\n\n== {{footer}} ==\";s:4:\"html\";s:158:\"{{header}}\n\n<p>User {{user_display_name}} ({{user_email}}) has enrolled course  <a target=\"_blank\" href=\"{{course_url}}\">\"{{course_name}}\"</a></p>\n\n{{footer}}\";}}','yes'),(19828,'learn_press_emails_enrolled-course-user','a:4:{s:6:\"enable\";s:3:\"yes\";s:7:\"subject\";s:44:\"[{{site_title}}] You have enrolled in course\";s:7:\"heading\";s:24:\"You have enrolled course\";s:13:\"email_content\";a:3:{s:6:\"format\";s:4:\"html\";s:5:\"plain\";s:110:\"\n== {{header}} ==\n\n** Congrats! You have enrolled course \"{{course_name}}\" {{course_url}} **\n\n== {{footer}} ==\";s:4:\"html\";s:129:\"{{header}}\n\n<p>Congrats! You have enrolled course  <a target=\"_blank\" href=\"{{course_url}}\">\"{{course_name}}\"</a></p>\n\n{{footer}}\";}}','yes'),(19829,'learn_press_emails_finished-course-admin','a:4:{s:6:\"enable\";s:3:\"yes\";s:7:\"subject\";s:41:\"{{user_display_name}} has finished course\";s:7:\"heading\";s:24:\"User has finished course\";s:13:\"email_content\";a:3:{s:6:\"format\";s:4:\"html\";s:5:\"plain\";s:221:\"\n== {{header}} ==\n\n** User {{user_display_name}} ({{user_email}}) has finished course \"{{course_name}}\" {{course_url}} **\n\n** User has \"{{course_grade}}\" course with {{course_result_percent}} of total **\n\n== {{footer}} ==\";s:4:\"html\";s:256:\"{{header}}\n\n<p>User {{user_display_name}} ({{user_email}}) has finished course  <a target=\"_blank\" href=\"{{course_url}}\">\"{{course_name}}\"</a></p>\n\n<p>User has <strong>{{course_grade}}</strong> course with {{course_result_percent}} of total</p>\n\n{{footer}}\";}}','yes'),(19830,'learn_press_emails_finished-course-instructor','a:4:{s:6:\"enable\";s:3:\"yes\";s:7:\"subject\";s:41:\"{{user_display_name}} has finished course\";s:7:\"heading\";s:24:\"User has finished course\";s:13:\"email_content\";a:3:{s:6:\"format\";s:4:\"html\";s:5:\"plain\";s:221:\"\n== {{header}} ==\n\n** User {{user_display_name}} ({{user_email}}) has finished course \"{{course_name}}\" {{course_url}} **\n\n** User has \"{{course_grade}}\" course with {{course_result_percent}} of total **\n\n== {{footer}} ==\";s:4:\"html\";s:255:\"{{header}}\n\n<p>User {{user_display_name}} ({{user_email}}) has finished course <a target=\"_blank\" href=\"{{course_url}}\">\"{{course_name}}\"</a></p>\n\n<p>User has <strong>{{course_grade}}</strong> course with {{course_result_percent}} of total</p>\n\n{{footer}}\";}}','yes'),(19831,'learn_press_emails_finished-course-user','a:4:{s:6:\"enable\";s:3:\"yes\";s:7:\"subject\";s:41:\"[{{site_title}}] You have finished course\";s:7:\"heading\";s:24:\"You have finished course\";s:13:\"email_content\";a:3:{s:6:\"format\";s:4:\"html\";s:5:\"plain\";s:201:\"\n== {{header}} ==\n\n** Congrats! You have finished course \"{{course_name}}\" {{course_url}} **\n\n** You achieved {{course_result_percent}} of course and your grade is {{course_grade}} **\n\n== {{footer}} ==\";s:4:\"html\";s:237:\"{{header}}\n\n<p>Congrats! You have finished course <a target=\"_blank\" href=\"{{course_url}}\">\"{{course_name}}\"</a></p>\n\n<p>You achieved {{course_result_percent}} of course and your grade is <strong>{{course_grade}}</strong></p>\n\n{{footer}}\";}}','yes'),(19832,'learn_press_emails_become-an-instructor','a:4:{s:6:\"enable\";s:3:\"yes\";s:7:\"subject\";s:48:\"[{{site_title}}] Request to become an instructor\";s:7:\"heading\";s:20:\"Become an instructor\";s:13:\"email_content\";a:3:{s:6:\"format\";s:4:\"html\";s:5:\"plain\";s:377:\"== {{header}} ==\n\n** User {{request_email}} has requested to become an Instructor at {{site_title}} **\n\n** Phone:   {{request_phone}} **\n\n** Message: {{request_message}} **\n\n** Please login to {{site_title}} and access {{admin_user_manager}} to to manage the requesting. **\n\n** Accept the requesting: {{accept_url}} **\n\n** Deny the requesting: {{deny_url}} **\n\n== {{footer}} ==\";s:4:\"html\";s:366:\"{{header}}\n\n<p>User {{request_email}} has requested to become an Instructor at {{site_title}}</p>\n\n<p>Phone: {{request_phone}}</p>\n\n<p>Message: {{request_message}}</p>\n\n<p>Please login to {{site_title}} and access {{admin_user_manager}} to manage the requesting.</p>\n\n<p>Accept the requesting: {{accept_url}}</p>\n\n<p>Deny the requesting: {{deny_url}}</p>\n\n{{footer}}\";}}','yes'),(19833,'learn_press_emails_instructor-accepted','a:4:{s:6:\"enable\";s:3:\"yes\";s:7:\"subject\";s:62:\"[{{site_title}}] Your request to become an instructor accepted\";s:7:\"heading\";s:29:\"Become an instructor accepted\";s:13:\"email_content\";a:3:{s:6:\"format\";s:4:\"html\";s:5:\"plain\";s:170:\"== {{header}} ==\n\n** Congrats! You become an Instructor at \"{{site_title}}\" **\n\n** Please login {{login_url}} to \"{{site_title}}\" and start teaching. **\n\n== {{footer}} ==\";s:4:\"html\";s:203:\"{{header}}\n\n<p>Congrats! You become an Instructor at <strong>{{site_title}}</strong></p>\n\n<p>Please <a href=\"{{login_url}}\">login</a> to <strong>{{site_title}}</strong> and start teaching</p>\n\n{{footer}}\";}}','yes'),(19834,'learn_press_emails_instructor-denied','a:4:{s:6:\"enable\";s:3:\"yes\";s:7:\"subject\";s:60:\"[{{site_title}}] Your request to become an instructor denied\";s:7:\"heading\";s:27:\"Become an instructor denied\";s:13:\"email_content\";a:3:{s:6:\"format\";s:4:\"html\";s:5:\"plain\";s:112:\"\n== {{header}} ==\n\n** Your Become an Instructor request at \"{{site_title}}\" has been denied **\n\n== {{footer}} ==\";s:4:\"html\";s:116:\"\n{{header}}\n\n<p>Your Become an Instructor request at <strong>{{site_title}}</strong> has been denied</p>\n\n{{footer}}\";}}','yes'),(27405,'widget_bp_core_friends_widget','a:2:{i:2;a:3:{s:11:\"max_friends\";i:5;s:14:\"friend_default\";s:6:\"active\";s:10:\"link_title\";b:0;}s:12:\"_multiwidget\";i:1;}','yes'),(27376,'learn-press-dismissed-newsletter-button','1','yes'),(30836,'wphb-notice-minification-optimized-show','yes','yes'),(30849,'wphb_styles_collection','a:52:{s:14:\"pmpro_frontend\";a:8:{s:6:\"handle\";s:14:\"pmpro_frontend\";s:3:\"src\";s:80:\"https://tesoll.com/wp-content/themes/wplms/paid-memberships-pro/css/frontend.css\";s:4:\"deps\";a:0:{}s:3:\"ver\";s:5:\"2.0.7\";s:4:\"args\";s:6:\"screen\";s:5:\"extra\";a:0:{}s:10:\"textdomain\";N;s:17:\"translations_path\";N;}s:11:\"pmpro_print\";a:8:{s:6:\"handle\";s:11:\"pmpro_print\";s:3:\"src\";s:72:\"https://tesoll.com/wp-content/plugins/paid-memberships-pro/css/print.css\";s:4:\"deps\";a:0:{}s:3:\"ver\";s:5:\"2.0.7\";s:4:\"args\";s:5:\"print\";s:5:\"extra\";a:0:{}s:10:\"textdomain\";N;s:17:\"translations_path\";N;}s:17:\"layerslider-front\";a:8:{s:6:\"handle\";s:17:\"layerslider-front\";s:3:\"src\";s:73:\"https://tesoll.com/wp-content/plugins/LayerSlider/static/public/front.css\";s:4:\"deps\";a:0:{}s:3:\"ver\";s:5:\"6.7.6\";s:4:\"args\";s:3:\"all\";s:5:\"extra\";a:0:{}s:10:\"textdomain\";N;s:17:\"translations_path\";N;}s:11:\"layerslider\";a:8:{s:6:\"handle\";s:11:\"layerslider\";s:3:\"src\";s:88:\"https://tesoll.com/wp-content/plugins/LayerSlider/static/layerslider/css/layerslider.css\";s:4:\"deps\";a:0:{}s:3:\"ver\";s:5:\"6.7.6\";s:4:\"args\";s:3:\"all\";s:5:\"extra\";a:0:{}s:10:\"textdomain\";N;s:17:\"translations_path\";N;}s:16:\"wp-block-library\";a:8:{s:6:\"handle\";s:16:\"wp-block-library\";s:3:\"src\";s:49:\"/wp-includes/css/dist/block-library/style.min.css\";s:4:\"deps\";a:0:{}s:3:\"ver\";b:0;s:4:\"args\";N;s:5:\"extra\";a:2:{s:3:\"rtl\";s:7:\"replace\";s:6:\"suffix\";s:4:\".min\";}s:10:\"textdomain\";N;s:17:\"translations_path\";N;}s:14:\"wc-block-style\";a:8:{s:6:\"handle\";s:14:\"wc-block-style\";s:3:\"src\";s:82:\"https://tesoll.com/wp-content/plugins/woo-gutenberg-products-block/build/style.css\";s:4:\"deps\";a:0:{}s:3:\"ver\";s:5:\"2.0.1\";s:4:\"args\";s:3:\"all\";s:5:\"extra\";a:0:{}s:10:\"textdomain\";N;s:17:\"translations_path\";N;}s:11:\"bbp-default\";a:8:{s:6:\"handle\";s:11:\"bbp-default\";s:3:\"src\";s:79:\"https://tesoll.com/wp-content/plugins/bbpress/templates/default/css/bbpress.css\";s:4:\"deps\";a:0:{}s:3:\"ver\";s:11:\"2.5.14-6684\";s:4:\"args\";s:6:\"screen\";s:5:\"extra\";a:0:{}s:10:\"textdomain\";N;s:17:\"translations_path\";N;}s:18:\"rs-plugin-settings\";a:8:{s:6:\"handle\";s:18:\"rs-plugin-settings\";s:3:\"src\";s:78:\"https://tesoll.com/wp-content/plugins/revslider/public/assets/css/settings.css\";s:4:\"deps\";a:0:{}s:3:\"ver\";s:7:\"5.4.8.2\";s:4:\"args\";s:3:\"all\";s:5:\"extra\";a:1:{s:5:\"after\";a:1:{i:0;s:14:\"#rs-demo-id {}\";}}s:10:\"textdomain\";N;s:17:\"translations_path\";N;}s:11:\"wplms-style\";a:8:{s:6:\"handle\";s:11:\"wplms-style\";s:3:\"src\";s:67:\"https://tesoll.com/wp-content/themes/wplms/assets/css/style.min.css\";s:4:\"deps\";a:0:{}s:3:\"ver\";s:3:\"3.5\";s:4:\"args\";s:3:\"all\";s:5:\"extra\";a:0:{}s:10:\"textdomain\";N;s:17:\"translations_path\";N;}s:13:\"bp-course-css\";a:8:{s:6:\"handle\";s:13:\"bp-course-css\";s:3:\"src\";s:89:\"https://tesoll.com/wp-content/plugins/vibe-course-module/includes/css/course_template.css\";s:4:\"deps\";a:1:{i:0;s:11:\"wplms-style\";}s:3:\"ver\";s:5:\"3.9.2\";s:4:\"args\";s:3:\"all\";s:5:\"extra\";a:0:{}s:10:\"textdomain\";N;s:17:\"translations_path\";N;}s:11:\"bbpress-css\";a:8:{s:6:\"handle\";s:11:\"bbpress-css\";s:3:\"src\";s:69:\"https://tesoll.com/wp-content/themes/wplms/assets/css/bbpress.min.css\";s:4:\"deps\";a:0:{}s:3:\"ver\";s:3:\"3.5\";s:4:\"args\";s:3:\"all\";s:5:\"extra\";a:0:{}s:10:\"textdomain\";N;s:17:\"translations_path\";N;}s:15:\"woocommerce-css\";a:8:{s:6:\"handle\";s:15:\"woocommerce-css\";s:3:\"src\";s:73:\"https://tesoll.com/wp-content/themes/wplms/assets/css/woocommerce.min.css\";s:4:\"deps\";a:0:{}s:3:\"ver\";s:3:\"3.5\";s:4:\"args\";s:3:\"all\";s:5:\"extra\";a:0:{}s:10:\"textdomain\";N;s:17:\"translations_path\";N;}s:7:\"minimal\";a:8:{s:6:\"handle\";s:7:\"minimal\";s:3:\"src\";s:69:\"https://tesoll.com/wp-content/themes/wplms/assets/css/minimal.min.css\";s:4:\"deps\";a:0:{}s:3:\"ver\";s:3:\"3.5\";s:4:\"args\";s:3:\"all\";s:5:\"extra\";a:0:{}s:10:\"textdomain\";N;s:17:\"translations_path\";N;}s:18:\"evcal_google_fonts\";a:8:{s:6:\"handle\";s:18:\"evcal_google_fonts\";s:3:\"src\";s:86:\"//fonts.googleapis.com/css?family=Oswald:400,300|Open+Sans:700,400,400i|Roboto:700,400\";s:4:\"deps\";a:0:{}s:3:\"ver\";s:0:\"\";s:4:\"args\";s:6:\"screen\";s:5:\"extra\";a:0:{}s:10:\"textdomain\";N;s:17:\"translations_path\";N;}s:17:\"evcal_cal_default\";a:8:{s:6:\"handle\";s:17:\"evcal_cal_default\";s:3:\"src\";s:69:\"//tesoll.com/wp-content/plugins/eventON/assets/css/eventon_styles.css\";s:4:\"deps\";a:0:{}s:3:\"ver\";s:6:\"2.6.16\";s:4:\"args\";s:3:\"all\";s:5:\"extra\";a:0:{}s:10:\"textdomain\";N;s:17:\"translations_path\";N;}s:14:\"evo_font_icons\";a:8:{s:6:\"handle\";s:14:\"evo_font_icons\";s:3:\"src\";s:69:\"//tesoll.com/wp-content/plugins/eventON/assets/fonts/font-awesome.css\";s:4:\"deps\";a:0:{}s:3:\"ver\";s:6:\"2.6.16\";s:4:\"args\";s:3:\"all\";s:5:\"extra\";a:0:{}s:10:\"textdomain\";N;s:17:\"translations_path\";N;}s:22:\"eventon_dynamic_styles\";a:8:{s:6:\"handle\";s:22:\"eventon_dynamic_styles\";s:3:\"src\";s:77:\"//tesoll.com/wp-content/plugins/eventON/assets/css/eventon_dynamic_styles.css\";s:4:\"deps\";a:0:{}s:3:\"ver\";b:0;s:4:\"args\";s:3:\"all\";s:5:\"extra\";a:0:{}s:10:\"textdomain\";N;s:17:\"translations_path\";N;}s:13:\"evo_dv_styles\";a:8:{s:6:\"handle\";s:13:\"evo_dv_styles\";s:3:\"src\";s:100:\"https://tesoll.com/wp-content/plugins/wplms-eventon/includes/eventon-daily-view/assets/dv_styles.css\";s:4:\"deps\";a:0:{}s:3:\"ver\";b:0;s:4:\"args\";s:3:\"all\";s:5:\"extra\";a:0:{}s:10:\"textdomain\";N;s:17:\"translations_path\";N;}s:12:\"font-awesome\";a:8:{s:6:\"handle\";s:12:\"font-awesome\";s:3:\"src\";s:104:\"https://tesoll.com/wp-content/plugins/learnpress/assets/css/font-awesome.min.css?nocache=1560369676.9586\";s:4:\"deps\";a:0:{}s:3:\"ver\";s:7:\"3.2.5.6\";s:4:\"args\";N;s:5:\"extra\";a:0:{}s:10:\"textdomain\";N;s:17:\"translations_path\";N;}s:11:\"learn-press\";a:8:{s:6:\"handle\";s:11:\"learn-press\";s:3:\"src\";s:98:\"https://tesoll.com/wp-content/plugins/learnpress/assets/css/learnpress.css?nocache=1560369676.9586\";s:4:\"deps\";a:0:{}s:3:\"ver\";s:7:\"3.2.5.6\";s:4:\"args\";N;s:5:\"extra\";a:0:{}s:10:\"textdomain\";N;s:17:\"translations_path\";N;}s:16:\"jquery-scrollbar\";a:8:{s:6:\"handle\";s:16:\"jquery-scrollbar\";s:3:\"src\";s:127:\"https://tesoll.com/wp-content/plugins/learnpress/assets/js/vendor/jquery-scrollbar/jquery.scrollbar.css?nocache=1560369676.9586\";s:4:\"deps\";a:0:{}s:3:\"ver\";s:7:\"3.2.5.6\";s:4:\"args\";N;s:5:\"extra\";a:0:{}s:10:\"textdomain\";N;s:17:\"translations_path\";N;}s:23:\"BBBAdminPanelStylesheet\";a:8:{s:6:\"handle\";s:23:\"BBBAdminPanelStylesheet\";s:3:\"src\";s:96:\"https://tesoll.com/wp-content/plugins/bbb-administration-panel//css/bigbluebutton_stylesheet.css\";s:4:\"deps\";a:0:{}s:3:\"ver\";b:0;s:4:\"args\";s:3:\"all\";s:5:\"extra\";a:0:{}s:10:\"textdomain\";N;s:17:\"translations_path\";N;}s:9:\"DataTable\";a:8:{s:6:\"handle\";s:9:\"DataTable\";s:3:\"src\";s:93:\"https://tesoll.com/wp-content/plugins/bbb-administration-panel//DataTables/datatables.min.css\";s:4:\"deps\";a:0:{}s:3:\"ver\";b:0;s:4:\"args\";s:3:\"all\";s:5:\"extra\";a:0:{}s:10:\"textdomain\";N;s:17:\"translations_path\";N;}s:23:\"bigbluebuttonStylesheet\";a:8:{s:6:\"handle\";s:23:\"bigbluebuttonStylesheet\";s:3:\"src\";s:84:\"https://tesoll.com/wp-content/plugins/bigbluebutton/css/bigbluebutton_stylesheet.css\";s:4:\"deps\";a:0:{}s:3:\"ver\";b:0;s:4:\"args\";s:3:\"all\";s:5:\"extra\";a:0:{}s:10:\"textdomain\";N;s:17:\"translations_path\";N;}s:21:\"wplms-assignments-css\";a:8:{s:6:\"handle\";s:21:\"wplms-assignments-css\";s:3:\"src\";s:81:\"https://tesoll.com/wp-content/plugins/wplms-assignments/css/wplms-assignments.css\";s:4:\"deps\";a:0:{}s:3:\"ver\";b:0;s:4:\"args\";s:3:\"all\";s:5:\"extra\";a:0:{}s:10:\"textdomain\";N;s:17:\"translations_path\";N;}s:15:\"bp-mentions-css\";a:8:{s:6:\"handle\";s:15:\"bp-mentions-css\";s:3:\"src\";s:81:\"https://tesoll.com/wp-content/plugins/buddypress/bp-activity/css/mentions.min.css\";s:4:\"deps\";a:0:{}s:3:\"ver\";s:5:\"4.3.0\";s:4:\"args\";s:3:\"all\";s:5:\"extra\";a:2:{s:3:\"rtl\";b:1;s:6:\"suffix\";s:4:\".min\";}s:10:\"textdomain\";N;s:17:\"translations_path\";N;}s:9:\"dashicons\";a:8:{s:6:\"handle\";s:9:\"dashicons\";s:3:\"src\";s:34:\"/wp-includes/css/dashicons.min.css\";s:4:\"deps\";a:0:{}s:3:\"ver\";b:0;s:4:\"args\";N;s:5:\"extra\";a:0:{}s:10:\"textdomain\";N;s:17:\"translations_path\";N;}s:14:\"editor-buttons\";a:8:{s:6:\"handle\";s:14:\"editor-buttons\";s:3:\"src\";s:31:\"/wp-includes/css/editor.min.css\";s:4:\"deps\";a:1:{i:0;s:9:\"dashicons\";}s:3:\"ver\";b:0;s:4:\"args\";N;s:5:\"extra\";a:2:{s:3:\"rtl\";s:7:\"replace\";s:6:\"suffix\";s:4:\".min\";}s:10:\"textdomain\";N;s:17:\"translations_path\";N;}s:7:\"buttons\";a:8:{s:6:\"handle\";s:7:\"buttons\";s:3:\"src\";s:32:\"/wp-includes/css/buttons.min.css\";s:4:\"deps\";a:0:{}s:3:\"ver\";b:0;s:4:\"args\";N;s:5:\"extra\";a:2:{s:3:\"rtl\";s:7:\"replace\";s:6:\"suffix\";s:4:\".min\";}s:10:\"textdomain\";N;s:17:\"translations_path\";N;}s:10:\"photoswipe\";a:8:{s:6:\"handle\";s:10:\"photoswipe\";s:3:\"src\";s:86:\"https://tesoll.com/wp-content/plugins/woocommerce/assets/css/photoswipe/photoswipe.css\";s:4:\"deps\";a:0:{}s:3:\"ver\";s:5:\"3.6.2\";s:4:\"args\";s:3:\"all\";s:5:\"extra\";a:0:{}s:10:\"textdomain\";N;s:17:\"translations_path\";N;}s:23:\"photoswipe-default-skin\";a:8:{s:6:\"handle\";s:23:\"photoswipe-default-skin\";s:3:\"src\";s:101:\"https://tesoll.com/wp-content/plugins/woocommerce/assets/css/photoswipe/default-skin/default-skin.css\";s:4:\"deps\";a:1:{i:0;s:10:\"photoswipe\";}s:3:\"ver\";s:5:\"3.6.2\";s:4:\"args\";s:3:\"all\";s:5:\"extra\";a:0:{}s:10:\"textdomain\";N;s:17:\"translations_path\";N;}s:12:\"mediaelement\";a:8:{s:6:\"handle\";s:12:\"mediaelement\";s:3:\"src\";s:62:\"/wp-includes/js/mediaelement/mediaelementplayer-legacy.min.css\";s:4:\"deps\";a:0:{}s:3:\"ver\";s:13:\"4.2.6-78496d1\";s:4:\"args\";N;s:5:\"extra\";a:0:{}s:10:\"textdomain\";N;s:17:\"translations_path\";N;}s:15:\"wp-mediaelement\";a:8:{s:6:\"handle\";s:15:\"wp-mediaelement\";s:3:\"src\";s:52:\"/wp-includes/js/mediaelement/wp-mediaelement.min.css\";s:4:\"deps\";a:1:{i:0;s:12:\"mediaelement\";}s:3:\"ver\";b:0;s:4:\"args\";N;s:5:\"extra\";a:0:{}s:10:\"textdomain\";N;s:17:\"translations_path\";N;}s:7:\"select2\";a:8:{s:6:\"handle\";s:7:\"select2\";s:3:\"src\";s:72:\"https://tesoll.com/wp-content/plugins/woocommerce/assets/css/select2.css\";s:4:\"deps\";a:0:{}s:3:\"ver\";s:5:\"3.6.2\";s:4:\"args\";s:3:\"all\";s:5:\"extra\";a:0:{}s:10:\"textdomain\";N;s:17:\"translations_path\";N;}s:11:\"media-views\";a:8:{s:6:\"handle\";s:11:\"media-views\";s:3:\"src\";s:36:\"/wp-includes/css/media-views.min.css\";s:4:\"deps\";a:3:{i:0;s:7:\"buttons\";i:1;s:9:\"dashicons\";i:2;s:15:\"wp-mediaelement\";}s:3:\"ver\";b:0;s:4:\"args\";N;s:5:\"extra\";a:2:{s:3:\"rtl\";s:7:\"replace\";s:6:\"suffix\";s:4:\".min\";}s:10:\"textdomain\";N;s:17:\"translations_path\";N;}s:13:\"imgareaselect\";a:8:{s:6:\"handle\";s:13:\"imgareaselect\";s:3:\"src\";s:47:\"/wp-includes/js/imgareaselect/imgareaselect.css\";s:4:\"deps\";a:0:{}s:3:\"ver\";s:5:\"0.9.8\";s:4:\"args\";N;s:5:\"extra\";a:0:{}s:10:\"textdomain\";N;s:17:\"translations_path\";N;}s:18:\"smush-admin-common\";a:8:{s:6:\"handle\";s:18:\"smush-admin-common\";s:3:\"src\";s:84:\"https://tesoll.com/wp-content/plugins/wp-smushit/app/assets/css/smush-common.min.css\";s:4:\"deps\";a:0:{}s:3:\"ver\";s:7:\"3.2.0.1\";s:4:\"args\";s:3:\"all\";s:5:\"extra\";a:0:{}s:10:\"textdomain\";N;s:17:\"translations_path\";N;}s:19:\"wplms-front-end-css\";a:8:{s:6:\"handle\";s:19:\"wplms-front-end-css\";s:3:\"src\";s:88:\"https://tesoll.com/wp-content/plugins/wplms-front-end/assets/css/wplms_front_end.min.css\";s:4:\"deps\";a:0:{}s:3:\"ver\";s:5:\"3.8.5\";s:4:\"args\";s:3:\"all\";s:5:\"extra\";a:0:{}s:10:\"textdomain\";N;s:17:\"translations_path\";N;}s:14:\"vibe-popup-css\";a:8:{s:6:\"handle\";s:14:\"vibe-popup-css\";s:3:\"src\";s:75:\"https://tesoll.com/wp-content/plugins/vibe-shortcodes/tinymce/css/popup.css\";s:4:\"deps\";a:0:{}s:3:\"ver\";s:3:\"1.0\";s:4:\"args\";s:3:\"all\";s:5:\"extra\";a:0:{}s:10:\"textdomain\";N;s:17:\"translations_path\";N;}s:18:\"bootstrap-tour-css\";a:8:{s:6:\"handle\";s:18:\"bootstrap-tour-css\";s:3:\"src\";s:92:\"https://tesoll.com/wp-content/plugins/vibe-course-module/includes/css/bootstrap-tour.min.css\";s:4:\"deps\";a:0:{}s:3:\"ver\";b:0;s:4:\"args\";s:3:\"all\";s:5:\"extra\";a:0:{}s:10:\"textdomain\";N;s:17:\"translations_path\";N;}s:8:\"thickbox\";a:8:{s:6:\"handle\";s:8:\"thickbox\";s:3:\"src\";s:37:\"/wp-includes/js/thickbox/thickbox.css\";s:4:\"deps\";a:1:{i:0;s:9:\"dashicons\";}s:3:\"ver\";b:0;s:4:\"args\";N;s:5:\"extra\";a:0:{}s:10:\"textdomain\";N;s:17:\"translations_path\";N;}s:23:\"buddydrive-public-style\";a:8:{s:6:\"handle\";s:23:\"buddydrive-public-style\";s:3:\"src\";s:87:\"https://tesoll.com/wp-content/plugins/buddydrive/includes/css/buddydrive-public.min.css\";s:4:\"deps\";a:1:{i:0;s:9:\"dashicons\";}s:3:\"ver\";s:5:\"2.1.1\";s:4:\"args\";s:3:\"all\";s:5:\"extra\";a:0:{}s:10:\"textdomain\";N;s:17:\"translations_path\";N;}s:12:\"wplms_mycred\";a:8:{s:6:\"handle\";s:12:\"wplms_mycred\";s:3:\"src\";s:86:\"https://tesoll.com/wp-content/plugins/wplms-mycred-addon/assets/wplms-mycred-addon.css\";s:4:\"deps\";a:0:{}s:3:\"ver\";b:0;s:4:\"args\";s:3:\"all\";s:5:\"extra\";a:0:{}s:10:\"textdomain\";N;s:17:\"translations_path\";N;}s:15:\"google-webfonts\";a:8:{s:6:\"handle\";s:15:\"google-webfonts\";s:3:\"src\";s:124:\"//fonts.googleapis.com/css?family=Lato:300,regular,700|Roboto:regular|Varela:regular|Varela+Round:regular&#038;subsets=latin\";s:4:\"deps\";a:0:{}s:3:\"ver\";N;s:4:\"args\";s:3:\"all\";s:5:\"extra\";a:0:{}s:10:\"textdomain\";N;s:17:\"translations_path\";N;}s:19:\"wplms-dashboard-css\";a:8:{s:6:\"handle\";s:19:\"wplms-dashboard-css\";s:3:\"src\";s:77:\"https://tesoll.com/wp-content/plugins/wplms-dashboard/css/wplms-dashboard.css\";s:4:\"deps\";a:0:{}s:3:\"ver\";s:5:\"3.9.2\";s:4:\"args\";s:3:\"all\";s:5:\"extra\";a:0:{}s:10:\"textdomain\";N;s:17:\"translations_path\";N;}s:19:\"wp-jquery-ui-dialog\";a:8:{s:6:\"handle\";s:19:\"wp-jquery-ui-dialog\";s:3:\"src\";s:41:\"/wp-includes/css/jquery-ui-dialog.min.css\";s:4:\"deps\";a:1:{i:0;s:9:\"dashicons\";}s:3:\"ver\";b:0;s:4:\"args\";N;s:5:\"extra\";a:2:{s:3:\"rtl\";s:7:\"replace\";s:6:\"suffix\";s:4:\".min\";}s:10:\"textdomain\";N;s:17:\"translations_path\";N;}s:10:\"wp-pointer\";a:8:{s:6:\"handle\";s:10:\"wp-pointer\";s:3:\"src\";s:35:\"/wp-includes/css/wp-pointer.min.css\";s:4:\"deps\";a:1:{i:0;s:9:\"dashicons\";}s:3:\"ver\";b:0;s:4:\"args\";N;s:5:\"extra\";a:2:{s:3:\"rtl\";s:7:\"replace\";s:6:\"suffix\";s:4:\".min\";}s:10:\"textdomain\";N;s:17:\"translations_path\";N;}s:17:\"js_composer_front\";a:8:{s:6:\"handle\";s:17:\"js_composer_front\";s:3:\"src\";s:80:\"https://tesoll.com/wp-content/plugins/js_composer/assets/css/js_composer.min.css\";s:4:\"deps\";a:0:{}s:3:\"ver\";s:3:\"5.7\";s:4:\"args\";s:3:\"all\";s:5:\"extra\";a:0:{}s:10:\"textdomain\";N;s:17:\"translations_path\";N;}s:13:\"vc_inline_css\";a:8:{s:6:\"handle\";s:13:\"vc_inline_css\";s:3:\"src\";s:103:\"https://tesoll.com/wp-content/plugins/js_composer/assets/css/js_composer_frontend_editor_iframe.min.css\";s:4:\"deps\";a:0:{}s:3:\"ver\";s:3:\"5.7\";s:4:\"args\";s:3:\"all\";s:5:\"extra\";a:0:{}s:10:\"textdomain\";N;s:17:\"translations_path\";N;}s:12:\"wpforms-full\";a:8:{s:6:\"handle\";s:12:\"wpforms-full\";s:3:\"src\";s:78:\"https://tesoll.com/wp-content/plugins/wpforms-lite/assets/css/wpforms-full.css\";s:4:\"deps\";a:0:{}s:3:\"ver\";s:7:\"1.5.2.3\";s:4:\"args\";s:3:\"all\";s:5:\"extra\";a:0:{}s:10:\"textdomain\";N;s:17:\"translations_path\";N;}s:17:\"h5p-plugin-styles\";a:8:{s:6:\"handle\";s:17:\"h5p-plugin-styles\";s:3:\"src\";s:72:\"https://tesoll.com/wp-content/plugins/h5p/h5p-php-library/styles/h5p.css\";s:4:\"deps\";a:0:{}s:3:\"ver\";s:6:\"1.13.1\";s:4:\"args\";s:3:\"all\";s:5:\"extra\";a:0:{}s:10:\"textdomain\";N;s:17:\"translations_path\";N;}s:7:\"ieStyle\";a:8:{s:6:\"handle\";s:7:\"ieStyle\";s:3:\"src\";s:57:\"//tesoll.com/wp-content/plugins/eventON/assets/css/ie.css\";s:4:\"deps\";a:0:{}s:3:\"ver\";s:3:\"1.0\";s:4:\"args\";s:3:\"all\";s:5:\"extra\";a:0:{}s:10:\"textdomain\";N;s:17:\"translations_path\";N;}}','yes'),(4907,'woocommerce_allow_tracking','no','yes'),(365,'widget_vibecarousel','a:2:{i:2;a:11:{s:5:\"title\";s:12:\"Recent Posts\";s:5:\"theme\";s:5:\"light\";s:4:\"type\";s:4:\"post\";s:5:\"order\";s:4:\"date\";s:4:\"sort\";s:4:\"DESC\";s:5:\"style\";s:4:\"post\";s:14:\"excerpt_length\";s:3:\"100\";s:4:\"auto\";s:1:\"1\";s:4:\"loop\";s:1:\"1\";s:3:\"num\";s:1:\"3\";s:3:\"ids\";s:0:\"\";}s:12:\"_multiwidget\";i:1;}','yes'),(366,'widget_vibetabs','a:2:{s:12:\"_multiwidget\";i:1;i:2;a:13:{s:5:\"theme\";s:5:\"light\";s:9:\"show_tab1\";s:1:\"1\";s:10:\"title_tab1\";s:5:\"Posts\";s:10:\"style_tab1\";s:9:\"thumbnail\";s:8:\"num_tab1\";s:1:\"5\";s:9:\"show_tab2\";s:1:\"1\";s:10:\"title_tab2\";s:7:\"Courses\";s:10:\"style_tab2\";s:7:\"courses\";s:8:\"num_tab2\";s:1:\"5\";s:9:\"show_tab3\";s:1:\"0\";s:10:\"title_tab3\";s:7:\"Courses\";s:10:\"style_tab3\";s:7:\"courses\";s:8:\"num_tab3\";s:1:\"5\";}}','yes'),(367,'widget_vibeposts','a:3:{i:3;a:10:{s:5:\"title\";s:12:\"Recent Posts\";s:5:\"theme\";s:5:\"light\";s:4:\"type\";s:4:\"post\";s:8:\"taxonomy\";s:8:\"category\";s:4:\"term\";s:13:\"uncategorized\";s:4:\"sort\";s:6:\"recent\";s:4:\"size\";s:3:\"big\";s:5:\"style\";s:4:\"post\";s:3:\"num\";s:1:\"3\";s:5:\"chars\";s:2:\"80\";}s:12:\"_multiwidget\";i:1;i:2;a:10:{s:5:\"title\";s:12:\"Recent Posts\";s:5:\"theme\";s:5:\"light\";s:4:\"type\";s:6:\"course\";s:8:\"taxonomy\";s:10:\"course-cat\";s:4:\"term\";s:8:\"business\";s:4:\"sort\";s:6:\"recent\";s:4:\"size\";s:5:\"small\";s:5:\"style\";s:4:\"post\";s:3:\"num\";s:1:\"3\";s:5:\"chars\";s:2:\"80\";}}','yes'),(368,'widget_vibegallery','a:2:{s:12:\"_multiwidget\";i:1;i:2;a:3:{s:5:\"title\";s:16:\"Featured Gallery\";s:4:\"size\";s:6:\"medium\";s:3:\"ids\";s:55:\"[gallery ids=\"1932,1922,1918,1930,1928,1916,1914,1926\"]\";}}','yes'),(30850,'wphb_scripts_collection','a:132:{s:11:\"jquery-core\";a:8:{s:6:\"handle\";s:11:\"jquery-core\";s:3:\"src\";s:32:\"/wp-includes/js/jquery/jquery.js\";s:4:\"deps\";a:0:{}s:3:\"ver\";s:6:\"1.12.4\";s:4:\"args\";N;s:5:\"extra\";a:0:{}s:10:\"textdomain\";N;s:17:\"translations_path\";N;}s:14:\"jquery-migrate\";a:8:{s:6:\"handle\";s:14:\"jquery-migrate\";s:3:\"src\";s:44:\"/wp-includes/js/jquery/jquery-migrate.min.js\";s:4:\"deps\";a:0:{}s:3:\"ver\";s:5:\"1.4.1\";s:4:\"args\";N;s:5:\"extra\";a:0:{}s:10:\"textdomain\";N;s:17:\"translations_path\";N;}s:9:\"DataTable\";a:8:{s:6:\"handle\";s:9:\"DataTable\";s:3:\"src\";s:92:\"https://tesoll.com/wp-content/plugins/bbb-administration-panel//DataTables/datatables.min.js\";s:4:\"deps\";a:0:{}s:3:\"ver\";b:0;s:4:\"args\";N;s:5:\"extra\";a:1:{s:4:\"data\";s:85:\"var wp_ajax_tets_vars = {\"ajaxurl\":\"https:\\/\\/tesoll.com\\/wp-admin\\/admin-ajax.php\"};\";}s:10:\"textdomain\";N;s:17:\"translations_path\";N;}s:21:\"layerslider-greensock\";a:8:{s:6:\"handle\";s:21:\"layerslider-greensock\";s:3:\"src\";s:84:\"https://tesoll.com/wp-content/plugins/LayerSlider/static/layerslider/js/greensock.js\";s:4:\"deps\";a:0:{}s:3:\"ver\";s:6:\"1.19.0\";s:4:\"args\";N;s:5:\"extra\";a:1:{s:4:\"data\";s:28:\"var LS_Meta = {\"v\":\"6.7.6\"};\";}s:10:\"textdomain\";N;s:17:\"translations_path\";N;}s:11:\"layerslider\";a:8:{s:6:\"handle\";s:11:\"layerslider\";s:3:\"src\";s:107:\"https://tesoll.com/wp-content/plugins/LayerSlider/static/layerslider/js/layerslider.kreaturamedia.jquery.js\";s:4:\"deps\";a:1:{i:0;s:6:\"jquery\";}s:3:\"ver\";s:5:\"6.7.6\";s:4:\"args\";N;s:5:\"extra\";a:0:{}s:10:\"textdomain\";N;s:17:\"translations_path\";N;}s:23:\"layerslider-transitions\";a:8:{s:6:\"handle\";s:23:\"layerslider-transitions\";s:3:\"src\";s:98:\"https://tesoll.com/wp-content/plugins/LayerSlider/static/layerslider/js/layerslider.transitions.js\";s:4:\"deps\";a:0:{}s:3:\"ver\";s:5:\"6.7.6\";s:4:\"args\";N;s:5:\"extra\";a:0:{}s:10:\"textdomain\";N;s:17:\"translations_path\";N;}s:14:\"bbpress-editor\";a:8:{s:6:\"handle\";s:14:\"bbpress-editor\";s:3:\"src\";s:76:\"https://tesoll.com/wp-content/plugins/bbpress/templates/default/js/editor.js\";s:4:\"deps\";a:1:{i:0;s:6:\"jquery\";}s:3:\"ver\";s:11:\"2.5.14-6684\";s:4:\"args\";N;s:5:\"extra\";a:1:{s:5:\"group\";i:1;}s:10:\"textdomain\";N;s:17:\"translations_path\";N;}s:10:\"bp-confirm\";a:8:{s:6:\"handle\";s:10:\"bp-confirm\";s:3:\"src\";s:74:\"https://tesoll.com/wp-content/plugins/buddypress/bp-core/js/confirm.min.js\";s:4:\"deps\";a:1:{i:0;s:6:\"jquery\";}s:3:\"ver\";s:5:\"4.3.0\";s:4:\"args\";N;s:5:\"extra\";a:1:{s:4:\"data\";s:50:\"var BP_Confirm = {\"are_you_sure\":\"Are you sure?\"};\";}s:10:\"textdomain\";N;s:17:\"translations_path\";N;}s:8:\"tp-tools\";a:8:{s:6:\"handle\";s:8:\"tp-tools\";s:3:\"src\";s:95:\"https://tesoll.com/wp-content/plugins/revslider/public/assets/js/jquery.themepunch.tools.min.js\";s:4:\"deps\";a:1:{i:0;s:6:\"jquery\";}s:3:\"ver\";s:7:\"5.4.8.2\";s:4:\"args\";N;s:5:\"extra\";a:0:{}s:10:\"textdomain\";N;s:17:\"translations_path\";N;}s:6:\"revmin\";a:8:{s:6:\"handle\";s:6:\"revmin\";s:3:\"src\";s:100:\"https://tesoll.com/wp-content/plugins/revslider/public/assets/js/jquery.themepunch.revolution.min.js\";s:4:\"deps\";a:0:{}s:3:\"ver\";s:7:\"5.4.8.2\";s:4:\"args\";N;s:5:\"extra\";a:0:{}s:10:\"textdomain\";N;s:17:\"translations_path\";N;}s:17:\"mediaelement-core\";a:8:{s:6:\"handle\";s:17:\"mediaelement-core\";s:3:\"src\";s:59:\"/wp-includes/js/mediaelement/mediaelement-and-player.min.js\";s:4:\"deps\";a:0:{}s:3:\"ver\";s:13:\"4.2.6-78496d1\";s:4:\"args\";i:1;s:5:\"extra\";a:1:{s:6:\"before\";a:2:{i:0;b:0;i:1;s:2840:\"var mejsL10n = {\"language\":\"en\",\"strings\":{\"mejs.install-flash\":\"You are using a browser that does not have Flash player enabled or installed. Please turn on your Flash player plugin or download the latest version from https:\\/\\/get.adobe.com\\/flashplayer\\/\",\"mejs.fullscreen-off\":\"Turn off Fullscreen\",\"mejs.fullscreen-on\":\"Go Fullscreen\",\"mejs.download-video\":\"Download Video\",\"mejs.fullscreen\":\"Fullscreen\",\"mejs.time-jump-forward\":[\"Jump forward 1 second\",\"Jump forward %1 seconds\"],\"mejs.loop\":\"Toggle Loop\",\"mejs.play\":\"Play\",\"mejs.pause\":\"Pause\",\"mejs.close\":\"Close\",\"mejs.time-slider\":\"Time Slider\",\"mejs.time-help-text\":\"Use Left\\/Right Arrow keys to advance one second, Up\\/Down arrows to advance ten seconds.\",\"mejs.time-skip-back\":[\"Skip back 1 second\",\"Skip back %1 seconds\"],\"mejs.captions-subtitles\":\"Captions\\/Subtitles\",\"mejs.captions-chapters\":\"Chapters\",\"mejs.none\":\"None\",\"mejs.mute-toggle\":\"Mute Toggle\",\"mejs.volume-help-text\":\"Use Up\\/Down Arrow keys to increase or decrease volume.\",\"mejs.unmute\":\"Unmute\",\"mejs.mute\":\"Mute\",\"mejs.volume-slider\":\"Volume Slider\",\"mejs.video-player\":\"Video Player\",\"mejs.audio-player\":\"Audio Player\",\"mejs.ad-skip\":\"Skip ad\",\"mejs.ad-skip-info\":[\"Skip in 1 second\",\"Skip in %1 seconds\"],\"mejs.source-chooser\":\"Source Chooser\",\"mejs.stop\":\"Stop\",\"mejs.speed-rate\":\"Speed Rate\",\"mejs.live-broadcast\":\"Live Broadcast\",\"mejs.afrikaans\":\"Afrikaans\",\"mejs.albanian\":\"Albanian\",\"mejs.arabic\":\"Arabic\",\"mejs.belarusian\":\"Belarusian\",\"mejs.bulgarian\":\"Bulgarian\",\"mejs.catalan\":\"Catalan\",\"mejs.chinese\":\"Chinese\",\"mejs.chinese-simplified\":\"Chinese (Simplified)\",\"mejs.chinese-traditional\":\"Chinese (Traditional)\",\"mejs.croatian\":\"Croatian\",\"mejs.czech\":\"Czech\",\"mejs.danish\":\"Danish\",\"mejs.dutch\":\"Dutch\",\"mejs.english\":\"English\",\"mejs.estonian\":\"Estonian\",\"mejs.filipino\":\"Filipino\",\"mejs.finnish\":\"Finnish\",\"mejs.french\":\"French\",\"mejs.galician\":\"Galician\",\"mejs.german\":\"German\",\"mejs.greek\":\"Greek\",\"mejs.haitian-creole\":\"Haitian Creole\",\"mejs.hebrew\":\"Hebrew\",\"mejs.hindi\":\"Hindi\",\"mejs.hungarian\":\"Hungarian\",\"mejs.icelandic\":\"Icelandic\",\"mejs.indonesian\":\"Indonesian\",\"mejs.irish\":\"Irish\",\"mejs.italian\":\"Italian\",\"mejs.japanese\":\"Japanese\",\"mejs.korean\":\"Korean\",\"mejs.latvian\":\"Latvian\",\"mejs.lithuanian\":\"Lithuanian\",\"mejs.macedonian\":\"Macedonian\",\"mejs.malay\":\"Malay\",\"mejs.maltese\":\"Maltese\",\"mejs.norwegian\":\"Norwegian\",\"mejs.persian\":\"Persian\",\"mejs.polish\":\"Polish\",\"mejs.portuguese\":\"Portuguese\",\"mejs.romanian\":\"Romanian\",\"mejs.russian\":\"Russian\",\"mejs.serbian\":\"Serbian\",\"mejs.slovak\":\"Slovak\",\"mejs.slovenian\":\"Slovenian\",\"mejs.spanish\":\"Spanish\",\"mejs.swahili\":\"Swahili\",\"mejs.swedish\":\"Swedish\",\"mejs.tagalog\":\"Tagalog\",\"mejs.thai\":\"Thai\",\"mejs.turkish\":\"Turkish\",\"mejs.ukrainian\":\"Ukrainian\",\"mejs.vietnamese\":\"Vietnamese\",\"mejs.welsh\":\"Welsh\",\"mejs.yiddish\":\"Yiddish\"}};\";}}s:10:\"textdomain\";N;s:17:\"translations_path\";N;}s:20:\"mediaelement-migrate\";a:8:{s:6:\"handle\";s:20:\"mediaelement-migrate\";s:3:\"src\";s:56:\"/wp-includes/js/mediaelement/mediaelement-migrate.min.js\";s:4:\"deps\";a:0:{}s:3:\"ver\";b:0;s:4:\"args\";i:1;s:5:\"extra\";a:0:{}s:10:\"textdomain\";N;s:17:\"translations_path\";N;}s:8:\"thickbox\";a:8:{s:6:\"handle\";s:8:\"thickbox\";s:3:\"src\";s:36:\"/wp-includes/js/thickbox/thickbox.js\";s:4:\"deps\";a:1:{i:0;s:6:\"jquery\";}s:3:\"ver\";s:12:\"3.1-20121105\";s:4:\"args\";i:1;s:5:\"extra\";a:1:{s:4:\"data\";s:302:\"var thickboxL10n = {\"next\":\"Next >\",\"prev\":\"< Prev\",\"image\":\"Image\",\"of\":\"of\",\"close\":\"Close\",\"noiframes\":\"This feature requires inline frames. You have iframes disabled or your browser does not support them.\",\"loadingAnimation\":\"https:\\/\\/tesoll.com\\/wp-includes\\/js\\/thickbox\\/loadingAnimation.gif\"};\";}s:10:\"textdomain\";N;s:17:\"translations_path\";N;}s:13:\"shortcodes-js\";a:8:{s:6:\"handle\";s:13:\"shortcodes-js\";s:3:\"src\";s:70:\"https://tesoll.com/wp-content/plugins/vibe-shortcodes/js/shortcodes.js\";s:4:\"deps\";a:3:{i:0;s:6:\"jquery\";i:1;s:12:\"mediaelement\";i:2;s:8:\"thickbox\";}s:3:\"ver\";s:5:\"3.8.5\";s:4:\"args\";N;s:5:\"extra\";a:2:{s:5:\"group\";i:1;s:4:\"data\";s:152:\"var vibe_shortcode_strings = {\"sending_mail\":\"Sending mail\",\"error_string\":\"Error :\",\"invalid_string\":\"Invalid \",\"captcha_mismatch\":\"Captcha Mismatch\"};\";}s:10:\"textdomain\";N;s:17:\"translations_path\";N;}s:14:\"jquery-blockui\";a:8:{s:6:\"handle\";s:14:\"jquery-blockui\";s:3:\"src\";s:96:\"https://tesoll.com/wp-content/plugins/woocommerce/assets/js/jquery-blockui/jquery.blockUI.min.js\";s:4:\"deps\";a:1:{i:0;s:6:\"jquery\";}s:3:\"ver\";s:4:\"2.70\";s:4:\"args\";N;s:5:\"extra\";a:1:{s:5:\"group\";i:1;}s:10:\"textdomain\";N;s:17:\"translations_path\";N;}s:9:\"js-cookie\";a:8:{s:6:\"handle\";s:9:\"js-cookie\";s:3:\"src\";s:86:\"https://tesoll.com/wp-content/plugins/woocommerce/assets/js/js-cookie/js.cookie.min.js\";s:4:\"deps\";a:0:{}s:3:\"ver\";s:5:\"2.1.4\";s:4:\"args\";N;s:5:\"extra\";a:1:{s:5:\"group\";i:1;}s:10:\"textdomain\";N;s:17:\"translations_path\";N;}s:11:\"woocommerce\";a:8:{s:6:\"handle\";s:11:\"woocommerce\";s:3:\"src\";s:87:\"https://tesoll.com/wp-content/plugins/woocommerce/assets/js/frontend/woocommerce.min.js\";s:4:\"deps\";a:3:{i:0;s:6:\"jquery\";i:1;s:14:\"jquery-blockui\";i:2;s:9:\"js-cookie\";}s:3:\"ver\";s:5:\"3.6.2\";s:4:\"args\";N;s:5:\"extra\";a:2:{s:5:\"group\";i:1;s:4:\"data\";s:107:\"var woocommerce_params = {\"ajax_url\":\"\\/wp-admin\\/admin-ajax.php\",\"wc_ajax_url\":\"\\/?wc-ajax=%%endpoint%%\"};\";}s:10:\"textdomain\";N;s:17:\"translations_path\";N;}s:17:\"wc-cart-fragments\";a:8:{s:6:\"handle\";s:17:\"wc-cart-fragments\";s:3:\"src\";s:90:\"https://tesoll.com/wp-content/plugins/woocommerce/assets/js/frontend/cart-fragments.min.js\";s:4:\"deps\";a:2:{i:0;s:6:\"jquery\";i:1;s:9:\"js-cookie\";}s:3:\"ver\";s:5:\"3.6.2\";s:4:\"args\";N;s:5:\"extra\";a:2:{s:5:\"group\";i:1;s:4:\"data\";s:266:\"var wc_cart_fragments_params = {\"ajax_url\":\"\\/wp-admin\\/admin-ajax.php\",\"wc_ajax_url\":\"\\/?wc-ajax=%%endpoint%%\",\"cart_hash_key\":\"wc_cart_hash_afaa0db4631c6af1fdc0437c3ed13eb3\",\"fragment_name\":\"wc_fragments_afaa0db4631c6af1fdc0437c3ed13eb3\",\"request_timeout\":\"5000\"};\";}s:10:\"textdomain\";N;s:17:\"translations_path\";N;}s:12:\"bp-extras-js\";a:8:{s:6:\"handle\";s:12:\"bp-extras-js\";s:3:\"src\";s:92:\"https://tesoll.com/wp-content/plugins/vibe-course-module/includes/js/course-module-js.min.js\";s:4:\"deps\";a:1:{i:0;s:6:\"jquery\";}s:3:\"ver\";s:5:\"3.9.2\";s:4:\"args\";N;s:5:\"extra\";a:1:{s:5:\"group\";i:1;}s:10:\"textdomain\";N;s:17:\"translations_path\";N;}s:10:\"underscore\";a:8:{s:6:\"handle\";s:10:\"underscore\";s:3:\"src\";s:33:\"/wp-includes/js/underscore.min.js\";s:4:\"deps\";a:0:{}s:3:\"ver\";s:5:\"1.8.3\";s:4:\"args\";i:1;s:5:\"extra\";a:0:{}s:10:\"textdomain\";N;s:17:\"translations_path\";N;}s:11:\"wphb-global\";a:8:{s:6:\"handle\";s:11:\"wphb-global\";s:3:\"src\";s:96:\"https://tesoll.com/wp-content/plugins/hummingbird-performance/admin/assets/js/wphb-global.min.js\";s:4:\"deps\";a:1:{i:0;s:10:\"underscore\";}s:3:\"ver\";s:7:\"2.0.0.1\";s:4:\"args\";N;s:5:\"extra\";a:1:{s:4:\"data\";s:303:\"var wphbGlobal = {\"ajaxurl\":\"https:\\/\\/tesoll.com\\/wp-admin\\/admin-ajax.php\",\"scanRunning\":\"Running speed test...\",\"scanAnalyzing\":\"Analyzing data and preparing report...\",\"scanWaiting\":\"Test is taking a little longer than expected, hang in there\\u2026\",\"scanComplete\":\"Test complete! Reloading\\u2026\"};\";}s:10:\"textdomain\";N;s:17:\"translations_path\";N;}s:14:\"wc-add-to-cart\";a:8:{s:6:\"handle\";s:14:\"wc-add-to-cart\";s:3:\"src\";s:87:\"https://tesoll.com/wp-content/plugins/woocommerce/assets/js/frontend/add-to-cart.min.js\";s:4:\"deps\";a:2:{i:0;s:6:\"jquery\";i:1;s:14:\"jquery-blockui\";}s:3:\"ver\";s:5:\"3.6.2\";s:4:\"args\";N;s:5:\"extra\";a:2:{s:5:\"group\";i:1;s:4:\"data\";s:226:\"var wc_add_to_cart_params = {\"ajax_url\":\"\\/wp-admin\\/admin-ajax.php\",\"wc_ajax_url\":\"\\/?wc-ajax=%%endpoint%%\",\"i18n_view_cart\":\"View cart\",\"cart_url\":\"https:\\/\\/tesoll.com\\/cart\\/\",\"is_cart\":\"\",\"cart_redirect_after_add\":\"yes\"};\";}s:10:\"textdomain\";N;s:17:\"translations_path\";N;}s:29:\"vc_woocommerce-add-to-cart-js\";a:8:{s:6:\"handle\";s:29:\"vc_woocommerce-add-to-cart-js\";s:3:\"src\";s:94:\"https://tesoll.com/wp-content/plugins/js_composer/assets/js/vendors/woocommerce-add-to-cart.js\";s:4:\"deps\";a:1:{i:0;s:14:\"wc-add-to-cart\";}s:3:\"ver\";s:3:\"5.7\";s:4:\"args\";N;s:5:\"extra\";a:0:{}s:10:\"textdomain\";N;s:17:\"translations_path\";N;}s:15:\"evcal_functions\";a:8:{s:6:\"handle\";s:15:\"evcal_functions\";s:3:\"src\";s:70:\"//tesoll.com/wp-content/plugins/eventON/assets/js/eventon_functions.js\";s:4:\"deps\";a:1:{i:0;s:6:\"jquery\";}s:3:\"ver\";s:6:\"2.6.16\";s:4:\"args\";N;s:5:\"extra\";a:1:{s:5:\"group\";i:1;}s:10:\"textdomain\";N;s:17:\"translations_path\";N;}s:14:\"evo_handlebars\";a:8:{s:6:\"handle\";s:14:\"evo_handlebars\";s:3:\"src\";s:69:\"https://tesoll.com/wp-content/plugins/eventON/assets/js/handlebars.js\";s:4:\"deps\";a:1:{i:0;s:6:\"jquery\";}s:3:\"ver\";s:6:\"2.6.16\";s:4:\"args\";N;s:5:\"extra\";a:1:{s:5:\"group\";i:1;}s:10:\"textdomain\";N;s:17:\"translations_path\";N;}s:10:\"evo_mobile\";a:8:{s:6:\"handle\";s:10:\"evo_mobile\";s:3:\"src\";s:70:\"//tesoll.com/wp-content/plugins/eventON/assets/js/jquery.mobile.min.js\";s:4:\"deps\";a:1:{i:0;s:6:\"jquery\";}s:3:\"ver\";s:6:\"2.6.16\";s:4:\"args\";N;s:5:\"extra\";a:1:{s:5:\"group\";i:1;}s:10:\"textdomain\";N;s:17:\"translations_path\";N;}s:9:\"evo_mouse\";a:8:{s:6:\"handle\";s:9:\"evo_mouse\";s:3:\"src\";s:74:\"//tesoll.com/wp-content/plugins/eventON/assets/js/jquery.mousewheel.min.js\";s:4:\"deps\";a:1:{i:0;s:6:\"jquery\";}s:3:\"ver\";s:6:\"2.6.16\";s:4:\"args\";N;s:5:\"extra\";a:1:{s:5:\"group\";i:1;}s:10:\"textdomain\";N;s:17:\"translations_path\";N;}s:17:\"evcal_ajax_handle\";a:8:{s:6:\"handle\";s:17:\"evcal_ajax_handle\";s:3:\"src\";s:67:\"//tesoll.com/wp-content/plugins/eventON/assets/js/eventon_script.js\";s:4:\"deps\";a:1:{i:0;s:6:\"jquery\";}s:3:\"ver\";s:6:\"2.6.16\";s:4:\"args\";N;s:5:\"extra\";a:2:{s:5:\"group\";i:1;s:4:\"data\";s:108:\"var the_ajax_script = {\"ajaxurl\":\"https:\\/\\/tesoll.com\\/wp-admin\\/admin-ajax.php\",\"postnonce\":\"5625b4b558\"};\";}s:10:\"textdomain\";N;s:17:\"translations_path\";N;}s:7:\"watchjs\";a:8:{s:6:\"handle\";s:7:\"watchjs\";s:3:\"src\";s:98:\"https://tesoll.com/wp-content/plugins/learnpress/assets/js/vendor/watch.js?nocache=1560369676.9586\";s:4:\"deps\";a:0:{}s:3:\"ver\";s:7:\"3.2.5.6\";s:4:\"args\";N;s:5:\"extra\";a:0:{}s:10:\"textdomain\";N;s:17:\"translations_path\";N;}s:7:\"jalerts\";a:8:{s:6:\"handle\";s:7:\"jalerts\";s:3:\"src\";s:105:\"https://tesoll.com/wp-content/plugins/learnpress/assets/js/vendor/jquery.alert.js?nocache=1560369676.9586\";s:4:\"deps\";a:0:{}s:3:\"ver\";s:7:\"3.2.5.6\";s:4:\"args\";N;s:5:\"extra\";a:0:{}s:10:\"textdomain\";N;s:17:\"translations_path\";N;}s:10:\"circle-bar\";a:8:{s:6:\"handle\";s:10:\"circle-bar\";s:3:\"src\";s:103:\"https://tesoll.com/wp-content/plugins/learnpress/assets/js/vendor/circle-bar.js?nocache=1560369676.9586\";s:4:\"deps\";a:0:{}s:3:\"ver\";s:7:\"3.2.5.6\";s:4:\"args\";N;s:5:\"extra\";a:0:{}s:10:\"textdomain\";N;s:17:\"translations_path\";N;}s:5:\"utils\";a:8:{s:6:\"handle\";s:5:\"utils\";s:3:\"src\";s:28:\"/wp-includes/js/utils.min.js\";s:4:\"deps\";a:0:{}s:3:\"ver\";b:0;s:4:\"args\";N;s:5:\"extra\";a:1:{s:4:\"data\";s:75:\"var userSettings = {\"url\":\"\\/\",\"uid\":\"0\",\"time\":\"1560369676\",\"secure\":\"1\"};\";}s:10:\"textdomain\";N;s:17:\"translations_path\";N;}s:6:\"global\";a:8:{s:6:\"handle\";s:6:\"global\";s:3:\"src\";s:92:\"https://tesoll.com/wp-content/plugins/learnpress/assets/js/global.js?nocache=1560369676.9586\";s:4:\"deps\";a:3:{i:0;s:6:\"jquery\";i:1;s:10:\"underscore\";i:2;s:5:\"utils\";}s:3:\"ver\";s:7:\"3.2.5.6\";s:4:\"args\";N;s:5:\"extra\";a:1:{s:4:\"data\";s:269:\"var lpGlobalSettings = {\"url\":\"https:\\/\\/tesoll.com\\/course\\/tesol-o\\/\",\"siteurl\":\"https:\\/\\/tesoll.com\",\"ajax\":\"https:\\/\\/tesoll.com\\/wp-admin\\/admin-ajax.php\",\"theme\":\"wplms\",\"localize\":{\"button_ok\":\"OK\",\"button_cancel\":\"Cancel\",\"button_yes\":\"Yes\",\"button_no\":\"No\"}};\";}s:10:\"textdomain\";N;s:17:\"translations_path\";N;}s:16:\"jquery-scrollbar\";a:8:{s:6:\"handle\";s:16:\"jquery-scrollbar\";s:3:\"src\";s:126:\"https://tesoll.com/wp-content/plugins/learnpress/assets/js/vendor/jquery-scrollbar/jquery.scrollbar.js?nocache=1560369676.9586\";s:4:\"deps\";a:1:{i:0;s:6:\"jquery\";}s:3:\"ver\";s:7:\"3.2.5.6\";s:4:\"args\";N;s:5:\"extra\";a:0:{}s:10:\"textdomain\";N;s:17:\"translations_path\";N;}s:10:\"learnpress\";a:8:{s:6:\"handle\";s:10:\"learnpress\";s:3:\"src\";s:105:\"https://tesoll.com/wp-content/plugins/learnpress/assets/js/frontend/learnpress.js?nocache=1560369676.9586\";s:4:\"deps\";a:1:{i:0;s:6:\"global\";}s:3:\"ver\";s:7:\"3.2.5.6\";s:4:\"args\";N;s:5:\"extra\";a:0:{}s:10:\"textdomain\";N;s:17:\"translations_path\";N;}s:6:\"course\";a:8:{s:6:\"handle\";s:6:\"course\";s:3:\"src\";s:101:\"https://tesoll.com/wp-content/plugins/learnpress/assets/js/frontend/course.js?nocache=1560369676.9586\";s:4:\"deps\";a:4:{i:0;s:6:\"global\";i:1;s:16:\"jquery-scrollbar\";i:2;s:7:\"watchjs\";i:3;s:7:\"jalerts\";}s:3:\"ver\";s:7:\"3.2.5.6\";s:4:\"args\";N;s:5:\"extra\";a:1:{s:4:\"data\";s:26:\"var lpCourseSettings = [];\";}s:10:\"textdomain\";N;s:17:\"translations_path\";N;}s:15:\"jquery-scrollto\";a:8:{s:6:\"handle\";s:15:\"jquery-scrollto\";s:3:\"src\";s:108:\"https://tesoll.com/wp-content/plugins/learnpress/assets/js/vendor/jquery.scrollTo.js?nocache=1560369676.9586\";s:4:\"deps\";a:1:{i:0;s:6:\"jquery\";}s:3:\"ver\";s:7:\"3.2.5.6\";s:4:\"args\";N;s:5:\"extra\";a:0:{}s:10:\"textdomain\";N;s:17:\"translations_path\";N;}s:16:\"become-a-teacher\";a:8:{s:6:\"handle\";s:16:\"become-a-teacher\";s:3:\"src\";s:109:\"https://tesoll.com/wp-content/plugins/learnpress/assets/js/frontend/become-teacher.js?nocache=1560369676.9586\";s:4:\"deps\";a:1:{i:0;s:6:\"jquery\";}s:3:\"ver\";s:7:\"3.2.5.6\";s:4:\"args\";N;s:5:\"extra\";a:0:{}s:10:\"textdomain\";N;s:17:\"translations_path\";N;}s:15:\"wp-mediaelement\";a:8:{s:6:\"handle\";s:15:\"wp-mediaelement\";s:3:\"src\";s:51:\"/wp-includes/js/mediaelement/wp-mediaelement.min.js\";s:4:\"deps\";a:1:{i:0;s:12:\"mediaelement\";}s:3:\"ver\";b:0;s:4:\"args\";i:1;s:5:\"extra\";a:0:{}s:10:\"textdomain\";N;s:17:\"translations_path\";N;}s:13:\"buddypress-js\";a:8:{s:6:\"handle\";s:13:\"buddypress-js\";s:3:\"src\";s:76:\"https://tesoll.com/wp-content/themes/wplms/assets/js/old_files/buddypress.js\";s:4:\"deps\";a:1:{i:0;s:6:\"jquery\";}s:3:\"ver\";s:3:\"3.5\";s:4:\"args\";N;s:5:\"extra\";a:1:{s:4:\"data\";s:554:\"var BP_DTheme = {\"accepted\":\"Accepted\",\"close\":\"Close\",\"comments\":\"comments\",\"leave_group_confirm\":\"Are you sure you want to leave this group?\",\"mark_as_fav\":\"Favorite\",\"my_favs\":\"My Favorites\",\"rejected\":\"Rejected\",\"remove_fav\":\"Remove Favorite\",\"show_all\":\"Show all\",\"show_all_comments\":\"Show all comments for this thread\",\"show_x_comments\":\"Show all %d comments\",\"unsaved_changes\":\"Your profile has unsaved changes. If you leave the page, the changes will be lost.\",\"view\":\"View\",\"too_short\":\"Too short\",\"weak\":\"Weak\",\"good\":\"Good\",\"strong\":\"Strong\"};\";}s:10:\"textdomain\";N;s:17:\"translations_path\";N;}s:12:\"bp-course-js\";a:8:{s:6:\"handle\";s:12:\"bp-course-js\";s:3:\"src\";s:78:\"https://tesoll.com/wp-content/plugins/vibe-course-module/includes/js/course.js\";s:4:\"deps\";a:3:{i:0;s:6:\"jquery\";i:1;s:15:\"wp-mediaelement\";i:2;s:13:\"buddypress-js\";}s:3:\"ver\";s:5:\"3.9.2\";s:4:\"args\";N;s:5:\"extra\";a:2:{s:5:\"group\";i:1;s:4:\"data\";s:2678:\"var vibe_course_module_strings = {\"timeout\":\"TIMEOUT\",\"too_fast_answer\":\"Too Fast or Answer not marked.\",\"answer_saved\":\"Answer Saved.\",\"processing\":\"Processing...\",\"saving_answer\":\"Saving Answer...please wait\",\"remove_user_text\":\"This step is irreversible. Are you sure you want to remove the User from the course ?\",\"remove_user_button\":\"Confirm, Remove User from Course\",\"confirm\":\"Confirm\",\"cancel\":\"Cancel\",\"reset_user_text\":\"This step is irreversible. All Units, Quiz results would be reset for this user. Are you sure you want to Reset the Course for this User?\",\"reset_user_button\":\"Confirm, Reset Course for this User\",\"quiz_reset\":\"This step is irreversible. All Questions answers would be reset for this user. Are you sure you want to Reset the Quiz for this User? \",\"quiz_reset_button\":\"Confirm, Reset Quiz for this User\",\"marks_saved\":\"Marks Saved\",\"quiz_marks_saved\":\"Quiz Marks Saved\",\"save_quiz\":\"Save Quiz progress\",\"saved_quiz_progress\":\"Saved\",\"submit_quiz\":\"Submit Quiz\",\"sending_messages\":\"Sending Messages ...\",\"adding_students\":\"Adding Students to Course ...\",\"successfuly_added_students\":\"Students successfully added to Course\",\"unable_add_students\":\"Unable to Add students to Course\",\"select_fields\":\"Please select fields to download\",\"download\":\"Download\",\"theme_color\":\"#009dd8\",\"single_dark_color\":\"#FAFAFA\",\"for_course\":\"for Course\",\"active_filters\":\"Active Filters\",\"clear_filters\":\"Clear all filters\",\"remove_comment\":\"Are you sure you want to remove this note?\",\"remove_comment_button\":\"Confirm, remove note\",\"private_comment\":\"Make Private\",\"add_comment\":\"Add your note\",\"submit_quiz_error\":\"Please add questions or retake the quiz !\",\"remove_announcement\":\"Are you sure you want to remove this Annoucement?\",\"start_quiz_notification\":\"You\'re about to start the Quiz. Please click confirm to begin the quiz.\",\"submit_quiz_notification\":\"Are you sure you want to submit the quiz. Submitting the quiz will freeze all your answers, you can not change them.  Please confirm.\",\"check_results\":\"Check results\",\"correct\":\"Correct\",\"incorrect\":\"Incorrect\",\"confirm_apply\":\"Are you sure you want to apply for this Course ?\",\"instructor_uncomplete_unit\":\"Are you sure you want mark this unit \\\"incomplete\\\" for the user ?\",\"instructor_complete_unit\":\"Are you sure you want to mark this unit \\\"complete\\\" for the user ?\",\"unanswered_questions\":\"You have few unanswered questions. Are you sure you want to continue ?\",\"enter_more_characters\":\"Please enter 4 or more characters ...\",\"correct_answer\":\"Correct Answer\",\"explanation\":\"Explanation\",\"And\":\"and\",\"go\":\"Go\",\"security\":\"e559d6bbfb\",\"confirm_course_retake\":\"Are you sure you want to retake course?\"};\";}s:10:\"textdomain\";N;s:17:\"translations_path\";N;}s:8:\"wp-embed\";a:8:{s:6:\"handle\";s:8:\"wp-embed\";s:3:\"src\";s:31:\"/wp-includes/js/wp-embed.min.js\";s:4:\"deps\";a:0:{}s:3:\"ver\";b:0;s:4:\"args\";N;s:5:\"extra\";a:0:{}s:10:\"textdomain\";N;s:17:\"translations_path\";N;}s:5:\"wplms\";a:8:{s:6:\"handle\";s:5:\"wplms\";s:3:\"src\";s:65:\"https://tesoll.com/wp-content/themes/wplms/assets/js/wplms.min.js\";s:4:\"deps\";a:0:{}s:3:\"ver\";s:3:\"3.5\";s:4:\"args\";N;s:5:\"extra\";a:1:{s:4:\"data\";s:256:\"var wplms = {\"more\":\"More\",\"view_more\":\"View More\",\"menu\":\"Menu\",\"wplms_woocommerce_validate\":\"Please fill in all the required fields (indicated by *)\",\"open_menu\":\"Open\\/Close Menu\",\"invalid_mail\":\"Invalid email entered !\",\"signon_security\":\"e6b53b1890\"};\";}s:10:\"textdomain\";N;s:17:\"translations_path\";N;}s:17:\"evo_dv_mousewheel\";a:8:{s:6:\"handle\";s:17:\"evo_dv_mousewheel\";s:3:\"src\";s:111:\"https://tesoll.com/wp-content/plugins/wplms-eventon/includes/eventon-daily-view/assets/jquery.mousewheel.min.js\";s:4:\"deps\";a:1:{i:0;s:6:\"jquery\";}s:3:\"ver\";s:4:\"0.31\";s:4:\"args\";N;s:5:\"extra\";a:1:{s:5:\"group\";i:1;}s:10:\"textdomain\";N;s:17:\"translations_path\";N;}s:13:\"evo_dv_script\";a:8:{s:6:\"handle\";s:13:\"evo_dv_script\";s:3:\"src\";s:99:\"https://tesoll.com/wp-content/plugins/wplms-eventon/includes/eventon-daily-view/assets/dv_script.js\";s:4:\"deps\";a:1:{i:0;s:6:\"jquery\";}s:3:\"ver\";s:4:\"0.31\";s:4:\"args\";N;s:5:\"extra\";a:1:{s:5:\"group\";i:1;}s:10:\"textdomain\";N;s:17:\"translations_path\";N;}s:9:\"bp-moment\";a:8:{s:6:\"handle\";s:9:\"bp-moment\";s:3:\"src\";s:90:\"https://tesoll.com/wp-content/plugins/buddypress/bp-core/js/vendor/moment-js/moment.min.js\";s:4:\"deps\";a:0:{}s:3:\"ver\";s:5:\"4.3.0\";s:4:\"args\";N;s:5:\"extra\";a:1:{s:5:\"group\";i:1;}s:10:\"textdomain\";N;s:17:\"translations_path\";N;}s:12:\"bp-livestamp\";a:8:{s:6:\"handle\";s:12:\"bp-livestamp\";s:3:\"src\";s:83:\"https://tesoll.com/wp-content/plugins/buddypress/bp-core/js/vendor/livestamp.min.js\";s:4:\"deps\";a:2:{i:0;s:6:\"jquery\";i:1;s:9:\"bp-moment\";}s:3:\"ver\";s:5:\"4.3.0\";s:4:\"args\";N;s:5:\"extra\";a:1:{s:5:\"group\";i:1;}s:10:\"textdomain\";N;s:17:\"translations_path\";N;}s:16:\"bp-jquery-cookie\";a:8:{s:6:\"handle\";s:16:\"bp-jquery-cookie\";s:3:\"src\";s:87:\"https://tesoll.com/wp-content/plugins/buddypress/bp-core/js/vendor/jquery-cookie.min.js\";s:4:\"deps\";a:1:{i:0;s:6:\"jquery\";}s:3:\"ver\";s:5:\"4.3.0\";s:4:\"args\";N;s:5:\"extra\";a:0:{}s:10:\"textdomain\";N;s:17:\"translations_path\";N;}s:14:\"jquery-ui-core\";a:8:{s:6:\"handle\";s:14:\"jquery-ui-core\";s:3:\"src\";s:37:\"/wp-includes/js/jquery/ui/core.min.js\";s:4:\"deps\";a:1:{i:0;s:6:\"jquery\";}s:3:\"ver\";s:6:\"1.11.4\";s:4:\"args\";i:1;s:5:\"extra\";a:0:{}s:10:\"textdomain\";N;s:17:\"translations_path\";N;}s:20:\"jquery-ui-datepicker\";a:8:{s:6:\"handle\";s:20:\"jquery-ui-datepicker\";s:3:\"src\";s:43:\"/wp-includes/js/jquery/ui/datepicker.min.js\";s:4:\"deps\";a:1:{i:0;s:14:\"jquery-ui-core\";}s:3:\"ver\";s:6:\"1.11.4\";s:4:\"args\";i:1;s:5:\"extra\";a:1:{s:5:\"after\";a:2:{i:0;b:0;i:1;s:616:\"jQuery(document).ready(function(jQuery){jQuery.datepicker.setDefaults({\"closeText\":\"Close\",\"currentText\":\"Today\",\"monthNames\":[\"January\",\"February\",\"March\",\"April\",\"May\",\"June\",\"July\",\"August\",\"September\",\"October\",\"November\",\"December\"],\"monthNamesShort\":[\"Jan\",\"Feb\",\"Mar\",\"Apr\",\"May\",\"Jun\",\"Jul\",\"Aug\",\"Sep\",\"Oct\",\"Nov\",\"Dec\"],\"nextText\":\"Next\",\"prevText\":\"Previous\",\"dayNames\":[\"Sunday\",\"Monday\",\"Tuesday\",\"Wednesday\",\"Thursday\",\"Friday\",\"Saturday\"],\"dayNamesShort\":[\"Sun\",\"Mon\",\"Tue\",\"Wed\",\"Thu\",\"Fri\",\"Sat\"],\"dayNamesMin\":[\"S\",\"M\",\"T\",\"W\",\"T\",\"F\",\"S\"],\"dateFormat\":\"dd\\/mm\\/yy\",\"firstDay\":6,\"isRTL\":false});});\";}}s:10:\"textdomain\";N;s:17:\"translations_path\";N;}s:20:\"wplms-assignments-js\";a:8:{s:6:\"handle\";s:20:\"wplms-assignments-js\";s:3:\"src\";s:79:\"https://tesoll.com/wp-content/plugins/wplms-assignments/js/wplms-assignments.js\";s:4:\"deps\";a:0:{}s:3:\"ver\";b:0;s:4:\"args\";N;s:5:\"extra\";a:1:{s:4:\"data\";s:528:\"var wplms_assignment_messages = {\"assignment_reset\":\"This step is irreversible. All Assignment submissions would be reset for this user. Are you sure you want to Reset the Assignment for this User? \",\"assignment_reset_button\":\"Confirm, Assignment reset for this User\",\"marks_saved\":\"Marks Saved\",\"assignment_marks_saved\":\"Assignment Marks Saved\",\"cancel\":\"Cancel\",\"incorrect_file_format\":\"Incorrect file format \",\"duplicate_file\":\"File already selected \",\"remove_attachment\":\"Are you sure you want to remove this attachment ?\"};\";}s:10:\"textdomain\";N;s:17:\"translations_path\";N;}s:16:\"jquery-ui-widget\";a:8:{s:6:\"handle\";s:16:\"jquery-ui-widget\";s:3:\"src\";s:39:\"/wp-includes/js/jquery/ui/widget.min.js\";s:4:\"deps\";a:1:{i:0;s:6:\"jquery\";}s:3:\"ver\";s:6:\"1.11.4\";s:4:\"args\";i:1;s:5:\"extra\";a:0:{}s:10:\"textdomain\";N;s:17:\"translations_path\";N;}s:15:\"jquery-ui-mouse\";a:8:{s:6:\"handle\";s:15:\"jquery-ui-mouse\";s:3:\"src\";s:38:\"/wp-includes/js/jquery/ui/mouse.min.js\";s:4:\"deps\";a:2:{i:0;s:14:\"jquery-ui-core\";i:1;s:16:\"jquery-ui-widget\";}s:3:\"ver\";s:6:\"1.11.4\";s:4:\"args\";i:1;s:5:\"extra\";a:0:{}s:10:\"textdomain\";N;s:17:\"translations_path\";N;}s:18:\"jquery-ui-sortable\";a:8:{s:6:\"handle\";s:18:\"jquery-ui-sortable\";s:3:\"src\";s:41:\"/wp-includes/js/jquery/ui/sortable.min.js\";s:4:\"deps\";a:1:{i:0;s:15:\"jquery-ui-mouse\";}s:3:\"ver\";s:6:\"1.11.4\";s:4:\"args\";i:1;s:5:\"extra\";a:0:{}s:10:\"textdomain\";N;s:17:\"translations_path\";N;}s:19:\"jquery-ui-draggable\";a:8:{s:6:\"handle\";s:19:\"jquery-ui-draggable\";s:3:\"src\";s:42:\"/wp-includes/js/jquery/ui/draggable.min.js\";s:4:\"deps\";a:1:{i:0;s:15:\"jquery-ui-mouse\";}s:3:\"ver\";s:6:\"1.11.4\";s:4:\"args\";i:1;s:5:\"extra\";a:0:{}s:10:\"textdomain\";N;s:17:\"translations_path\";N;}s:19:\"jquery-ui-droppable\";a:8:{s:6:\"handle\";s:19:\"jquery-ui-droppable\";s:3:\"src\";s:42:\"/wp-includes/js/jquery/ui/droppable.min.js\";s:4:\"deps\";a:1:{i:0;s:19:\"jquery-ui-draggable\";}s:3:\"ver\";s:6:\"1.11.4\";s:4:\"args\";i:1;s:5:\"extra\";a:0:{}s:10:\"textdomain\";N;s:17:\"translations_path\";N;}s:7:\"knob-js\";a:8:{s:6:\"handle\";s:7:\"knob-js\";s:3:\"src\";s:87:\"https://tesoll.com/wp-content/plugins/vibe-course-module/includes/js/jquery.knob.min.js\";s:4:\"deps\";a:1:{i:0;s:6:\"jquery\";}s:3:\"ver\";s:5:\"3.9.2\";s:4:\"args\";N;s:5:\"extra\";a:1:{s:5:\"group\";i:1;}s:10:\"textdomain\";N;s:17:\"translations_path\";N;}s:12:\"jquery-caret\";a:8:{s:6:\"handle\";s:12:\"jquery-caret\";s:3:\"src\";s:86:\"https://tesoll.com/wp-content/plugins/buddypress/bp-core/js/vendor/jquery.caret.min.js\";s:4:\"deps\";a:1:{i:0;s:6:\"jquery\";}s:3:\"ver\";s:5:\"4.3.0\";s:4:\"args\";N;s:5:\"extra\";a:1:{s:5:\"group\";i:1;}s:10:\"textdomain\";N;s:17:\"translations_path\";N;}s:12:\"jquery-atwho\";a:8:{s:6:\"handle\";s:12:\"jquery-atwho\";s:3:\"src\";s:86:\"https://tesoll.com/wp-content/plugins/buddypress/bp-core/js/vendor/jquery.atwho.min.js\";s:4:\"deps\";a:2:{i:0;s:6:\"jquery\";i:1;s:12:\"jquery-caret\";}s:3:\"ver\";s:5:\"4.3.0\";s:4:\"args\";N;s:5:\"extra\";a:1:{s:5:\"group\";i:1;}s:10:\"textdomain\";N;s:17:\"translations_path\";N;}s:11:\"bp-mentions\";a:8:{s:6:\"handle\";s:11:\"bp-mentions\";s:3:\"src\";s:79:\"https://tesoll.com/wp-content/plugins/buddypress/bp-activity/js/mentions.min.js\";s:4:\"deps\";a:2:{i:0;s:6:\"jquery\";i:1;s:12:\"jquery-atwho\";}s:3:\"ver\";s:5:\"4.3.0\";s:4:\"args\";N;s:5:\"extra\";a:2:{s:5:\"group\";i:1;s:4:\"data\";s:36:\"var BP_Suggestions = {\"friends\":[]};\";}s:10:\"textdomain\";N;s:17:\"translations_path\";N;}s:9:\"quicktags\";a:8:{s:6:\"handle\";s:9:\"quicktags\";s:3:\"src\";s:32:\"/wp-includes/js/quicktags.min.js\";s:4:\"deps\";a:0:{}s:3:\"ver\";b:0;s:4:\"args\";i:1;s:5:\"extra\";a:1:{s:4:\"data\";s:912:\"var quicktagsL10n = {\"closeAllOpenTags\":\"Close all open tags\",\"closeTags\":\"close tags\",\"enterURL\":\"Enter the URL\",\"enterImageURL\":\"Enter the URL of the image\",\"enterImageDescription\":\"Enter a description of the image\",\"textdirection\":\"text direction\",\"toggleTextdirection\":\"Toggle Editor Text Direction\",\"dfw\":\"Distraction-free writing mode\",\"strong\":\"Bold\",\"strongClose\":\"Close bold tag\",\"em\":\"Italic\",\"emClose\":\"Close italic tag\",\"link\":\"Insert link\",\"blockquote\":\"Blockquote\",\"blockquoteClose\":\"Close blockquote tag\",\"del\":\"Deleted text (strikethrough)\",\"delClose\":\"Close deleted text tag\",\"ins\":\"Inserted text\",\"insClose\":\"Close inserted text tag\",\"image\":\"Insert image\",\"ul\":\"Bulleted list\",\"ulClose\":\"Close bulleted list tag\",\"ol\":\"Numbered list\",\"olClose\":\"Close numbered list tag\",\"li\":\"List item\",\"liClose\":\"Close list item tag\",\"code\":\"Code\",\"codeClose\":\"Close code tag\",\"more\":\"Insert Read More tag\"};\";}s:10:\"textdomain\";N;s:17:\"translations_path\";N;}s:7:\"wp-a11y\";a:8:{s:6:\"handle\";s:7:\"wp-a11y\";s:3:\"src\";s:30:\"/wp-includes/js/wp-a11y.min.js\";s:4:\"deps\";a:1:{i:0;s:6:\"jquery\";}s:3:\"ver\";b:0;s:4:\"args\";i:1;s:5:\"extra\";a:0:{}s:10:\"textdomain\";N;s:17:\"translations_path\";N;}s:6:\"wplink\";a:8:{s:6:\"handle\";s:6:\"wplink\";s:3:\"src\";s:29:\"/wp-includes/js/wplink.min.js\";s:4:\"deps\";a:2:{i:0;s:6:\"jquery\";i:1;s:7:\"wp-a11y\";}s:3:\"ver\";b:0;s:4:\"args\";i:1;s:5:\"extra\";a:1:{s:4:\"data\";s:207:\"var wpLinkL10n = {\"title\":\"Insert\\/edit link\",\"update\":\"Update\",\"save\":\"Add Link\",\"noTitle\":\"(no title)\",\"noMatchesFound\":\"No results found.\",\"linkSelected\":\"Link selected.\",\"linkInserted\":\"Link inserted.\"};\";}s:10:\"textdomain\";N;s:17:\"translations_path\";N;}s:18:\"jquery-ui-position\";a:8:{s:6:\"handle\";s:18:\"jquery-ui-position\";s:3:\"src\";s:41:\"/wp-includes/js/jquery/ui/position.min.js\";s:4:\"deps\";a:1:{i:0;s:6:\"jquery\";}s:3:\"ver\";s:6:\"1.11.4\";s:4:\"args\";i:1;s:5:\"extra\";a:0:{}s:10:\"textdomain\";N;s:17:\"translations_path\";N;}s:14:\"jquery-ui-menu\";a:8:{s:6:\"handle\";s:14:\"jquery-ui-menu\";s:3:\"src\";s:37:\"/wp-includes/js/jquery/ui/menu.min.js\";s:4:\"deps\";a:3:{i:0;s:14:\"jquery-ui-core\";i:1;s:16:\"jquery-ui-widget\";i:2;s:18:\"jquery-ui-position\";}s:3:\"ver\";s:6:\"1.11.4\";s:4:\"args\";i:1;s:5:\"extra\";a:0:{}s:10:\"textdomain\";N;s:17:\"translations_path\";N;}s:22:\"jquery-ui-autocomplete\";a:8:{s:6:\"handle\";s:22:\"jquery-ui-autocomplete\";s:3:\"src\";s:45:\"/wp-includes/js/jquery/ui/autocomplete.min.js\";s:4:\"deps\";a:2:{i:0;s:14:\"jquery-ui-menu\";i:1;s:7:\"wp-a11y\";}s:3:\"ver\";s:6:\"1.11.4\";s:4:\"args\";i:1;s:5:\"extra\";a:1:{s:4:\"data\";s:235:\"var uiAutocompleteL10n = {\"noResults\":\"No results found.\",\"oneResult\":\"1 result found. Use up and down arrow keys to navigate.\",\"manyResults\":\"%d results found. Use up and down arrow keys to navigate.\",\"itemSelected\":\"Item selected.\"};\";}s:10:\"textdomain\";N;s:17:\"translations_path\";N;}s:8:\"checkout\";a:8:{s:6:\"handle\";s:8:\"checkout\";s:3:\"src\";s:102:\"https://tesoll.com/wp-content/plugins/learnpress/assets/js/frontend/checkout.js?nocache=1557974267.534\";s:4:\"deps\";a:1:{i:0;s:6:\"global\";}s:3:\"ver\";s:7:\"3.2.5.5\";s:4:\"args\";N;s:5:\"extra\";a:1:{s:4:\"data\";s:294:\"var lpCheckoutSettings = {\"ajaxurl\":\"https:\\/\\/tesoll.com\",\"user_waiting_payment\":null,\"user_checkout\":\"admin@tesoll.com\",\"i18n_processing\":\"Processing\",\"i18n_redirecting\":\"Redirecting\",\"i18n_invalid_field\":\"Invalid field\",\"i18n_unknown_error\":\"Unknown error\",\"i18n_place_order\":\"Place order\"};\";}s:10:\"textdomain\";N;s:17:\"translations_path\";N;}s:13:\"comment-reply\";a:8:{s:6:\"handle\";s:13:\"comment-reply\";s:3:\"src\";s:36:\"/wp-includes/js/comment-reply.min.js\";s:4:\"deps\";a:0:{}s:3:\"ver\";b:0;s:4:\"args\";i:1;s:5:\"extra\";a:0:{}s:10:\"textdomain\";N;s:17:\"translations_path\";N;}s:4:\"quiz\";a:8:{s:6:\"handle\";s:4:\"quiz\";s:3:\"src\";s:99:\"https://tesoll.com/wp-content/plugins/learnpress/assets/js/frontend/quiz.js?nocache=1557604497.1923\";s:4:\"deps\";a:3:{i:0;s:6:\"global\";i:1;s:16:\"jquery-scrollbar\";i:2;s:7:\"watchjs\";}s:3:\"ver\";s:7:\"3.2.5.5\";s:4:\"args\";N;s:5:\"extra\";a:1:{s:4:\"data\";s:83:\"var lpQuizSettings = {\"id\":1038,\"totalTime\":2400,\"remainingTime\":2400,\"status\":\"\"};\";}s:10:\"textdomain\";N;s:17:\"translations_path\";N;}s:11:\"evcal_gmaps\";a:8:{s:6:\"handle\";s:11:\"evcal_gmaps\";s:3:\"src\";s:39:\"https://maps.googleapis.com/maps/api/js\";s:4:\"deps\";a:1:{i:0;s:6:\"jquery\";}s:3:\"ver\";s:3:\"1.0\";s:4:\"args\";N;s:5:\"extra\";a:1:{s:5:\"group\";i:1;}s:10:\"textdomain\";N;s:17:\"translations_path\";N;}s:13:\"eventon_gmaps\";a:8:{s:6:\"handle\";s:13:\"eventon_gmaps\";s:3:\"src\";s:74:\"//tesoll.com/wp-content/plugins/eventON/assets/js/maps/eventon_gen_maps.js\";s:4:\"deps\";a:1:{i:0;s:6:\"jquery\";}s:3:\"ver\";s:6:\"2.6.16\";s:4:\"args\";N;s:5:\"extra\";a:1:{s:5:\"group\";i:1;}s:10:\"textdomain\";N;s:17:\"translations_path\";N;}s:18:\"eventon_init_gmaps\";a:8:{s:6:\"handle\";s:18:\"eventon_init_gmaps\";s:3:\"src\";s:75:\"//tesoll.com/wp-content/plugins/eventON/assets/js/maps/eventon_init_gmap.js\";s:4:\"deps\";a:1:{i:0;s:6:\"jquery\";}s:3:\"ver\";s:3:\"1.0\";s:4:\"args\";N;s:5:\"extra\";a:1:{s:5:\"group\";i:1;}s:10:\"textdomain\";N;s:17:\"translations_path\";N;}s:10:\"photoswipe\";a:8:{s:6:\"handle\";s:10:\"photoswipe\";s:3:\"src\";s:88:\"https://tesoll.com/wp-content/plugins/woocommerce/assets/js/photoswipe/photoswipe.min.js\";s:4:\"deps\";a:0:{}s:3:\"ver\";s:5:\"4.1.1\";s:4:\"args\";N;s:5:\"extra\";a:1:{s:5:\"group\";i:1;}s:10:\"textdomain\";N;s:17:\"translations_path\";N;}s:21:\"photoswipe-ui-default\";a:8:{s:6:\"handle\";s:21:\"photoswipe-ui-default\";s:3:\"src\";s:99:\"https://tesoll.com/wp-content/plugins/woocommerce/assets/js/photoswipe/photoswipe-ui-default.min.js\";s:4:\"deps\";a:1:{i:0;s:10:\"photoswipe\";}s:3:\"ver\";s:5:\"4.1.1\";s:4:\"args\";N;s:5:\"extra\";a:1:{s:5:\"group\";i:1;}s:10:\"textdomain\";N;s:17:\"translations_path\";N;}s:17:\"wc-single-product\";a:8:{s:6:\"handle\";s:17:\"wc-single-product\";s:3:\"src\";s:90:\"https://tesoll.com/wp-content/plugins/woocommerce/assets/js/frontend/single-product.min.js\";s:4:\"deps\";a:1:{i:0;s:6:\"jquery\";}s:3:\"ver\";s:5:\"3.6.2\";s:4:\"args\";N;s:5:\"extra\";a:2:{s:5:\"group\";i:1;s:4:\"data\";s:528:\"var wc_single_product_params = {\"i18n_required_rating_text\":\"Please select a rating\",\"review_rating_required\":\"yes\",\"flexslider\":{\"rtl\":false,\"animation\":\"slide\",\"smoothHeight\":true,\"directionNav\":false,\"controlNav\":\"thumbnails\",\"slideshow\":false,\"animationSpeed\":500,\"animationLoop\":false,\"allowOneSlide\":false},\"zoom_enabled\":\"\",\"zoom_options\":[],\"photoswipe_enabled\":\"1\",\"photoswipe_options\":{\"shareEl\":false,\"closeOnScroll\":false,\"history\":false,\"hideAnimationDuration\":0,\"showAnimationDuration\":0},\"flexslider_enabled\":\"\"};\";}s:10:\"textdomain\";N;s:17:\"translations_path\";N;}s:18:\"mediaelement-vimeo\";a:8:{s:6:\"handle\";s:18:\"mediaelement-vimeo\";s:3:\"src\";s:51:\"/wp-includes/js/mediaelement/renderers/vimeo.min.js\";s:4:\"deps\";a:1:{i:0;s:12:\"mediaelement\";}s:3:\"ver\";s:13:\"4.2.6-78496d1\";s:4:\"args\";i:1;s:5:\"extra\";a:0:{}s:10:\"textdomain\";N;s:17:\"translations_path\";N;}s:17:\"wc-country-select\";a:8:{s:6:\"handle\";s:17:\"wc-country-select\";s:3:\"src\";s:90:\"https://tesoll.com/wp-content/plugins/woocommerce/assets/js/frontend/country-select.min.js\";s:4:\"deps\";a:1:{i:0;s:6:\"jquery\";}s:3:\"ver\";s:5:\"3.6.2\";s:4:\"args\";N;s:5:\"extra\";a:2:{s:5:\"group\";i:1;s:4:\"data\";s:31338:\"var wc_country_select_params = {\"countries\":\"{\\\"AF\\\":[],\\\"AO\\\":{\\\"BGO\\\":\\\"Bengo\\\",\\\"BLU\\\":\\\"Benguela\\\",\\\"BIE\\\":\\\"Bi\\\\u00e9\\\",\\\"CAB\\\":\\\"Cabinda\\\",\\\"CNN\\\":\\\"Cunene\\\",\\\"HUA\\\":\\\"Huambo\\\",\\\"HUI\\\":\\\"Hu\\\\u00edla\\\",\\\"CCU\\\":\\\"Kuando Kubango\\\",\\\"CNO\\\":\\\"Kwanza-Norte\\\",\\\"CUS\\\":\\\"Kwanza-Sul\\\",\\\"LUA\\\":\\\"Luanda\\\",\\\"LNO\\\":\\\"Lunda-Norte\\\",\\\"LSU\\\":\\\"Lunda-Sul\\\",\\\"MAL\\\":\\\"Malanje\\\",\\\"MOX\\\":\\\"Moxico\\\",\\\"NAM\\\":\\\"Namibe\\\",\\\"UIG\\\":\\\"U\\\\u00edge\\\",\\\"ZAI\\\":\\\"Zaire\\\"},\\\"AR\\\":{\\\"C\\\":\\\"Ciudad Aut\\u00f3noma de Buenos Aires\\\",\\\"B\\\":\\\"Buenos Aires\\\",\\\"K\\\":\\\"Catamarca\\\",\\\"H\\\":\\\"Chaco\\\",\\\"U\\\":\\\"Chubut\\\",\\\"X\\\":\\\"C\\u00f3rdoba\\\",\\\"W\\\":\\\"Corrientes\\\",\\\"E\\\":\\\"Entre R\\u00edos\\\",\\\"P\\\":\\\"Formosa\\\",\\\"Y\\\":\\\"Jujuy\\\",\\\"L\\\":\\\"La Pampa\\\",\\\"F\\\":\\\"La Rioja\\\",\\\"M\\\":\\\"Mendoza\\\",\\\"N\\\":\\\"Misiones\\\",\\\"Q\\\":\\\"Neuqu\\u00e9n\\\",\\\"R\\\":\\\"R\\u00edo Negro\\\",\\\"A\\\":\\\"Salta\\\",\\\"J\\\":\\\"San Juan\\\",\\\"D\\\":\\\"San Luis\\\",\\\"Z\\\":\\\"Santa Cruz\\\",\\\"S\\\":\\\"Santa Fe\\\",\\\"G\\\":\\\"Santiago del Estero\\\",\\\"V\\\":\\\"Tierra del Fuego\\\",\\\"T\\\":\\\"Tucum\\u00e1n\\\"},\\\"AT\\\":[],\\\"AU\\\":{\\\"ACT\\\":\\\"Australian Capital Territory\\\",\\\"NSW\\\":\\\"New South Wales\\\",\\\"NT\\\":\\\"Northern Territory\\\",\\\"QLD\\\":\\\"Queensland\\\",\\\"SA\\\":\\\"South Australia\\\",\\\"TAS\\\":\\\"Tasmania\\\",\\\"VIC\\\":\\\"Victoria\\\",\\\"WA\\\":\\\"Western Australia\\\"},\\\"AX\\\":[],\\\"BD\\\":{\\\"BD-05\\\":\\\"Bagerhat\\\",\\\"BD-01\\\":\\\"Bandarban\\\",\\\"BD-02\\\":\\\"Barguna\\\",\\\"BD-06\\\":\\\"Barishal\\\",\\\"BD-07\\\":\\\"Bhola\\\",\\\"BD-03\\\":\\\"Bogura\\\",\\\"BD-04\\\":\\\"Brahmanbaria\\\",\\\"BD-09\\\":\\\"Chandpur\\\",\\\"BD-10\\\":\\\"Chattogram\\\",\\\"BD-12\\\":\\\"Chuadanga\\\",\\\"BD-11\\\":\\\"Cox\'s Bazar\\\",\\\"BD-08\\\":\\\"Cumilla\\\",\\\"BD-13\\\":\\\"Dhaka\\\",\\\"BD-14\\\":\\\"Dinajpur\\\",\\\"BD-15\\\":\\\"Faridpur \\\",\\\"BD-16\\\":\\\"Feni\\\",\\\"BD-19\\\":\\\"Gaibandha\\\",\\\"BD-18\\\":\\\"Gazipur\\\",\\\"BD-17\\\":\\\"Gopalganj\\\",\\\"BD-20\\\":\\\"Habiganj\\\",\\\"BD-21\\\":\\\"Jamalpur\\\",\\\"BD-22\\\":\\\"Jashore\\\",\\\"BD-25\\\":\\\"Jhalokati\\\",\\\"BD-23\\\":\\\"Jhenaidah\\\",\\\"BD-24\\\":\\\"Joypurhat\\\",\\\"BD-29\\\":\\\"Khagrachhari\\\",\\\"BD-27\\\":\\\"Khulna\\\",\\\"BD-26\\\":\\\"Kishoreganj\\\",\\\"BD-28\\\":\\\"Kurigram\\\",\\\"BD-30\\\":\\\"Kushtia\\\",\\\"BD-31\\\":\\\"Lakshmipur\\\",\\\"BD-32\\\":\\\"Lalmonirhat\\\",\\\"BD-36\\\":\\\"Madaripur\\\",\\\"BD-37\\\":\\\"Magura\\\",\\\"BD-33\\\":\\\"Manikganj \\\",\\\"BD-39\\\":\\\"Meherpur\\\",\\\"BD-38\\\":\\\"Moulvibazar\\\",\\\"BD-35\\\":\\\"Munshiganj\\\",\\\"BD-34\\\":\\\"Mymensingh\\\",\\\"BD-48\\\":\\\"Naogaon\\\",\\\"BD-43\\\":\\\"Narail\\\",\\\"BD-40\\\":\\\"Narayanganj\\\",\\\"BD-42\\\":\\\"Narsingdi\\\",\\\"BD-44\\\":\\\"Natore\\\",\\\"BD-45\\\":\\\"Nawabganj\\\",\\\"BD-41\\\":\\\"Netrakona\\\",\\\"BD-46\\\":\\\"Nilphamari\\\",\\\"BD-47\\\":\\\"Noakhali\\\",\\\"BD-49\\\":\\\"Pabna\\\",\\\"BD-52\\\":\\\"Panchagarh\\\",\\\"BD-51\\\":\\\"Patuakhali\\\",\\\"BD-50\\\":\\\"Pirojpur\\\",\\\"BD-53\\\":\\\"Rajbari\\\",\\\"BD-54\\\":\\\"Rajshahi\\\",\\\"BD-56\\\":\\\"Rangamati\\\",\\\"BD-55\\\":\\\"Rangpur\\\",\\\"BD-58\\\":\\\"Satkhira\\\",\\\"BD-62\\\":\\\"Shariatpur\\\",\\\"BD-57\\\":\\\"Sherpur\\\",\\\"BD-59\\\":\\\"Sirajganj\\\",\\\"BD-61\\\":\\\"Sunamganj\\\",\\\"BD-60\\\":\\\"Sylhet\\\",\\\"BD-63\\\":\\\"Tangail\\\",\\\"BD-64\\\":\\\"Thakurgaon\\\"},\\\"BE\\\":[],\\\"BG\\\":{\\\"BG-01\\\":\\\"Blagoevgrad\\\",\\\"BG-02\\\":\\\"Burgas\\\",\\\"BG-08\\\":\\\"Dobrich\\\",\\\"BG-07\\\":\\\"Gabrovo\\\",\\\"BG-26\\\":\\\"Haskovo\\\",\\\"BG-09\\\":\\\"Kardzhali\\\",\\\"BG-10\\\":\\\"Kyustendil\\\",\\\"BG-11\\\":\\\"Lovech\\\",\\\"BG-12\\\":\\\"Montana\\\",\\\"BG-13\\\":\\\"Pazardzhik\\\",\\\"BG-14\\\":\\\"Pernik\\\",\\\"BG-15\\\":\\\"Pleven\\\",\\\"BG-16\\\":\\\"Plovdiv\\\",\\\"BG-17\\\":\\\"Razgrad\\\",\\\"BG-18\\\":\\\"Ruse\\\",\\\"BG-27\\\":\\\"Shumen\\\",\\\"BG-19\\\":\\\"Silistra\\\",\\\"BG-20\\\":\\\"Sliven\\\",\\\"BG-21\\\":\\\"Smolyan\\\",\\\"BG-23\\\":\\\"Sofia\\\",\\\"BG-22\\\":\\\"Sofia-Grad\\\",\\\"BG-24\\\":\\\"Stara Zagora\\\",\\\"BG-25\\\":\\\"Targovishte\\\",\\\"BG-03\\\":\\\"Varna\\\",\\\"BG-04\\\":\\\"Veliko Tarnovo\\\",\\\"BG-05\\\":\\\"Vidin\\\",\\\"BG-06\\\":\\\"Vratsa\\\",\\\"BG-28\\\":\\\"Yambol\\\"},\\\"BH\\\":[],\\\"BI\\\":[],\\\"BO\\\":{\\\"B\\\":\\\"Chuquisaca\\\",\\\"H\\\":\\\"Beni\\\",\\\"C\\\":\\\"Cochabamba\\\",\\\"L\\\":\\\"La Paz\\\",\\\"O\\\":\\\"Oruro\\\",\\\"N\\\":\\\"Pando\\\",\\\"P\\\":\\\"Potos\\\\u00ed\\\",\\\"S\\\":\\\"Santa Cruz\\\",\\\"T\\\":\\\"Tarija\\\"},\\\"BR\\\":{\\\"AC\\\":\\\"Acre\\\",\\\"AL\\\":\\\"Alagoas\\\",\\\"AP\\\":\\\"Amap\\u00e1\\\",\\\"AM\\\":\\\"Amazonas\\\",\\\"BA\\\":\\\"Bahia\\\",\\\"CE\\\":\\\"Cear\\u00e1\\\",\\\"DF\\\":\\\"Distrito Federal\\\",\\\"ES\\\":\\\"Esp\\u00edrito Santo\\\",\\\"GO\\\":\\\"Goi\\u00e1s\\\",\\\"MA\\\":\\\"Maranh\\u00e3o\\\",\\\"MT\\\":\\\"Mato Grosso\\\",\\\"MS\\\":\\\"Mato Grosso do Sul\\\",\\\"MG\\\":\\\"Minas Gerais\\\",\\\"PA\\\":\\\"Par\\u00e1\\\",\\\"PB\\\":\\\"Para\\u00edba\\\",\\\"PR\\\":\\\"Paran\\u00e1\\\",\\\"PE\\\":\\\"Pernambuco\\\",\\\"PI\\\":\\\"Piau\\u00ed\\\",\\\"RJ\\\":\\\"Rio de Janeiro\\\",\\\"RN\\\":\\\"Rio Grande do Norte\\\",\\\"RS\\\":\\\"Rio Grande do Sul\\\",\\\"RO\\\":\\\"Rond\\u00f4nia\\\",\\\"RR\\\":\\\"Roraima\\\",\\\"SC\\\":\\\"Santa Catarina\\\",\\\"SP\\\":\\\"S\\u00e3o Paulo\\\",\\\"SE\\\":\\\"Sergipe\\\",\\\"TO\\\":\\\"Tocantins\\\"},\\\"CA\\\":{\\\"AB\\\":\\\"Alberta\\\",\\\"BC\\\":\\\"British Columbia\\\",\\\"MB\\\":\\\"Manitoba\\\",\\\"NB\\\":\\\"New Brunswick\\\",\\\"NL\\\":\\\"Newfoundland and Labrador\\\",\\\"NT\\\":\\\"Northwest Territories\\\",\\\"NS\\\":\\\"Nova Scotia\\\",\\\"NU\\\":\\\"Nunavut\\\",\\\"ON\\\":\\\"Ontario\\\",\\\"PE\\\":\\\"Prince Edward Island\\\",\\\"QC\\\":\\\"Quebec\\\",\\\"SK\\\":\\\"Saskatchewan\\\",\\\"YT\\\":\\\"Yukon Territory\\\"},\\\"CH\\\":{\\\"AG\\\":\\\"Aargau\\\",\\\"AR\\\":\\\"Appenzell Ausserrhoden\\\",\\\"AI\\\":\\\"Appenzell Innerrhoden\\\",\\\"BL\\\":\\\"Basel-Landschaft\\\",\\\"BS\\\":\\\"Basel-Stadt\\\",\\\"BE\\\":\\\"Bern\\\",\\\"FR\\\":\\\"Fribourg\\\",\\\"GE\\\":\\\"Geneva\\\",\\\"GL\\\":\\\"Glarus\\\",\\\"GR\\\":\\\"Graub\\u00fcnden\\\",\\\"JU\\\":\\\"Jura\\\",\\\"LU\\\":\\\"Luzern\\\",\\\"NE\\\":\\\"Neuch\\u00e2tel\\\",\\\"NW\\\":\\\"Nidwalden\\\",\\\"OW\\\":\\\"Obwalden\\\",\\\"SH\\\":\\\"Schaffhausen\\\",\\\"SZ\\\":\\\"Schwyz\\\",\\\"SO\\\":\\\"Solothurn\\\",\\\"SG\\\":\\\"St. Gallen\\\",\\\"TG\\\":\\\"Thurgau\\\",\\\"TI\\\":\\\"Ticino\\\",\\\"UR\\\":\\\"Uri\\\",\\\"VS\\\":\\\"Valais\\\",\\\"VD\\\":\\\"Vaud\\\",\\\"ZG\\\":\\\"Zug\\\",\\\"ZH\\\":\\\"Z\\u00fcrich\\\"},\\\"CN\\\":{\\\"CN1\\\":\\\"Yunnan \\\\\\/ \\u4e91\\u5357\\\",\\\"CN2\\\":\\\"Beijing \\\\\\/ \\u5317\\u4eac\\\",\\\"CN3\\\":\\\"Tianjin \\\\\\/ \\u5929\\u6d25\\\",\\\"CN4\\\":\\\"Hebei \\\\\\/ \\u6cb3\\u5317\\\",\\\"CN5\\\":\\\"Shanxi \\\\\\/ \\u5c71\\u897f\\\",\\\"CN6\\\":\\\"Inner Mongolia \\\\\\/ \\u5167\\u8499\\u53e4\\\",\\\"CN7\\\":\\\"Liaoning \\\\\\/ \\u8fbd\\u5b81\\\",\\\"CN8\\\":\\\"Jilin \\\\\\/ \\u5409\\u6797\\\",\\\"CN9\\\":\\\"Heilongjiang \\\\\\/ \\u9ed1\\u9f99\\u6c5f\\\",\\\"CN10\\\":\\\"Shanghai \\\\\\/ \\u4e0a\\u6d77\\\",\\\"CN11\\\":\\\"Jiangsu \\\\\\/ \\u6c5f\\u82cf\\\",\\\"CN12\\\":\\\"Zhejiang \\\\\\/ \\u6d59\\u6c5f\\\",\\\"CN13\\\":\\\"Anhui \\\\\\/ \\u5b89\\u5fbd\\\",\\\"CN14\\\":\\\"Fujian \\\\\\/ \\u798f\\u5efa\\\",\\\"CN15\\\":\\\"Jiangxi \\\\\\/ \\u6c5f\\u897f\\\",\\\"CN16\\\":\\\"Shandong \\\\\\/ \\u5c71\\u4e1c\\\",\\\"CN17\\\":\\\"Henan \\\\\\/ \\u6cb3\\u5357\\\",\\\"CN18\\\":\\\"Hubei \\\\\\/ \\u6e56\\u5317\\\",\\\"CN19\\\":\\\"Hunan \\\\\\/ \\u6e56\\u5357\\\",\\\"CN20\\\":\\\"Guangdong \\\\\\/ \\u5e7f\\u4e1c\\\",\\\"CN21\\\":\\\"Guangxi Zhuang \\\\\\/ \\u5e7f\\u897f\\u58ee\\u65cf\\\",\\\"CN22\\\":\\\"Hainan \\\\\\/ \\u6d77\\u5357\\\",\\\"CN23\\\":\\\"Chongqing \\\\\\/ \\u91cd\\u5e86\\\",\\\"CN24\\\":\\\"Sichuan \\\\\\/ \\u56db\\u5ddd\\\",\\\"CN25\\\":\\\"Guizhou \\\\\\/ \\u8d35\\u5dde\\\",\\\"CN26\\\":\\\"Shaanxi \\\\\\/ \\u9655\\u897f\\\",\\\"CN27\\\":\\\"Gansu \\\\\\/ \\u7518\\u8083\\\",\\\"CN28\\\":\\\"Qinghai \\\\\\/ \\u9752\\u6d77\\\",\\\"CN29\\\":\\\"Ningxia Hui \\\\\\/ \\u5b81\\u590f\\\",\\\"CN30\\\":\\\"Macau \\\\\\/ \\u6fb3\\u95e8\\\",\\\"CN31\\\":\\\"Tibet \\\\\\/ \\u897f\\u85cf\\\",\\\"CN32\\\":\\\"Xinjiang \\\\\\/ \\u65b0\\u7586\\\"},\\\"CZ\\\":[],\\\"DE\\\":[],\\\"DK\\\":[],\\\"EE\\\":[],\\\"ES\\\":{\\\"C\\\":\\\"A Coru\\u00f1a\\\",\\\"VI\\\":\\\"Araba\\\\\\/\\u00c1lava\\\",\\\"AB\\\":\\\"Albacete\\\",\\\"A\\\":\\\"Alicante\\\",\\\"AL\\\":\\\"Almer\\u00eda\\\",\\\"O\\\":\\\"Asturias\\\",\\\"AV\\\":\\\"\\u00c1vila\\\",\\\"BA\\\":\\\"Badajoz\\\",\\\"PM\\\":\\\"Baleares\\\",\\\"B\\\":\\\"Barcelona\\\",\\\"BU\\\":\\\"Burgos\\\",\\\"CC\\\":\\\"C\\u00e1ceres\\\",\\\"CA\\\":\\\"C\\u00e1diz\\\",\\\"S\\\":\\\"Cantabria\\\",\\\"CS\\\":\\\"Castell\\u00f3n\\\",\\\"CE\\\":\\\"Ceuta\\\",\\\"CR\\\":\\\"Ciudad Real\\\",\\\"CO\\\":\\\"C\\u00f3rdoba\\\",\\\"CU\\\":\\\"Cuenca\\\",\\\"GI\\\":\\\"Girona\\\",\\\"GR\\\":\\\"Granada\\\",\\\"GU\\\":\\\"Guadalajara\\\",\\\"SS\\\":\\\"Gipuzkoa\\\",\\\"H\\\":\\\"Huelva\\\",\\\"HU\\\":\\\"Huesca\\\",\\\"J\\\":\\\"Ja\\u00e9n\\\",\\\"LO\\\":\\\"La Rioja\\\",\\\"GC\\\":\\\"Las Palmas\\\",\\\"LE\\\":\\\"Le\\u00f3n\\\",\\\"L\\\":\\\"Lleida\\\",\\\"LU\\\":\\\"Lugo\\\",\\\"M\\\":\\\"Madrid\\\",\\\"MA\\\":\\\"M\\u00e1laga\\\",\\\"ML\\\":\\\"Melilla\\\",\\\"MU\\\":\\\"Murcia\\\",\\\"NA\\\":\\\"Navarra\\\",\\\"OR\\\":\\\"Ourense\\\",\\\"P\\\":\\\"Palencia\\\",\\\"PO\\\":\\\"Pontevedra\\\",\\\"SA\\\":\\\"Salamanca\\\",\\\"TF\\\":\\\"Santa Cruz de Tenerife\\\",\\\"SG\\\":\\\"Segovia\\\",\\\"SE\\\":\\\"Sevilla\\\",\\\"SO\\\":\\\"Soria\\\",\\\"T\\\":\\\"Tarragona\\\",\\\"TE\\\":\\\"Teruel\\\",\\\"TO\\\":\\\"Toledo\\\",\\\"V\\\":\\\"Valencia\\\",\\\"VA\\\":\\\"Valladolid\\\",\\\"BI\\\":\\\"Bizkaia\\\",\\\"ZA\\\":\\\"Zamora\\\",\\\"Z\\\":\\\"Zaragoza\\\"},\\\"FI\\\":[],\\\"FR\\\":[],\\\"GP\\\":[],\\\"GR\\\":{\\\"I\\\":\\\"\\\\u0391\\\\u03c4\\\\u03c4\\\\u03b9\\\\u03ba\\\\u03ae\\\",\\\"A\\\":\\\"\\\\u0391\\\\u03bd\\\\u03b1\\\\u03c4\\\\u03bf\\\\u03bb\\\\u03b9\\\\u03ba\\\\u03ae \\\\u039c\\\\u03b1\\\\u03ba\\\\u03b5\\\\u03b4\\\\u03bf\\\\u03bd\\\\u03af\\\\u03b1 \\\\u03ba\\\\u03b1\\\\u03b9 \\\\u0398\\\\u03c1\\\\u03ac\\\\u03ba\\\\u03b7\\\",\\\"B\\\":\\\"\\\\u039a\\\\u03b5\\\\u03bd\\\\u03c4\\\\u03c1\\\\u03b9\\\\u03ba\\\\u03ae \\\\u039c\\\\u03b1\\\\u03ba\\\\u03b5\\\\u03b4\\\\u03bf\\\\u03bd\\\\u03af\\\\u03b1\\\",\\\"C\\\":\\\"\\\\u0394\\\\u03c5\\\\u03c4\\\\u03b9\\\\u03ba\\\\u03ae \\\\u039c\\\\u03b1\\\\u03ba\\\\u03b5\\\\u03b4\\\\u03bf\\\\u03bd\\\\u03af\\\\u03b1\\\",\\\"D\\\":\\\"\\\\u0389\\\\u03c0\\\\u03b5\\\\u03b9\\\\u03c1\\\\u03bf\\\\u03c2\\\",\\\"E\\\":\\\"\\\\u0398\\\\u03b5\\\\u03c3\\\\u03c3\\\\u03b1\\\\u03bb\\\\u03af\\\\u03b1\\\",\\\"F\\\":\\\"\\\\u0399\\\\u03cc\\\\u03bd\\\\u03b9\\\\u03bf\\\\u03b9 \\\\u039d\\\\u03ae\\\\u03c3\\\\u03bf\\\\u03b9\\\",\\\"G\\\":\\\"\\\\u0394\\\\u03c5\\\\u03c4\\\\u03b9\\\\u03ba\\\\u03ae \\\\u0395\\\\u03bb\\\\u03bb\\\\u03ac\\\\u03b4\\\\u03b1\\\",\\\"H\\\":\\\"\\\\u03a3\\\\u03c4\\\\u03b5\\\\u03c1\\\\u03b5\\\\u03ac \\\\u0395\\\\u03bb\\\\u03bb\\\\u03ac\\\\u03b4\\\\u03b1\\\",\\\"J\\\":\\\"\\\\u03a0\\\\u03b5\\\\u03bb\\\\u03bf\\\\u03c0\\\\u03cc\\\\u03bd\\\\u03bd\\\\u03b7\\\\u03c3\\\\u03bf\\\\u03c2\\\",\\\"K\\\":\\\"\\\\u0392\\\\u03cc\\\\u03c1\\\\u03b5\\\\u03b9\\\\u03bf \\\\u0391\\\\u03b9\\\\u03b3\\\\u03b1\\\\u03af\\\\u03bf\\\",\\\"L\\\":\\\"\\\\u039d\\\\u03cc\\\\u03c4\\\\u03b9\\\\u03bf \\\\u0391\\\\u03b9\\\\u03b3\\\\u03b1\\\\u03af\\\\u03bf\\\",\\\"M\\\":\\\"\\\\u039a\\\\u03c1\\\\u03ae\\\\u03c4\\\\u03b7\\\"},\\\"GF\\\":[],\\\"HK\\\":{\\\"HONG KONG\\\":\\\"Hong Kong Island\\\",\\\"KOWLOON\\\":\\\"Kowloon\\\",\\\"NEW TERRITORIES\\\":\\\"New Territories\\\"},\\\"HU\\\":{\\\"BK\\\":\\\"B\\\\u00e1cs-Kiskun\\\",\\\"BE\\\":\\\"B\\\\u00e9k\\\\u00e9s\\\",\\\"BA\\\":\\\"Baranya\\\",\\\"BZ\\\":\\\"Borsod-Aba\\\\u00faj-Zempl\\\\u00e9n\\\",\\\"BU\\\":\\\"Budapest\\\",\\\"CS\\\":\\\"Csongr\\\\u00e1d\\\",\\\"FE\\\":\\\"Fej\\\\u00e9r\\\",\\\"GS\\\":\\\"Gy\\\\u0151r-Moson-Sopron\\\",\\\"HB\\\":\\\"Hajd\\\\u00fa-Bihar\\\",\\\"HE\\\":\\\"Heves\\\",\\\"JN\\\":\\\"J\\\\u00e1sz-Nagykun-Szolnok\\\",\\\"KE\\\":\\\"Kom\\\\u00e1rom-Esztergom\\\",\\\"NO\\\":\\\"N\\\\u00f3gr\\\\u00e1d\\\",\\\"PE\\\":\\\"Pest\\\",\\\"SO\\\":\\\"Somogy\\\",\\\"SZ\\\":\\\"Szabolcs-Szatm\\\\u00e1r-Bereg\\\",\\\"TO\\\":\\\"Tolna\\\",\\\"VA\\\":\\\"Vas\\\",\\\"VE\\\":\\\"Veszpr\\\\u00e9m\\\",\\\"ZA\\\":\\\"Zala\\\"},\\\"ID\\\":{\\\"AC\\\":\\\"Daerah Istimewa Aceh\\\",\\\"SU\\\":\\\"Sumatera Utara\\\",\\\"SB\\\":\\\"Sumatera Barat\\\",\\\"RI\\\":\\\"Riau\\\",\\\"KR\\\":\\\"Kepulauan Riau\\\",\\\"JA\\\":\\\"Jambi\\\",\\\"SS\\\":\\\"Sumatera Selatan\\\",\\\"BB\\\":\\\"Bangka Belitung\\\",\\\"BE\\\":\\\"Bengkulu\\\",\\\"LA\\\":\\\"Lampung\\\",\\\"JK\\\":\\\"DKI Jakarta\\\",\\\"JB\\\":\\\"Jawa Barat\\\",\\\"BT\\\":\\\"Banten\\\",\\\"JT\\\":\\\"Jawa Tengah\\\",\\\"JI\\\":\\\"Jawa Timur\\\",\\\"YO\\\":\\\"Daerah Istimewa Yogyakarta\\\",\\\"BA\\\":\\\"Bali\\\",\\\"NB\\\":\\\"Nusa Tenggara Barat\\\",\\\"NT\\\":\\\"Nusa Tenggara Timur\\\",\\\"KB\\\":\\\"Kalimantan Barat\\\",\\\"KT\\\":\\\"Kalimantan Tengah\\\",\\\"KI\\\":\\\"Kalimantan Timur\\\",\\\"KS\\\":\\\"Kalimantan Selatan\\\",\\\"KU\\\":\\\"Kalimantan Utara\\\",\\\"SA\\\":\\\"Sulawesi Utara\\\",\\\"ST\\\":\\\"Sulawesi Tengah\\\",\\\"SG\\\":\\\"Sulawesi Tenggara\\\",\\\"SR\\\":\\\"Sulawesi Barat\\\",\\\"SN\\\":\\\"Sulawesi Selatan\\\",\\\"GO\\\":\\\"Gorontalo\\\",\\\"MA\\\":\\\"Maluku\\\",\\\"MU\\\":\\\"Maluku Utara\\\",\\\"PA\\\":\\\"Papua\\\",\\\"PB\\\":\\\"Papua Barat\\\"},\\\"IE\\\":{\\\"CW\\\":\\\"Carlow\\\",\\\"CN\\\":\\\"Cavan\\\",\\\"CE\\\":\\\"Clare\\\",\\\"CO\\\":\\\"Cork\\\",\\\"DL\\\":\\\"Donegal\\\",\\\"D\\\":\\\"Dublin\\\",\\\"G\\\":\\\"Galway\\\",\\\"KY\\\":\\\"Kerry\\\",\\\"KE\\\":\\\"Kildare\\\",\\\"KK\\\":\\\"Kilkenny\\\",\\\"LS\\\":\\\"Laois\\\",\\\"LM\\\":\\\"Leitrim\\\",\\\"LK\\\":\\\"Limerick\\\",\\\"LD\\\":\\\"Longford\\\",\\\"LH\\\":\\\"Louth\\\",\\\"MO\\\":\\\"Mayo\\\",\\\"MH\\\":\\\"Meath\\\",\\\"MN\\\":\\\"Monaghan\\\",\\\"OY\\\":\\\"Offaly\\\",\\\"RN\\\":\\\"Roscommon\\\",\\\"SO\\\":\\\"Sligo\\\",\\\"TA\\\":\\\"Tipperary\\\",\\\"WD\\\":\\\"Waterford\\\",\\\"WH\\\":\\\"Westmeath\\\",\\\"WX\\\":\\\"Wexford\\\",\\\"WW\\\":\\\"Wicklow\\\"},\\\"IN\\\":{\\\"AP\\\":\\\"Andhra Pradesh\\\",\\\"AR\\\":\\\"Arunachal Pradesh\\\",\\\"AS\\\":\\\"Assam\\\",\\\"BR\\\":\\\"Bihar\\\",\\\"CT\\\":\\\"Chhattisgarh\\\",\\\"GA\\\":\\\"Goa\\\",\\\"GJ\\\":\\\"Gujarat\\\",\\\"HR\\\":\\\"Haryana\\\",\\\"HP\\\":\\\"Himachal Pradesh\\\",\\\"JK\\\":\\\"Jammu and Kashmir\\\",\\\"JH\\\":\\\"Jharkhand\\\",\\\"KA\\\":\\\"Karnataka\\\",\\\"KL\\\":\\\"Kerala\\\",\\\"MP\\\":\\\"Madhya Pradesh\\\",\\\"MH\\\":\\\"Maharashtra\\\",\\\"MN\\\":\\\"Manipur\\\",\\\"ML\\\":\\\"Meghalaya\\\",\\\"MZ\\\":\\\"Mizoram\\\",\\\"NL\\\":\\\"Nagaland\\\",\\\"OR\\\":\\\"Orissa\\\",\\\"PB\\\":\\\"Punjab\\\",\\\"RJ\\\":\\\"Rajasthan\\\",\\\"SK\\\":\\\"Sikkim\\\",\\\"TN\\\":\\\"Tamil Nadu\\\",\\\"TS\\\":\\\"Telangana\\\",\\\"TR\\\":\\\"Tripura\\\",\\\"UK\\\":\\\"Uttarakhand\\\",\\\"UP\\\":\\\"Uttar Pradesh\\\",\\\"WB\\\":\\\"West Bengal\\\",\\\"AN\\\":\\\"Andaman and Nicobar Islands\\\",\\\"CH\\\":\\\"Chandigarh\\\",\\\"DN\\\":\\\"Dadra and Nagar Haveli\\\",\\\"DD\\\":\\\"Daman and Diu\\\",\\\"DL\\\":\\\"Delhi\\\",\\\"LD\\\":\\\"Lakshadeep\\\",\\\"PY\\\":\\\"Pondicherry (Puducherry)\\\"},\\\"IR\\\":{\\\"KHZ\\\":\\\"Khuzestan  (\\\\u062e\\\\u0648\\\\u0632\\\\u0633\\\\u062a\\\\u0627\\\\u0646)\\\",\\\"THR\\\":\\\"Tehran  (\\\\u062a\\\\u0647\\\\u0631\\\\u0627\\\\u0646)\\\",\\\"ILM\\\":\\\"Ilaam (\\\\u0627\\\\u06cc\\\\u0644\\\\u0627\\\\u0645)\\\",\\\"BHR\\\":\\\"Bushehr (\\\\u0628\\\\u0648\\\\u0634\\\\u0647\\\\u0631)\\\",\\\"ADL\\\":\\\"Ardabil (\\\\u0627\\\\u0631\\\\u062f\\\\u0628\\\\u06cc\\\\u0644)\\\",\\\"ESF\\\":\\\"Isfahan (\\\\u0627\\\\u0635\\\\u0641\\\\u0647\\\\u0627\\\\u0646)\\\",\\\"YZD\\\":\\\"Yazd (\\\\u06cc\\\\u0632\\\\u062f)\\\",\\\"KRH\\\":\\\"Kermanshah (\\\\u06a9\\\\u0631\\\\u0645\\\\u0627\\\\u0646\\\\u0634\\\\u0627\\\\u0647)\\\",\\\"KRN\\\":\\\"Kerman (\\\\u06a9\\\\u0631\\\\u0645\\\\u0627\\\\u0646)\\\",\\\"HDN\\\":\\\"Hamadan (\\\\u0647\\\\u0645\\\\u062f\\\\u0627\\\\u0646)\\\",\\\"GZN\\\":\\\"Ghazvin (\\\\u0642\\\\u0632\\\\u0648\\\\u06cc\\\\u0646)\\\",\\\"ZJN\\\":\\\"Zanjan (\\\\u0632\\\\u0646\\\\u062c\\\\u0627\\\\u0646)\\\",\\\"LRS\\\":\\\"Luristan (\\\\u0644\\\\u0631\\\\u0633\\\\u062a\\\\u0627\\\\u0646)\\\",\\\"ABZ\\\":\\\"Alborz (\\\\u0627\\\\u0644\\\\u0628\\\\u0631\\\\u0632)\\\",\\\"EAZ\\\":\\\"East Azarbaijan (\\\\u0622\\\\u0630\\\\u0631\\\\u0628\\\\u0627\\\\u06cc\\\\u062c\\\\u0627\\\\u0646 \\\\u0634\\\\u0631\\\\u0642\\\\u06cc)\\\",\\\"WAZ\\\":\\\"West Azarbaijan (\\\\u0622\\\\u0630\\\\u0631\\\\u0628\\\\u0627\\\\u06cc\\\\u062c\\\\u0627\\\\u0646 \\\\u063a\\\\u0631\\\\u0628\\\\u06cc)\\\",\\\"CHB\\\":\\\"Chaharmahal and Bakhtiari (\\\\u0686\\\\u0647\\\\u0627\\\\u0631\\\\u0645\\\\u062d\\\\u0627\\\\u0644 \\\\u0648 \\\\u0628\\\\u062e\\\\u062a\\\\u06cc\\\\u0627\\\\u0631\\\\u06cc)\\\",\\\"SKH\\\":\\\"South Khorasan (\\\\u062e\\\\u0631\\\\u0627\\\\u0633\\\\u0627\\\\u0646 \\\\u062c\\\\u0646\\\\u0648\\\\u0628\\\\u06cc)\\\",\\\"RKH\\\":\\\"Razavi Khorasan (\\\\u062e\\\\u0631\\\\u0627\\\\u0633\\\\u0627\\\\u0646 \\\\u0631\\\\u0636\\\\u0648\\\\u06cc)\\\",\\\"NKH\\\":\\\"North Khorasan (\\\\u062e\\\\u0631\\\\u0627\\\\u0633\\\\u0627\\\\u0646 \\\\u0634\\\\u0645\\\\u0627\\\\u0644\\\\u06cc)\\\",\\\"SMN\\\":\\\"Semnan (\\\\u0633\\\\u0645\\\\u0646\\\\u0627\\\\u0646)\\\",\\\"FRS\\\":\\\"Fars (\\\\u0641\\\\u0627\\\\u0631\\\\u0633)\\\",\\\"QHM\\\":\\\"Qom (\\\\u0642\\\\u0645)\\\",\\\"KRD\\\":\\\"Kurdistan \\\\\\/ \\\\u06a9\\\\u0631\\\\u062f\\\\u0633\\\\u062a\\\\u0627\\\\u0646)\\\",\\\"KBD\\\":\\\"Kohgiluyeh and BoyerAhmad (\\\\u06a9\\\\u0647\\\\u06af\\\\u06cc\\\\u0644\\\\u0648\\\\u06cc\\\\u06cc\\\\u0647 \\\\u0648 \\\\u0628\\\\u0648\\\\u06cc\\\\u0631\\\\u0627\\\\u062d\\\\u0645\\\\u062f)\\\",\\\"GLS\\\":\\\"Golestan (\\\\u06af\\\\u0644\\\\u0633\\\\u062a\\\\u0627\\\\u0646)\\\",\\\"GIL\\\":\\\"Gilan (\\\\u06af\\\\u06cc\\\\u0644\\\\u0627\\\\u0646)\\\",\\\"MZN\\\":\\\"Mazandaran (\\\\u0645\\\\u0627\\\\u0632\\\\u0646\\\\u062f\\\\u0631\\\\u0627\\\\u0646)\\\",\\\"MKZ\\\":\\\"Markazi (\\\\u0645\\\\u0631\\\\u06a9\\\\u0632\\\\u06cc)\\\",\\\"HRZ\\\":\\\"Hormozgan (\\\\u0647\\\\u0631\\\\u0645\\\\u0632\\\\u06af\\\\u0627\\\\u0646)\\\",\\\"SBN\\\":\\\"Sistan and Baluchestan (\\\\u0633\\\\u06cc\\\\u0633\\\\u062a\\\\u0627\\\\u0646 \\\\u0648 \\\\u0628\\\\u0644\\\\u0648\\\\u0686\\\\u0633\\\\u062a\\\\u0627\\\\u0646)\\\"},\\\"IS\\\":[],\\\"IT\\\":{\\\"AG\\\":\\\"Agrigento\\\",\\\"AL\\\":\\\"Alessandria\\\",\\\"AN\\\":\\\"Ancona\\\",\\\"AO\\\":\\\"Aosta\\\",\\\"AR\\\":\\\"Arezzo\\\",\\\"AP\\\":\\\"Ascoli Piceno\\\",\\\"AT\\\":\\\"Asti\\\",\\\"AV\\\":\\\"Avellino\\\",\\\"BA\\\":\\\"Bari\\\",\\\"BT\\\":\\\"Barletta-Andria-Trani\\\",\\\"BL\\\":\\\"Belluno\\\",\\\"BN\\\":\\\"Benevento\\\",\\\"BG\\\":\\\"Bergamo\\\",\\\"BI\\\":\\\"Biella\\\",\\\"BO\\\":\\\"Bologna\\\",\\\"BZ\\\":\\\"Bolzano\\\",\\\"BS\\\":\\\"Brescia\\\",\\\"BR\\\":\\\"Brindisi\\\",\\\"CA\\\":\\\"Cagliari\\\",\\\"CL\\\":\\\"Caltanissetta\\\",\\\"CB\\\":\\\"Campobasso\\\",\\\"CE\\\":\\\"Caserta\\\",\\\"CT\\\":\\\"Catania\\\",\\\"CZ\\\":\\\"Catanzaro\\\",\\\"CH\\\":\\\"Chieti\\\",\\\"CO\\\":\\\"Como\\\",\\\"CS\\\":\\\"Cosenza\\\",\\\"CR\\\":\\\"Cremona\\\",\\\"KR\\\":\\\"Crotone\\\",\\\"CN\\\":\\\"Cuneo\\\",\\\"EN\\\":\\\"Enna\\\",\\\"FM\\\":\\\"Fermo\\\",\\\"FE\\\":\\\"Ferrara\\\",\\\"FI\\\":\\\"Firenze\\\",\\\"FG\\\":\\\"Foggia\\\",\\\"FC\\\":\\\"Forl\\\\u00ec-Cesena\\\",\\\"FR\\\":\\\"Frosinone\\\",\\\"GE\\\":\\\"Genova\\\",\\\"GO\\\":\\\"Gorizia\\\",\\\"GR\\\":\\\"Grosseto\\\",\\\"IM\\\":\\\"Imperia\\\",\\\"IS\\\":\\\"Isernia\\\",\\\"SP\\\":\\\"La Spezia\\\",\\\"AQ\\\":\\\"L\'Aquila\\\",\\\"LT\\\":\\\"Latina\\\",\\\"LE\\\":\\\"Lecce\\\",\\\"LC\\\":\\\"Lecco\\\",\\\"LI\\\":\\\"Livorno\\\",\\\"LO\\\":\\\"Lodi\\\",\\\"LU\\\":\\\"Lucca\\\",\\\"MC\\\":\\\"Macerata\\\",\\\"MN\\\":\\\"Mantova\\\",\\\"MS\\\":\\\"Massa-Carrara\\\",\\\"MT\\\":\\\"Matera\\\",\\\"ME\\\":\\\"Messina\\\",\\\"MI\\\":\\\"Milano\\\",\\\"MO\\\":\\\"Modena\\\",\\\"MB\\\":\\\"Monza e della Brianza\\\",\\\"NA\\\":\\\"Napoli\\\",\\\"NO\\\":\\\"Novara\\\",\\\"NU\\\":\\\"Nuoro\\\",\\\"OR\\\":\\\"Oristano\\\",\\\"PD\\\":\\\"Padova\\\",\\\"PA\\\":\\\"Palermo\\\",\\\"PR\\\":\\\"Parma\\\",\\\"PV\\\":\\\"Pavia\\\",\\\"PG\\\":\\\"Perugia\\\",\\\"PU\\\":\\\"Pesaro e Urbino\\\",\\\"PE\\\":\\\"Pescara\\\",\\\"PC\\\":\\\"Piacenza\\\",\\\"PI\\\":\\\"Pisa\\\",\\\"PT\\\":\\\"Pistoia\\\",\\\"PN\\\":\\\"Pordenone\\\",\\\"PZ\\\":\\\"Potenza\\\",\\\"PO\\\":\\\"Prato\\\",\\\"RG\\\":\\\"Ragusa\\\",\\\"RA\\\":\\\"Ravenna\\\",\\\"RC\\\":\\\"Reggio Calabria\\\",\\\"RE\\\":\\\"Reggio Emilia\\\",\\\"RI\\\":\\\"Rieti\\\",\\\"RN\\\":\\\"Rimini\\\",\\\"RM\\\":\\\"Roma\\\",\\\"RO\\\":\\\"Rovigo\\\",\\\"SA\\\":\\\"Salerno\\\",\\\"SS\\\":\\\"Sassari\\\",\\\"SV\\\":\\\"Savona\\\",\\\"SI\\\":\\\"Siena\\\",\\\"SR\\\":\\\"Siracusa\\\",\\\"SO\\\":\\\"Sondrio\\\",\\\"SU\\\":\\\"Sud Sardegna\\\",\\\"TA\\\":\\\"Taranto\\\",\\\"TE\\\":\\\"Teramo\\\",\\\"TR\\\":\\\"Terni\\\",\\\"TO\\\":\\\"Torino\\\",\\\"TP\\\":\\\"Trapani\\\",\\\"TN\\\":\\\"Trento\\\",\\\"TV\\\":\\\"Treviso\\\",\\\"TS\\\":\\\"Trieste\\\",\\\"UD\\\":\\\"Udine\\\",\\\"VA\\\":\\\"Varese\\\",\\\"VE\\\":\\\"Venezia\\\",\\\"VB\\\":\\\"Verbano-Cusio-Ossola\\\",\\\"VC\\\":\\\"Vercelli\\\",\\\"VR\\\":\\\"Verona\\\",\\\"VV\\\":\\\"Vibo Valentia\\\",\\\"VI\\\":\\\"Vicenza\\\",\\\"VT\\\":\\\"Viterbo\\\"},\\\"IL\\\":[],\\\"IM\\\":[],\\\"JP\\\":{\\\"JP01\\\":\\\"Hokkaido\\\",\\\"JP02\\\":\\\"Aomori\\\",\\\"JP03\\\":\\\"Iwate\\\",\\\"JP04\\\":\\\"Miyagi\\\",\\\"JP05\\\":\\\"Akita\\\",\\\"JP06\\\":\\\"Yamagata\\\",\\\"JP07\\\":\\\"Fukushima\\\",\\\"JP08\\\":\\\"Ibaraki\\\",\\\"JP09\\\":\\\"Tochigi\\\",\\\"JP10\\\":\\\"Gunma\\\",\\\"JP11\\\":\\\"Saitama\\\",\\\"JP12\\\":\\\"Chiba\\\",\\\"JP13\\\":\\\"Tokyo\\\",\\\"JP14\\\":\\\"Kanagawa\\\",\\\"JP15\\\":\\\"Niigata\\\",\\\"JP16\\\":\\\"Toyama\\\",\\\"JP17\\\":\\\"Ishikawa\\\",\\\"JP18\\\":\\\"Fukui\\\",\\\"JP19\\\":\\\"Yamanashi\\\",\\\"JP20\\\":\\\"Nagano\\\",\\\"JP21\\\":\\\"Gifu\\\",\\\"JP22\\\":\\\"Shizuoka\\\",\\\"JP23\\\":\\\"Aichi\\\",\\\"JP24\\\":\\\"Mie\\\",\\\"JP25\\\":\\\"Shiga\\\",\\\"JP26\\\":\\\"Kyoto\\\",\\\"JP27\\\":\\\"Osaka\\\",\\\"JP28\\\":\\\"Hyogo\\\",\\\"JP29\\\":\\\"Nara\\\",\\\"JP30\\\":\\\"Wakayama\\\",\\\"JP31\\\":\\\"Tottori\\\",\\\"JP32\\\":\\\"Shimane\\\",\\\"JP33\\\":\\\"Okayama\\\",\\\"JP34\\\":\\\"Hiroshima\\\",\\\"JP35\\\":\\\"Yamaguchi\\\",\\\"JP36\\\":\\\"Tokushima\\\",\\\"JP37\\\":\\\"Kagawa\\\",\\\"JP38\\\":\\\"Ehime\\\",\\\"JP39\\\":\\\"Kochi\\\",\\\"JP40\\\":\\\"Fukuoka\\\",\\\"JP41\\\":\\\"Saga\\\",\\\"JP42\\\":\\\"Nagasaki\\\",\\\"JP43\\\":\\\"Kumamoto\\\",\\\"JP44\\\":\\\"Oita\\\",\\\"JP45\\\":\\\"Miyazaki\\\",\\\"JP46\\\":\\\"Kagoshima\\\",\\\"JP47\\\":\\\"Okinawa\\\"},\\\"KR\\\":[],\\\"KW\\\":[],\\\"LB\\\":[],\\\"LR\\\":{\\\"BM\\\":\\\"Bomi\\\",\\\"BN\\\":\\\"Bong\\\",\\\"GA\\\":\\\"Gbarpolu\\\",\\\"GB\\\":\\\"Grand Bassa\\\",\\\"GC\\\":\\\"Grand Cape Mount\\\",\\\"GG\\\":\\\"Grand Gedeh\\\",\\\"GK\\\":\\\"Grand Kru\\\",\\\"LO\\\":\\\"Lofa\\\",\\\"MA\\\":\\\"Margibi\\\",\\\"MY\\\":\\\"Maryland\\\",\\\"MO\\\":\\\"Montserrado\\\",\\\"NM\\\":\\\"Nimba\\\",\\\"RV\\\":\\\"Rivercess\\\",\\\"RG\\\":\\\"River Gee\\\",\\\"SN\\\":\\\"Sinoe\\\"},\\\"LU\\\":[],\\\"MD\\\":{\\\"C\\\":\\\"Chi\\u0219in\\u0103u\\\",\\\"BL\\\":\\\"B\\u0103l\\u021bi\\\",\\\"AN\\\":\\\"Anenii Noi\\\",\\\"BS\\\":\\\"Basarabeasca\\\",\\\"BR\\\":\\\"Briceni\\\",\\\"CH\\\":\\\"Cahul\\\",\\\"CT\\\":\\\"Cantemir\\\",\\\"CL\\\":\\\"C\\u0103l\\u0103ra\\u0219i\\\",\\\"CS\\\":\\\"C\\u0103u\\u0219eni\\\",\\\"CM\\\":\\\"Cimi\\u0219lia\\\",\\\"CR\\\":\\\"Criuleni\\\",\\\"DN\\\":\\\"Dondu\\u0219eni\\\",\\\"DR\\\":\\\"Drochia\\\",\\\"DB\\\":\\\"Dub\\u0103sari\\\",\\\"ED\\\":\\\"Edine\\u021b\\\",\\\"FL\\\":\\\"F\\u0103le\\u0219ti\\\",\\\"FR\\\":\\\"Flore\\u0219ti\\\",\\\"GE\\\":\\\"UTA G\\u0103g\\u0103uzia\\\",\\\"GL\\\":\\\"Glodeni\\\",\\\"HN\\\":\\\"H\\u00eence\\u0219ti\\\",\\\"IL\\\":\\\"Ialoveni\\\",\\\"LV\\\":\\\"Leova\\\",\\\"NS\\\":\\\"Nisporeni\\\",\\\"OC\\\":\\\"Ocni\\u021ba\\\",\\\"OR\\\":\\\"Orhei\\\",\\\"RZ\\\":\\\"Rezina\\\",\\\"RS\\\":\\\"R\\u00ee\\u0219cani\\\",\\\"SG\\\":\\\"S\\u00eengerei\\\",\\\"SR\\\":\\\"Soroca\\\",\\\"ST\\\":\\\"Str\\u0103\\u0219eni\\\",\\\"SD\\\":\\\"\\u0218old\\u0103ne\\u0219ti\\\",\\\"SV\\\":\\\"\\u0218tefan Vod\\u0103\\\",\\\"TR\\\":\\\"Taraclia\\\",\\\"TL\\\":\\\"Telene\\u0219ti\\\",\\\"UN\\\":\\\"Ungheni\\\"},\\\"MQ\\\":[],\\\"MT\\\":[],\\\"MX\\\":{\\\"DF\\\":\\\"Ciudad de M\\u00e9xico\\\",\\\"JA\\\":\\\"Jalisco\\\",\\\"NL\\\":\\\"Nuevo Le\\u00f3n\\\",\\\"AG\\\":\\\"Aguascalientes\\\",\\\"BC\\\":\\\"Baja California\\\",\\\"BS\\\":\\\"Baja California Sur\\\",\\\"CM\\\":\\\"Campeche\\\",\\\"CS\\\":\\\"Chiapas\\\",\\\"CH\\\":\\\"Chihuahua\\\",\\\"CO\\\":\\\"Coahuila\\\",\\\"CL\\\":\\\"Colima\\\",\\\"DG\\\":\\\"Durango\\\",\\\"GT\\\":\\\"Guanajuato\\\",\\\"GR\\\":\\\"Guerrero\\\",\\\"HG\\\":\\\"Hidalgo\\\",\\\"MX\\\":\\\"Estado de M\\u00e9xico\\\",\\\"MI\\\":\\\"Michoac\\u00e1n\\\",\\\"MO\\\":\\\"Morelos\\\",\\\"NA\\\":\\\"Nayarit\\\",\\\"OA\\\":\\\"Oaxaca\\\",\\\"PU\\\":\\\"Puebla\\\",\\\"QT\\\":\\\"Quer\\u00e9taro\\\",\\\"QR\\\":\\\"Quintana Roo\\\",\\\"SL\\\":\\\"San Luis Potos\\u00ed\\\",\\\"SI\\\":\\\"Sinaloa\\\",\\\"SO\\\":\\\"Sonora\\\",\\\"TB\\\":\\\"Tabasco\\\",\\\"TM\\\":\\\"Tamaulipas\\\",\\\"TL\\\":\\\"Tlaxcala\\\",\\\"VE\\\":\\\"Veracruz\\\",\\\"YU\\\":\\\"Yucat\\u00e1n\\\",\\\"ZA\\\":\\\"Zacatecas\\\"},\\\"MY\\\":{\\\"JHR\\\":\\\"Johor\\\",\\\"KDH\\\":\\\"Kedah\\\",\\\"KTN\\\":\\\"Kelantan\\\",\\\"LBN\\\":\\\"Labuan\\\",\\\"MLK\\\":\\\"Malacca (Melaka)\\\",\\\"NSN\\\":\\\"Negeri Sembilan\\\",\\\"PHG\\\":\\\"Pahang\\\",\\\"PNG\\\":\\\"Penang (Pulau Pinang)\\\",\\\"PRK\\\":\\\"Perak\\\",\\\"PLS\\\":\\\"Perlis\\\",\\\"SBH\\\":\\\"Sabah\\\",\\\"SWK\\\":\\\"Sarawak\\\",\\\"SGR\\\":\\\"Selangor\\\",\\\"TRG\\\":\\\"Terengganu\\\",\\\"PJY\\\":\\\"Putrajaya\\\",\\\"KUL\\\":\\\"Kuala Lumpur\\\"},\\\"NG\\\":{\\\"AB\\\":\\\"Abia\\\",\\\"FC\\\":\\\"Abuja\\\",\\\"AD\\\":\\\"Adamawa\\\",\\\"AK\\\":\\\"Akwa Ibom\\\",\\\"AN\\\":\\\"Anambra\\\",\\\"BA\\\":\\\"Bauchi\\\",\\\"BY\\\":\\\"Bayelsa\\\",\\\"BE\\\":\\\"Benue\\\",\\\"BO\\\":\\\"Borno\\\",\\\"CR\\\":\\\"Cross River\\\",\\\"DE\\\":\\\"Delta\\\",\\\"EB\\\":\\\"Ebonyi\\\",\\\"ED\\\":\\\"Edo\\\",\\\"EK\\\":\\\"Ekiti\\\",\\\"EN\\\":\\\"Enugu\\\",\\\"GO\\\":\\\"Gombe\\\",\\\"IM\\\":\\\"Imo\\\",\\\"JI\\\":\\\"Jigawa\\\",\\\"KD\\\":\\\"Kaduna\\\",\\\"KN\\\":\\\"Kano\\\",\\\"KT\\\":\\\"Katsina\\\",\\\"KE\\\":\\\"Kebbi\\\",\\\"KO\\\":\\\"Kogi\\\",\\\"KW\\\":\\\"Kwara\\\",\\\"LA\\\":\\\"Lagos\\\",\\\"NA\\\":\\\"Nasarawa\\\",\\\"NI\\\":\\\"Niger\\\",\\\"OG\\\":\\\"Ogun\\\",\\\"ON\\\":\\\"Ondo\\\",\\\"OS\\\":\\\"Osun\\\",\\\"OY\\\":\\\"Oyo\\\",\\\"PL\\\":\\\"Plateau\\\",\\\"RI\\\":\\\"Rivers\\\",\\\"SO\\\":\\\"Sokoto\\\",\\\"TA\\\":\\\"Taraba\\\",\\\"YO\\\":\\\"Yobe\\\",\\\"ZA\\\":\\\"Zamfara\\\"},\\\"NL\\\":[],\\\"NO\\\":[],\\\"NP\\\":{\\\"BAG\\\":\\\"Bagmati\\\",\\\"BHE\\\":\\\"Bheri\\\",\\\"DHA\\\":\\\"Dhaulagiri\\\",\\\"GAN\\\":\\\"Gandaki\\\",\\\"JAN\\\":\\\"Janakpur\\\",\\\"KAR\\\":\\\"Karnali\\\",\\\"KOS\\\":\\\"Koshi\\\",\\\"LUM\\\":\\\"Lumbini\\\",\\\"MAH\\\":\\\"Mahakali\\\",\\\"MEC\\\":\\\"Mechi\\\",\\\"NAR\\\":\\\"Narayani\\\",\\\"RAP\\\":\\\"Rapti\\\",\\\"SAG\\\":\\\"Sagarmatha\\\",\\\"SET\\\":\\\"Seti\\\"},\\\"NZ\\\":{\\\"NL\\\":\\\"Northland\\\",\\\"AK\\\":\\\"Auckland\\\",\\\"WA\\\":\\\"Waikato\\\",\\\"BP\\\":\\\"Bay of Plenty\\\",\\\"TK\\\":\\\"Taranaki\\\",\\\"GI\\\":\\\"Gisborne\\\",\\\"HB\\\":\\\"Hawke\\u2019s Bay\\\",\\\"MW\\\":\\\"Manawatu-Wanganui\\\",\\\"WE\\\":\\\"Wellington\\\",\\\"NS\\\":\\\"Nelson\\\",\\\"MB\\\":\\\"Marlborough\\\",\\\"TM\\\":\\\"Tasman\\\",\\\"WC\\\":\\\"West Coast\\\",\\\"CT\\\":\\\"Canterbury\\\",\\\"OT\\\":\\\"Otago\\\",\\\"SL\\\":\\\"Southland\\\"},\\\"PE\\\":{\\\"CAL\\\":\\\"El Callao\\\",\\\"LMA\\\":\\\"Municipalidad Metropolitana de Lima\\\",\\\"AMA\\\":\\\"Amazonas\\\",\\\"ANC\\\":\\\"Ancash\\\",\\\"APU\\\":\\\"Apur\\u00edmac\\\",\\\"ARE\\\":\\\"Arequipa\\\",\\\"AYA\\\":\\\"Ayacucho\\\",\\\"CAJ\\\":\\\"Cajamarca\\\",\\\"CUS\\\":\\\"Cusco\\\",\\\"HUV\\\":\\\"Huancavelica\\\",\\\"HUC\\\":\\\"Hu\\u00e1nuco\\\",\\\"ICA\\\":\\\"Ica\\\",\\\"JUN\\\":\\\"Jun\\u00edn\\\",\\\"LAL\\\":\\\"La Libertad\\\",\\\"LAM\\\":\\\"Lambayeque\\\",\\\"LIM\\\":\\\"Lima\\\",\\\"LOR\\\":\\\"Loreto\\\",\\\"MDD\\\":\\\"Madre de Dios\\\",\\\"MOQ\\\":\\\"Moquegua\\\",\\\"PAS\\\":\\\"Pasco\\\",\\\"PIU\\\":\\\"Piura\\\",\\\"PUN\\\":\\\"Puno\\\",\\\"SAM\\\":\\\"San Mart\\u00edn\\\",\\\"TAC\\\":\\\"Tacna\\\",\\\"TUM\\\":\\\"Tumbes\\\",\\\"UCA\\\":\\\"Ucayali\\\"},\\\"PH\\\":{\\\"ABR\\\":\\\"Abra\\\",\\\"AGN\\\":\\\"Agusan del Norte\\\",\\\"AGS\\\":\\\"Agusan del Sur\\\",\\\"AKL\\\":\\\"Aklan\\\",\\\"ALB\\\":\\\"Albay\\\",\\\"ANT\\\":\\\"Antique\\\",\\\"APA\\\":\\\"Apayao\\\",\\\"AUR\\\":\\\"Aurora\\\",\\\"BAS\\\":\\\"Basilan\\\",\\\"BAN\\\":\\\"Bataan\\\",\\\"BTN\\\":\\\"Batanes\\\",\\\"BTG\\\":\\\"Batangas\\\",\\\"BEN\\\":\\\"Benguet\\\",\\\"BIL\\\":\\\"Biliran\\\",\\\"BOH\\\":\\\"Bohol\\\",\\\"BUK\\\":\\\"Bukidnon\\\",\\\"BUL\\\":\\\"Bulacan\\\",\\\"CAG\\\":\\\"Cagayan\\\",\\\"CAN\\\":\\\"Camarines Norte\\\",\\\"CAS\\\":\\\"Camarines Sur\\\",\\\"CAM\\\":\\\"Camiguin\\\",\\\"CAP\\\":\\\"Capiz\\\",\\\"CAT\\\":\\\"Catanduanes\\\",\\\"CAV\\\":\\\"Cavite\\\",\\\"CEB\\\":\\\"Cebu\\\",\\\"COM\\\":\\\"Compostela Valley\\\",\\\"NCO\\\":\\\"Cotabato\\\",\\\"DAV\\\":\\\"Davao del Norte\\\",\\\"DAS\\\":\\\"Davao del Sur\\\",\\\"DAC\\\":\\\"Davao Occidental\\\",\\\"DAO\\\":\\\"Davao Oriental\\\",\\\"DIN\\\":\\\"Dinagat Islands\\\",\\\"EAS\\\":\\\"Eastern Samar\\\",\\\"GUI\\\":\\\"Guimaras\\\",\\\"IFU\\\":\\\"Ifugao\\\",\\\"ILN\\\":\\\"Ilocos Norte\\\",\\\"ILS\\\":\\\"Ilocos Sur\\\",\\\"ILI\\\":\\\"Iloilo\\\",\\\"ISA\\\":\\\"Isabela\\\",\\\"KAL\\\":\\\"Kalinga\\\",\\\"LUN\\\":\\\"La Union\\\",\\\"LAG\\\":\\\"Laguna\\\",\\\"LAN\\\":\\\"Lanao del Norte\\\",\\\"LAS\\\":\\\"Lanao del Sur\\\",\\\"LEY\\\":\\\"Leyte\\\",\\\"MAG\\\":\\\"Maguindanao\\\",\\\"MAD\\\":\\\"Marinduque\\\",\\\"MAS\\\":\\\"Masbate\\\",\\\"MSC\\\":\\\"Misamis Occidental\\\",\\\"MSR\\\":\\\"Misamis Oriental\\\",\\\"MOU\\\":\\\"Mountain Province\\\",\\\"NEC\\\":\\\"Negros Occidental\\\",\\\"NER\\\":\\\"Negros Oriental\\\",\\\"NSA\\\":\\\"Northern Samar\\\",\\\"NUE\\\":\\\"Nueva Ecija\\\",\\\"NUV\\\":\\\"Nueva Vizcaya\\\",\\\"MDC\\\":\\\"Occidental Mindoro\\\",\\\"MDR\\\":\\\"Oriental Mindoro\\\",\\\"PLW\\\":\\\"Palawan\\\",\\\"PAM\\\":\\\"Pampanga\\\",\\\"PAN\\\":\\\"Pangasinan\\\",\\\"QUE\\\":\\\"Quezon\\\",\\\"QUI\\\":\\\"Quirino\\\",\\\"RIZ\\\":\\\"Rizal\\\",\\\"ROM\\\":\\\"Romblon\\\",\\\"WSA\\\":\\\"Samar\\\",\\\"SAR\\\":\\\"Sarangani\\\",\\\"SIQ\\\":\\\"Siquijor\\\",\\\"SOR\\\":\\\"Sorsogon\\\",\\\"SCO\\\":\\\"South Cotabato\\\",\\\"SLE\\\":\\\"Southern Leyte\\\",\\\"SUK\\\":\\\"Sultan Kudarat\\\",\\\"SLU\\\":\\\"Sulu\\\",\\\"SUN\\\":\\\"Surigao del Norte\\\",\\\"SUR\\\":\\\"Surigao del Sur\\\",\\\"TAR\\\":\\\"Tarlac\\\",\\\"TAW\\\":\\\"Tawi-Tawi\\\",\\\"ZMB\\\":\\\"Zambales\\\",\\\"ZAN\\\":\\\"Zamboanga del Norte\\\",\\\"ZAS\\\":\\\"Zamboanga del Sur\\\",\\\"ZSI\\\":\\\"Zamboanga Sibugay\\\",\\\"00\\\":\\\"Metro Manila\\\"},\\\"PK\\\":{\\\"JK\\\":\\\"Azad Kashmir\\\",\\\"BA\\\":\\\"Balochistan\\\",\\\"TA\\\":\\\"FATA\\\",\\\"GB\\\":\\\"Gilgit Baltistan\\\",\\\"IS\\\":\\\"Islamabad Capital Territory\\\",\\\"KP\\\":\\\"Khyber Pakhtunkhwa\\\",\\\"PB\\\":\\\"Punjab\\\",\\\"SD\\\":\\\"Sindh\\\"},\\\"PL\\\":[],\\\"PT\\\":[],\\\"PY\\\":{\\\"PY-ASU\\\":\\\"Asunci\\u00f3n\\\",\\\"PY-1\\\":\\\"Concepci\\u00f3n\\\",\\\"PY-2\\\":\\\"San Pedro\\\",\\\"PY-3\\\":\\\"Cordillera\\\",\\\"PY-4\\\":\\\"Guair\\u00e1\\\",\\\"PY-5\\\":\\\"Caaguaz\\u00fa\\\",\\\"PY-6\\\":\\\"Caazap\\u00e1\\\",\\\"PY-7\\\":\\\"Itap\\u00faa\\\",\\\"PY-8\\\":\\\"Misiones\\\",\\\"PY-9\\\":\\\"Paraguar\\u00ed\\\",\\\"PY-10\\\":\\\"Alto Paran\\u00e1\\\",\\\"PY-11\\\":\\\"Central\\\",\\\"PY-12\\\":\\\"\\u00d1eembuc\\u00fa\\\",\\\"PY-13\\\":\\\"Amambay\\\",\\\"PY-14\\\":\\\"Canindey\\u00fa\\\",\\\"PY-15\\\":\\\"Presidente Hayes\\\",\\\"PY-16\\\":\\\"Alto Paraguay\\\",\\\"PY-17\\\":\\\"Boquer\\u00f3n\\\"},\\\"RE\\\":[],\\\"RO\\\":{\\\"AB\\\":\\\"Alba\\\",\\\"AR\\\":\\\"Arad\\\",\\\"AG\\\":\\\"Arge\\u0219\\\",\\\"BC\\\":\\\"Bac\\u0103u\\\",\\\"BH\\\":\\\"Bihor\\\",\\\"BN\\\":\\\"Bistri\\u021ba-N\\u0103s\\u0103ud\\\",\\\"BT\\\":\\\"Boto\\u0219ani\\\",\\\"BR\\\":\\\"Br\\u0103ila\\\",\\\"BV\\\":\\\"Bra\\u0219ov\\\",\\\"B\\\":\\\"Bucure\\u0219ti\\\",\\\"BZ\\\":\\\"Buz\\u0103u\\\",\\\"CL\\\":\\\"C\\u0103l\\u0103ra\\u0219i\\\",\\\"CS\\\":\\\"Cara\\u0219-Severin\\\",\\\"CJ\\\":\\\"Cluj\\\",\\\"CT\\\":\\\"Constan\\u021ba\\\",\\\"CV\\\":\\\"Covasna\\\",\\\"DB\\\":\\\"D\\u00e2mbovi\\u021ba\\\",\\\"DJ\\\":\\\"Dolj\\\",\\\"GL\\\":\\\"Gala\\u021bi\\\",\\\"GR\\\":\\\"Giurgiu\\\",\\\"GJ\\\":\\\"Gorj\\\",\\\"HR\\\":\\\"Harghita\\\",\\\"HD\\\":\\\"Hunedoara\\\",\\\"IL\\\":\\\"Ialomi\\u021ba\\\",\\\"IS\\\":\\\"Ia\\u0219i\\\",\\\"IF\\\":\\\"Ilfov\\\",\\\"MM\\\":\\\"Maramure\\u0219\\\",\\\"MH\\\":\\\"Mehedin\\u021bi\\\",\\\"MS\\\":\\\"Mure\\u0219\\\",\\\"NT\\\":\\\"Neam\\u021b\\\",\\\"OT\\\":\\\"Olt\\\",\\\"PH\\\":\\\"Prahova\\\",\\\"SJ\\\":\\\"S\\u0103laj\\\",\\\"SM\\\":\\\"Satu Mare\\\",\\\"SB\\\":\\\"Sibiu\\\",\\\"SV\\\":\\\"Suceava\\\",\\\"TR\\\":\\\"Teleorman\\\",\\\"TM\\\":\\\"Timi\\u0219\\\",\\\"TL\\\":\\\"Tulcea\\\",\\\"VL\\\":\\\"V\\u00e2lcea\\\",\\\"VS\\\":\\\"Vaslui\\\",\\\"VN\\\":\\\"Vrancea\\\"},\\\"SG\\\":[],\\\"SK\\\":[],\\\"SI\\\":[],\\\"TH\\\":{\\\"TH-37\\\":\\\"Amnat Charoen\\\",\\\"TH-15\\\":\\\"Ang Thong\\\",\\\"TH-14\\\":\\\"Ayutthaya\\\",\\\"TH-10\\\":\\\"Bangkok\\\",\\\"TH-38\\\":\\\"Bueng Kan\\\",\\\"TH-31\\\":\\\"Buri Ram\\\",\\\"TH-24\\\":\\\"Chachoengsao\\\",\\\"TH-18\\\":\\\"Chai Nat\\\",\\\"TH-36\\\":\\\"Chaiyaphum\\\",\\\"TH-22\\\":\\\"Chanthaburi\\\",\\\"TH-50\\\":\\\"Chiang Mai\\\",\\\"TH-57\\\":\\\"Chiang Rai\\\",\\\"TH-20\\\":\\\"Chonburi\\\",\\\"TH-86\\\":\\\"Chumphon\\\",\\\"TH-46\\\":\\\"Kalasin\\\",\\\"TH-62\\\":\\\"Kamphaeng Phet\\\",\\\"TH-71\\\":\\\"Kanchanaburi\\\",\\\"TH-40\\\":\\\"Khon Kaen\\\",\\\"TH-81\\\":\\\"Krabi\\\",\\\"TH-52\\\":\\\"Lampang\\\",\\\"TH-51\\\":\\\"Lamphun\\\",\\\"TH-42\\\":\\\"Loei\\\",\\\"TH-16\\\":\\\"Lopburi\\\",\\\"TH-58\\\":\\\"Mae Hong Son\\\",\\\"TH-44\\\":\\\"Maha Sarakham\\\",\\\"TH-49\\\":\\\"Mukdahan\\\",\\\"TH-26\\\":\\\"Nakhon Nayok\\\",\\\"TH-73\\\":\\\"Nakhon Pathom\\\",\\\"TH-48\\\":\\\"Nakhon Phanom\\\",\\\"TH-30\\\":\\\"Nakhon Ratchasima\\\",\\\"TH-60\\\":\\\"Nakhon Sawan\\\",\\\"TH-80\\\":\\\"Nakhon Si Thammarat\\\",\\\"TH-55\\\":\\\"Nan\\\",\\\"TH-96\\\":\\\"Narathiwat\\\",\\\"TH-39\\\":\\\"Nong Bua Lam Phu\\\",\\\"TH-43\\\":\\\"Nong Khai\\\",\\\"TH-12\\\":\\\"Nonthaburi\\\",\\\"TH-13\\\":\\\"Pathum Thani\\\",\\\"TH-94\\\":\\\"Pattani\\\",\\\"TH-82\\\":\\\"Phang Nga\\\",\\\"TH-93\\\":\\\"Phatthalung\\\",\\\"TH-56\\\":\\\"Phayao\\\",\\\"TH-67\\\":\\\"Phetchabun\\\",\\\"TH-76\\\":\\\"Phetchaburi\\\",\\\"TH-66\\\":\\\"Phichit\\\",\\\"TH-65\\\":\\\"Phitsanulok\\\",\\\"TH-54\\\":\\\"Phrae\\\",\\\"TH-83\\\":\\\"Phuket\\\",\\\"TH-25\\\":\\\"Prachin Buri\\\",\\\"TH-77\\\":\\\"Prachuap Khiri Khan\\\",\\\"TH-85\\\":\\\"Ranong\\\",\\\"TH-70\\\":\\\"Ratchaburi\\\",\\\"TH-21\\\":\\\"Rayong\\\",\\\"TH-45\\\":\\\"Roi Et\\\",\\\"TH-27\\\":\\\"Sa Kaeo\\\",\\\"TH-47\\\":\\\"Sakon Nakhon\\\",\\\"TH-11\\\":\\\"Samut Prakan\\\",\\\"TH-74\\\":\\\"Samut Sakhon\\\",\\\"TH-75\\\":\\\"Samut Songkhram\\\",\\\"TH-19\\\":\\\"Saraburi\\\",\\\"TH-91\\\":\\\"Satun\\\",\\\"TH-17\\\":\\\"Sing Buri\\\",\\\"TH-33\\\":\\\"Sisaket\\\",\\\"TH-90\\\":\\\"Songkhla\\\",\\\"TH-64\\\":\\\"Sukhothai\\\",\\\"TH-72\\\":\\\"Suphan Buri\\\",\\\"TH-84\\\":\\\"Surat Thani\\\",\\\"TH-32\\\":\\\"Surin\\\",\\\"TH-63\\\":\\\"Tak\\\",\\\"TH-92\\\":\\\"Trang\\\",\\\"TH-23\\\":\\\"Trat\\\",\\\"TH-34\\\":\\\"Ubon Ratchathani\\\",\\\"TH-41\\\":\\\"Udon Thani\\\",\\\"TH-61\\\":\\\"Uthai Thani\\\",\\\"TH-53\\\":\\\"Uttaradit\\\",\\\"TH-95\\\":\\\"Yala\\\",\\\"TH-35\\\":\\\"Yasothon\\\"},\\\"TR\\\":{\\\"TR01\\\":\\\"Adana\\\",\\\"TR02\\\":\\\"Ad\\u0131yaman\\\",\\\"TR03\\\":\\\"Afyon\\\",\\\"TR04\\\":\\\"A\\u011fr\\u0131\\\",\\\"TR05\\\":\\\"Amasya\\\",\\\"TR06\\\":\\\"Ankara\\\",\\\"TR07\\\":\\\"Antalya\\\",\\\"TR08\\\":\\\"Artvin\\\",\\\"TR09\\\":\\\"Ayd\\u0131n\\\",\\\"TR10\\\":\\\"Bal\\u0131kesir\\\",\\\"TR11\\\":\\\"Bilecik\\\",\\\"TR12\\\":\\\"Bing\\u00f6l\\\",\\\"TR13\\\":\\\"Bitlis\\\",\\\"TR14\\\":\\\"Bolu\\\",\\\"TR15\\\":\\\"Burdur\\\",\\\"TR16\\\":\\\"Bursa\\\",\\\"TR17\\\":\\\"\\u00c7anakkale\\\",\\\"TR18\\\":\\\"\\u00c7ank\\u0131r\\u0131\\\",\\\"TR19\\\":\\\"\\u00c7orum\\\",\\\"TR20\\\":\\\"Denizli\\\",\\\"TR21\\\":\\\"Diyarbak\\u0131r\\\",\\\"TR22\\\":\\\"Edirne\\\",\\\"TR23\\\":\\\"Elaz\\u0131\\u011f\\\",\\\"TR24\\\":\\\"Erzincan\\\",\\\"TR25\\\":\\\"Erzurum\\\",\\\"TR26\\\":\\\"Eski\\u015fehir\\\",\\\"TR27\\\":\\\"Gaziantep\\\",\\\"TR28\\\":\\\"Giresun\\\",\\\"TR29\\\":\\\"G\\u00fcm\\u00fc\\u015fhane\\\",\\\"TR30\\\":\\\"Hakkari\\\",\\\"TR31\\\":\\\"Hatay\\\",\\\"TR32\\\":\\\"Isparta\\\",\\\"TR33\\\":\\\"\\u0130\\u00e7el\\\",\\\"TR34\\\":\\\"\\u0130stanbul\\\",\\\"TR35\\\":\\\"\\u0130zmir\\\",\\\"TR36\\\":\\\"Kars\\\",\\\"TR37\\\":\\\"Kastamonu\\\",\\\"TR38\\\":\\\"Kayseri\\\",\\\"TR39\\\":\\\"K\\u0131rklareli\\\",\\\"TR40\\\":\\\"K\\u0131r\\u015fehir\\\",\\\"TR41\\\":\\\"Kocaeli\\\",\\\"TR42\\\":\\\"Konya\\\",\\\"TR43\\\":\\\"K\\u00fctahya\\\",\\\"TR44\\\":\\\"Malatya\\\",\\\"TR45\\\":\\\"Manisa\\\",\\\"TR46\\\":\\\"Kahramanmara\\u015f\\\",\\\"TR47\\\":\\\"Mardin\\\",\\\"TR48\\\":\\\"Mu\\u011fla\\\",\\\"TR49\\\":\\\"Mu\\u015f\\\",\\\"TR50\\\":\\\"Nev\\u015fehir\\\",\\\"TR51\\\":\\\"Ni\\u011fde\\\",\\\"TR52\\\":\\\"Ordu\\\",\\\"TR53\\\":\\\"Rize\\\",\\\"TR54\\\":\\\"Sakarya\\\",\\\"TR55\\\":\\\"Samsun\\\",\\\"TR56\\\":\\\"Siirt\\\",\\\"TR57\\\":\\\"Sinop\\\",\\\"TR58\\\":\\\"Sivas\\\",\\\"TR59\\\":\\\"Tekirda\\u011f\\\",\\\"TR60\\\":\\\"Tokat\\\",\\\"TR61\\\":\\\"Trabzon\\\",\\\"TR62\\\":\\\"Tunceli\\\",\\\"TR63\\\":\\\"\\u015eanl\\u0131urfa\\\",\\\"TR64\\\":\\\"U\\u015fak\\\",\\\"TR65\\\":\\\"Van\\\",\\\"TR66\\\":\\\"Yozgat\\\",\\\"TR67\\\":\\\"Zonguldak\\\",\\\"TR68\\\":\\\"Aksaray\\\",\\\"TR69\\\":\\\"Bayburt\\\",\\\"TR70\\\":\\\"Karaman\\\",\\\"TR71\\\":\\\"K\\u0131r\\u0131kkale\\\",\\\"TR72\\\":\\\"Batman\\\",\\\"TR73\\\":\\\"\\u015e\\u0131rnak\\\",\\\"TR74\\\":\\\"Bart\\u0131n\\\",\\\"TR75\\\":\\\"Ardahan\\\",\\\"TR76\\\":\\\"I\\u011fd\\u0131r\\\",\\\"TR77\\\":\\\"Yalova\\\",\\\"TR78\\\":\\\"Karab\\u00fck\\\",\\\"TR79\\\":\\\"Kilis\\\",\\\"TR80\\\":\\\"Osmaniye\\\",\\\"TR81\\\":\\\"D\\u00fczce\\\"},\\\"TZ\\\":{\\\"TZ01\\\":\\\"Arusha\\\",\\\"TZ02\\\":\\\"Dar es Salaam\\\",\\\"TZ03\\\":\\\"Dodoma\\\",\\\"TZ04\\\":\\\"Iringa\\\",\\\"TZ05\\\":\\\"Kagera\\\",\\\"TZ06\\\":\\\"Pemba North\\\",\\\"TZ07\\\":\\\"Zanzibar North\\\",\\\"TZ08\\\":\\\"Kigoma\\\",\\\"TZ09\\\":\\\"Kilimanjaro\\\",\\\"TZ10\\\":\\\"Pemba South\\\",\\\"TZ11\\\":\\\"Zanzibar South\\\",\\\"TZ12\\\":\\\"Lindi\\\",\\\"TZ13\\\":\\\"Mara\\\",\\\"TZ14\\\":\\\"Mbeya\\\",\\\"TZ15\\\":\\\"Zanzibar West\\\",\\\"TZ16\\\":\\\"Morogoro\\\",\\\"TZ17\\\":\\\"Mtwara\\\",\\\"TZ18\\\":\\\"Mwanza\\\",\\\"TZ19\\\":\\\"Coast\\\",\\\"TZ20\\\":\\\"Rukwa\\\",\\\"TZ21\\\":\\\"Ruvuma\\\",\\\"TZ22\\\":\\\"Shinyanga\\\",\\\"TZ23\\\":\\\"Singida\\\",\\\"TZ24\\\":\\\"Tabora\\\",\\\"TZ25\\\":\\\"Tanga\\\",\\\"TZ26\\\":\\\"Manyara\\\",\\\"TZ27\\\":\\\"Geita\\\",\\\"TZ28\\\":\\\"Katavi\\\",\\\"TZ29\\\":\\\"Njombe\\\",\\\"TZ30\\\":\\\"Simiyu\\\"},\\\"LK\\\":[],\\\"SE\\\":[],\\\"US\\\":{\\\"AL\\\":\\\"Alabama\\\",\\\"AK\\\":\\\"Alaska\\\",\\\"AZ\\\":\\\"Arizona\\\",\\\"AR\\\":\\\"Arkansas\\\",\\\"CA\\\":\\\"California\\\",\\\"CO\\\":\\\"Colorado\\\",\\\"CT\\\":\\\"Connecticut\\\",\\\"DE\\\":\\\"Delaware\\\",\\\"DC\\\":\\\"District Of Columbia\\\",\\\"FL\\\":\\\"Florida\\\",\\\"GA\\\":\\\"Georgia\\\",\\\"HI\\\":\\\"Hawaii\\\",\\\"ID\\\":\\\"Idaho\\\",\\\"IL\\\":\\\"Illinois\\\",\\\"IN\\\":\\\"Indiana\\\",\\\"IA\\\":\\\"Iowa\\\",\\\"KS\\\":\\\"Kansas\\\",\\\"KY\\\":\\\"Kentucky\\\",\\\"LA\\\":\\\"Louisiana\\\",\\\"ME\\\":\\\"Maine\\\",\\\"MD\\\":\\\"Maryland\\\",\\\"MA\\\":\\\"Massachusetts\\\",\\\"MI\\\":\\\"Michigan\\\",\\\"MN\\\":\\\"Minnesota\\\",\\\"MS\\\":\\\"Mississippi\\\",\\\"MO\\\":\\\"Missouri\\\",\\\"MT\\\":\\\"Montana\\\",\\\"NE\\\":\\\"Nebraska\\\",\\\"NV\\\":\\\"Nevada\\\",\\\"NH\\\":\\\"New Hampshire\\\",\\\"NJ\\\":\\\"New Jersey\\\",\\\"NM\\\":\\\"New Mexico\\\",\\\"NY\\\":\\\"New York\\\",\\\"NC\\\":\\\"North Carolina\\\",\\\"ND\\\":\\\"North Dakota\\\",\\\"OH\\\":\\\"Ohio\\\",\\\"OK\\\":\\\"Oklahoma\\\",\\\"OR\\\":\\\"Oregon\\\",\\\"PA\\\":\\\"Pennsylvania\\\",\\\"RI\\\":\\\"Rhode Island\\\",\\\"SC\\\":\\\"South Carolina\\\",\\\"SD\\\":\\\"South Dakota\\\",\\\"TN\\\":\\\"Tennessee\\\",\\\"TX\\\":\\\"Texas\\\",\\\"UT\\\":\\\"Utah\\\",\\\"VT\\\":\\\"Vermont\\\",\\\"VA\\\":\\\"Virginia\\\",\\\"WA\\\":\\\"Washington\\\",\\\"WV\\\":\\\"West Virginia\\\",\\\"WI\\\":\\\"Wisconsin\\\",\\\"WY\\\":\\\"Wyoming\\\",\\\"AA\\\":\\\"Armed Forces (AA)\\\",\\\"AE\\\":\\\"Armed Forces (AE)\\\",\\\"AP\\\":\\\"Armed Forces (AP)\\\"},\\\"VN\\\":[],\\\"YT\\\":[],\\\"ZA\\\":{\\\"EC\\\":\\\"Eastern Cape\\\",\\\"FS\\\":\\\"Free State\\\",\\\"GP\\\":\\\"Gauteng\\\",\\\"KZN\\\":\\\"KwaZulu-Natal\\\",\\\"LP\\\":\\\"Limpopo\\\",\\\"MP\\\":\\\"Mpumalanga\\\",\\\"NC\\\":\\\"Northern Cape\\\",\\\"NW\\\":\\\"North West\\\",\\\"WC\\\":\\\"Western Cape\\\"}}\",\"i18n_select_state_text\":\"Select an option\\u2026\",\"i18n_no_matches\":\"No matches found\",\"i18n_ajax_error\":\"Loading failed\",\"i18n_input_too_short_1\":\"Please enter 1 or more characters\",\"i18n_input_too_short_n\":\"Please enter %qty% or more characters\",\"i18n_input_too_long_1\":\"Please delete 1 character\",\"i18n_input_too_long_n\":\"Please delete %qty% characters\",\"i18n_selection_too_long_1\":\"You can only select 1 item\",\"i18n_selection_too_long_n\":\"You can only select %qty% items\",\"i18n_load_more\":\"Loading more results\\u2026\",\"i18n_searching\":\"Searching\\u2026\"};\";}s:10:\"textdomain\";N;s:17:\"translations_path\";N;}s:15:\"wc-address-i18n\";a:8:{s:6:\"handle\";s:15:\"wc-address-i18n\";s:3:\"src\";s:88:\"https://tesoll.com/wp-content/plugins/woocommerce/assets/js/frontend/address-i18n.min.js\";s:4:\"deps\";a:2:{i:0;s:6:\"jquery\";i:1;s:17:\"wc-country-select\";}s:3:\"ver\";s:5:\"3.6.2\";s:4:\"args\";N;s:5:\"extra\";a:2:{s:5:\"group\";i:1;s:4:\"data\";s:6921:\"var wc_address_i18n_params = {\"locale\":\"{\\\"AE\\\":{\\\"postcode\\\":{\\\"required\\\":false,\\\"hidden\\\":true},\\\"state\\\":{\\\"required\\\":false}},\\\"AF\\\":{\\\"state\\\":{\\\"required\\\":false}},\\\"AO\\\":{\\\"postcode\\\":{\\\"required\\\":false,\\\"hidden\\\":true},\\\"state\\\":{\\\"label\\\":\\\"Province\\\"}},\\\"AT\\\":{\\\"postcode\\\":{\\\"priority\\\":65},\\\"state\\\":{\\\"required\\\":false}},\\\"AU\\\":{\\\"city\\\":{\\\"label\\\":\\\"Suburb\\\"},\\\"postcode\\\":{\\\"label\\\":\\\"Postcode\\\"},\\\"state\\\":{\\\"label\\\":\\\"State\\\"}},\\\"AX\\\":{\\\"postcode\\\":{\\\"priority\\\":65},\\\"state\\\":{\\\"required\\\":false}},\\\"BD\\\":{\\\"postcode\\\":{\\\"required\\\":false},\\\"state\\\":{\\\"label\\\":\\\"District\\\"}},\\\"BE\\\":{\\\"postcode\\\":{\\\"priority\\\":65},\\\"state\\\":{\\\"required\\\":false,\\\"label\\\":\\\"Province\\\"}},\\\"BH\\\":{\\\"postcode\\\":{\\\"required\\\":false},\\\"state\\\":{\\\"required\\\":false}},\\\"BI\\\":{\\\"state\\\":{\\\"required\\\":false}},\\\"BO\\\":{\\\"postcode\\\":{\\\"required\\\":false,\\\"hidden\\\":true}},\\\"BS\\\":{\\\"postcode\\\":{\\\"required\\\":false,\\\"hidden\\\":true}},\\\"CA\\\":{\\\"state\\\":{\\\"label\\\":\\\"Province\\\"}},\\\"CH\\\":{\\\"postcode\\\":{\\\"priority\\\":65},\\\"state\\\":{\\\"label\\\":\\\"Canton\\\",\\\"required\\\":false}},\\\"CL\\\":{\\\"city\\\":{\\\"required\\\":true},\\\"postcode\\\":{\\\"required\\\":false},\\\"state\\\":{\\\"label\\\":\\\"Region\\\"}},\\\"CN\\\":{\\\"state\\\":{\\\"label\\\":\\\"Province\\\"}},\\\"CO\\\":{\\\"postcode\\\":{\\\"required\\\":false}},\\\"CZ\\\":{\\\"state\\\":{\\\"required\\\":false}},\\\"DE\\\":{\\\"postcode\\\":{\\\"priority\\\":65},\\\"state\\\":{\\\"required\\\":false}},\\\"DK\\\":{\\\"postcode\\\":{\\\"priority\\\":65},\\\"state\\\":{\\\"required\\\":false}},\\\"EE\\\":{\\\"postcode\\\":{\\\"priority\\\":65},\\\"state\\\":{\\\"required\\\":false}},\\\"FI\\\":{\\\"postcode\\\":{\\\"priority\\\":65},\\\"state\\\":{\\\"required\\\":false}},\\\"FR\\\":{\\\"postcode\\\":{\\\"priority\\\":65},\\\"state\\\":{\\\"required\\\":false}},\\\"GP\\\":{\\\"state\\\":{\\\"required\\\":false}},\\\"GF\\\":{\\\"state\\\":{\\\"required\\\":false}},\\\"GR\\\":{\\\"state\\\":{\\\"required\\\":false}},\\\"HK\\\":{\\\"postcode\\\":{\\\"required\\\":false},\\\"city\\\":{\\\"label\\\":\\\"Town \\\\\\/ District\\\"},\\\"state\\\":{\\\"label\\\":\\\"Region\\\"}},\\\"HU\\\":{\\\"state\\\":{\\\"label\\\":\\\"County\\\"}},\\\"ID\\\":{\\\"state\\\":{\\\"label\\\":\\\"Province\\\"}},\\\"IE\\\":{\\\"postcode\\\":{\\\"required\\\":false,\\\"label\\\":\\\"Eircode\\\"},\\\"state\\\":{\\\"label\\\":\\\"County\\\"}},\\\"IS\\\":{\\\"postcode\\\":{\\\"priority\\\":65},\\\"state\\\":{\\\"required\\\":false}},\\\"IL\\\":{\\\"postcode\\\":{\\\"priority\\\":65},\\\"state\\\":{\\\"required\\\":false}},\\\"IM\\\":{\\\"state\\\":{\\\"required\\\":false}},\\\"IT\\\":{\\\"postcode\\\":{\\\"priority\\\":65},\\\"state\\\":{\\\"required\\\":true,\\\"label\\\":\\\"Province\\\"}},\\\"JP\\\":{\\\"postcode\\\":{\\\"priority\\\":65},\\\"state\\\":{\\\"label\\\":\\\"Prefecture\\\",\\\"priority\\\":66},\\\"city\\\":{\\\"priority\\\":67},\\\"address_1\\\":{\\\"priority\\\":68},\\\"address_2\\\":{\\\"priority\\\":69}},\\\"KR\\\":{\\\"state\\\":{\\\"required\\\":false}},\\\"KW\\\":{\\\"state\\\":{\\\"required\\\":false}},\\\"LV\\\":{\\\"state\\\":{\\\"label\\\":\\\"Municipality\\\",\\\"required\\\":false}},\\\"LB\\\":{\\\"state\\\":{\\\"required\\\":false}},\\\"MQ\\\":{\\\"state\\\":{\\\"required\\\":false}},\\\"MT\\\":{\\\"state\\\":{\\\"required\\\":false}},\\\"NL\\\":{\\\"postcode\\\":{\\\"priority\\\":65},\\\"state\\\":{\\\"required\\\":false,\\\"label\\\":\\\"Province\\\"}},\\\"NG\\\":{\\\"postcode\\\":{\\\"label\\\":\\\"Postcode\\\",\\\"required\\\":false,\\\"hidden\\\":true},\\\"state\\\":{\\\"label\\\":\\\"State\\\"}},\\\"NZ\\\":{\\\"postcode\\\":{\\\"label\\\":\\\"Postcode\\\"},\\\"state\\\":{\\\"required\\\":false,\\\"label\\\":\\\"Region\\\"}},\\\"NO\\\":{\\\"postcode\\\":{\\\"priority\\\":65},\\\"state\\\":{\\\"required\\\":false}},\\\"NP\\\":{\\\"state\\\":{\\\"label\\\":\\\"State \\\\\\/ Zone\\\"},\\\"postcode\\\":{\\\"required\\\":false}},\\\"PL\\\":{\\\"postcode\\\":{\\\"priority\\\":65},\\\"state\\\":{\\\"required\\\":false}},\\\"PT\\\":{\\\"state\\\":{\\\"required\\\":false}},\\\"RE\\\":{\\\"state\\\":{\\\"required\\\":false}},\\\"RO\\\":{\\\"state\\\":{\\\"label\\\":\\\"County\\\",\\\"required\\\":true}},\\\"SG\\\":{\\\"state\\\":{\\\"required\\\":false},\\\"city\\\":{\\\"required\\\":false,\\\"hidden\\\":true}},\\\"SK\\\":{\\\"postcode\\\":{\\\"priority\\\":65},\\\"state\\\":{\\\"required\\\":false}},\\\"SI\\\":{\\\"postcode\\\":{\\\"priority\\\":65},\\\"state\\\":{\\\"required\\\":false}},\\\"SR\\\":{\\\"postcode\\\":{\\\"required\\\":false,\\\"hidden\\\":true}},\\\"ES\\\":{\\\"postcode\\\":{\\\"priority\\\":65},\\\"state\\\":{\\\"label\\\":\\\"Province\\\"}},\\\"LI\\\":{\\\"postcode\\\":{\\\"priority\\\":65},\\\"state\\\":{\\\"label\\\":\\\"Municipality\\\",\\\"required\\\":false}},\\\"LK\\\":{\\\"state\\\":{\\\"required\\\":false}},\\\"LU\\\":{\\\"state\\\":{\\\"required\\\":false}},\\\"MD\\\":{\\\"state\\\":{\\\"label\\\":\\\"Municipality \\\\\\/ District\\\"}},\\\"SE\\\":{\\\"postcode\\\":{\\\"priority\\\":65},\\\"state\\\":{\\\"required\\\":false}},\\\"TR\\\":{\\\"postcode\\\":{\\\"priority\\\":65},\\\"state\\\":{\\\"label\\\":\\\"Province\\\"}},\\\"US\\\":{\\\"postcode\\\":{\\\"label\\\":\\\"ZIP\\\"},\\\"state\\\":{\\\"label\\\":\\\"State\\\"}},\\\"GB\\\":{\\\"postcode\\\":{\\\"label\\\":\\\"Postcode\\\"},\\\"state\\\":{\\\"label\\\":\\\"County\\\",\\\"required\\\":false}},\\\"ST\\\":{\\\"postcode\\\":{\\\"required\\\":false,\\\"hidden\\\":true},\\\"state\\\":{\\\"label\\\":\\\"District\\\"}},\\\"VN\\\":{\\\"state\\\":{\\\"required\\\":false},\\\"postcode\\\":{\\\"priority\\\":65,\\\"required\\\":false,\\\"hidden\\\":false},\\\"address_2\\\":{\\\"required\\\":false,\\\"hidden\\\":true}},\\\"WS\\\":{\\\"postcode\\\":{\\\"required\\\":false,\\\"hidden\\\":true}},\\\"YT\\\":{\\\"state\\\":{\\\"required\\\":false}},\\\"ZA\\\":{\\\"state\\\":{\\\"label\\\":\\\"Province\\\"}},\\\"ZW\\\":{\\\"postcode\\\":{\\\"required\\\":false,\\\"hidden\\\":true}},\\\"default\\\":{\\\"first_name\\\":{\\\"label\\\":\\\"First name\\\",\\\"required\\\":true,\\\"class\\\":[\\\"form-row-first\\\"],\\\"autocomplete\\\":\\\"given-name\\\",\\\"priority\\\":10},\\\"last_name\\\":{\\\"label\\\":\\\"Last name\\\",\\\"required\\\":true,\\\"class\\\":[\\\"form-row-last\\\"],\\\"autocomplete\\\":\\\"family-name\\\",\\\"priority\\\":20},\\\"company\\\":{\\\"label\\\":\\\"Company name\\\",\\\"class\\\":[\\\"form-row-wide\\\"],\\\"autocomplete\\\":\\\"organization\\\",\\\"priority\\\":30,\\\"required\\\":false},\\\"country\\\":{\\\"type\\\":\\\"country\\\",\\\"label\\\":\\\"Country\\\",\\\"required\\\":true,\\\"class\\\":[\\\"form-row-wide\\\",\\\"address-field\\\",\\\"update_totals_on_change\\\"],\\\"autocomplete\\\":\\\"country\\\",\\\"priority\\\":40},\\\"address_1\\\":{\\\"label\\\":\\\"Street address\\\",\\\"placeholder\\\":\\\"House number and street name\\\",\\\"required\\\":true,\\\"class\\\":[\\\"form-row-wide\\\",\\\"address-field\\\"],\\\"autocomplete\\\":\\\"address-line1\\\",\\\"priority\\\":50},\\\"address_2\\\":{\\\"placeholder\\\":\\\"Apartment, suite, unit etc. (optional)\\\",\\\"class\\\":[\\\"form-row-wide\\\",\\\"address-field\\\"],\\\"autocomplete\\\":\\\"address-line2\\\",\\\"priority\\\":60,\\\"required\\\":false},\\\"city\\\":{\\\"label\\\":\\\"Town \\\\\\/ City\\\",\\\"required\\\":true,\\\"class\\\":[\\\"form-row-wide\\\",\\\"address-field\\\"],\\\"autocomplete\\\":\\\"address-level2\\\",\\\"priority\\\":70},\\\"state\\\":{\\\"type\\\":\\\"state\\\",\\\"label\\\":\\\"State \\\\\\/ County\\\",\\\"required\\\":true,\\\"class\\\":[\\\"form-row-wide\\\",\\\"address-field\\\"],\\\"validate\\\":[\\\"state\\\"],\\\"autocomplete\\\":\\\"address-level1\\\",\\\"priority\\\":80},\\\"postcode\\\":{\\\"label\\\":\\\"Postcode \\\\\\/ ZIP\\\",\\\"required\\\":true,\\\"class\\\":[\\\"form-row-wide\\\",\\\"address-field\\\"],\\\"validate\\\":[\\\"postcode\\\"],\\\"autocomplete\\\":\\\"postal-code\\\",\\\"priority\\\":90}}}\",\"locale_fields\":\"{\\\"address_1\\\":\\\"#billing_address_1_field, #shipping_address_1_field\\\",\\\"address_2\\\":\\\"#billing_address_2_field, #shipping_address_2_field\\\",\\\"state\\\":\\\"#billing_state_field, #shipping_state_field, #calc_shipping_state_field\\\",\\\"postcode\\\":\\\"#billing_postcode_field, #shipping_postcode_field, #calc_shipping_postcode_field\\\",\\\"city\\\":\\\"#billing_city_field, #shipping_city_field, #calc_shipping_city_field\\\"}\",\"i18n_required_text\":\"required\",\"i18n_optional_text\":\"optional\"};\";}s:10:\"textdomain\";N;s:17:\"translations_path\";N;}s:7:\"wc-cart\";a:8:{s:6:\"handle\";s:7:\"wc-cart\";s:3:\"src\";s:80:\"https://tesoll.com/wp-content/plugins/woocommerce/assets/js/frontend/cart.min.js\";s:4:\"deps\";a:4:{i:0;s:6:\"jquery\";i:1;s:11:\"woocommerce\";i:2;s:17:\"wc-country-select\";i:3;s:15:\"wc-address-i18n\";}s:3:\"ver\";s:5:\"3.6.2\";s:4:\"args\";N;s:5:\"extra\";a:2:{s:5:\"group\";i:1;s:4:\"data\";s:216:\"var wc_cart_params = {\"ajax_url\":\"\\/wp-admin\\/admin-ajax.php\",\"wc_ajax_url\":\"\\/?wc-ajax=%%endpoint%%\",\"update_shipping_method_nonce\":\"2aa5f130d6\",\"apply_coupon_nonce\":\"f436ad74da\",\"remove_coupon_nonce\":\"7684b7475f\"};\";}s:10:\"textdomain\";N;s:17:\"translations_path\";N;}s:9:\"selectWoo\";a:8:{s:6:\"handle\";s:9:\"selectWoo\";s:3:\"src\";s:91:\"https://tesoll.com/wp-content/plugins/woocommerce/assets/js/selectWoo/selectWoo.full.min.js\";s:4:\"deps\";a:1:{i:0;s:6:\"jquery\";}s:3:\"ver\";s:5:\"1.0.6\";s:4:\"args\";N;s:5:\"extra\";a:1:{s:5:\"group\";i:1;}s:10:\"textdomain\";N;s:17:\"translations_path\";N;}s:7:\"wp-util\";a:8:{s:6:\"handle\";s:7:\"wp-util\";s:3:\"src\";s:30:\"/wp-includes/js/wp-util.min.js\";s:4:\"deps\";a:2:{i:0;s:10:\"underscore\";i:1;s:6:\"jquery\";}s:3:\"ver\";b:0;s:4:\"args\";i:1;s:5:\"extra\";a:1:{s:4:\"data\";s:68:\"var _wpUtilSettings = {\"ajax\":{\"url\":\"\\/wp-admin\\/admin-ajax.php\"}};\";}s:10:\"textdomain\";N;s:17:\"translations_path\";N;}s:8:\"backbone\";a:8:{s:6:\"handle\";s:8:\"backbone\";s:3:\"src\";s:31:\"/wp-includes/js/backbone.min.js\";s:4:\"deps\";a:2:{i:0;s:10:\"underscore\";i:1;s:6:\"jquery\";}s:3:\"ver\";s:5:\"1.2.3\";s:4:\"args\";i:1;s:5:\"extra\";a:0:{}s:10:\"textdomain\";N;s:17:\"translations_path\";N;}s:11:\"wp-playlist\";a:8:{s:6:\"handle\";s:11:\"wp-playlist\";s:3:\"src\";s:47:\"/wp-includes/js/mediaelement/wp-playlist.min.js\";s:4:\"deps\";a:3:{i:0;s:7:\"wp-util\";i:1;s:8:\"backbone\";i:2;s:12:\"mediaelement\";}s:3:\"ver\";b:0;s:4:\"args\";i:1;s:5:\"extra\";a:0:{}s:10:\"textdomain\";N;s:17:\"translations_path\";N;}s:11:\"wc-checkout\";a:8:{s:6:\"handle\";s:11:\"wc-checkout\";s:3:\"src\";s:84:\"https://tesoll.com/wp-content/plugins/woocommerce/assets/js/frontend/checkout.min.js\";s:4:\"deps\";a:4:{i:0;s:6:\"jquery\";i:1;s:11:\"woocommerce\";i:2;s:17:\"wc-country-select\";i:3;s:15:\"wc-address-i18n\";}s:3:\"ver\";s:5:\"3.6.2\";s:4:\"args\";N;s:5:\"extra\";a:2:{s:5:\"group\";i:1;s:4:\"data\";s:387:\"var wc_checkout_params = {\"ajax_url\":\"\\/wp-admin\\/admin-ajax.php\",\"wc_ajax_url\":\"\\/?wc-ajax=%%endpoint%%\",\"update_order_review_nonce\":\"ce9bb70e9b\",\"apply_coupon_nonce\":\"68133bc35f\",\"remove_coupon_nonce\":\"f7e203815c\",\"option_guest_checkout\":\"yes\",\"checkout_url\":\"\\/?wc-ajax=checkout\",\"is_checkout\":\"0\",\"debug_mode\":\"\",\"i18n_checkout_error\":\"Error processing checkout. Please try again.\"};\";}s:10:\"textdomain\";N;s:17:\"translations_path\";N;}s:9:\"shortcode\";a:8:{s:6:\"handle\";s:9:\"shortcode\";s:3:\"src\";s:32:\"/wp-includes/js/shortcode.min.js\";s:4:\"deps\";a:1:{i:0;s:10:\"underscore\";}s:3:\"ver\";b:0;s:4:\"args\";i:1;s:5:\"extra\";a:0:{}s:10:\"textdomain\";N;s:17:\"translations_path\";N;}s:11:\"wp-backbone\";a:8:{s:6:\"handle\";s:11:\"wp-backbone\";s:3:\"src\";s:34:\"/wp-includes/js/wp-backbone.min.js\";s:4:\"deps\";a:2:{i:0;s:8:\"backbone\";i:1;s:7:\"wp-util\";}s:3:\"ver\";b:0;s:4:\"args\";i:1;s:5:\"extra\";a:0:{}s:10:\"textdomain\";N;s:17:\"translations_path\";N;}s:12:\"media-models\";a:8:{s:6:\"handle\";s:12:\"media-models\";s:3:\"src\";s:35:\"/wp-includes/js/media-models.min.js\";s:4:\"deps\";a:1:{i:0;s:11:\"wp-backbone\";}s:3:\"ver\";b:0;s:4:\"args\";i:1;s:5:\"extra\";a:1:{s:4:\"data\";s:95:\"var _wpMediaModelsL10n = {\"settings\":{\"ajaxurl\":\"\\/wp-admin\\/admin-ajax.php\",\"post\":{\"id\":0}}};\";}s:10:\"textdomain\";N;s:17:\"translations_path\";N;}s:7:\"moxiejs\";a:8:{s:6:\"handle\";s:7:\"moxiejs\";s:3:\"src\";s:37:\"/wp-includes/js/plupload/moxie.min.js\";s:4:\"deps\";a:0:{}s:3:\"ver\";s:5:\"1.3.5\";s:4:\"args\";N;s:5:\"extra\";a:0:{}s:10:\"textdomain\";N;s:17:\"translations_path\";N;}s:8:\"plupload\";a:8:{s:6:\"handle\";s:8:\"plupload\";s:3:\"src\";s:40:\"/wp-includes/js/plupload/plupload.min.js\";s:4:\"deps\";a:1:{i:0;s:7:\"moxiejs\";}s:3:\"ver\";s:5:\"2.1.9\";s:4:\"args\";N;s:5:\"extra\";a:0:{}s:10:\"textdomain\";N;s:17:\"translations_path\";N;}s:5:\"json2\";a:8:{s:6:\"handle\";s:5:\"json2\";s:3:\"src\";s:28:\"/wp-includes/js/json2.min.js\";s:4:\"deps\";a:0:{}s:3:\"ver\";s:10:\"2015-05-03\";s:4:\"args\";N;s:5:\"extra\";a:1:{s:11:\"conditional\";s:7:\"lt IE 8\";}s:10:\"textdomain\";N;s:17:\"translations_path\";N;}s:11:\"wp-plupload\";a:8:{s:6:\"handle\";s:11:\"wp-plupload\";s:3:\"src\";s:43:\"/wp-includes/js/plupload/wp-plupload.min.js\";s:4:\"deps\";a:4:{i:0;s:8:\"plupload\";i:1;s:6:\"jquery\";i:2;s:5:\"json2\";i:3;s:12:\"media-models\";}s:3:\"ver\";b:0;s:4:\"args\";i:1;s:5:\"extra\";a:1:{s:4:\"data\";s:2138:\"var pluploadL10n = {\"queue_limit_exceeded\":\"You have attempted to queue too many files.\",\"file_exceeds_size_limit\":\"%s exceeds the maximum upload size for this site.\",\"zero_byte_file\":\"This file is empty. Please try another.\",\"invalid_filetype\":\"Sorry, this file type is not permitted for security reasons.\",\"not_an_image\":\"This file is not an image. Please try another.\",\"image_memory_exceeded\":\"Memory exceeded. Please try another smaller file.\",\"image_dimensions_exceeded\":\"This is larger than the maximum size. Please try another.\",\"default_error\":\"An error occurred in the upload. Please try again later.\",\"missing_upload_url\":\"There was a configuration error. Please contact the server administrator.\",\"upload_limit_exceeded\":\"You may only upload 1 file.\",\"http_error\":\"HTTP error.\",\"upload_failed\":\"Upload failed.\",\"big_upload_failed\":\"Please try uploading this file with the %1$sbrowser uploader%2$s.\",\"big_upload_queued\":\"%s exceeds the maximum upload size for the multi-file uploader when used in your browser.\",\"io_error\":\"IO error.\",\"security_error\":\"Security error.\",\"file_cancelled\":\"File canceled.\",\"upload_stopped\":\"Upload stopped.\",\"dismiss\":\"Dismiss\",\"crunching\":\"Crunching\\u2026\",\"deleted\":\"moved to the trash.\",\"error_uploading\":\"\\u201c%s\\u201d has failed to upload.\"};\nvar _wpPluploadSettings = {\"defaults\":{\"file_data_name\":\"async-upload\",\"url\":\"\\/wp-admin\\/async-upload.php\",\"filters\":{\"max_file_size\":\"134217728b\",\"mime_types\":[{\"extensions\":\"jpg,jpeg,jpe,gif,png,bmp,tiff,tif,ico,asf,asx,wmv,wmx,wm,avi,divx,flv,mov,qt,mpeg,mpg,mpe,mp4,m4v,ogv,webm,mkv,3gp,3gpp,3g2,3gp2,txt,asc,c,cc,h,srt,csv,tsv,ics,rtx,css,htm,html,vtt,dfxp,mp3,m4a,m4b,aac,ra,ram,wav,ogg,oga,flac,mid,midi,wma,wax,mka,rtf,js,pdf,class,tar,zip,gz,gzip,rar,7z,psd,xcf,doc,pot,pps,ppt,wri,xla,xls,xlt,xlw,mdb,mpp,docx,docm,dotx,dotm,xlsx,xlsm,xlsb,xltx,xltm,xlam,pptx,pptm,ppsx,ppsm,potx,potm,ppam,sldx,sldm,onetoc,onetoc2,onetmp,onepkg,oxps,xps,odt,odp,ods,odg,odc,odb,odf,wp,wpd,key,numbers,pages\"}]},\"multipart_params\":{\"action\":\"upload-attachment\",\"_wpnonce\":\"11e4032021\"}},\"browser\":{\"mobile\":false,\"supported\":true},\"limitExceeded\":false};\";}s:10:\"textdomain\";N;s:17:\"translations_path\";N;}s:14:\"wp-api-request\";a:8:{s:6:\"handle\";s:14:\"wp-api-request\";s:3:\"src\";s:34:\"/wp-includes/js/api-request.min.js\";s:4:\"deps\";a:1:{i:0;s:6:\"jquery\";}s:3:\"ver\";b:0;s:4:\"args\";i:1;s:5:\"extra\";a:1:{s:4:\"data\";s:111:\"var wpApiSettings = {\"root\":\"https:\\/\\/tesoll.com\\/wp-json\\/\",\"nonce\":\"3e54fe2b79\",\"versionString\":\"wp\\/v2\\/\"};\";}s:10:\"textdomain\";N;s:17:\"translations_path\";N;}s:11:\"media-views\";a:8:{s:6:\"handle\";s:11:\"media-views\";s:3:\"src\";s:34:\"/wp-includes/js/media-views.min.js\";s:4:\"deps\";a:6:{i:0;s:5:\"utils\";i:1;s:12:\"media-models\";i:2;s:11:\"wp-plupload\";i:3;s:18:\"jquery-ui-sortable\";i:4;s:15:\"wp-mediaelement\";i:5;s:14:\"wp-api-request\";}s:3:\"ver\";b:0;s:4:\"args\";i:1;s:5:\"extra\";a:1:{s:4:\"data\";s:4512:\"var _wpMediaViewsL10n = {\"url\":\"URL\",\"addMedia\":\"Add Media\",\"search\":\"Search\",\"select\":\"Select\",\"cancel\":\"Cancel\",\"update\":\"Update\",\"replace\":\"Replace\",\"remove\":\"Remove\",\"back\":\"Back\",\"selected\":\"%d selected\",\"dragInfo\":\"Drag and drop to reorder media files.\",\"uploadFilesTitle\":\"Upload Files\",\"uploadImagesTitle\":\"Upload Images\",\"mediaLibraryTitle\":\"Media Library\",\"insertMediaTitle\":\"Add Media\",\"createNewGallery\":\"Create a new gallery\",\"createNewPlaylist\":\"Create a new playlist\",\"createNewVideoPlaylist\":\"Create a new video playlist\",\"returnToLibrary\":\"\\u2190 Return to library\",\"allMediaItems\":\"All media items\",\"allDates\":\"All dates\",\"noItemsFound\":\"No items found.\",\"insertIntoPost\":\"Insert into post\",\"unattached\":\"Unattached\",\"mine\":\"Mine\",\"trash\":\"Trash\",\"uploadedToThisPost\":\"Uploaded to this post\",\"warnDelete\":\"You are about to permanently delete this item from your site.\\nThis action cannot be undone.\\n \'Cancel\' to stop, \'OK\' to delete.\",\"warnBulkDelete\":\"You are about to permanently delete these items from your site.\\nThis action cannot be undone.\\n \'Cancel\' to stop, \'OK\' to delete.\",\"warnBulkTrash\":\"You are about to trash these items.\\n  \'Cancel\' to stop, \'OK\' to delete.\",\"bulkSelect\":\"Bulk Select\",\"cancelSelection\":\"Cancel Selection\",\"trashSelected\":\"Trash Selected\",\"untrashSelected\":\"Untrash Selected\",\"deleteSelected\":\"Delete Selected\",\"deletePermanently\":\"Delete Permanently\",\"apply\":\"Apply\",\"filterByDate\":\"Filter by date\",\"filterByType\":\"Filter by type\",\"searchMediaLabel\":\"Search Media\",\"searchMediaPlaceholder\":\"Search media items...\",\"noMedia\":\"No media files found.\",\"attachmentDetails\":\"Attachment Details\",\"insertFromUrlTitle\":\"Insert from URL\",\"setFeaturedImageTitle\":\"Featured Image\",\"setFeaturedImage\":\"Set featured image\",\"createGalleryTitle\":\"Create Gallery\",\"editGalleryTitle\":\"Edit Gallery\",\"cancelGalleryTitle\":\"\\u2190 Cancel Gallery\",\"insertGallery\":\"Insert gallery\",\"updateGallery\":\"Update gallery\",\"addToGallery\":\"Add to gallery\",\"addToGalleryTitle\":\"Add to Gallery\",\"reverseOrder\":\"Reverse order\",\"imageDetailsTitle\":\"Image Details\",\"imageReplaceTitle\":\"Replace Image\",\"imageDetailsCancel\":\"Cancel Edit\",\"editImage\":\"Edit Image\",\"chooseImage\":\"Choose Image\",\"selectAndCrop\":\"Select and Crop\",\"skipCropping\":\"Skip Cropping\",\"cropImage\":\"Crop Image\",\"cropYourImage\":\"Crop your image\",\"cropping\":\"Cropping\\u2026\",\"suggestedDimensions\":\"Suggested image dimensions: %1$s by %2$s pixels.\",\"cropError\":\"There has been an error cropping your image.\",\"audioDetailsTitle\":\"Audio Details\",\"audioReplaceTitle\":\"Replace Audio\",\"audioAddSourceTitle\":\"Add Audio Source\",\"audioDetailsCancel\":\"Cancel Edit\",\"videoDetailsTitle\":\"Video Details\",\"videoReplaceTitle\":\"Replace Video\",\"videoAddSourceTitle\":\"Add Video Source\",\"videoDetailsCancel\":\"Cancel Edit\",\"videoSelectPosterImageTitle\":\"Select Poster Image\",\"videoAddTrackTitle\":\"Add Subtitles\",\"playlistDragInfo\":\"Drag and drop to reorder tracks.\",\"createPlaylistTitle\":\"Create Audio Playlist\",\"editPlaylistTitle\":\"Edit Audio Playlist\",\"cancelPlaylistTitle\":\"\\u2190 Cancel Audio Playlist\",\"insertPlaylist\":\"Insert audio playlist\",\"updatePlaylist\":\"Update audio playlist\",\"addToPlaylist\":\"Add to audio playlist\",\"addToPlaylistTitle\":\"Add to Audio Playlist\",\"videoPlaylistDragInfo\":\"Drag and drop to reorder videos.\",\"createVideoPlaylistTitle\":\"Create Video Playlist\",\"editVideoPlaylistTitle\":\"Edit Video Playlist\",\"cancelVideoPlaylistTitle\":\"\\u2190 Cancel Video Playlist\",\"insertVideoPlaylist\":\"Insert video playlist\",\"updateVideoPlaylist\":\"Update video playlist\",\"addToVideoPlaylist\":\"Add to video playlist\",\"addToVideoPlaylistTitle\":\"Add to Video Playlist\",\"settings\":{\"tabs\":[],\"tabUrl\":\"https:\\/\\/tesoll.com\\/wp-admin\\/media-upload.php?chromeless=1\",\"mimeTypes\":{\"image\":\"Images\",\"audio\":\"Audio\",\"video\":\"Video\"},\"captions\":true,\"nonce\":{\"sendToEditor\":\"9a1bfb0df8\"},\"post\":{\"id\":0},\"defaultProps\":{\"link\":\"none\",\"align\":\"\",\"size\":\"\"},\"attachmentCounts\":{\"audio\":1,\"video\":1},\"oEmbedProxyUrl\":\"https:\\/\\/tesoll.com\\/wp-json\\/oembed\\/1.0\\/proxy\",\"embedExts\":[\"mp3\",\"ogg\",\"flac\",\"m4a\",\"wav\",\"mp4\",\"m4v\",\"webm\",\"ogv\",\"flv\"],\"embedMimes\":{\"mp3\":\"audio\\/mpeg\",\"ogg\":\"audio\\/ogg\",\"flac\":\"audio\\/flac\",\"m4a\":\"audio\\/mpeg\",\"wav\":\"audio\\/wav\",\"mp4\":\"video\\/mp4\",\"m4v\":\"video\\/mp4\",\"webm\":\"video\\/webm\",\"ogv\":\"video\\/ogg\",\"flv\":\"video\\/x-flv\"},\"contentWidth\":null,\"months\":[{\"year\":\"2019\",\"month\":\"5\",\"text\":\"May 2019\"},{\"year\":\"2019\",\"month\":\"4\",\"text\":\"April 2019\"},{\"year\":\"2016\",\"month\":\"2\",\"text\":\"February 2016\"}],\"mediaTrash\":0}};\";}s:10:\"textdomain\";N;s:17:\"translations_path\";N;}s:12:\"media-editor\";a:8:{s:6:\"handle\";s:12:\"media-editor\";s:3:\"src\";s:35:\"/wp-includes/js/media-editor.min.js\";s:4:\"deps\";a:2:{i:0;s:9:\"shortcode\";i:1;s:11:\"media-views\";}s:3:\"ver\";b:0;s:4:\"args\";i:1;s:5:\"extra\";a:0:{}s:10:\"textdomain\";N;s:17:\"translations_path\";N;}s:16:\"media-audiovideo\";a:8:{s:6:\"handle\";s:16:\"media-audiovideo\";s:3:\"src\";s:39:\"/wp-includes/js/media-audiovideo.min.js\";s:4:\"deps\";a:1:{i:0;s:12:\"media-editor\";}s:3:\"ver\";b:0;s:4:\"args\";i:1;s:5:\"extra\";a:0:{}s:10:\"textdomain\";N;s:17:\"translations_path\";N;}s:9:\"smush-sui\";a:8:{s:6:\"handle\";s:9:\"smush-sui\";s:3:\"src\";s:79:\"https://tesoll.com/wp-content/plugins/wp-smushit/app/assets/js/smush-sui.min.js\";s:4:\"deps\";a:1:{i:0;s:6:\"jquery\";}s:3:\"ver\";s:10:\"sui-2-3-16\";s:4:\"args\";N;s:5:\"extra\";a:1:{s:5:\"group\";i:1;}s:10:\"textdomain\";N;s:17:\"translations_path\";N;}s:11:\"smush-admin\";a:8:{s:6:\"handle\";s:11:\"smush-admin\";s:3:\"src\";s:81:\"https://tesoll.com/wp-content/plugins/wp-smushit/app/assets/js/smush-admin.min.js\";s:4:\"deps\";a:3:{i:0;s:6:\"jquery\";i:1;s:9:\"smush-sui\";i:2;s:10:\"underscore\";}s:3:\"ver\";s:7:\"3.2.0.1\";s:4:\"args\";N;s:5:\"extra\";a:2:{s:5:\"group\";i:1;s:4:\"data\";s:1517:\"var wp_smush_msgs = {\"resmush\":\"Super-Smush\",\"smush_now\":\"Smush Now\",\"error_in_bulk\":\"{{smushed}}\\/{{total}} images were successfully compressed, {{errors}} encountered issues.\",\"all_resmushed\":\"All images are fully optimized.\",\"restore\":\"Restoring image..\",\"smushing\":\"Smushing image..\",\"checking\":\"Checking images..\",\"membership_valid\":\"We successfully verified your membership, all the Pro features should work completely. \",\"membership_invalid\":\"Your membership couldn\'t be verified.\",\"missing_path\":\"Missing file path.\",\"unfinished_smush_single\":\"image could not be smushed.\",\"unfinished_smush\":\"images could not be smushed.\",\"already_optimised\":\"Already Optimized\",\"ajax_error\":\"Ajax Error\",\"all_done\":\"All Done!\",\"sync_stats\":\"Give us a moment while we sync the stats.\",\"resmush_check\":\"RE-CHECK IMAGES\",\"resmush_complete\":\"CHECK COMPLETE\",\"progress_smushed\":\"images optimized\",\"directory_url\":\"https:\\/\\/tesoll.com\\/wp-admin\\/admin.php?page=smush&view=directory\",\"bulk_resume\":\"Resume scan\",\"bulk_stop\":\"Stop current bulk smush process.\",\"smush_url\":\"https:\\/\\/tesoll.com\\/wp-admin\\/admin.php?page=smush\",\"error_ignore\":\"Ignore this image from bulk smushing\"};\nvar wp_smushit_data = {\"count_supersmushed\":\"\",\"count_smushed\":\"\",\"count_total\":\"\",\"count_images\":\"\",\"unsmushed\":\"\",\"resmush\":\"\",\"savings_bytes\":\"\",\"savings_resize\":\"\",\"savings_conversion\":\"\",\"savings_supersmush\":\"\",\"pro_savings\":\"\",\"dir_smush\":{\"currentScanStep\":0,\"totalSteps\":0},\"resize_sizes\":{\"width\":\"1024\",\"height\":9999},\"timeout\":\"150000\"};\";}s:10:\"textdomain\";N;s:17:\"translations_path\";N;}s:16:\"jquery-ui-slider\";a:8:{s:6:\"handle\";s:16:\"jquery-ui-slider\";s:3:\"src\";s:39:\"/wp-includes/js/jquery/ui/slider.min.js\";s:4:\"deps\";a:1:{i:0;s:15:\"jquery-ui-mouse\";}s:3:\"ver\";s:6:\"1.11.4\";s:4:\"args\";i:1;s:5:\"extra\";a:0:{}s:10:\"textdomain\";N;s:17:\"translations_path\";N;}s:18:\"jquery-touch-punch\";a:8:{s:6:\"handle\";s:18:\"jquery-touch-punch\";s:3:\"src\";s:47:\"/wp-includes/js/jquery/jquery.ui.touch-punch.js\";s:4:\"deps\";a:2:{i:0;s:16:\"jquery-ui-widget\";i:1;s:15:\"jquery-ui-mouse\";}s:3:\"ver\";s:5:\"0.2.2\";s:4:\"args\";i:1;s:5:\"extra\";a:0:{}s:10:\"textdomain\";N;s:17:\"translations_path\";N;}s:4:\"iris\";a:8:{s:6:\"handle\";s:4:\"iris\";s:3:\"src\";s:42:\"https://tesoll.com/wp-admin/js/iris.min.js\";s:4:\"deps\";a:3:{i:0;s:19:\"jquery-ui-draggable\";i:1;s:16:\"jquery-ui-slider\";i:2;s:18:\"jquery-touch-punch\";}s:3:\"ver\";b:0;s:4:\"args\";N;s:5:\"extra\";a:1:{s:5:\"group\";i:1;}s:10:\"textdomain\";N;s:17:\"translations_path\";N;}s:16:\"jquery-livequery\";a:8:{s:6:\"handle\";s:16:\"jquery-livequery\";s:3:\"src\";s:84:\"https://tesoll.com/wp-content/plugins/vibe-shortcodes/tinymce/js/jquery.livequery.js\";s:4:\"deps\";a:0:{}s:3:\"ver\";s:5:\"1.1.1\";s:4:\"args\";N;s:5:\"extra\";a:1:{s:5:\"group\";i:1;}s:10:\"textdomain\";N;s:17:\"translations_path\";N;}s:14:\"jquery-appendo\";a:8:{s:6:\"handle\";s:14:\"jquery-appendo\";s:3:\"src\";s:82:\"https://tesoll.com/wp-content/plugins/vibe-shortcodes/tinymce/js/jquery.appendo.js\";s:4:\"deps\";a:0:{}s:3:\"ver\";s:3:\"1.0\";s:4:\"args\";N;s:5:\"extra\";a:1:{s:5:\"group\";i:1;}s:10:\"textdomain\";N;s:17:\"translations_path\";N;}s:6:\"base64\";a:8:{s:6:\"handle\";s:6:\"base64\";s:3:\"src\";s:74:\"https://tesoll.com/wp-content/plugins/vibe-shortcodes/tinymce/js/base64.js\";s:4:\"deps\";a:0:{}s:3:\"ver\";s:3:\"1.0\";s:4:\"args\";N;s:5:\"extra\";a:1:{s:5:\"group\";i:1;}s:10:\"textdomain\";N;s:17:\"translations_path\";N;}s:10:\"vibe-popup\";a:8:{s:6:\"handle\";s:10:\"vibe-popup\";s:3:\"src\";s:73:\"https://tesoll.com/wp-content/plugins/vibe-shortcodes/tinymce/js/popup.js\";s:4:\"deps\";a:0:{}s:3:\"ver\";s:3:\"1.0\";s:4:\"args\";N;s:5:\"extra\";a:1:{s:5:\"group\";i:1;}s:10:\"textdomain\";N;s:17:\"translations_path\";N;}s:18:\"wplms-front-end-js\";a:8:{s:6:\"handle\";s:18:\"wplms-front-end-js\";s:3:\"src\";s:86:\"https://tesoll.com/wp-content/plugins/wplms-front-end/assets/js/wplms_front_end.min.js\";s:4:\"deps\";a:7:{i:0;s:12:\"bp-course-js\";i:1;s:14:\"jquery-ui-core\";i:2;s:18:\"jquery-ui-sortable\";i:3;s:16:\"jquery-ui-slider\";i:4;s:20:\"jquery-ui-datepicker\";i:5;s:4:\"iris\";i:6;s:10:\"bp-confirm\";}s:3:\"ver\";s:5:\"3.8.5\";s:4:\"args\";N;s:5:\"extra\";a:1:{s:4:\"data\";s:3094:\"var wplms_front_end_messages = {\"course_title\":\"Please change the course title\",\"create_course_confirm\":\"This will create a new course in the site, do you want to continue ?\",\"create_course_confirm_button\":\"Yes, create a new course\",\"save_course_confirm\":\"This will overwrite the previous course settings, do you want to continue ?\",\"save_course_confirm_button\":\"Save course\",\"create_unit_confirm\":\"This will create a new unit in the site, do you want to continue ?\",\"create_unit_confirm_button\":\"Yes, create a new unit\",\"save_unit_confirm\":\"This will overwrite the existing unit settings, do you want to continue ?\",\"save_unit_confirm_button\":\"Yes, save unit settings\",\"create_question_confirm\":\"This will create a new question in the site, do you want to continue ?\",\"create_question_confirm_button\":\"Yes, create a new question\",\"create_quiz_confirm\":\"This will create a new quiz in the site, do you want to continue ?\",\"create_quiz_confirm_button\":\"Yes, create a new quiz\",\"save_quiz_confirm\":\"This will overwrite the existing quiz settings, do you want to continue ?\",\"save_quiz_confirm_button\":\"Yes, save quiz settings\",\"delete_confirm\":\"This will delete the element from your site, do you want to continue ?\",\"delete_confirm_button\":\"Continue\",\"save_confirm\":\"This will overwrite the previous settings, do you want to continue ?\",\"save_confirm_button\":\"Save\",\"create_assignment_confirm\":\"This will create a new assignment in the site, do you want to continue ?\",\"create_assignment_confirm_button\":\"Yes, create a new assignment\",\"course_offline\":\"Are you sure you want to take course offline, this will remove the course from course directory and it will not be visible to your students\",\"delete_course_confirm\":\"Are you sure you want to delete this course ?\",\"delete_button\":\"DELETE COURSE\",\"create_group_confirm\":\"This will create a new group in the site, do you want to continue ?\",\"create_forum_confirm\":\"This will create a new forum in the site, do you want to continue ?\",\"save_c_template\":\"Save course template\",\"saved_c_templates\":\"Saved Course Templates\",\"c_template_name\":\"Course Template Name\",\"c_template_desc\":\"Course Template Description\",\"c_template_name_message\":\"Save this course as a template. All the values are saved as defaults and you can control the visibility of the settings in the template.\",\"save_c_template_button\":\"Save course template\",\"saving\":\"Saving...\",\"warning_template_name\":\"Please provide template name\",\"create_your_own\":\"Create your own Course\",\"upload_package\":\"Upload course package\",\"uploaded\":\"Pacakage uploaded and has been set as course package\",\"set_course_package_confirm\":\"Are you sure you want to set this as course package?\",\"delete_course_package_confirm\":\"Are you sure you want to delete this package?\",\"remove_course_package_confirm\":\"Are you sure you want to remove this package from course?\",\"apply_template_confirm\":\"Are you sure you want to apply this template?\",\"yes\":\"Yes\",\"view_this_package\":\"View this package\",\"remove_this_package\":\"Remove this package\",\"delete_this_template\":\"Are you sure you want to delete this template\"};\";}s:10:\"textdomain\";N;s:17:\"translations_path\";N;}s:9:\"tour_json\";a:8:{s:6:\"handle\";s:9:\"tour_json\";s:3:\"src\";s:79:\"https://tesoll.com/wp-content/plugins/vibe-course-module/includes/js/tours.json\";s:4:\"deps\";a:0:{}s:3:\"ver\";b:0;s:4:\"args\";N;s:5:\"extra\";a:0:{}s:10:\"textdomain\";N;s:17:\"translations_path\";N;}s:12:\"tour-js-main\";a:8:{s:6:\"handle\";s:12:\"tour-js-main\";s:3:\"src\";s:90:\"https://tesoll.com/wp-content/plugins/vibe-course-module/includes/js/bootstrap-tour.min.js\";s:4:\"deps\";a:1:{i:0;s:5:\"wplms\";}s:3:\"ver\";b:0;s:4:\"args\";N;s:5:\"extra\";a:0:{}s:10:\"textdomain\";N;s:17:\"translations_path\";N;}s:7:\"tour-js\";a:8:{s:6:\"handle\";s:7:\"tour-js\";s:3:\"src\";s:77:\"https://tesoll.com/wp-content/plugins/vibe-course-module/includes/js/tours.js\";s:4:\"deps\";a:2:{i:0;s:5:\"wplms\";i:1;s:9:\"tour_json\";}s:3:\"ver\";b:0;s:4:\"args\";N;s:5:\"extra\";a:1:{s:4:\"data\";s:56:\"var active_tours = [{\"quiz_pursue\":\"Quiz Pursue Tour\"}];\";}s:10:\"textdomain\";N;s:17:\"translations_path\";N;}s:11:\"bp-plupload\";a:8:{s:6:\"handle\";s:11:\"bp-plupload\";s:3:\"src\";s:78:\"https://tesoll.com/wp-content/plugins/buddypress/bp-core/js/bp-plupload.min.js\";s:4:\"deps\";a:4:{i:0;s:8:\"plupload\";i:1;s:6:\"jquery\";i:2;s:5:\"json2\";i:3;s:11:\"wp-backbone\";}s:3:\"ver\";s:5:\"4.3.0\";s:4:\"args\";N;s:5:\"extra\";a:2:{s:5:\"group\";i:1;s:4:\"data\";s:2333:\"var BP_Uploader = {\"strings\":{\"queue_limit_exceeded\":\"You have attempted to queue too many files.\",\"file_exceeds_size_limit\":\"%s exceeds the maximum upload size for this site.\",\"zero_byte_file\":\"This file is empty. Please try another.\",\"invalid_filetype\":\"This file type is not allowed. Please try another.\",\"not_an_image\":\"This file is not an image. Please try another.\",\"image_memory_exceeded\":\"Memory exceeded. Please try another smaller file.\",\"image_dimensions_exceeded\":\"This is larger than the maximum size. Please try another.\",\"default_error\":\"An error occurred. Please try again later.\",\"missing_upload_url\":\"There was a configuration error. Please contact the server administrator.\",\"upload_limit_exceeded\":\"You may only upload 1 file.\",\"http_error\":\"HTTP error.\",\"upload_failed\":\"Upload failed.\",\"big_upload_failed\":\"Please try uploading this file with the %1$sbrowser uploader%2$s.\",\"big_upload_queued\":\"%s exceeds the maximum upload size for the multi-file uploader when used in your browser.\",\"io_error\":\"IO error.\",\"security_error\":\"Security error.\",\"file_cancelled\":\"File canceled.\",\"upload_stopped\":\"Upload stopped.\",\"dismiss\":\"Dismiss\",\"crunching\":\"Crunching&hellip;\",\"unique_file_warning\":\"Make sure to upload a unique file\",\"error_uploading\":\"&#8220;%s&#8221; has failed to upload.\",\"has_avatar_warning\":\"If you&#39;d like to delete the existing profile photo but not upload a new one, please use the delete tab.\",\"buddydrive_insert\":\"Insert\",\"buddydrive_editor_id\":\"whats-new\",\"feedback_messages\":{\"1\":\"Sorry, uploading the file failed.\",\"2\":\"File successfully uploaded.\"}},\"settings\":{\"defaults\":{\"runtimes\":\"html5,flash,silverlight,html4\",\"file_data_name\":\"buddyfile-upload\",\"multipart_params\":{\"action\":\"buddydrive_upload\",\"_wpnonce\":\"5cdade5a9e\",\"bp_params\":{\"object\":\"buddydrive-file\",\"item_id\":1,\"privacy\":\"public\"}},\"url\":\"\\/wp-admin\\/admin-ajax.php\",\"flash_swf_url\":\"https:\\/\\/tesoll.com\\/wp-includes\\/js\\/plupload\\/plupload.flash.swf\",\"silverlight_xap_url\":\"https:\\/\\/tesoll.com\\/wp-includes\\/js\\/plupload\\/plupload.silverlight.xap\",\"filters\":{\"max_file_size\":\"134217728b\"},\"multipart\":true,\"urlstream_upload\":true,\"multi_selection\":false,\"browse_button\":\"bp-browse-button\",\"container\":\"bp-upload-ui\",\"drop_element\":\"drag-drop-area\"},\"browser\":{\"mobile\":false,\"supported\":true},\"limitExceeded\":false}};\";}s:10:\"textdomain\";N;s:17:\"translations_path\";N;}s:20:\"buddydrive-public-js\";a:8:{s:6:\"handle\";s:20:\"buddydrive-public-js\";s:3:\"src\";s:85:\"https://tesoll.com/wp-content/plugins/buddydrive/includes/js/buddydrive-public.min.js\";s:4:\"deps\";a:0:{}s:3:\"ver\";s:5:\"2.1.1\";s:4:\"args\";N;s:5:\"extra\";a:1:{s:5:\"group\";i:1;}s:10:\"textdomain\";N;s:17:\"translations_path\";N;}s:6:\"editor\";a:8:{s:6:\"handle\";s:6:\"editor\";s:3:\"src\";s:26:\"/wp-admin/js/editor.min.js\";s:4:\"deps\";a:2:{i:0;s:5:\"utils\";i:1;s:6:\"jquery\";}s:3:\"ver\";b:0;s:4:\"args\";i:1;s:5:\"extra\";a:1:{s:5:\"after\";a:2:{i:0;b:0;i:1;s:39:\"window.wp.oldEditor = window.wp.editor;\";}}s:10:\"textdomain\";N;s:17:\"translations_path\";N;}s:15:\"wp-tinymce-root\";a:8:{s:6:\"handle\";s:15:\"wp-tinymce-root\";s:3:\"src\";s:56:\"https://tesoll.com/wp-includes/js/tinymce/tinymce.min.js\";s:4:\"deps\";a:0:{}s:3:\"ver\";s:13:\"4920-20181217\";s:4:\"args\";N;s:5:\"extra\";a:0:{}s:10:\"textdomain\";N;s:17:\"translations_path\";N;}s:10:\"wp-tinymce\";a:8:{s:6:\"handle\";s:10:\"wp-tinymce\";s:3:\"src\";s:72:\"https://tesoll.com/wp-includes/js/tinymce/plugins/compat3x/plugin.min.js\";s:4:\"deps\";a:1:{i:0;s:15:\"wp-tinymce-root\";}s:3:\"ver\";s:13:\"4920-20181217\";s:4:\"args\";N;s:5:\"extra\";a:0:{}s:10:\"textdomain\";N;s:17:\"translations_path\";N;}s:12:\"wplms_mycred\";a:8:{s:6:\"handle\";s:12:\"wplms_mycred\";s:3:\"src\";s:85:\"https://tesoll.com/wp-content/plugins/wplms-mycred-addon/assets/wplms-mycred-addon.js\";s:4:\"deps\";a:0:{}s:3:\"ver\";b:0;s:4:\"args\";N;s:5:\"extra\";a:0:{}s:10:\"textdomain\";N;s:17:\"translations_path\";N;}s:18:\"wplms-dashboard-js\";a:8:{s:6:\"handle\";s:18:\"wplms-dashboard-js\";s:3:\"src\";s:75:\"https://tesoll.com/wp-content/plugins/wplms-dashboard/js/wplms-dashboard.js\";s:4:\"deps\";a:2:{i:0;s:6:\"jquery\";i:1;s:18:\"jquery-ui-sortable\";}s:3:\"ver\";s:5:\"3.9.2\";s:4:\"args\";N;s:5:\"extra\";a:1:{s:4:\"data\";s:297:\"var wplms_dashboard_strings = {\"earnings\":\"Earnings\",\"payout\":\"Payout\",\"students\":\"# Students\",\"saved\":\"SAVED\",\"saving\":\"SAVING ...\",\"select_recipients\":\"Select recipients...\",\"no_data\":\"No data found\",\"stats_calculated\":\"Stats Calculated, reloading page ...\",\"multicurrency\":\"0\",\"currencies\":[]};\";}s:10:\"textdomain\";N;s:17:\"translations_path\";N;}s:15:\"wplms-sparkline\";a:8:{s:6:\"handle\";s:15:\"wplms-sparkline\";s:3:\"src\";s:80:\"https://tesoll.com/wp-content/plugins/wplms-dashboard/js/jquery.sparkline.min.js\";s:4:\"deps\";a:1:{i:0;s:6:\"jquery\";}s:3:\"ver\";b:1;s:4:\"args\";N;s:5:\"extra\";a:0:{}s:10:\"textdomain\";N;s:17:\"translations_path\";N;}s:13:\"wplms-raphael\";a:8:{s:6:\"handle\";s:13:\"wplms-raphael\";s:3:\"src\";s:71:\"https://tesoll.com/wp-content/plugins/wplms-dashboard/js/raphael-min.js\";s:4:\"deps\";a:1:{i:0;s:6:\"jquery\";}s:3:\"ver\";b:1;s:4:\"args\";N;s:5:\"extra\";a:0:{}s:10:\"textdomain\";N;s:17:\"translations_path\";N;}s:12:\"wplms-morris\";a:8:{s:6:\"handle\";s:12:\"wplms-morris\";s:3:\"src\";s:70:\"https://tesoll.com/wp-content/plugins/wplms-dashboard/js/morris.min.js\";s:4:\"deps\";a:1:{i:0;s:6:\"jquery\";}s:3:\"ver\";b:1;s:4:\"args\";N;s:5:\"extra\";a:0:{}s:10:\"textdomain\";N;s:17:\"translations_path\";N;}s:19:\"jquery-ui-resizable\";a:8:{s:6:\"handle\";s:19:\"jquery-ui-resizable\";s:3:\"src\";s:42:\"/wp-includes/js/jquery/ui/resizable.min.js\";s:4:\"deps\";a:1:{i:0;s:15:\"jquery-ui-mouse\";}s:3:\"ver\";s:6:\"1.11.4\";s:4:\"args\";i:1;s:5:\"extra\";a:0:{}s:10:\"textdomain\";N;s:17:\"translations_path\";N;}s:16:\"jquery-ui-button\";a:8:{s:6:\"handle\";s:16:\"jquery-ui-button\";s:3:\"src\";s:39:\"/wp-includes/js/jquery/ui/button.min.js\";s:4:\"deps\";a:2:{i:0;s:14:\"jquery-ui-core\";i:1;s:16:\"jquery-ui-widget\";}s:3:\"ver\";s:6:\"1.11.4\";s:4:\"args\";i:1;s:5:\"extra\";a:0:{}s:10:\"textdomain\";N;s:17:\"translations_path\";N;}s:16:\"jquery-ui-dialog\";a:8:{s:6:\"handle\";s:16:\"jquery-ui-dialog\";s:3:\"src\";s:39:\"/wp-includes/js/jquery/ui/dialog.min.js\";s:4:\"deps\";a:4:{i:0;s:19:\"jquery-ui-resizable\";i:1;s:19:\"jquery-ui-draggable\";i:2;s:16:\"jquery-ui-button\";i:3;s:18:\"jquery-ui-position\";}s:3:\"ver\";s:6:\"1.11.4\";s:4:\"args\";i:1;s:5:\"extra\";a:0:{}s:10:\"textdomain\";N;s:17:\"translations_path\";N;}s:9:\"wpdialogs\";a:8:{s:6:\"handle\";s:9:\"wpdialogs\";s:3:\"src\";s:31:\"/wp-includes/js/wpdialog.min.js\";s:4:\"deps\";a:1:{i:0;s:16:\"jquery-ui-dialog\";}s:3:\"ver\";b:0;s:4:\"args\";i:1;s:5:\"extra\";a:0:{}s:10:\"textdomain\";N;s:17:\"translations_path\";N;}s:10:\"wp-pointer\";a:8:{s:6:\"handle\";s:10:\"wp-pointer\";s:3:\"src\";s:33:\"/wp-includes/js/wp-pointer.min.js\";s:4:\"deps\";a:2:{i:0;s:16:\"jquery-ui-widget\";i:1;s:18:\"jquery-ui-position\";}s:3:\"ver\";s:9:\"20111129a\";s:4:\"args\";i:1;s:5:\"extra\";a:1:{s:4:\"data\";s:42:\"var wpPointerL10n = {\"dismiss\":\"Dismiss\"};\";}s:10:\"textdomain\";N;s:17:\"translations_path\";N;}s:14:\"jquery-ui-tabs\";a:8:{s:6:\"handle\";s:14:\"jquery-ui-tabs\";s:3:\"src\";s:37:\"/wp-includes/js/jquery/ui/tabs.min.js\";s:4:\"deps\";a:2:{i:0;s:14:\"jquery-ui-core\";i:1;s:16:\"jquery-ui-widget\";}s:3:\"ver\";s:6:\"1.11.4\";s:4:\"args\";i:1;s:5:\"extra\";a:0:{}s:10:\"textdomain\";N;s:17:\"translations_path\";N;}s:19:\"jquery-ui-accordion\";a:8:{s:6:\"handle\";s:19:\"jquery-ui-accordion\";s:3:\"src\";s:42:\"/wp-includes/js/jquery/ui/accordion.min.js\";s:4:\"deps\";a:2:{i:0;s:14:\"jquery-ui-core\";i:1;s:16:\"jquery-ui-widget\";}s:3:\"ver\";s:6:\"1.11.4\";s:4:\"args\";i:1;s:5:\"extra\";a:0:{}s:10:\"textdomain\";N;s:17:\"translations_path\";N;}s:21:\"wpb_composer_front_js\";a:8:{s:6:\"handle\";s:21:\"wpb_composer_front_js\";s:3:\"src\";s:89:\"https://tesoll.com/wp-content/plugins/js_composer/assets/js/dist/js_composer_front.min.js\";s:4:\"deps\";a:1:{i:0;s:6:\"jquery\";}s:3:\"ver\";s:3:\"5.7\";s:4:\"args\";N;s:5:\"extra\";a:1:{s:5:\"group\";i:1;}s:10:\"textdomain\";N;s:17:\"translations_path\";N;}s:9:\"waypoints\";a:8:{s:6:\"handle\";s:9:\"waypoints\";s:3:\"src\";s:87:\"https://tesoll.com/wp-content/plugins/js_composer/assets/lib/waypoints/waypoints.min.js\";s:4:\"deps\";a:1:{i:0;s:6:\"jquery\";}s:3:\"ver\";s:3:\"5.7\";s:4:\"args\";N;s:5:\"extra\";a:1:{s:5:\"group\";i:1;}s:10:\"textdomain\";N;s:17:\"translations_path\";N;}s:15:\"wpb_scrollTo_js\";a:8:{s:6:\"handle\";s:15:\"wpb_scrollTo_js\";s:3:\"src\";s:98:\"https://tesoll.com/wp-content/plugins/js_composer/assets/lib/bower/scrollTo/jquery.scrollTo.min.js\";s:4:\"deps\";a:1:{i:0;s:6:\"jquery\";}s:3:\"ver\";s:3:\"5.7\";s:4:\"args\";N;s:5:\"extra\";a:1:{s:5:\"group\";i:1;}s:10:\"textdomain\";N;s:17:\"translations_path\";N;}s:10:\"wpb_php_js\";a:8:{s:6:\"handle\";s:10:\"wpb_php_js\";s:3:\"src\";s:91:\"https://tesoll.com/wp-content/plugins/js_composer/assets/lib/php.default/php.default.min.js\";s:4:\"deps\";a:1:{i:0;s:6:\"jquery\";}s:3:\"ver\";s:3:\"5.7\";s:4:\"args\";N;s:5:\"extra\";a:1:{s:5:\"group\";i:1;}s:10:\"textdomain\";N;s:17:\"translations_path\";N;}s:19:\"vc_inline_iframe_js\";a:8:{s:6:\"handle\";s:19:\"vc_inline_iframe_js\";s:3:\"src\";s:85:\"https://tesoll.com/wp-content/plugins/js_composer/assets/js/dist/page_editable.min.js\";s:4:\"deps\";a:2:{i:0;s:6:\"jquery\";i:1;s:10:\"underscore\";}s:3:\"ver\";s:3:\"5.7\";s:4:\"args\";N;s:5:\"extra\";a:1:{s:5:\"group\";i:1;}s:10:\"textdomain\";N;s:17:\"translations_path\";N;}s:12:\"profile-user\";a:8:{s:6:\"handle\";s:12:\"profile-user\";s:3:\"src\";s:102:\"https://tesoll.com/wp-content/plugins/learnpress/assets/js/frontend/profile.js?nocache=1557973939.5839\";s:4:\"deps\";a:6:{i:0;s:6:\"global\";i:1;s:8:\"plupload\";i:2;s:8:\"backbone\";i:3;s:16:\"jquery-ui-slider\";i:4;s:19:\"jquery-ui-draggable\";i:5;s:18:\"jquery-touch-punch\";}s:3:\"ver\";s:7:\"3.2.5.5\";s:4:\"args\";N;s:5:\"extra\";a:1:{s:4:\"data\";s:125:\"var lpProfileUserSettings = {\"processing\":\"Processing\",\"redirecting\":\"Redirecting\",\"avatar_size\":{\"width\":200,\"height\":200}};\";}s:10:\"textdomain\";N;s:17:\"translations_path\";N;}s:19:\"wplms-h5p-front-end\";a:8:{s:6:\"handle\";s:19:\"wplms-h5p-front-end\";s:3:\"src\";s:95:\"https://tesoll.com/wp-content/plugins/wplms-h5p-plugin/classes/../assets/wplms-h5p-front-end.js\";s:4:\"deps\";a:0:{}s:3:\"ver\";s:3:\"1.2\";s:4:\"args\";N;s:5:\"extra\";a:1:{s:4:\"data\";s:189:\"var default_wplms_h5p_strings = {\"insert\":\"Insert\",\"title\":\"Title\",\"previous\":\"Previous\",\"next\":\"Next\",\"security\":\"be7a7fc1c7\",\"add_wplms_h5p\":\"Add wplms h5p\"};\nvar wplms_h5p_contents = [];\";}s:10:\"textdomain\";N;s:17:\"translations_path\";N;}}','yes'),(374,'wplms_version','4.090','yes'),(377,'woocommerce_maybe_regenerate_images_hash','991b1ca641921cf0f5baf7a2fe85861b','yes'),(381,'google_webfonts','<br />\n<b>Warning</b>:  file_get_contents(https://www.googleapis.com/webfonts/v1/webfonts?key=AIzaSyBa5bGvOCkYXLI5a7KOD2hRde_ItmwZsvw): failed to open stream: HTTP request failed! HTTP/1.0 403 Forbidden\r\n in <b>/home/vibethem/public_html/api/fonts.php</b> on line <b>12</b><br />\n','no'),(388,'wplms_plugins','a:18:{i:0;s:23:\"wplms_plugin/loader.php\";i:1;s:17:\"vibebp/loader.php\";i:2;s:24:\"buddypress/bp-loader.php\";i:3;s:27:\"woocommerce/woocommerce.php\";i:4;s:49:\"wplms-pdf-certificates/wplms-pdf-certificates.php\";i:5;s:19:\"bbpress/bbpress.php\";i:6;s:24:\"vibe-helpdesk/loader.php\";i:7;s:27:\"layerslider/layerslider.php\";i:8;s:23:\"revslider/revslider.php\";i:9;s:23:\"elementor/elementor.php\";i:10;s:45:\"paid-memberships-pro/paid-memberships-pro.php\";i:11;s:35:\"co-authors-plus/co-authors-plus.php\";i:12;s:44:\"WPLMS-Coauthors-Plus/wplms-coauthor-plus.php\";i:13;s:23:\"vibe-zoom/vibe-zoom.php\";i:14;s:31:\"bigbluebutton/bigbluebutton.php\";i:15;s:21:\"vibe-bbb/vibe-bbb.php\";i:16;s:11:\"h5p/h5p.php\";i:17;s:23:\"wplms-h5p/wplms-h5p.php\";}','yes'),(12482,'widget_bbp_search_widget','a:2:{i:2;a:1:{s:5:\"title\";s:13:\"Search Forums\";}s:12:\"_multiwidget\";i:1;}','yes'),(12483,'widget_bbp_forums_widget','a:1:{s:12:\"_multiwidget\";i:1;}','yes'),(12484,'widget_bbp_topics_widget','a:1:{s:12:\"_multiwidget\";i:1;}','yes'),(12485,'widget_bbp_replies_widget','a:2:{i:2;a:4:{s:5:\"title\";s:14:\"Recent Replies\";s:9:\"max_shown\";i:5;s:9:\"show_date\";b:0;s:9:\"show_user\";b:0;}s:12:\"_multiwidget\";i:1;}','yes'),(12486,'widget_bbp_stats_widget','a:1:{s:12:\"_multiwidget\";i:1;}','yes'),(421,'hide-loggedout-adminbar','0','yes'),(422,'bp-disable-avatar-uploads','0','yes'),(423,'bp-disable-cover-image-uploads','1','yes'),(424,'bp-disable-group-avatar-uploads','1','yes'),(425,'bp-disable-group-cover-image-uploads','1','yes'),(426,'bp-disable-account-deletion','1','yes'),(427,'bp-disable-blogforum-comments','0','yes'),(428,'_bp_theme_package_id','nouveau','yes'),(429,'bp-emails-unsubscribe-salt','QC4tJCNLcCNma2FPY0J+N2U5NTdZQT0kekYzLWVUbE1+RTB0Kz0jXnYwUWRleTwvP2dVSDZ2IU03QTkxUDo/Nw==','yes'),(430,'bp_restrict_group_creation','1','yes'),(431,'_bp_enable_akismet','1','yes'),(432,'_bp_enable_heartbeat_refresh','1','yes'),(433,'_bp_force_buddybar','','yes'),(434,'_bp_retain_bp_default','','yes'),(435,'_bp_ignore_deprecated_code','1','yes'),(436,'widget_bp_core_login_widget','a:8:{i:1;a:0:{}i:2;a:1:{s:5:\"title\";s:0:\"\";}i:3;a:1:{s:5:\"title\";s:0:\"\";}i:4;a:1:{s:5:\"title\";s:0:\"\";}i:5;a:1:{s:5:\"title\";s:0:\"\";}i:6;a:1:{s:5:\"title\";s:0:\"\";}i:8;a:0:{}s:12:\"_multiwidget\";i:1;}','yes'),(437,'widget_bp_core_members_widget','a:4:{i:1;a:0:{}i:2;a:4:{s:5:\"title\";s:7:\"Members\";s:11:\"max_members\";s:1:\"5\";s:14:\"member_default\";s:6:\"active\";s:10:\"link_title\";b:0;}i:3;a:4:{s:5:\"title\";s:7:\"Members\";s:11:\"max_members\";i:5;s:14:\"member_default\";s:6:\"active\";s:10:\"link_title\";b:0;}s:12:\"_multiwidget\";i:1;}','yes'),(438,'widget_bp_core_whos_online_widget','a:6:{i:1;a:0:{}i:3;a:2:{s:5:\"title\";s:12:\"Who\'s Online\";s:11:\"max_members\";s:2:\"15\";}i:4;a:2:{s:5:\"title\";s:12:\"Who\'s Online\";s:11:\"max_members\";s:2:\"15\";}i:5;a:2:{s:5:\"title\";s:12:\"Who\'s Online\";s:11:\"max_members\";i:15;}s:12:\"_multiwidget\";i:1;i:2;a:2:{s:5:\"title\";s:12:\"Who\'s Online\";s:11:\"max_members\";s:2:\"15\";}}','yes'),(439,'widget_bp_core_recently_active_widget','a:4:{i:1;a:0:{}i:2;a:2:{s:5:\"title\";s:23:\"Recently Active Members\";s:11:\"max_members\";s:2:\"15\";}i:3;a:2:{s:5:\"title\";s:23:\"Recently Active Members\";s:11:\"max_members\";i:15;}s:12:\"_multiwidget\";i:1;}','yes'),(440,'widget_bp_groups_widget','','yes'),(441,'widget_bp_messages_sitewide_notices_widget','a:2:{i:1;a:0:{}s:12:\"_multiwidget\";i:1;}','yes'),(458,'bp-active-components','a:7:{s:8:\"xprofile\";i:1;s:8:\"settings\";i:1;s:7:\"friends\";i:1;s:8:\"messages\";i:1;s:8:\"activity\";i:1;s:13:\"notifications\";i:1;s:7:\"members\";i:1;}','yes'),(57189,'_bbp_edit_lock','5','yes'),(459,'bp-pages','a:3:{s:6:\"course\";i:3950;s:8:\"register\";i:3951;s:8:\"activate\";i:3952;}','yes'),(452,'widget_vibe_bp_login','a:1:{s:12:\"_multiwidget\";i:1;}','yes'),(453,'widget_vibe_course_categories','a:6:{i:4;a:4:{s:5:\"title\";s:17:\"Course Categories\";s:11:\"exclude_ids\";s:0:\"\";s:4:\"sort\";s:4:\"DESC\";s:5:\"order\";s:4:\"name\";}i:5;a:4:{s:5:\"title\";s:17:\"Course Categories\";s:11:\"exclude_ids\";s:0:\"\";s:4:\"sort\";s:4:\"DESC\";s:5:\"order\";s:5:\"count\";}s:12:\"_multiwidget\";i:1;i:2;a:4:{s:5:\"title\";s:17:\"Course Categories\";s:11:\"exclude_ids\";s:0:\"\";s:4:\"sort\";s:4:\"DESC\";s:5:\"order\";s:5:\"count\";}i:3;a:4:{s:5:\"title\";s:17:\"Course Categories\";s:11:\"exclude_ids\";s:0:\"\";s:4:\"sort\";s:4:\"DESC\";s:5:\"order\";s:4:\"name\";}i:6;a:4:{s:5:\"title\";s:17:\"Course Categories\";s:11:\"exclude_ids\";s:0:\"\";s:4:\"sort\";s:4:\"DESC\";s:5:\"order\";s:4:\"name\";}}','yes'),(454,'widget_vibecertificatecode','a:2:{s:12:\"_multiwidget\";i:1;i:2;a:1:{s:5:\"title\";s:16:\"Certificate Code\";}}','yes'),(455,'widget_vibe_course_categories_nav','a:1:{s:12:\"_multiwidget\";i:1;}','yes'),(456,'_buddydrive_db_version','211','yes'),(457,'_buddydrive_version','2.1.1','yes'),(460,'_bp_db_version','12385','yes'),(521,'layerslider_update_info','O:8:\"stdClass\":5:{s:5:\"basic\";O:8:\"stdClass\":12:{s:4:\"slug\";s:11:\"LayerSlider\";s:6:\"plugin\";s:27:\"LayerSlider/layerslider.php\";s:7:\"version\";s:6:\"6.11.2\";s:5:\"icons\";a:3:{s:2:\"1x\";s:89:\"https://repository.kreaturamedia.com/v4/updates/1362246/assets/icon-128x128.png?ver=6.9.2\";s:2:\"2x\";s:89:\"https://repository.kreaturamedia.com/v4/updates/1362246/assets/icon-256x256.png?ver=6.9.2\";s:7:\"default\";s:89:\"https://repository.kreaturamedia.com/v4/updates/1362246/assets/icon-256x256.png?ver=6.9.2\";}s:7:\"banners\";a:3:{s:3:\"low\";s:94:\"https://repository.kreaturamedia.com/v4/updates/1362246/assets/thumbnail-772x250.png?ver=6.9.2\";s:4:\"high\";s:95:\"https://repository.kreaturamedia.com/v4/updates/1362246/assets/thumbnail-1544x500.png?ver=6.9.2\";s:7:\"default\";s:95:\"https://repository.kreaturamedia.com/v4/updates/1362246/assets/thumbnail-1544x500.png?ver=6.9.2\";}s:3:\"url\";s:38:\"https://layerslider.kreaturamedia.com/\";s:7:\"package\";s:0:\"\";s:8:\"requires\";s:3:\"3.5\";s:6:\"tested\";s:3:\"5.6\";s:12:\"requires_php\";s:5:\"5.3.0\";s:14:\"upgrade_notice\";s:152:\"This update brings new features, improvements, and bug fixes. Filters and Blend modes are no longer premium features and are now available for everyone.\";s:11:\"new_version\";s:6:\"6.11.2\";}s:4:\"full\";O:8:\"stdClass\":21:{s:4:\"name\";s:14:\"LayerSlider WP\";s:8:\"homepage\";s:72:\"http://kreaturamedia.com/layerslider-responsive-wordpress-slider-plugin/\";s:5:\"p_url\";s:46:\"https://layerslider.kreaturamedia.com/pricing/\";s:7:\"version\";s:6:\"6.11.2\";s:12:\"last_updated\";s:10:\"2020-08-03\";s:8:\"requires\";s:3:\"3.5\";s:6:\"tested\";s:3:\"5.6\";s:12:\"requires_php\";s:5:\"5.3.0\";s:6:\"rating\";s:2:\"95\";s:11:\"num_ratings\";i:3192;s:14:\"upgrade_notice\";a:3:{s:6:\"stable\";s:152:\"This update brings new features, improvements, and bug fixes. Filters and Blend modes are no longer premium features and are now available for everyone.\";s:4:\"beta\";s:152:\"This update brings new features, improvements, and bug fixes. Filters and Blend modes are no longer premium features and are now available for everyone.\";s:4:\"edge\";s:152:\"This update brings new features, improvements, and bug fixes. Filters and Blend modes are no longer premium features and are now available for everyone.\";}s:6:\"author\";s:71:\"<a href=\"https://kreaturamedia.com/\" target=\"_blank\">Kreatura Media</a>\";s:3:\"url\";s:38:\"https://layerslider.kreaturamedia.com/\";s:8:\"external\";b:1;s:9:\"file_name\";s:10:\"plugin.zip\";s:5:\"icons\";a:3:{s:2:\"1x\";s:89:\"https://repository.kreaturamedia.com/v4/updates/1362246/assets/icon-128x128.png?ver=6.9.2\";s:2:\"2x\";s:89:\"https://repository.kreaturamedia.com/v4/updates/1362246/assets/icon-256x256.png?ver=6.9.2\";s:7:\"default\";s:89:\"https://repository.kreaturamedia.com/v4/updates/1362246/assets/icon-256x256.png?ver=6.9.2\";}s:7:\"banners\";a:3:{s:3:\"low\";s:94:\"https://repository.kreaturamedia.com/v4/updates/1362246/assets/thumbnail-772x250.png?ver=6.9.2\";s:4:\"high\";s:95:\"https://repository.kreaturamedia.com/v4/updates/1362246/assets/thumbnail-1544x500.png?ver=6.9.2\";s:7:\"default\";s:95:\"https://repository.kreaturamedia.com/v4/updates/1362246/assets/thumbnail-1544x500.png?ver=6.9.2\";}s:8:\"sections\";a:3:{s:9:\"changelog\";s:343:\"<p style=\"text-align: justify;\">\n	<a href=\"https://layerslider.kreaturamedia.com/release-log/\" target=\"_blank\">Click here to see the release log.</a> Don’t forget, the release log and all product-related news are also integrated right into LayerSlider. Look for the “LayerSlider News” section at the bottom of its main admin screen.\n</p>\";s:12:\"installation\";s:563:\"<p style=\"text-align: justify;\">\n	Updating the plugin won’t touch your sliders or settings. New versions always have backward compatibility. You don’t have to worry about losing your work. Not sure how to update? Check the <a href=\"https://layerslider.kreaturamedia.com/documentation/#updating\" target=\"_blank\">Updating</a> section of our online documentation.\n</p>\n\n<p style=\"text-align: justify;\">\n	If you’re experiencing unwanted changes, it is always a good idea to check your settings since there are probably new options to control those changes.\n</p>\";s:3:\"faq\";s:607:\"<p style=\"text-align: justify;\">\n	Please visit our <a href=\"https://layerslider.kreaturamedia.com/help/\" target=\"_blank\">Help</a> page, where you can find all sorts of useful assets like <a href=\"https://layerslider.kreaturamedia.com/faq/\" target=\"_blank\">FAQs</a>, <a href=\"https://layerslider.kreaturamedia.com/documentation/\" target=\"_blank\">online documentation</a>, <a href=\"https://layerslider.kreaturamedia.com/documentation/#troubleshooting\" target=\"_blank\">troubleshooting</a>, and <a href=\"https://layerslider.kreaturamedia.com/documentation/#support\" target=\"_blank\">support</a> information.\n</p>\";}s:4:\"slug\";s:11:\"LayerSlider\";s:7:\"package\";s:0:\"\";s:13:\"download_link\";s:0:\"\";}s:15:\"_latest_version\";s:6:\"6.11.2\";s:14:\"_not_activated\";b:1;s:7:\"checked\";i:1610301272;}','yes'),(163859,'revslider-update-check','1608513717','yes'),(163860,'revslider_update_info','O:8:\"stdClass\":3:{s:7:\"checked\";i:1608513717;s:5:\"basic\";O:8:\"stdClass\":7:{s:4:\"slug\";s:9:\"revslider\";s:7:\"version\";s:5:\"6.3.3\";s:7:\"package\";s:66:\"http://updates.themepunch.tools/revslider/download.php?stable=true\";s:6:\"tested\";s:5:\"5.6.0\";s:5:\"icons\";a:1:{s:2:\"1x\";s:56:\"//updates.themepunch.tools/revslider/logo.png?rev=6.2.23\";}s:3:\"url\";s:81:\"https://codecanyon.net/item/slider-revolution-responsive-wordpress-plugin/2751380\";s:11:\"new_version\";s:5:\"6.3.3\";}s:4:\"full\";O:8:\"stdClass\":19:{s:7:\"banners\";a:2:{s:3:\"low\";s:58:\"//updates.themepunch.tools/revslider/banner.png?rev=6.2.23\";s:4:\"high\";s:58:\"//updates.themepunch.tools/revslider/banner.png?rev=6.2.23\";}s:4:\"name\";s:17:\"Slider Revolution\";s:4:\"slug\";s:9:\"revslider\";s:6:\"stable\";s:5:\"4.2.0\";s:7:\"version\";s:5:\"6.3.3\";s:6:\"tested\";s:5:\"5.6.0\";s:14:\"upgrade_notice\";a:0:{}s:11:\"last_update\";s:10:\"2020-12-10\";s:12:\"last_updated\";s:10:\"2020-12-10\";s:8:\"requires\";s:3:\"3.6\";s:6:\"author\";s:51:\"<a href=\"https://www.themepunch.com\">ThemePunch</a>\";s:7:\"package\";s:66:\"http://updates.themepunch.tools/revslider/download.php?stable=true\";s:13:\"download_link\";s:66:\"http://updates.themepunch.tools/revslider/download.php?stable=true\";s:9:\"file_name\";s:13:\"revslider.zip\";s:15:\"active_installs\";i:7000100;s:8:\"homepage\";s:33:\"https://revolution.themepunch.com\";s:8:\"sections\";a:3:{s:11:\"description\";s:497:\"<h4>Slider Revolution WordPress Builder Plugin</h4>\n	<p>Slider Revolution 6 is a new way to build rich & dynamic content for your websites. With our powerful visual editor, you can create modern designs in no time, and with no coding experience required.</p><p>Create Sliders & Carousels, Hero Headers, Content Modules, Full Websites, Dynamic Solutions and Special FX with our amazing Add-Ons.</p>\n	<p>200+ templates are included in our online library. Cutting edge designs. Easily customized.</p>\";s:9:\"changelog\";s:151:\"<p>For Slider Revolution\'s changelog, please visit <a href=\"https://www.themepunch.com/slider-revolution/changelog/\" target=\"_blank\">this</a> site!</p>\";s:3:\"faq\";s:2178:\"<div class=\"tp-faq-content\"><div class=\"tp-faq-column tp-faq-recent\"><h4>Recent Solutions</h4><ul class=\"tp-faq-recent-content ready\"><li><a href=\"https://www.youtube.com/watch?v=sCcnw5bZqYY&amp;list=PLSCdqDWVMJPPXEuOEqYEQMAsp0vAYw52_&amp;index=2&amp;t=111s\" target=\"_blank\" title=\"Video Tutorials\">Video Tutorials</a></li><li><a href=\"https://www.themepunch.com/faq/responsive-content/\" target=\"_blank\" title=\"Responsive Content Setup\">Responsive Content Setup</a></li><li><a href=\"https://www.themepunch.com/faq/video-content-mobile/\" target=\"_blank\" title=\"Video Content &amp; Mobile Considerations\">Video Content &amp; Mobile Considerations</a></li><li><a href=\"https://www.themepunch.com/faq/how-to-change-the-timing-of-slides/\" target=\"_blank\" title=\"How to change the timing of Slides\">How to change the timing of Slides</a></li><li><a href=\"https://www.themepunch.com/faq/mouse-hovers-for-layer-content/\" target=\"_blank\" title=\"Mouse Hovers for Layer Content\"> Mouse Hovers for Layer Content</a></li></ul></div><div class=\"tp-faq-column tp-faq-popular\"><h4>Popular Solutions</h4><ul class=\"tp-faq-popular-content ready\"><li><a href=\"https://www.themepunch.com/faq/after-updating-make-sure-to-clear-all-caches/\" target=\"_blank\" title=\"After updating – Make sure to clear all caches\">After updating – Make sure to clear all caches</a></li><li><a href=\"https://www.themepunch.com/faq/purchase-code-registration-faqs/\" target=\"_blank\" title=\"Purchase Code Registration FAQ’s\">Purchase Code Registration FAQ’s</a></li><li><a href=\"https://www.themepunch.com/faq/ideal-image-size/\" target=\"_blank\" title=\"Ideal Image Size\">Ideal Image Size</a></li><li><a href=\"https://www.themepunch.com/faq/add-links-to-slides-and-layers/\" target=\"_blank\" title=\"How to Hyperlink Slides and Layers\">How to Hyperlink Slides and Layers</a></li><li><a href=\"https://www.themepunch.com/faq/where-to-find-the-purchase-code/\" target=\"_blank\" title=\"Where to find the Purchase Code\">Where to find the Purchase Code</a></li></ul></div><div style=\"clear: both\"></div><p><a class=\"button button-primary\" href=\"https://themepunch.com/support-center\"><strong>See All Faq\'s</strong></a></p></div>\";}s:3:\"url\";s:81:\"https://codecanyon.net/item/slider-revolution-responsive-wordpress-plugin/2751380\";s:8:\"external\";i:1;}}','yes'),(526,'widget_layerslider_widget','a:1:{s:12:\"_multiwidget\";i:1;}','yes'),(515,'ls-plugin-version','6.7.1','yes'),(516,'ls-db-version','6.5.5','yes'),(517,'ls-installed','0','yes'),(518,'ls-google-fonts','a:0:{}','yes'),(519,'ls-date-installed','1555896567','yes'),(590,'ls-latest-version','6.11.2','yes'),(576,'revslider_servers','a:7:{i:0;s:22:\"themepunch-ext-a.tools\";i:1;s:22:\"themepunch-ext-a.tools\";i:2;s:22:\"themepunch-ext-b.tools\";i:3;s:22:\"themepunch-ext-b.tools\";i:4;s:22:\"themepunch-ext-b.tools\";i:5;s:16:\"themepunch.tools\";i:6;s:22:\"themepunch-ext-a.tools\";}','yes'),(584,'revslider-library-check','1610167292','yes'),